INSERT INTO `ab1l_banner_stat` (`rowid`, `banner_id`, `type`, `time`, `store_id`, `user_info`) VALUES
(13284, 20, 1, '2020-10-18 18:52:36', 0, 'a:4:{s:7:\"user_id\";s:0:\"\";s:7:\"user_ip\";s:14:\"103.126.13.102\";s:9:\"user_host\";N;s:2:\"rt\";s:26:\"r/extension/banner_manager\";}'),
(13285, 8, 1, '2020-10-18 18:52:36', 0, 'a:4:{s:7:\"user_id\";s:0:\"\";s:7:\"user_ip\";s:14:\"103.126.13.102\";s:9:\"user_host\";N;s:2:\"rt\";s:26:\"r/extension/banner_manager\";}'),
(13286, 11, 1, '2020-10-18 18:52:36', 0, 'a:4:{s:7:\"user_id\";s:0:\"\";s:7:\"user_ip\";s:14:\"103.126.13.102\";s:9:\"user_host\";N;s:2:\"rt\";s:26:\"r/extension/banner_manager\";}'),
(13287, 19, 1, '2020-10-19 16:33:24', 0, 'a:4:{s:7:\"user_id\";s:0:\"\";s:7:\"user_ip\";s:13:\"202.134.8.140\";s:9:\"user_host\";N;s:2:\"rt\";s:26:\"r/extension/banner_manager\";}'),
(13288, 8, 1, '2020-10-19 16:33:24', 0, 'a:4:{s:7:\"user_id\";s:0:\"\";s:7:\"user_ip\";s:13:\"202.134.8.140\";s:9:\"user_host\";N;s:2:\"rt\";s:26:\"r/extension/banner_manager\";}'),
(13289, 20, 1, '2020-10-19 16:33:24', 0, 'a:4:{s:7:\"user_id\";s:0:\"\";s:7:\"user_ip\";s:13:\"202.134.8.140\";s:9:\"user_host\";N;s:2:\"rt\";s:26:\"r/extension/banner_manager\";}'),
(13290, 21, 1, '2020-10-19 16:33:25', 0, 'a:4:{s:7:\"user_id\";s:0:\"\";s:7:\"user_ip\";s:13:\"202.134.8.140\";s:9:\"user_host\";N;s:2:\"rt\";s:26:\"r/extension/banner_manager\";}'),
(13291, 11, 1, '2020-10-19 16:33:25', 0, 'a:4:{s:7:\"user_id\";s:0:\"\";s:7:\"user_ip\";s:13:\"202.134.8.140\";s:9:\"user_host\";N;s:2:\"rt\";s:26:\"r/extension/banner_manager\";}'),
(13292, 19, 1, '2020-10-21 08:15:41', 0, 'a:4:{s:7:\"user_id\";s:0:\"\";s:7:\"user_ip\";s:14:\"195.154.122.46\";s:9:\"user_host\";N;s:2:\"rt\";s:26:\"r/extension/banner_manager\";}'),
(13293, 8, 1, '2020-10-21 08:15:41', 0, 'a:4:{s:7:\"user_id\";s:0:\"\";s:7:\"user_ip\";s:14:\"195.154.122.46\";s:9:\"user_host\";N;s:2:\"rt\";s:26:\"r/extension/banner_manager\";}'),
(13294, 11, 1, '2020-10-21 08:15:41', 0, 'a:4:{s:7:\"user_id\";s:0:\"\";s:7:\"user_ip\";s:14:\"195.154.122.46\";s:9:\"user_host\";N;s:2:\"rt\";s:26:\"r/extension/banner_manager\";}'),
(13295, 21, 1, '2020-10-21 08:15:41', 0, 'a:4:{s:7:\"user_id\";s:0:\"\";s:7:\"user_ip\";s:14:\"195.154.122.46\";s:9:\"user_host\";N;s:2:\"rt\";s:26:\"r/extension/banner_manager\";}'),
(13296, 20, 1, '2020-10-21 08:15:42', 0, 'a:4:{s:7:\"user_id\";s:0:\"\";s:7:\"user_ip\";s:14:\"195.154.122.46\";s:9:\"user_host\";N;s:2:\"rt\";s:26:\"r/extension/banner_manager\";}'),
(13297, 19, 1, '2020-10-22 19:55:26', 0, 'a:4:{s:7:\"user_id\";s:0:\"\";s:7:\"user_ip\";s:14:\"103.126.13.102\";s:9:\"user_host\";N;s:2:\"rt\";s:26:\"r/extension/banner_manager\";}'),
(13298, 8, 1, '2020-10-22 19:55:26', 0, 'a:4:{s:7:\"user_id\";s:0:\"\";s:7:\"user_ip\";s:14:\"103.126.13.102\";s:9:\"user_host\";N;s:2:\"rt\";s:26:\"r/extension/banner_manager\";}'),
(13299, 21, 1, '2020-10-22 19:55:26', 0, 'a:4:{s:7:\"user_id\";s:0:\"\";s:7:\"user_ip\";s:14:\"103.126.13.102\";s:9:\"user_host\";N;s:2:\"rt\";s:26:\"r/extension/banner_manager\";}'),
(13300, 20, 1, '2020-10-22 19:55:26', 0, 'a:4:{s:7:\"user_id\";s:0:\"\";s:7:\"user_ip\";s:14:\"103.126.13.102\";s:9:\"user_host\";N;s:2:\"rt\";s:26:\"r/extension/banner_manager\";}'),
(13301, 11, 1, '2020-10-22 19:55:26', 0, 'a:4:{s:7:\"user_id\";s:0:\"\";s:7:\"user_ip\";s:14:\"103.126.13.102\";s:9:\"user_host\";N;s:2:\"rt\";s:26:\"r/extension/banner_manager\";}'),
(13302, 19, 1, '2020-10-23 08:40:13', 0, 'a:4:{s:7:\"user_id\";s:0:\"\";s:7:\"user_ip\";s:14:\"195.154.122.34\";s:9:\"user_host\";N;s:2:\"rt\";s:26:\"r/extension/banner_manager\";}'),
(13303, 20, 1, '2020-10-23 08:40:14', 0, 'a:4:{s:7:\"user_id\";s:0:\"\";s:7:\"user_ip\";s:14:\"195.154.122.34\";s:9:\"user_host\";N;s:2:\"rt\";s:26:\"r/extension/banner_manager\";}'),
(13304, 8, 1, '2020-10-23 08:40:14', 0, 'a:4:{s:7:\"user_id\";s:0:\"\";s:7:\"user_ip\";s:14:\"195.154.122.34\";s:9:\"user_host\";N;s:2:\"rt\";s:26:\"r/extension/banner_manager\";}'),
(13305, 21, 1, '2020-10-23 08:40:14', 0, 'a:4:{s:7:\"user_id\";s:0:\"\";s:7:\"user_ip\";s:14:\"195.154.122.34\";s:9:\"user_host\";N;s:2:\"rt\";s:26:\"r/extension/banner_manager\";}'),
(13306, 11, 1, '2020-10-23 08:40:14', 0, 'a:4:{s:7:\"user_id\";s:0:\"\";s:7:\"user_ip\";s:14:\"195.154.122.34\";s:9:\"user_host\";N;s:2:\"rt\";s:26:\"r/extension/banner_manager\";}'),
(13307, 19, 1, '2020-10-25 06:06:14', 0, 'a:4:{s:7:\"user_id\";s:0:\"\";s:7:\"user_ip\";s:14:\"195.154.122.34\";s:9:\"user_host\";N;s:2:\"rt\";s:26:\"r/extension/banner_manager\";}'),
(13308, 11, 1, '2020-10-25 06:06:14', 0, 'a:4:{s:7:\"user_id\";s:0:\"\";s:7:\"user_ip\";s:14:\"195.154.122.34\";s:9:\"user_host\";N;s:2:\"rt\";s:26:\"r/extension/banner_manager\";}'),
(13309, 8, 1, '2020-10-25 06:06:14', 0, 'a:4:{s:7:\"user_id\";s:0:\"\";s:7:\"user_ip\";s:14:\"195.154.122.34\";s:9:\"user_host\";N;s:2:\"rt\";s:26:\"r/extension/banner_manager\";}'),
(13310, 20, 1, '2020-10-25 06:06:14', 0, 'a:4:{s:7:\"user_id\";s:0:\"\";s:7:\"user_ip\";s:14:\"195.154.122.34\";s:9:\"user_host\";N;s:2:\"rt\";s:26:\"r/extension/banner_manager\";}'),
(13311, 21, 1, '2020-10-25 06:06:14', 0, 'a:4:{s:7:\"user_id\";s:0:\"\";s:7:\"user_ip\";s:14:\"195.154.122.34\";s:9:\"user_host\";N;s:2:\"rt\";s:26:\"r/extension/banner_manager\";}'),
(13312, 19, 1, '2020-10-25 20:45:46', 0, 'a:4:{s:7:\"user_id\";s:0:\"\";s:7:\"user_ip\";s:14:\"203.95.223.231\";s:9:\"user_host\";N;s:2:\"rt\";s:26:\"r/extension/banner_manager\";}'),
(13313, 8, 1, '2020-10-25 20:45:47', 0, 'a:4:{s:7:\"user_id\";s:0:\"\";s:7:\"user_ip\";s:14:\"203.95.223.231\";s:9:\"user_host\";N;s:2:\"rt\";s:26:\"r/extension/banner_manager\";}'),
(13314, 11, 1, '2020-10-25 20:45:47', 0, 'a:4:{s:7:\"user_id\";s:0:\"\";s:7:\"user_ip\";s:14:\"203.95.223.231\";s:9:\"user_host\";N;s:2:\"rt\";s:26:\"r/extension/banner_manager\";}'),
(13315, 21, 1, '2020-10-25 20:45:47', 0, 'a:4:{s:7:\"user_id\";s:0:\"\";s:7:\"user_ip\";s:14:\"203.95.223.231\";s:9:\"user_host\";N;s:2:\"rt\";s:26:\"r/extension/banner_manager\";}'),
(13316, 20, 1, '2020-10-25 20:45:47', 0, 'a:4:{s:7:\"user_id\";s:0:\"\";s:7:\"user_ip\";s:14:\"203.95.223.231\";s:9:\"user_host\";N;s:2:\"rt\";s:26:\"r/extension/banner_manager\";}'),
(13317, 19, 1, '2020-10-25 20:47:08', 0, 'a:4:{s:7:\"user_id\";s:0:\"\";s:7:\"user_ip\";s:14:\"173.252.127.21\";s:9:\"user_host\";N;s:2:\"rt\";s:26:\"r/extension/banner_manager\";}'),
(13318, 8, 1, '2020-10-25 20:47:08', 0, 'a:4:{s:7:\"user_id\";s:0:\"\";s:7:\"user_ip\";s:13:\"173.252.127.1\";s:9:\"user_host\";N;s:2:\"rt\";s:26:\"r/extension/banner_manager\";}'),
(13319, 20, 1, '2020-10-25 20:47:08', 0, 'a:4:{s:7:\"user_id\";s:0:\"\";s:7:\"user_ip\";s:14:\"173.252.127.24\";s:9:\"user_host\";N;s:2:\"rt\";s:26:\"r/extension/banner_manager\";}'),
(13320, 11, 1, '2020-10-25 20:47:08', 0, 'a:4:{s:7:\"user_id\";s:0:\"\";s:7:\"user_ip\";s:13:\"173.252.127.6\";s:9:\"user_host\";N;s:2:\"rt\";s:26:\"r/extension/banner_manager\";}'),
(13321, 21, 1, '2020-10-25 20:47:08', 0, 'a:4:{s:7:\"user_id\";s:0:\"\";s:7:\"user_ip\";s:15:\"173.252.127.117\";s:9:\"user_host\";N;s:2:\"rt\";s:26:\"r/extension/banner_manager\";}'),
(13322, 19, 1, '2020-10-25 20:47:25', 0, 'a:4:{s:7:\"user_id\";s:0:\"\";s:7:\"user_ip\";s:14:\"173.252.127.24\";s:9:\"user_host\";N;s:2:\"rt\";s:26:\"r/extension/banner_manager\";}'),
(13323, 21, 1, '2020-10-25 20:47:25', 0, 'a:4:{s:7:\"user_id\";s:0:\"\";s:7:\"user_ip\";s:14:\"173.252.127.18\";s:9:\"user_host\";N;s:2:\"rt\";s:26:\"r/extension/banner_manager\";}'),
(13324, 11, 1, '2020-10-25 20:47:25', 0, 'a:4:{s:7:\"user_id\";s:0:\"\";s:7:\"user_ip\";s:14:\"173.252.127.15\";s:9:\"user_host\";N;s:2:\"rt\";s:26:\"r/extension/banner_manager\";}'),
(13325, 20, 1, '2020-10-25 20:47:25', 0, 'a:4:{s:7:\"user_id\";s:0:\"\";s:7:\"user_ip\";s:14:\"173.252.127.13\";s:9:\"user_host\";N;s:2:\"rt\";s:26:\"r/extension/banner_manager\";}'),
(13326, 8, 1, '2020-10-25 20:47:25', 0, 'a:4:{s:7:\"user_id\";s:0:\"\";s:7:\"user_ip\";s:13:\"173.252.127.4\";s:9:\"user_host\";N;s:2:\"rt\";s:26:\"r/extension/banner_manager\";}'),
(13327, 19, 1, '2020-10-27 04:40:23', 0, 'a:4:{s:7:\"user_id\";s:0:\"\";s:7:\"user_ip\";s:14:\"195.154.122.32\";s:9:\"user_host\";N;s:2:\"rt\";s:26:\"r/extension/banner_manager\";}'),
(13328, 21, 1, '2020-10-27 04:40:24', 0, 'a:4:{s:7:\"user_id\";s:0:\"\";s:7:\"user_ip\";s:14:\"195.154.122.32\";s:9:\"user_host\";N;s:2:\"rt\";s:26:\"r/extension/banner_manager\";}'),
(13329, 8, 1, '2020-10-27 04:40:24', 0, 'a:4:{s:7:\"user_id\";s:0:\"\";s:7:\"user_ip\";s:14:\"195.154.122.32\";s:9:\"user_host\";N;s:2:\"rt\";s:26:\"r/extension/banner_manager\";}'),
(13330, 20, 1, '2020-10-27 04:40:24', 0, 'a:4:{s:7:\"user_id\";s:0:\"\";s:7:\"user_ip\";s:14:\"195.154.122.32\";s:9:\"user_host\";N;s:2:\"rt\";s:26:\"r/extension/banner_manager\";}'),
(13331, 11, 1, '2020-10-27 04:40:24', 0, 'a:4:{s:7:\"user_id\";s:0:\"\";s:7:\"user_ip\";s:14:\"195.154.122.32\";s:9:\"user_host\";N;s:2:\"rt\";s:26:\"r/extension/banner_manager\";}'),
(13332, 19, 1, '2020-10-29 15:47:00', 0, 'a:4:{s:7:\"user_id\";s:0:\"\";s:7:\"user_ip\";s:13:\"103.9.112.134\";s:9:\"user_host\";N;s:2:\"rt\";s:26:\"r/extension/banner_manager\";}'),
(13333, 11, 1, '2020-10-29 15:47:00', 0, 'a:4:{s:7:\"user_id\";s:0:\"\";s:7:\"user_ip\";s:13:\"103.9.112.134\";s:9:\"user_host\";N;s:2:\"rt\";s:26:\"r/extension/banner_manager\";}'),
(13334, 8, 1, '2020-10-29 15:47:00', 0, 'a:4:{s:7:\"user_id\";s:0:\"\";s:7:\"user_ip\";s:13:\"103.9.112.134\";s:9:\"user_host\";N;s:2:\"rt\";s:26:\"r/extension/banner_manager\";}'),
(13335, 20, 1, '2020-10-29 15:47:00', 0, 'a:4:{s:7:\"user_id\";s:0:\"\";s:7:\"user_ip\";s:13:\"103.9.112.134\";s:9:\"user_host\";N;s:2:\"rt\";s:26:\"r/extension/banner_manager\";}'),
(13336, 21, 1, '2020-10-29 15:47:00', 0, 'a:4:{s:7:\"user_id\";s:0:\"\";s:7:\"user_ip\";s:13:\"103.9.112.134\";s:9:\"user_host\";N;s:2:\"rt\";s:26:\"r/extension/banner_manager\";}'),
(13337, 19, 1, '2020-10-30 05:06:55', 0, 'a:4:{s:7:\"user_id\";s:0:\"\";s:7:\"user_ip\";s:12:\"51.39.131.40\";s:9:\"user_host\";N;s:2:\"rt\";s:26:\"r/extension/banner_manager\";}'),
(13338, 8, 1, '2020-10-30 05:06:55', 0, 'a:4:{s:7:\"user_id\";s:0:\"\";s:7:\"user_ip\";s:12:\"51.39.131.40\";s:9:\"user_host\";N;s:2:\"rt\";s:26:\"r/extension/banner_manager\";}'),
(13339, 20, 1, '2020-10-30 05:06:55', 0, 'a:4:{s:7:\"user_id\";s:0:\"\";s:7:\"user_ip\";s:12:\"51.39.131.40\";s:9:\"user_host\";N;s:2:\"rt\";s:26:\"r/extension/banner_manager\";}'),
(13340, 21, 1, '2020-10-30 05:06:55', 0, 'a:4:{s:7:\"user_id\";s:0:\"\";s:7:\"user_ip\";s:12:\"51.39.131.40\";s:9:\"user_host\";N;s:2:\"rt\";s:26:\"r/extension/banner_manager\";}'),
(13341, 11, 1, '2020-10-30 05:06:55', 0, 'a:4:{s:7:\"user_id\";s:0:\"\";s:7:\"user_ip\";s:12:\"51.39.131.40\";s:9:\"user_host\";N;s:2:\"rt\";s:26:\"r/extension/banner_manager\";}'),
(13342, 8, 1, '2020-10-31 12:28:46', 0, 'a:4:{s:7:\"user_id\";s:0:\"\";s:7:\"user_ip\";s:12:\"3.129.250.17\";s:9:\"user_host\";N;s:2:\"rt\";s:26:\"r/extension/banner_manager\";}'),
(13343, 20, 1, '2020-10-31 12:28:46', 0, 'a:4:{s:7:\"user_id\";s:0:\"\";s:7:\"user_ip\";s:12:\"3.129.250.17\";s:9:\"user_host\";N;s:2:\"rt\";s:26:\"r/extension/banner_manager\";}'),
(13344, 21, 1, '2020-10-31 12:28:46', 0, 'a:4:{s:7:\"user_id\";s:0:\"\";s:7:\"user_ip\";s:12:\"3.129.250.17\";s:9:\"user_host\";N;s:2:\"rt\";s:26:\"r/extension/banner_manager\";}'),
(13345, 19, 1, '2020-10-31 12:28:46', 0, 'a:4:{s:7:\"user_id\";s:0:\"\";s:7:\"user_ip\";s:12:\"3.129.250.17\";s:9:\"user_host\";N;s:2:\"rt\";s:26:\"r/extension/banner_manager\";}'),
(13346, 11, 1, '2020-10-31 12:28:46', 0, 'a:4:{s:7:\"user_id\";s:0:\"\";s:7:\"user_ip\";s:12:\"3.129.250.17\";s:9:\"user_host\";N;s:2:\"rt\";s:26:\"r/extension/banner_manager\";}'),
(13347, 19, 1, '2020-10-31 12:29:23', 0, 'a:4:{s:7:\"user_id\";s:0:\"\";s:7:\"user_ip\";s:12:\"3.129.250.17\";s:9:\"user_host\";N;s:2:\"rt\";s:26:\"r/extension/banner_manager\";}'),
(13348, 8, 1, '2020-10-31 12:29:23', 0, 'a:4:{s:7:\"user_id\";s:0:\"\";s:7:\"user_ip\";s:12:\"3.129.250.17\";s:9:\"user_host\";N;s:2:\"rt\";s:26:\"r/extension/banner_manager\";}'),
(13349, 20, 1, '2020-10-31 12:29:23', 0, 'a:4:{s:7:\"user_id\";s:0:\"\";s:7:\"user_ip\";s:12:\"3.129.250.17\";s:9:\"user_host\";N;s:2:\"rt\";s:26:\"r/extension/banner_manager\";}'),
(13350, 21, 1, '2020-10-31 12:29:23', 0, 'a:4:{s:7:\"user_id\";s:0:\"\";s:7:\"user_ip\";s:12:\"3.129.250.17\";s:9:\"user_host\";N;s:2:\"rt\";s:26:\"r/extension/banner_manager\";}'),
(13351, 11, 1, '2020-10-31 12:29:23', 0, 'a:4:{s:7:\"user_id\";s:0:\"\";s:7:\"user_ip\";s:12:\"3.129.250.17\";s:9:\"user_host\";N;s:2:\"rt\";s:26:\"r/extension/banner_manager\";}'),
(13352, 19, 1, '2020-10-31 12:29:26', 0, 'a:4:{s:7:\"user_id\";s:0:\"\";s:7:\"user_ip\";s:12:\"3.129.250.17\";s:9:\"user_host\";N;s:2:\"rt\";s:26:\"r/extension/banner_manager\";}'),
(13353, 8, 1, '2020-10-31 12:29:26', 0, 'a:4:{s:7:\"user_id\";s:0:\"\";s:7:\"user_ip\";s:12:\"3.129.250.17\";s:9:\"user_host\";N;s:2:\"rt\";s:26:\"r/extension/banner_manager\";}'),
(13354, 20, 1, '2020-10-31 12:29:26', 0, 'a:4:{s:7:\"user_id\";s:0:\"\";s:7:\"user_ip\";s:12:\"3.129.250.17\";s:9:\"user_host\";N;s:2:\"rt\";s:26:\"r/extension/banner_manager\";}'),
(13355, 11, 1, '2020-10-31 12:29:26', 0, 'a:4:{s:7:\"user_id\";s:0:\"\";s:7:\"user_ip\";s:12:\"3.129.250.17\";s:9:\"user_host\";N;s:2:\"rt\";s:26:\"r/extension/banner_manager\";}'),
(13356, 21, 1, '2020-10-31 12:29:26', 0, 'a:4:{s:7:\"user_id\";s:0:\"\";s:7:\"user_ip\";s:12:\"3.129.250.17\";s:9:\"user_host\";N;s:2:\"rt\";s:26:\"r/extension/banner_manager\";}'),
(13357, 19, 1, '2020-10-31 12:29:32', 0, 'a:4:{s:7:\"user_id\";s:0:\"\";s:7:\"user_ip\";s:12:\"3.129.250.17\";s:9:\"user_host\";N;s:2:\"rt\";s:26:\"r/extension/banner_manager\";}'),
(13358, 8, 1, '2020-10-31 12:29:33', 0, 'a:4:{s:7:\"user_id\";s:0:\"\";s:7:\"user_ip\";s:12:\"3.129.250.17\";s:9:\"user_host\";N;s:2:\"rt\";s:26:\"r/extension/banner_manager\";}'),
(13359, 21, 1, '2020-10-31 12:29:33', 0, 'a:4:{s:7:\"user_id\";s:0:\"\";s:7:\"user_ip\";s:12:\"3.129.250.17\";s:9:\"user_host\";N;s:2:\"rt\";s:26:\"r/extension/banner_manager\";}'),
(13360, 20, 1, '2020-10-31 12:29:33', 0, 'a:4:{s:7:\"user_id\";s:0:\"\";s:7:\"user_ip\";s:12:\"3.129.250.17\";s:9:\"user_host\";N;s:2:\"rt\";s:26:\"r/extension/banner_manager\";}'),
(13361, 11, 1, '2020-10-31 12:29:33', 0, 'a:4:{s:7:\"user_id\";s:0:\"\";s:7:\"user_ip\";s:12:\"3.129.250.17\";s:9:\"user_host\";N;s:2:\"rt\";s:26:\"r/extension/banner_manager\";}'),
(13362, 19, 1, '2020-10-31 12:29:39', 0, 'a:4:{s:7:\"user_id\";s:0:\"\";s:7:\"user_ip\";s:12:\"3.129.250.17\";s:9:\"user_host\";N;s:2:\"rt\";s:26:\"r/extension/banner_manager\";}'),
(13363, 8, 1, '2020-10-31 12:29:39', 0, 'a:4:{s:7:\"user_id\";s:0:\"\";s:7:\"user_ip\";s:12:\"3.129.250.17\";s:9:\"user_host\";N;s:2:\"rt\";s:26:\"r/extension/banner_manager\";}'),
(13364, 20, 1, '2020-10-31 12:29:40', 0, 'a:4:{s:7:\"user_id\";s:0:\"\";s:7:\"user_ip\";s:12:\"3.129.250.17\";s:9:\"user_host\";N;s:2:\"rt\";s:26:\"r/extension/banner_manager\";}'),
(13365, 21, 1, '2020-10-31 12:29:40', 0, 'a:4:{s:7:\"user_id\";s:0:\"\";s:7:\"user_ip\";s:12:\"3.129.250.17\";s:9:\"user_host\";N;s:2:\"rt\";s:26:\"r/extension/banner_manager\";}'),
(13366, 11, 1, '2020-10-31 12:29:40', 0, 'a:4:{s:7:\"user_id\";s:0:\"\";s:7:\"user_ip\";s:12:\"3.129.250.17\";s:9:\"user_host\";N;s:2:\"rt\";s:26:\"r/extension/banner_manager\";}'),
(13367, 19, 1, '2020-11-02 20:05:34', 0, 'a:4:{s:7:\"user_id\";s:0:\"\";s:7:\"user_ip\";s:13:\"47.113.199.16\";s:9:\"user_host\";N;s:2:\"rt\";s:26:\"r/extension/banner_manager\";}'),
(13368, 8, 1, '2020-11-02 20:05:34', 0, 'a:4:{s:7:\"user_id\";s:0:\"\";s:7:\"user_ip\";s:13:\"47.113.199.16\";s:9:\"user_host\";N;s:2:\"rt\";s:26:\"r/extension/banner_manager\";}'),
(13369, 20, 1, '2020-11-02 20:05:34', 0, 'a:4:{s:7:\"user_id\";s:0:\"\";s:7:\"user_ip\";s:13:\"47.113.199.16\";s:9:\"user_host\";N;s:2:\"rt\";s:26:\"r/extension/banner_manager\";}'),
(13370, 21, 1, '2020-11-02 20:05:34', 0, 'a:4:{s:7:\"user_id\";s:0:\"\";s:7:\"user_ip\";s:13:\"47.113.199.16\";s:9:\"user_host\";N;s:2:\"rt\";s:26:\"r/extension/banner_manager\";}'),
(13371, 11, 1, '2020-11-02 20:05:35', 0, 'a:4:{s:7:\"user_id\";s:0:\"\";s:7:\"user_ip\";s:13:\"47.113.199.16\";s:9:\"user_host\";N;s:2:\"rt\";s:26:\"r/extension/banner_manager\";}'),
(13372, 19, 1, '2021-05-11 20:24:04', 0, 'a:4:{s:7:\"user_id\";s:0:\"\";s:7:\"user_ip\";s:14:\"103.126.14.151\";s:9:\"user_host\";N;s:2:\"rt\";s:26:\"r/extension/banner_manager\";}'),
(13373, 11, 1, '2021-05-11 20:24:04', 0, 'a:4:{s:7:\"user_id\";s:0:\"\";s:7:\"user_ip\";s:14:\"103.126.14.151\";s:9:\"user_host\";N;s:2:\"rt\";s:26:\"r/extension/banner_manager\";}'),
(13374, 20, 1, '2021-05-11 20:24:04', 0, 'a:4:{s:7:\"user_id\";s:0:\"\";s:7:\"user_ip\";s:14:\"103.126.14.151\";s:9:\"user_host\";N;s:2:\"rt\";s:26:\"r/extension/banner_manager\";}'),
(13375, 8, 1, '2021-05-11 20:24:04', 0, 'a:4:{s:7:\"user_id\";s:0:\"\";s:7:\"user_ip\";s:14:\"103.126.14.151\";s:9:\"user_host\";N;s:2:\"rt\";s:26:\"r/extension/banner_manager\";}'),
(13376, 21, 1, '2021-05-11 20:24:04', 0, 'a:4:{s:7:\"user_id\";s:0:\"\";s:7:\"user_ip\";s:14:\"103.126.14.151\";s:9:\"user_host\";N;s:2:\"rt\";s:26:\"r/extension/banner_manager\";}'),
(13377, 8, 1, '2021-05-11 20:28:13', 0, 'a:4:{s:7:\"user_id\";s:0:\"\";s:7:\"user_ip\";s:14:\"103.126.14.151\";s:9:\"user_host\";N;s:2:\"rt\";s:26:\"r/extension/banner_manager\";}'),
(13378, 19, 1, '2021-05-11 20:28:14', 0, 'a:4:{s:7:\"user_id\";s:0:\"\";s:7:\"user_ip\";s:14:\"103.126.14.151\";s:9:\"user_host\";N;s:2:\"rt\";s:26:\"r/extension/banner_manager\";}'),
(13379, 20, 1, '2021-05-11 20:28:14', 0, 'a:4:{s:7:\"user_id\";s:0:\"\";s:7:\"user_ip\";s:14:\"103.126.14.151\";s:9:\"user_host\";N;s:2:\"rt\";s:26:\"r/extension/banner_manager\";}'),
(13380, 21, 1, '2021-05-11 20:28:14', 0, 'a:4:{s:7:\"user_id\";s:0:\"\";s:7:\"user_ip\";s:14:\"103.126.14.151\";s:9:\"user_host\";N;s:2:\"rt\";s:26:\"r/extension/banner_manager\";}'),
(13381, 11, 1, '2021-05-11 20:28:14', 0, 'a:4:{s:7:\"user_id\";s:0:\"\";s:7:\"user_ip\";s:14:\"103.126.14.151\";s:9:\"user_host\";N;s:2:\"rt\";s:26:\"r/extension/banner_manager\";}'),
(13382, 19, 1, '2021-05-11 20:39:02', 0, 'a:4:{s:7:\"user_id\";s:0:\"\";s:7:\"user_ip\";s:13:\"54.203.73.198\";s:9:\"user_host\";N;s:2:\"rt\";s:26:\"r/extension/banner_manager\";}'),
(13383, 8, 1, '2021-05-11 20:39:02', 0, 'a:4:{s:7:\"user_id\";s:0:\"\";s:7:\"user_ip\";s:13:\"54.203.73.198\";s:9:\"user_host\";N;s:2:\"rt\";s:26:\"r/extension/banner_manager\";}'),
(13384, 20, 1, '2021-05-11 20:39:02', 0, 'a:4:{s:7:\"user_id\";s:0:\"\";s:7:\"user_ip\";s:13:\"54.203.73.198\";s:9:\"user_host\";N;s:2:\"rt\";s:26:\"r/extension/banner_manager\";}'),
(13385, 21, 1, '2021-05-11 20:39:02', 0, 'a:4:{s:7:\"user_id\";s:0:\"\";s:7:\"user_ip\";s:13:\"54.203.73.198\";s:9:\"user_host\";N;s:2:\"rt\";s:26:\"r/extension/banner_manager\";}'),
(13386, 11, 1, '2021-05-11 20:39:02', 0, 'a:4:{s:7:\"user_id\";s:0:\"\";s:7:\"user_ip\";s:13:\"54.203.73.198\";s:9:\"user_host\";N;s:2:\"rt\";s:26:\"r/extension/banner_manager\";}'),
(13387, 19, 1, '2021-05-11 21:01:55', 0, 'a:4:{s:7:\"user_id\";s:0:\"\";s:7:\"user_ip\";s:14:\"202.134.10.140\";s:9:\"user_host\";N;s:2:\"rt\";s:26:\"r/extension/banner_manager\";}'),
(13388, 20, 1, '2021-05-11 21:01:55', 0, 'a:4:{s:7:\"user_id\";s:0:\"\";s:7:\"user_ip\";s:14:\"202.134.10.140\";s:9:\"user_host\";N;s:2:\"rt\";s:26:\"r/extension/banner_manager\";}'),
(13389, 8, 1, '2021-05-11 21:01:55', 0, 'a:4:{s:7:\"user_id\";s:0:\"\";s:7:\"user_ip\";s:14:\"202.134.10.140\";s:9:\"user_host\";N;s:2:\"rt\";s:26:\"r/extension/banner_manager\";}'),
(13390, 11, 1, '2021-05-11 21:01:55', 0, 'a:4:{s:7:\"user_id\";s:0:\"\";s:7:\"user_ip\";s:14:\"202.134.10.140\";s:9:\"user_host\";N;s:2:\"rt\";s:26:\"r/extension/banner_manager\";}'),
(13391, 21, 1, '2021-05-11 21:01:55', 0, 'a:4:{s:7:\"user_id\";s:0:\"\";s:7:\"user_ip\";s:14:\"202.134.10.140\";s:9:\"user_host\";N;s:2:\"rt\";s:26:\"r/extension/banner_manager\";}'),
(13392, 20, 1, '2021-05-11 21:23:56', 0, 'a:4:{s:7:\"user_id\";s:0:\"\";s:7:\"user_ip\";s:14:\"103.126.14.151\";s:9:\"user_host\";N;s:2:\"rt\";s:26:\"r/extension/banner_manager\";}'),
(13393, 11, 1, '2021-05-11 21:23:56', 0, 'a:4:{s:7:\"user_id\";s:0:\"\";s:7:\"user_ip\";s:14:\"103.126.14.151\";s:9:\"user_host\";N;s:2:\"rt\";s:26:\"r/extension/banner_manager\";}'),
(13394, 19, 1, '2021-05-11 21:23:56', 0, 'a:4:{s:7:\"user_id\";s:0:\"\";s:7:\"user_ip\";s:14:\"103.126.14.151\";s:9:\"user_host\";N;s:2:\"rt\";s:26:\"r/extension/banner_manager\";}'),
(13395, 21, 1, '2021-05-11 21:23:56', 0, 'a:4:{s:7:\"user_id\";s:0:\"\";s:7:\"user_ip\";s:14:\"103.126.14.151\";s:9:\"user_host\";N;s:2:\"rt\";s:26:\"r/extension/banner_manager\";}'),
(13396, 8, 1, '2021-05-11 21:23:56', 0, 'a:4:{s:7:\"user_id\";s:0:\"\";s:7:\"user_ip\";s:14:\"103.126.14.151\";s:9:\"user_host\";N;s:2:\"rt\";s:26:\"r/extension/banner_manager\";}'),
(13397, 19, 1, '2021-05-11 21:54:39', 0, 'a:4:{s:7:\"user_id\";s:0:\"\";s:7:\"user_ip\";s:14:\"103.126.14.151\";s:9:\"user_host\";N;s:2:\"rt\";s:26:\"r/extension/banner_manager\";}'),
(13398, 8, 1, '2021-05-11 21:54:39', 0, 'a:4:{s:7:\"user_id\";s:0:\"\";s:7:\"user_ip\";s:14:\"103.126.14.151\";s:9:\"user_host\";N;s:2:\"rt\";s:26:\"r/extension/banner_manager\";}'),
(13399, 20, 1, '2021-05-11 21:54:39', 0, 'a:4:{s:7:\"user_id\";s:0:\"\";s:7:\"user_ip\";s:14:\"103.126.14.151\";s:9:\"user_host\";N;s:2:\"rt\";s:26:\"r/extension/banner_manager\";}'),
(13400, 11, 1, '2021-05-11 21:54:39', 0, 'a:4:{s:7:\"user_id\";s:0:\"\";s:7:\"user_ip\";s:14:\"103.126.14.151\";s:9:\"user_host\";N;s:2:\"rt\";s:26:\"r/extension/banner_manager\";}'),
(13401, 21, 1, '2021-05-11 21:54:39', 0, 'a:4:{s:7:\"user_id\";s:0:\"\";s:7:\"user_ip\";s:14:\"103.126.14.151\";s:9:\"user_host\";N;s:2:\"rt\";s:26:\"r/extension/banner_manager\";}'),
(13402, 19, 1, '2021-05-11 21:55:10', 0, 'a:4:{s:7:\"user_id\";s:0:\"\";s:7:\"user_ip\";s:14:\"103.126.14.151\";s:9:\"user_host\";N;s:2:\"rt\";s:26:\"r/extension/banner_manager\";}'),
(13403, 8, 1, '2021-05-11 21:55:10', 0, 'a:4:{s:7:\"user_id\";s:0:\"\";s:7:\"user_ip\";s:14:\"103.126.14.151\";s:9:\"user_host\";N;s:2:\"rt\";s:26:\"r/extension/banner_manager\";}'),
(13404, 20, 1, '2021-05-11 21:55:11', 0, 'a:4:{s:7:\"user_id\";s:0:\"\";s:7:\"user_ip\";s:14:\"103.126.14.151\";s:9:\"user_host\";N;s:2:\"rt\";s:26:\"r/extension/banner_manager\";}'),
(13405, 11, 1, '2021-05-11 21:55:11', 0, 'a:4:{s:7:\"user_id\";s:0:\"\";s:7:\"user_ip\";s:14:\"103.126.14.151\";s:9:\"user_host\";N;s:2:\"rt\";s:26:\"r/extension/banner_manager\";}'),
(13406, 21, 1, '2021-05-11 21:55:11', 0, 'a:4:{s:7:\"user_id\";s:0:\"\";s:7:\"user_ip\";s:14:\"103.126.14.151\";s:9:\"user_host\";N;s:2:\"rt\";s:26:\"r/extension/banner_manager\";}'),
(13407, 19, 1, '2021-05-12 01:13:32', 0, 'a:4:{s:7:\"user_id\";s:0:\"\";s:7:\"user_ip\";s:14:\"18.189.186.248\";s:9:\"user_host\";N;s:2:\"rt\";s:26:\"r/extension/banner_manager\";}'),
(13408, 8, 1, '2021-05-12 01:13:32', 0, 'a:4:{s:7:\"user_id\";s:0:\"\";s:7:\"user_ip\";s:14:\"18.189.186.248\";s:9:\"user_host\";N;s:2:\"rt\";s:26:\"r/extension/banner_manager\";}'),
(13409, 11, 1, '2021-05-12 01:13:32', 0, 'a:4:{s:7:\"user_id\";s:0:\"\";s:7:\"user_ip\";s:14:\"18.189.186.248\";s:9:\"user_host\";N;s:2:\"rt\";s:26:\"r/extension/banner_manager\";}'),
(13410, 21, 1, '2021-05-12 01:13:33', 0, 'a:4:{s:7:\"user_id\";s:0:\"\";s:7:\"user_ip\";s:14:\"18.189.186.248\";s:9:\"user_host\";N;s:2:\"rt\";s:26:\"r/extension/banner_manager\";}'),
(13411, 20, 1, '2021-05-12 01:13:33', 0, 'a:4:{s:7:\"user_id\";s:0:\"\";s:7:\"user_ip\";s:14:\"18.189.186.248\";s:9:\"user_host\";N;s:2:\"rt\";s:26:\"r/extension/banner_manager\";}'),
(13412, 19, 1, '2021-05-12 20:11:49', 0, 'a:4:{s:7:\"user_id\";s:0:\"\";s:7:\"user_ip\";s:14:\"103.126.14.151\";s:9:\"user_host\";N;s:2:\"rt\";s:26:\"r/extension/banner_manager\";}'),
(13413, 8, 1, '2021-05-12 20:11:49', 0, 'a:4:{s:7:\"user_id\";s:0:\"\";s:7:\"user_ip\";s:14:\"103.126.14.151\";s:9:\"user_host\";N;s:2:\"rt\";s:26:\"r/extension/banner_manager\";}'),
(13414, 20, 1, '2021-05-12 20:11:49', 0, 'a:4:{s:7:\"user_id\";s:0:\"\";s:7:\"user_ip\";s:14:\"103.126.14.151\";s:9:\"user_host\";N;s:2:\"rt\";s:26:\"r/extension/banner_manager\";}'),
(13415, 21, 1, '2021-05-12 20:11:49', 0, 'a:4:{s:7:\"user_id\";s:0:\"\";s:7:\"user_ip\";s:14:\"103.126.14.151\";s:9:\"user_host\";N;s:2:\"rt\";s:26:\"r/extension/banner_manager\";}'),
(13416, 11, 1, '2021-05-12 20:11:49', 0, 'a:4:{s:7:\"user_id\";s:0:\"\";s:7:\"user_ip\";s:14:\"103.126.14.151\";s:9:\"user_host\";N;s:2:\"rt\";s:26:\"r/extension/banner_manager\";}'),
(13417, 21, 1, '2021-05-12 20:23:52', 0, 'a:4:{s:7:\"user_id\";s:0:\"\";s:7:\"user_ip\";s:12:\"205.169.39.7\";s:9:\"user_host\";N;s:2:\"rt\";s:26:\"r/extension/banner_manager\";}'),
(13418, 19, 1, '2021-05-12 20:23:52', 0, 'a:4:{s:7:\"user_id\";s:0:\"\";s:7:\"user_ip\";s:12:\"205.169.39.7\";s:9:\"user_host\";N;s:2:\"rt\";s:26:\"r/extension/banner_manager\";}'),
(13419, 20, 1, '2021-05-12 20:23:52', 0, 'a:4:{s:7:\"user_id\";s:0:\"\";s:7:\"user_ip\";s:12:\"205.169.39.7\";s:9:\"user_host\";N;s:2:\"rt\";s:26:\"r/extension/banner_manager\";}'),
(13420, 11, 1, '2021-05-12 20:23:52', 0, 'a:4:{s:7:\"user_id\";s:0:\"\";s:7:\"user_ip\";s:12:\"205.169.39.7\";s:9:\"user_host\";N;s:2:\"rt\";s:26:\"r/extension/banner_manager\";}'),
(13421, 8, 1, '2021-05-12 20:23:52', 0, 'a:4:{s:7:\"user_id\";s:0:\"\";s:7:\"user_ip\";s:12:\"205.169.39.7\";s:9:\"user_host\";N;s:2:\"rt\";s:26:\"r/extension/banner_manager\";}'),
(13422, 19, 1, '2021-05-13 08:14:54', 0, 'a:4:{s:7:\"user_id\";s:0:\"\";s:7:\"user_ip\";s:14:\"13.212.108.245\";s:9:\"user_host\";N;s:2:\"rt\";s:26:\"r/extension/banner_manager\";}'),
(13423, 8, 1, '2021-05-13 08:14:55', 0, 'a:4:{s:7:\"user_id\";s:0:\"\";s:7:\"user_ip\";s:14:\"13.212.108.245\";s:9:\"user_host\";N;s:2:\"rt\";s:26:\"r/extension/banner_manager\";}'),
(13424, 20, 1, '2021-05-13 08:14:55', 0, 'a:4:{s:7:\"user_id\";s:0:\"\";s:7:\"user_ip\";s:14:\"13.212.108.245\";s:9:\"user_host\";N;s:2:\"rt\";s:26:\"r/extension/banner_manager\";}'),
(13425, 21, 1, '2021-05-13 08:14:55', 0, 'a:4:{s:7:\"user_id\";s:0:\"\";s:7:\"user_ip\";s:14:\"13.212.108.245\";s:9:\"user_host\";N;s:2:\"rt\";s:26:\"r/extension/banner_manager\";}'),
(13426, 11, 1, '2021-05-13 08:14:56', 0, 'a:4:{s:7:\"user_id\";s:0:\"\";s:7:\"user_ip\";s:14:\"13.212.108.245\";s:9:\"user_host\";N;s:2:\"rt\";s:26:\"r/extension/banner_manager\";}'),
(13427, 19, 1, '2021-05-13 08:53:23', 0, 'a:4:{s:7:\"user_id\";s:0:\"\";s:7:\"user_ip\";s:15:\"103.113.192.165\";s:9:\"user_host\";N;s:2:\"rt\";s:26:\"r/extension/banner_manager\";}'),
(13428, 21, 1, '2021-05-13 08:53:23', 0, 'a:4:{s:7:\"user_id\";s:0:\"\";s:7:\"user_ip\";s:15:\"103.113.192.165\";s:9:\"user_host\";N;s:2:\"rt\";s:26:\"r/extension/banner_manager\";}'),
(13429, 8, 1, '2021-05-13 08:53:23', 0, 'a:4:{s:7:\"user_id\";s:0:\"\";s:7:\"user_ip\";s:15:\"103.113.192.165\";s:9:\"user_host\";N;s:2:\"rt\";s:26:\"r/extension/banner_manager\";}'),
(13430, 20, 1, '2021-05-13 08:53:23', 0, 'a:4:{s:7:\"user_id\";s:0:\"\";s:7:\"user_ip\";s:15:\"103.113.192.165\";s:9:\"user_host\";N;s:2:\"rt\";s:26:\"r/extension/banner_manager\";}'),
(13431, 11, 1, '2021-05-13 08:53:23', 0, 'a:4:{s:7:\"user_id\";s:0:\"\";s:7:\"user_ip\";s:15:\"103.113.192.165\";s:9:\"user_host\";N;s:2:\"rt\";s:26:\"r/extension/banner_manager\";}'),
(13432, 19, 1, '2021-05-15 12:07:51', 0, 'a:4:{s:7:\"user_id\";s:0:\"\";s:7:\"user_ip\";s:14:\"173.252.127.28\";s:9:\"user_host\";N;s:2:\"rt\";s:26:\"r/extension/banner_manager\";}'),
(13433, 8, 1, '2021-05-15 12:07:51', 0, 'a:4:{s:7:\"user_id\";s:0:\"\";s:7:\"user_ip\";s:13:\"173.252.127.1\";s:9:\"user_host\";N;s:2:\"rt\";s:26:\"r/extension/banner_manager\";}'),
(13434, 21, 1, '2021-05-15 12:07:51', 0, 'a:4:{s:7:\"user_id\";s:0:\"\";s:7:\"user_ip\";s:14:\"173.252.127.32\";s:9:\"user_host\";N;s:2:\"rt\";s:26:\"r/extension/banner_manager\";}'),
(13435, 20, 1, '2021-05-15 12:07:51', 0, 'a:4:{s:7:\"user_id\";s:0:\"\";s:7:\"user_ip\";s:14:\"173.252.127.19\";s:9:\"user_host\";N;s:2:\"rt\";s:26:\"r/extension/banner_manager\";}'),
(13436, 11, 1, '2021-05-15 12:07:51', 0, 'a:4:{s:7:\"user_id\";s:0:\"\";s:7:\"user_ip\";s:14:\"173.252.127.23\";s:9:\"user_host\";N;s:2:\"rt\";s:26:\"r/extension/banner_manager\";}'),
(13437, 11, 1, '2021-05-15 12:08:07', 0, 'a:4:{s:7:\"user_id\";s:0:\"\";s:7:\"user_ip\";s:14:\"173.252.127.29\";s:9:\"user_host\";N;s:2:\"rt\";s:26:\"r/extension/banner_manager\";}'),
(13438, 8, 1, '2021-05-15 12:08:07', 0, 'a:4:{s:7:\"user_id\";s:0:\"\";s:7:\"user_ip\";s:15:\"173.252.127.120\";s:9:\"user_host\";N;s:2:\"rt\";s:26:\"r/extension/banner_manager\";}'),
(13439, 21, 1, '2021-05-15 12:08:07', 0, 'a:4:{s:7:\"user_id\";s:0:\"\";s:7:\"user_ip\";s:13:\"173.252.127.6\";s:9:\"user_host\";N;s:2:\"rt\";s:26:\"r/extension/banner_manager\";}'),
(13440, 19, 1, '2021-05-15 12:08:07', 0, 'a:4:{s:7:\"user_id\";s:0:\"\";s:7:\"user_ip\";s:13:\"173.252.127.2\";s:9:\"user_host\";N;s:2:\"rt\";s:26:\"r/extension/banner_manager\";}'),
(13441, 20, 1, '2021-05-15 12:08:07', 0, 'a:4:{s:7:\"user_id\";s:0:\"\";s:7:\"user_ip\";s:14:\"173.252.127.33\";s:9:\"user_host\";N;s:2:\"rt\";s:26:\"r/extension/banner_manager\";}'),
(13442, 20, 1, '2021-05-15 12:08:14', 0, 'a:4:{s:7:\"user_id\";s:0:\"\";s:7:\"user_ip\";s:11:\"31.13.115.5\";s:9:\"user_host\";N;s:2:\"rt\";s:26:\"r/extension/banner_manager\";}'),
(13443, 8, 1, '2021-05-15 12:08:14', 0, 'a:4:{s:7:\"user_id\";s:0:\"\";s:7:\"user_ip\";s:11:\"31.13.115.9\";s:9:\"user_host\";N;s:2:\"rt\";s:26:\"r/extension/banner_manager\";}'),
(13444, 11, 1, '2021-05-15 12:08:14', 0, 'a:4:{s:7:\"user_id\";s:0:\"\";s:7:\"user_ip\";s:13:\"31.13.115.120\";s:9:\"user_host\";N;s:2:\"rt\";s:26:\"r/extension/banner_manager\";}'),
(13445, 21, 1, '2021-05-15 12:08:15', 0, 'a:4:{s:7:\"user_id\";s:0:\"\";s:7:\"user_ip\";s:12:\"31.13.115.19\";s:9:\"user_host\";N;s:2:\"rt\";s:26:\"r/extension/banner_manager\";}'),
(13446, 19, 1, '2021-05-15 12:08:15', 0, 'a:4:{s:7:\"user_id\";s:0:\"\";s:7:\"user_ip\";s:11:\"31.13.115.5\";s:9:\"user_host\";N;s:2:\"rt\";s:26:\"r/extension/banner_manager\";}'),
(13447, 20, 1, '2021-05-15 12:08:31', 0, 'a:4:{s:7:\"user_id\";s:0:\"\";s:7:\"user_ip\";s:12:\"31.13.115.22\";s:9:\"user_host\";N;s:2:\"rt\";s:26:\"r/extension/banner_manager\";}'),
(13448, 19, 1, '2021-05-15 12:08:31', 0, 'a:4:{s:7:\"user_id\";s:0:\"\";s:7:\"user_ip\";s:13:\"31.13.115.116\";s:9:\"user_host\";N;s:2:\"rt\";s:26:\"r/extension/banner_manager\";}'),
(13449, 21, 1, '2021-05-15 12:08:31', 0, 'a:4:{s:7:\"user_id\";s:0:\"\";s:7:\"user_ip\";s:13:\"31.13.115.118\";s:9:\"user_host\";N;s:2:\"rt\";s:26:\"r/extension/banner_manager\";}'),
(13450, 8, 1, '2021-05-15 12:08:31', 0, 'a:4:{s:7:\"user_id\";s:0:\"\";s:7:\"user_ip\";s:11:\"31.13.115.6\";s:9:\"user_host\";N;s:2:\"rt\";s:26:\"r/extension/banner_manager\";}'),
(13451, 11, 1, '2021-05-15 12:08:31', 0, 'a:4:{s:7:\"user_id\";s:0:\"\";s:7:\"user_ip\";s:11:\"31.13.115.3\";s:9:\"user_host\";N;s:2:\"rt\";s:26:\"r/extension/banner_manager\";}'),
(13452, 19, 1, '2021-05-15 12:09:22', 0, 'a:4:{s:7:\"user_id\";s:0:\"\";s:7:\"user_ip\";s:11:\"31.13.115.7\";s:9:\"user_host\";N;s:2:\"rt\";s:26:\"r/extension/banner_manager\";}'),
(13453, 8, 1, '2021-05-15 12:09:22', 0, 'a:4:{s:7:\"user_id\";s:0:\"\";s:7:\"user_ip\";s:13:\"31.13.115.119\";s:9:\"user_host\";N;s:2:\"rt\";s:26:\"r/extension/banner_manager\";}'),
(13454, 11, 1, '2021-05-15 12:09:22', 0, 'a:4:{s:7:\"user_id\";s:0:\"\";s:7:\"user_ip\";s:11:\"31.13.115.5\";s:9:\"user_host\";N;s:2:\"rt\";s:26:\"r/extension/banner_manager\";}'),
(13455, 21, 1, '2021-05-15 12:09:22', 0, 'a:4:{s:7:\"user_id\";s:0:\"\";s:7:\"user_ip\";s:11:\"31.13.115.1\";s:9:\"user_host\";N;s:2:\"rt\";s:26:\"r/extension/banner_manager\";}'),
(13456, 20, 1, '2021-05-15 12:09:22', 0, 'a:4:{s:7:\"user_id\";s:0:\"\";s:7:\"user_ip\";s:11:\"31.13.115.9\";s:9:\"user_host\";N;s:2:\"rt\";s:26:\"r/extension/banner_manager\";}'),
(13457, 19, 1, '2021-05-15 12:09:37', 0, 'a:4:{s:7:\"user_id\";s:0:\"\";s:7:\"user_ip\";s:13:\"31.13.115.119\";s:9:\"user_host\";N;s:2:\"rt\";s:26:\"r/extension/banner_manager\";}'),
(13458, 21, 1, '2021-05-15 12:09:37', 0, 'a:4:{s:7:\"user_id\";s:0:\"\";s:7:\"user_ip\";s:11:\"31.13.115.2\";s:9:\"user_host\";N;s:2:\"rt\";s:26:\"r/extension/banner_manager\";}'),
(13459, 8, 1, '2021-05-15 12:09:37', 0, 'a:4:{s:7:\"user_id\";s:0:\"\";s:7:\"user_ip\";s:12:\"31.13.115.16\";s:9:\"user_host\";N;s:2:\"rt\";s:26:\"r/extension/banner_manager\";}'),
(13460, 20, 1, '2021-05-15 12:09:37', 0, 'a:4:{s:7:\"user_id\";s:0:\"\";s:7:\"user_ip\";s:12:\"31.13.115.24\";s:9:\"user_host\";N;s:2:\"rt\";s:26:\"r/extension/banner_manager\";}'),
(13461, 11, 1, '2021-05-15 12:09:37', 0, 'a:4:{s:7:\"user_id\";s:0:\"\";s:7:\"user_ip\";s:12:\"31.13.115.11\";s:9:\"user_host\";N;s:2:\"rt\";s:26:\"r/extension/banner_manager\";}'),
(13462, 8, 1, '2021-05-15 23:26:54', 0, 'a:4:{s:7:\"user_id\";s:0:\"\";s:7:\"user_ip\";s:15:\"173.252.127.119\";s:9:\"user_host\";N;s:2:\"rt\";s:26:\"r/extension/banner_manager\";}'),
(13463, 19, 1, '2021-05-15 23:26:54', 0, 'a:4:{s:7:\"user_id\";s:0:\"\";s:7:\"user_ip\";s:14:\"173.252.127.34\";s:9:\"user_host\";N;s:2:\"rt\";s:26:\"r/extension/banner_manager\";}'),
(13464, 11, 1, '2021-05-15 23:26:54', 0, 'a:4:{s:7:\"user_id\";s:0:\"\";s:7:\"user_ip\";s:13:\"173.252.127.3\";s:9:\"user_host\";N;s:2:\"rt\";s:26:\"r/extension/banner_manager\";}'),
(13465, 21, 1, '2021-05-15 23:26:55', 0, 'a:4:{s:7:\"user_id\";s:0:\"\";s:7:\"user_ip\";s:14:\"173.252.127.29\";s:9:\"user_host\";N;s:2:\"rt\";s:26:\"r/extension/banner_manager\";}'),
(13466, 20, 1, '2021-05-15 23:26:55', 0, 'a:4:{s:7:\"user_id\";s:0:\"\";s:7:\"user_ip\";s:14:\"173.252.127.18\";s:9:\"user_host\";N;s:2:\"rt\";s:26:\"r/extension/banner_manager\";}'),
(13467, 19, 1, '2021-05-15 23:27:12', 0, 'a:4:{s:7:\"user_id\";s:0:\"\";s:7:\"user_ip\";s:14:\"173.252.127.34\";s:9:\"user_host\";N;s:2:\"rt\";s:26:\"r/extension/banner_manager\";}'),
(13468, 8, 1, '2021-05-15 23:27:13', 0, 'a:4:{s:7:\"user_id\";s:0:\"\";s:7:\"user_ip\";s:13:\"173.252.127.2\";s:9:\"user_host\";N;s:2:\"rt\";s:26:\"r/extension/banner_manager\";}'),
(13469, 21, 1, '2021-05-15 23:27:13', 0, 'a:4:{s:7:\"user_id\";s:0:\"\";s:7:\"user_ip\";s:14:\"173.252.127.16\";s:9:\"user_host\";N;s:2:\"rt\";s:26:\"r/extension/banner_manager\";}'),
(13470, 11, 1, '2021-05-15 23:27:13', 0, 'a:4:{s:7:\"user_id\";s:0:\"\";s:7:\"user_ip\";s:14:\"173.252.127.28\";s:9:\"user_host\";N;s:2:\"rt\";s:26:\"r/extension/banner_manager\";}'),
(13471, 20, 1, '2021-05-15 23:27:13', 0, 'a:4:{s:7:\"user_id\";s:0:\"\";s:7:\"user_ip\";s:13:\"173.252.127.2\";s:9:\"user_host\";N;s:2:\"rt\";s:26:\"r/extension/banner_manager\";}'),
(13472, 8, 1, '2021-05-18 11:22:30', 0, 'a:4:{s:7:\"user_id\";s:0:\"\";s:7:\"user_ip\";s:13:\"173.252.127.1\";s:9:\"user_host\";N;s:2:\"rt\";s:26:\"r/extension/banner_manager\";}'),
(13473, 11, 1, '2021-05-18 11:22:30', 0, 'a:4:{s:7:\"user_id\";s:0:\"\";s:7:\"user_ip\";s:14:\"173.252.127.31\";s:9:\"user_host\";N;s:2:\"rt\";s:26:\"r/extension/banner_manager\";}'),
(13474, 20, 1, '2021-05-18 11:22:30', 0, 'a:4:{s:7:\"user_id\";s:0:\"\";s:7:\"user_ip\";s:14:\"173.252.127.40\";s:9:\"user_host\";N;s:2:\"rt\";s:26:\"r/extension/banner_manager\";}'),
(13475, 21, 1, '2021-05-18 11:22:30', 0, 'a:4:{s:7:\"user_id\";s:0:\"\";s:7:\"user_ip\";s:13:\"173.252.127.4\";s:9:\"user_host\";N;s:2:\"rt\";s:26:\"r/extension/banner_manager\";}'),
(13476, 19, 1, '2021-05-18 11:22:30', 0, 'a:4:{s:7:\"user_id\";s:0:\"\";s:7:\"user_ip\";s:14:\"173.252.127.32\";s:9:\"user_host\";N;s:2:\"rt\";s:26:\"r/extension/banner_manager\";}'),
(13477, 21, 1, '2021-05-18 11:22:47', 0, 'a:4:{s:7:\"user_id\";s:0:\"\";s:7:\"user_ip\";s:15:\"173.252.127.118\";s:9:\"user_host\";N;s:2:\"rt\";s:26:\"r/extension/banner_manager\";}'),
(13478, 11, 1, '2021-05-18 11:22:47', 0, 'a:4:{s:7:\"user_id\";s:0:\"\";s:7:\"user_ip\";s:14:\"173.252.127.26\";s:9:\"user_host\";N;s:2:\"rt\";s:26:\"r/extension/banner_manager\";}'),
(13479, 8, 1, '2021-05-18 11:22:47', 0, 'a:4:{s:7:\"user_id\";s:0:\"\";s:7:\"user_ip\";s:14:\"173.252.127.40\";s:9:\"user_host\";N;s:2:\"rt\";s:26:\"r/extension/banner_manager\";}'),
(13480, 19, 1, '2021-05-18 11:22:47', 0, 'a:4:{s:7:\"user_id\";s:0:\"\";s:7:\"user_ip\";s:14:\"173.252.127.42\";s:9:\"user_host\";N;s:2:\"rt\";s:26:\"r/extension/banner_manager\";}'),
(13481, 20, 1, '2021-05-18 11:22:47', 0, 'a:4:{s:7:\"user_id\";s:0:\"\";s:7:\"user_ip\";s:14:\"173.252.127.29\";s:9:\"user_host\";N;s:2:\"rt\";s:26:\"r/extension/banner_manager\";}'),
(13482, 11, 1, '2021-05-19 14:52:37', 0, 'a:4:{s:7:\"user_id\";s:0:\"\";s:7:\"user_ip\";s:14:\"202.134.14.155\";s:9:\"user_host\";N;s:2:\"rt\";s:26:\"r/extension/banner_manager\";}'),
(13483, 8, 1, '2021-05-19 14:52:37', 0, 'a:4:{s:7:\"user_id\";s:0:\"\";s:7:\"user_ip\";s:14:\"202.134.14.155\";s:9:\"user_host\";N;s:2:\"rt\";s:26:\"r/extension/banner_manager\";}'),
(13484, 21, 1, '2021-05-19 14:52:37', 0, 'a:4:{s:7:\"user_id\";s:0:\"\";s:7:\"user_ip\";s:14:\"202.134.14.155\";s:9:\"user_host\";N;s:2:\"rt\";s:26:\"r/extension/banner_manager\";}'),
(13485, 20, 1, '2021-05-19 14:52:37', 0, 'a:4:{s:7:\"user_id\";s:0:\"\";s:7:\"user_ip\";s:14:\"202.134.14.155\";s:9:\"user_host\";N;s:2:\"rt\";s:26:\"r/extension/banner_manager\";}'),
(13486, 19, 1, '2021-05-19 14:52:37', 0, 'a:4:{s:7:\"user_id\";s:0:\"\";s:7:\"user_ip\";s:14:\"202.134.14.155\";s:9:\"user_host\";N;s:2:\"rt\";s:26:\"r/extension/banner_manager\";}'),
(13487, 20, 1, '2021-05-21 05:34:34', 0, 'a:4:{s:7:\"user_id\";s:0:\"\";s:7:\"user_ip\";s:13:\"202.134.8.139\";s:9:\"user_host\";N;s:2:\"rt\";s:26:\"r/extension/banner_manager\";}'),
(13488, 19, 1, '2021-05-21 05:34:34', 0, 'a:4:{s:7:\"user_id\";s:0:\"\";s:7:\"user_ip\";s:13:\"202.134.8.139\";s:9:\"user_host\";N;s:2:\"rt\";s:26:\"r/extension/banner_manager\";}'),
(13489, 11, 1, '2021-05-21 05:34:34', 0, 'a:4:{s:7:\"user_id\";s:0:\"\";s:7:\"user_ip\";s:13:\"202.134.8.139\";s:9:\"user_host\";N;s:2:\"rt\";s:26:\"r/extension/banner_manager\";}'),
(13490, 21, 1, '2021-05-21 05:34:34', 0, 'a:4:{s:7:\"user_id\";s:0:\"\";s:7:\"user_ip\";s:13:\"202.134.8.139\";s:9:\"user_host\";N;s:2:\"rt\";s:26:\"r/extension/banner_manager\";}'),
(13491, 8, 1, '2021-05-21 05:34:34', 0, 'a:4:{s:7:\"user_id\";s:0:\"\";s:7:\"user_ip\";s:13:\"202.134.8.139\";s:9:\"user_host\";N;s:2:\"rt\";s:26:\"r/extension/banner_manager\";}'),
(13492, 19, 1, '2021-05-24 20:45:18', 0, 'a:4:{s:7:\"user_id\";s:0:\"\";s:7:\"user_ip\";s:14:\"103.126.14.151\";s:9:\"user_host\";N;s:2:\"rt\";s:26:\"r/extension/banner_manager\";}'),
(13493, 21, 1, '2021-05-24 20:45:18', 0, 'a:4:{s:7:\"user_id\";s:0:\"\";s:7:\"user_ip\";s:14:\"103.126.14.151\";s:9:\"user_host\";N;s:2:\"rt\";s:26:\"r/extension/banner_manager\";}'),
(13494, 8, 1, '2021-05-24 20:45:18', 0, 'a:4:{s:7:\"user_id\";s:0:\"\";s:7:\"user_ip\";s:14:\"103.126.14.151\";s:9:\"user_host\";N;s:2:\"rt\";s:26:\"r/extension/banner_manager\";}'),
(13495, 20, 1, '2021-05-24 20:45:19', 0, 'a:4:{s:7:\"user_id\";s:0:\"\";s:7:\"user_ip\";s:14:\"103.126.14.151\";s:9:\"user_host\";N;s:2:\"rt\";s:26:\"r/extension/banner_manager\";}'),
(13496, 11, 1, '2021-05-24 20:45:19', 0, 'a:4:{s:7:\"user_id\";s:0:\"\";s:7:\"user_ip\";s:14:\"103.126.14.151\";s:9:\"user_host\";N;s:2:\"rt\";s:26:\"r/extension/banner_manager\";}'),
(13497, 19, 1, '2021-05-24 20:45:33', 0, 'a:4:{s:7:\"user_id\";s:0:\"\";s:7:\"user_ip\";s:13:\"94.185.24.187\";s:9:\"user_host\";N;s:2:\"rt\";s:26:\"r/extension/banner_manager\";}'),
(13498, 20, 1, '2021-05-24 20:45:33', 0, 'a:4:{s:7:\"user_id\";s:0:\"\";s:7:\"user_ip\";s:13:\"94.185.24.187\";s:9:\"user_host\";N;s:2:\"rt\";s:26:\"r/extension/banner_manager\";}'),
(13499, 8, 1, '2021-05-24 20:45:33', 0, 'a:4:{s:7:\"user_id\";s:0:\"\";s:7:\"user_ip\";s:13:\"94.185.24.187\";s:9:\"user_host\";N;s:2:\"rt\";s:26:\"r/extension/banner_manager\";}'),
(13500, 21, 1, '2021-05-24 20:45:33', 0, 'a:4:{s:7:\"user_id\";s:0:\"\";s:7:\"user_ip\";s:13:\"94.185.24.187\";s:9:\"user_host\";N;s:2:\"rt\";s:26:\"r/extension/banner_manager\";}'),
(13501, 11, 1, '2021-05-24 20:45:33', 0, 'a:4:{s:7:\"user_id\";s:0:\"\";s:7:\"user_ip\";s:13:\"94.185.24.187\";s:9:\"user_host\";N;s:2:\"rt\";s:26:\"r/extension/banner_manager\";}'),
(13502, 19, 1, '2021-05-24 20:46:50', 0, 'a:4:{s:7:\"user_id\";s:0:\"\";s:7:\"user_ip\";s:13:\"94.185.24.187\";s:9:\"user_host\";N;s:2:\"rt\";s:26:\"r/extension/banner_manager\";}'),
(13503, 11, 1, '2021-05-24 20:46:50', 0, 'a:4:{s:7:\"user_id\";s:0:\"\";s:7:\"user_ip\";s:13:\"94.185.24.187\";s:9:\"user_host\";N;s:2:\"rt\";s:26:\"r/extension/banner_manager\";}'),
(13504, 8, 1, '2021-05-24 20:46:50', 0, 'a:4:{s:7:\"user_id\";s:0:\"\";s:7:\"user_ip\";s:13:\"94.185.24.187\";s:9:\"user_host\";N;s:2:\"rt\";s:26:\"r/extension/banner_manager\";}'),
(13505, 21, 1, '2021-05-24 20:46:50', 0, 'a:4:{s:7:\"user_id\";s:0:\"\";s:7:\"user_ip\";s:13:\"94.185.24.187\";s:9:\"user_host\";N;s:2:\"rt\";s:26:\"r/extension/banner_manager\";}'),
(13506, 20, 1, '2021-05-24 20:46:51', 0, 'a:4:{s:7:\"user_id\";s:0:\"\";s:7:\"user_ip\";s:13:\"94.185.24.187\";s:9:\"user_host\";N;s:2:\"rt\";s:26:\"r/extension/banner_manager\";}'),
(13507, 20, 1, '2021-05-26 12:49:30', 0, 'a:4:{s:7:\"user_id\";s:0:\"\";s:7:\"user_ip\";s:12:\"45.41.160.30\";s:9:\"user_host\";N;s:2:\"rt\";s:26:\"r/extension/banner_manager\";}'),
(13508, 8, 1, '2021-05-26 12:49:30', 0, 'a:4:{s:7:\"user_id\";s:0:\"\";s:7:\"user_ip\";s:12:\"45.41.160.30\";s:9:\"user_host\";N;s:2:\"rt\";s:26:\"r/extension/banner_manager\";}'),
(13509, 21, 1, '2021-05-26 12:49:30', 0, 'a:4:{s:7:\"user_id\";s:0:\"\";s:7:\"user_ip\";s:12:\"45.41.160.30\";s:9:\"user_host\";N;s:2:\"rt\";s:26:\"r/extension/banner_manager\";}'),
(13510, 11, 1, '2021-05-26 12:49:30', 0, 'a:4:{s:7:\"user_id\";s:0:\"\";s:7:\"user_ip\";s:12:\"45.41.160.30\";s:9:\"user_host\";N;s:2:\"rt\";s:26:\"r/extension/banner_manager\";}'),
(13511, 19, 1, '2021-05-26 12:49:30', 0, 'a:4:{s:7:\"user_id\";s:0:\"\";s:7:\"user_ip\";s:12:\"45.41.160.30\";s:9:\"user_host\";N;s:2:\"rt\";s:26:\"r/extension/banner_manager\";}'),
(13512, 19, 1, '2021-05-27 13:30:42', 0, 'a:4:{s:7:\"user_id\";s:0:\"\";s:7:\"user_ip\";s:14:\"103.126.14.151\";s:9:\"user_host\";N;s:2:\"rt\";s:26:\"r/extension/banner_manager\";}'),
(13513, 8, 1, '2021-05-27 13:30:42', 0, 'a:4:{s:7:\"user_id\";s:0:\"\";s:7:\"user_ip\";s:14:\"103.126.14.151\";s:9:\"user_host\";N;s:2:\"rt\";s:26:\"r/extension/banner_manager\";}'),
(13514, 20, 1, '2021-05-27 13:30:42', 0, 'a:4:{s:7:\"user_id\";s:0:\"\";s:7:\"user_ip\";s:14:\"103.126.14.151\";s:9:\"user_host\";N;s:2:\"rt\";s:26:\"r/extension/banner_manager\";}'),
(13515, 11, 1, '2021-05-27 13:30:42', 0, 'a:4:{s:7:\"user_id\";s:0:\"\";s:7:\"user_ip\";s:14:\"103.126.14.151\";s:9:\"user_host\";N;s:2:\"rt\";s:26:\"r/extension/banner_manager\";}'),
(13516, 21, 1, '2021-05-27 13:30:42', 0, 'a:4:{s:7:\"user_id\";s:0:\"\";s:7:\"user_ip\";s:14:\"103.126.14.151\";s:9:\"user_host\";N;s:2:\"rt\";s:26:\"r/extension/banner_manager\";}');

-- --------------------------------------------------------

--
-- Table structure for table `ab1l_blocks`
--

CREATE TABLE `ab1l_blocks` (
  `block_id` int(10) NOT NULL,
  `block_txt_id` varchar(255) NOT NULL,
  `controller` varchar(255) NOT NULL,
  `date_added` timestamp NOT NULL DEFAULT '0000-00-00 00:00:00',
  `date_modified` timestamp NOT NULL DEFAULT current_timestamp() ON UPDATE current_timestamp()
) ENGINE=MyISAM DEFAULT CHARSET=utf8;

--
-- Dumping data for table `ab1l_blocks`
--

INSERT INTO `ab1l_blocks` (`block_id`, `block_txt_id`, `controller`, `date_added`, `date_modified`) VALUES
(1, 'header', 'common/header', '2017-10-11 10:30:00', '2017-10-11 10:30:00'),
(2, 'header_bottom', 'common/header_bottom', '2017-10-11 10:30:00', '2017-10-11 10:30:00'),
(3, 'column_left', 'common/column_left', '2017-10-11 10:30:00', '2017-10-11 10:30:00'),
(4, 'content_top', 'common/content_top', '2017-10-11 10:30:00', '2017-10-11 10:30:00'),
(5, 'content_bottom', 'common/content_bottom', '2017-10-11 10:30:00', '2017-10-11 10:30:00'),
(6, 'column_right', 'common/column_right', '2017-10-11 10:30:00', '2017-10-11 10:30:00'),
(7, 'footer_top', 'common/footer_top', '2017-10-11 10:30:00', '2017-10-11 10:30:00'),
(8, 'footer', 'common/footer', '2017-10-11 10:30:00', '2017-10-11 10:30:00'),
(9, 'category', 'blocks/category', '2017-10-11 10:30:00', '2017-10-11 10:30:00'),
(10, 'manufacturer', 'blocks/manufacturer', '2017-10-11 10:30:00', '2017-10-11 10:30:00'),
(11, 'content', 'blocks/content', '2017-10-11 10:30:00', '2017-10-11 10:30:00'),
(12, 'latest', 'blocks/latest', '2017-10-11 10:30:00', '2017-10-11 10:30:00'),
(13, 'language', 'blocks/language', '2017-10-11 10:30:00', '2017-10-11 10:30:00'),
(14, 'currency', 'blocks/currency', '2017-10-11 10:30:00', '2017-10-11 10:30:00'),
(15, 'cart', 'blocks/cart', '2017-10-11 10:30:00', '2017-10-11 10:30:00'),
(16, 'order_summary', 'blocks/order_summary', '2017-10-11 10:30:00', '2017-10-11 10:30:00'),
(17, 'html_block', 'blocks/html_block', '2017-10-11 10:30:00', '2017-10-11 10:30:00'),
(18, 'bestsellers', 'blocks/bestseller', '2017-10-11 10:30:00', '2017-10-11 10:30:00'),
(19, 'featured', 'blocks/featured', '2017-10-11 10:30:00', '2017-10-11 10:30:00'),
(20, 'listing_block', 'blocks/listing_block', '2017-10-11 10:30:00', '2017-10-11 10:30:00'),
(21, 'donate', 'blocks/donate', '2017-10-11 10:30:00', '2017-10-11 10:30:00'),
(22, 'special', 'blocks/special', '2017-10-11 10:30:00', '2017-10-11 10:30:00'),
(23, 'banner_block', 'blocks/banner_block', '2017-10-11 10:30:00', '2017-10-11 10:30:00'),
(24, 'credit_cards', 'blocks/credit_cards', '2017-10-11 10:30:00', '2017-10-11 10:30:00'),
(25, 'newsletter_signup', 'blocks/newsletter_signup', '2017-10-11 10:30:00', '2017-10-11 10:30:00'),
(26, 'search', 'blocks/search', '2017-10-11 10:30:00', '2017-10-11 10:30:00'),
(27, 'menu', 'blocks/menu', '2017-10-11 10:30:00', '2017-10-11 10:30:00'),
(28, 'breadcrumbs', 'blocks/breadcrumbs', '2017-10-11 10:30:00', '2017-10-11 10:30:00'),
(29, 'account', 'blocks/account', '2017-10-11 10:30:00', '2017-10-11 10:30:00'),
(30, 'custom_form_block', 'blocks/custom_form_block', '2017-10-11 10:30:00', '2017-10-11 10:30:00'),
(31, 'customer', 'blocks/customer', '2017-10-11 10:30:00', '2017-10-11 10:30:00'),
(32, 'product_slider', 'blocks/product_slider', '2017-11-04 19:58:10', '2017-11-04 19:58:10'),
(33, 'slideshow2', 'blocks/slideshow2', '2017-11-04 19:58:11', '2017-11-04 19:58:11');

-- --------------------------------------------------------

--
-- Table structure for table `ab1l_block_descriptions`
--

CREATE TABLE `ab1l_block_descriptions` (
  `block_description_id` int(10) NOT NULL,
  `custom_block_id` int(10) NOT NULL,
  `language_id` int(10) NOT NULL,
  `block_wrapper` varchar(255) NOT NULL DEFAULT '0',
  `block_framed` tinyint(1) DEFAULT 1,
  `name` varchar(255) NOT NULL COMMENT 'translatable',
  `title` varchar(255) NOT NULL COMMENT 'translatable',
  `description` varchar(255) NOT NULL DEFAULT '' COMMENT 'translatable',
  `content` longtext NOT NULL,
  `date_added` timestamp NOT NULL DEFAULT '0000-00-00 00:00:00',
  `date_modified` timestamp NOT NULL DEFAULT current_timestamp() ON UPDATE current_timestamp()
) ENGINE=MyISAM DEFAULT CHARSET=utf8;

--
-- Dumping data for table `ab1l_block_descriptions`
--

INSERT INTO `ab1l_block_descriptions` (`block_description_id`, `custom_block_id`, `language_id`, `block_wrapper`, `block_framed`, `name`, `title`, `description`, `content`, `date_added`, `date_modified`) VALUES
(1, 1, 1, '0', 0, 'home page static banner', 'home page banner', '', '&lt;div style=&quot;text-align: center;&quot;&gt;&lt;a href=&quot;index.php?rt=product/special&quot;&gt; &lt;img alt=&quot;banner&quot; src=&quot;storefront/view/default/image/banner1.jpg&quot; /&gt; &lt;/a&gt;&lt;/div&gt;', '2015-06-12 09:56:24', '2015-06-12 09:56:24'),
(2, 2, 1, '0', 0, 'Video block', 'Video', '', 'a:3:{s:18:\"listing_datasource\";s:5:\"media\";s:13:\"resource_type\";s:5:\"video\";s:5:\"limit\";s:1:\"1\";}', '2015-06-12 09:56:24', '2015-06-12 09:56:24'),
(3, 3, 1, '0', 1, 'Custom Listing block', 'Popular', '', 'a:2:{s:18:\"listing_datasource\";s:34:\"catalog_product_getPopularProducts\";s:5:\"limit\";s:2:\"12\";}', '2015-06-12 09:56:24', '2015-06-12 09:56:24'),
(30, 16, 1, '0', 1, 'Testimonials', 'Testimonials', 'Flexislider testimonials', '&lt;div style=&quot;font-family: \'Open Sans\', sans-serif;&quot; class=&quot;flexslider&quot; id=&quot;testimonialsidebar&quot;&gt;\r\n	&lt;ul class=&quot;slides&quot;&gt;\r\n		&lt;li&gt;\r\n			&quot; I was working with many shopping carts, free and hosted for my clients. There is always something missing. In abantecart I find this gap to be much less. Interface is very easy to use and support is very responsive. This is considering its is free. Go abantecart go!&quot;&lt;br /&gt;\r\n			&lt;span class=&quot;pull-left orange&quot;&gt;By : TopShop on reviewcentre.com&lt;/span&gt;&lt;/li&gt;\r\n		&lt;li&gt;\r\n			&quot; Without a doubt the best cart I have used. The title says it all - abantecart is undoubtedly the best I have used. I\'m not an expert in site setup, so something this great looking and easy to use is absolutely perfect ... &quot;&lt;br /&gt;\r\n			&lt;span class=&quot;pull-left orange&quot;&gt;By : johnstenson80 on venturebeat.com&lt;/span&gt;&lt;/li&gt;\r\n		&lt;li&gt;\r\n			&quot; Will not regret using this cart. All good is already mentioned, I want to add my experience with support. My problems with some configuration were resolved quick. Faster than paid shopping cart we had before.&quot;&lt;br /&gt;\r\n			&lt;span class=&quot;pull-left orange&quot;&gt;By : shopper23 at bestshoppingcartreviews.com&lt;/span&gt;&lt;/li&gt;\r\n		&lt;li&gt;\r\n			&quot; Wow! Abante Cart is really a catch! What a nice experience it was for me. I mean, to have all these features so direct, so quick and easy was really essential for my website. I was able to add some features and a cart to my website in no time ...&quot;&lt;br /&gt;\r\n			&lt;span class=&quot;pull-left orange&quot;&gt;By : EcommerceSport at hotscripts.com&lt;/span&gt;&lt;/li&gt;\r\n		&lt;li&gt;\r\n			&quot; Love the cart. I installed it a while back and use it since when. Some features a hidden, but fun to discover them.&quot;&lt;br /&gt;\r\n			&lt;span class=&quot;pull-left orange&quot;&gt;By : Liz Wattkins at shopping-cart-reviews.com&lt;/span&gt;&lt;/li&gt;\r\n\r\n	&lt;/ul&gt;\r\n&lt;/div&gt;\r\n', '2015-06-12 09:56:24', '2015-06-12 09:56:24'),
(28, 15, 1, '0', 0, 'Social Icons', 'Social Icons', 'This is a an HTML block to show social icons and link.\r\nNOTE: Need to edit HTML in block content to add  personal link to social media sites', '      &lt;div class=&quot;social_icons&quot;&gt;\r\n        &lt;a href=&quot;http://www.facebook.com/e1brand&quot; target=&quot;_blank&quot; title=&quot;Facebook&quot; class=&quot;facebook&quot;&gt;Facebook&lt;/a&gt;\r\n        &lt;a href=&quot;https://twitter.com/&quot; target=&quot;_blank&quot; title=&quot;Twitter&quot; class=&quot;twitter&quot;&gt;Twitter&lt;/a&gt;\r\n        &lt;a href=&quot;#&quot; title=&quot;Linkedin&quot; class=&quot;linkedin&quot;&gt;Linkedin&lt;/a&gt;\r\n        &lt;a href=&quot;#&quot; title=&quot;rss&quot; class=&quot;rss&quot;&gt;rss&lt;/a&gt;\r\n        &lt;a href=&quot;https://business.google.com/b/101236911902089725194&quot; target=&quot;_blank&quot; title=&quot;Googleplus&quot; class=&quot;googleplus&quot;&gt;Googleplus&lt;/a&gt;\r\n        &lt;a href=&quot;#&quot; target=&quot;_blank&quot; title=&quot;Skype&quot; class=&quot;skype&quot;&gt;Skype&lt;/a&gt;\r\n        &lt;a href=&quot;#&quot; target=&quot;_blank&quot; title=&quot;Flickr&quot; class=&quot;flickr&quot;&gt;Flickr&lt;/a&gt;\r\n      &lt;/div&gt;\r\n', '2015-06-12 09:56:24', '2017-10-13 20:01:28'),
(26, 14, 1, '0', 1, 'Contact Us', 'Contact Us', '', '&lt;ul class=&quot;contact&quot;&gt;&lt;!--t--&gt;&lt;li&gt;&lt;span class=&quot;mobile&quot;&gt; &lt;/span&gt;+88 018 18917810&lt;/li&gt;&lt;!--t--&gt;&lt;li&gt;&lt;span class=&quot;mobile&quot;&gt; &lt;/span&gt;+88 018 42460000&lt;/li&gt;&lt;!--t--&gt;&lt;li&gt;&lt;span class=&quot;phone&quot;&gt; &lt;/span&gt;+88 096 13240000&lt;/li&gt;&lt;!--t--&gt;&lt;li&gt;&lt;span class=&quot;email&quot;&gt; &lt;/span&gt;support@e1brand.com&lt;/li&gt;&lt;!--t--&gt;&lt;li&gt;&lt;span class=&quot;email&quot;&gt; &lt;/span&gt;sales@e1brand.com&lt;/li&gt;&lt;!--t--&gt;&lt;li&gt;&lt;span class=&quot;fa fa-map-marker&quot;&gt; &lt;/span&gt;Topkhana Road, Paltan, Dhaka-1000, Bangladesh.&lt;/li&gt;&lt;/ul&gt;&lt;!--n--&gt;', '2015-06-12 09:56:24', '2018-05-29 20:06:13'),
(24, 13, 1, '0', 1, 'About Us', 'About Us', '', '(E1brand) is an elected name by Tellbd, which is a brand.&lt;br /&gt;\r\n Whose activities started from 2017 onwards with the supply of international quality goods and industrial goods throughout Bangladesh.&lt;br /&gt;\r\n Its purpose is to use modern technology to deliver international quality products and services to the customer at a faster time.&lt;br /&gt;\r\n One of our main goals is to achieve customer satisfaction with time-wastage prevention and quality assurance.&lt;br /&gt;\r\n On this happy journey, we are desirous of the satisfaction and cooperation of respected buyers.&lt;br /&gt; Customer\'s demand, comments, suggestions and complaints are our only capital.', '2015-06-12 09:56:24', '2018-12-10 17:29:47'),
(22, 12, 1, 'blocks/listing_block/popular_brands_content_bottom.tpl', 1, 'Our trusted brands', 'Our trusted brands', '', 'a:1:{s:18:\"listing_datasource\";s:20:\"custom_manufacturers\";}', '2015-06-12 09:56:24', '2017-10-14 19:12:32'),
(20, 11, 1, '0', 0, 'Main Page Banner Bottom', 'Bottom Banners', '', 'a:1:{s:17:\"banner_group_name\";s:19:\"Main bottom banners\";}', '2015-06-12 09:56:24', '2015-06-12 09:56:24'),
(18, 10, 1, '0', 0, 'Main Page Promo', 'Promo', '', '	&lt;section class=&quot;row promo_section&quot;&gt;\r\n	&lt;div class=&quot;col-md-3 col-xs-6 promo_block&quot;&gt;\r\n		&lt;div class=&quot;promo_icon&quot;&gt;&lt;i class=&quot;fa fa-truck fa-fw&quot;&gt;&lt;/i&gt;&lt;/div&gt;\r\n		&lt;div class=&quot;promo_text&quot;&gt;\r\n			&lt;h2&gt;\r\n				Free shipping&lt;/h2&gt;\r\n			All over in world over $200\r\n		&lt;/div&gt;\r\n	&lt;/div&gt;\r\n	&lt;div class=&quot;col-md-3 col-xs-6 promo_block&quot;&gt;\r\n		&lt;div class=&quot;promo_icon&quot;&gt;&lt;i class=&quot;fa fa-money fa-fw&quot;&gt;&lt;/i&gt;&lt;/div&gt;\r\n		&lt;div class=&quot;promo_text&quot;&gt;\r\n			&lt;h2&gt;\r\n				Easy Payment&lt;/h2&gt;\r\n			Payment Gateway support&lt;/div&gt;\r\n	&lt;/div&gt;\r\n	&lt;div class=&quot;col-md-3 col-xs-6 promo_block&quot;&gt;\r\n		&lt;div class=&quot;promo_icon&quot;&gt;&lt;i class=&quot;fa fa-clock-o fa-fw&quot;&gt;&lt;/i&gt;&lt;/div&gt;\r\n		&lt;div class=&quot;promo_text&quot;&gt;\r\n			&lt;h2&gt;\r\n				24hrs Shipping&lt;/h2&gt;\r\n			All for Dhaka Division&lt;/div&gt;\r\n	&lt;/div&gt;\r\n	&lt;div class=&quot;col-md-3 col-xs-6 promo_block&quot;&gt;\r\n		&lt;div class=&quot;promo_icon&quot;&gt;&lt;i class=&quot;fa fa-tags fa-fw&quot;&gt;&lt;/i&gt;&lt;/div&gt;\r\n		&lt;div class=&quot;promo_text&quot;&gt;\r\n			&lt;h2&gt;\r\n				Brand Only&lt;/h2&gt;\r\n			50,000+ Products&lt;/div&gt;\r\n	&lt;/div&gt;\r\n	&lt;/section&gt;', '2015-06-12 09:56:24', '2017-10-14 00:18:00'),
(16, 9, 1, 'blocks/banner_block/one_by_one_slider_banner_block.tpl', 0, 'Main Page Banner Slider', 'Main Page Banner Slider', '', 'a:1:{s:17:\"banner_group_name\";s:17:\"Main Page Banners\";}', '2015-06-12 09:56:24', '2015-06-12 09:56:24'),
(44, 18, 1, '0', 0, 'Mobile', 'Mobile', '', '&lt;script src=&quot;//www.e1brand.com/index.php?rt=r/embed/js&quot; type=&quot;text/javascript&quot;&gt;&lt;/script&gt;\r\n&lt;ul style=&quot;display:none;&quot; class=&quot;abantecart-widget-container&quot; data-url=&quot;//www.e1brand.com/&quot; data-css-url=&quot;//www.e1brand.com/storefront/view/default/stylesheet/embed.css&quot; data-language=&quot;bn&quot; data-currency=&quot;BDT&quot;&gt;\r\n	&lt;li id=&quot;abc_150786886608571&quot; class=&quot;abantecart_category&quot; data-category-id=&quot;71&quot;&gt;\r\n		&lt;span class=&quot;abantecart_image&quot;&gt;&lt;/span&gt;\r\n		&lt;h3 class=&quot;abantecart_name&quot;&gt;&lt;/h3&gt;\r\n		&lt;p class=&quot;abantecart_products_count&quot;&gt;&lt;/p&gt;\r\n	&lt;/li&gt;\r\n&lt;/ul&gt;', '0000-00-00 00:00:00', '2017-10-13 04:29:44'),
(45, 18, 2, '0', 0, 'Mobile', 'Mobile', '', '&lt;script src=&quot;//www.e1brand.com/index.php?rt=r/embed/js&quot; type=&quot;text/javascript&quot;&gt;&lt;/script&gt;\r\n&lt;ul style=&quot;display:none;&quot; class=&quot;abantecart-widget-container&quot; data-url=&quot;//www.e1brand.com/&quot; data-css-url=&quot;//www.e1brand.com/storefront/view/default/stylesheet/embed.css&quot; data-language=&quot;bn&quot; data-currency=&quot;BDT&quot;&gt;\r\n	&lt;li id=&quot;abc_150786886608571&quot; class=&quot;abantecart_category&quot; data-category-id=&quot;71&quot;&gt;\r\n		&lt;span class=&quot;abantecart_image&quot;&gt;&lt;/span&gt;\r\n		&lt;h3 class=&quot;abantecart_name&quot;&gt;&lt;/h3&gt;\r\n		&lt;p class=&quot;abantecart_products_count&quot;&gt;&lt;/p&gt;\r\n	&lt;/li&gt;\r\n&lt;/ul&gt;', '0000-00-00 00:00:00', '2017-10-13 04:47:11'),
(68, 30, 1, '0', 0, 'Popular-  Products page', 'Popular Products ', '', 'a:2:{s:18:\"listing_datasource\";s:34:\"catalog_product_getPopularProducts\";s:5:\"limit\";s:1:\"4\";}', '0000-00-00 00:00:00', '2018-05-23 19:45:32'),
(43, 17, 1, '0', 1, 'Call 018', 'Call 018', '', '&lt;h1&gt;Call  +88 018 4246 0000&lt;/h1&gt;', '0000-00-00 00:00:00', '2017-10-13 03:23:51'),
(32, 2, 2, '0', 0, 'Video block', 'Video', '', 'a:3:{s:18:\"listing_datasource\";s:5:\"media\";s:13:\"resource_type\";s:5:\"video\";s:5:\"limit\";s:1:\"1\";}', '2015-06-12 09:56:24', '2015-06-12 09:56:24'),
(31, 1, 2, '0', 0, 'home page static banner', 'home page banner', '', '&lt;div style=&quot;text-align: center;&quot;&gt;&lt;a href=&quot;index.php?rt=product/special&quot;&gt; &lt;img alt=&quot;banner&quot; src=&quot;storefront/view/default/image/banner1.jpg&quot; /&gt; &lt;/a&gt;&lt;/div&gt;', '2015-06-12 09:56:24', '2015-06-12 09:56:24'),
(33, 3, 2, '0', 1, 'Custom Listing block', 'Popular', '', 'a:2:{s:18:\"listing_datasource\";s:34:\"catalog_product_getPopularProducts\";s:5:\"limit\";s:2:\"12\";}', '2015-06-12 09:56:24', '2015-06-12 09:56:24'),
(34, 9, 2, 'blocks/banner_block/one_by_one_slider_banner_block.tpl', 0, 'Main Page Banner Slider', 'Main Page Banner Slider', '', 'a:1:{s:17:\"banner_group_name\";s:17:\"Main Page Banners\";}', '2015-06-12 09:56:24', '2015-06-12 09:56:24'),
(35, 10, 2, '0', 0, 'Main Page Promo', 'Promo', '', '	&lt;section class=&quot;row promo_section&quot;&gt;\r\n	&lt;div class=&quot;col-md-3 col-xs-6 promo_block&quot;&gt;\r\n		&lt;div class=&quot;promo_icon&quot;&gt;&lt;i class=&quot;fa fa-truck fa-fw&quot;&gt;&lt;/i&gt;&lt;/div&gt;\r\n		&lt;div class=&quot;promo_text&quot;&gt;\r\n			&lt;h2&gt;\r\n				বিনামূল্যে পরিবহন&lt;/h2&gt;\r\n			ঢাকার বাইরে ২০০ টাকার বেশি\r\n		&lt;/div&gt;\r\n	&lt;/div&gt;\r\n	&lt;div class=&quot;col-md-3 col-xs-6 promo_block&quot;&gt;\r\n		&lt;div class=&quot;promo_icon&quot;&gt;&lt;i class=&quot;fa fa-money fa-fw&quot;&gt;&lt;/i&gt;&lt;/div&gt;\r\n		&lt;div class=&quot;promo_text&quot;&gt;\r\n			&lt;h2&gt;\r\n				সহজ পেমেন্ট&lt;/h2&gt;\r\n			আধুনিক পেমেন্ট গেটওয়ে সাপোর্ট&lt;/div&gt;\r\n	&lt;/div&gt;\r\n	&lt;div class=&quot;col-md-3 col-xs-6 promo_block&quot;&gt;\r\n		&lt;div class=&quot;promo_icon&quot;&gt;&lt;i class=&quot;fa fa-clock-o fa-fw&quot;&gt;&lt;/i&gt;&lt;/div&gt;\r\n		&lt;div class=&quot;promo_text&quot;&gt;\r\n			&lt;h2&gt;\r\n				২৪ ঘন্টায় পরিবহন&lt;/h2&gt;\r\n			ঢাকার বাইরে ৭২ ঘন্টা বা বেশি&lt;/div&gt;\r\n	&lt;/div&gt;\r\n	&lt;div class=&quot;col-md-3 col-xs-6 promo_block&quot;&gt;\r\n		&lt;div class=&quot;promo_icon&quot;&gt;&lt;i class=&quot;fa fa-tags fa-fw&quot;&gt;&lt;/i&gt;&lt;/div&gt;\r\n		&lt;div class=&quot;promo_text&quot;&gt;\r\n			&lt;h2&gt;\r\n				ব্রান্ডের নিশ্চয়তা&lt;/h2&gt;\r\n			৫০,০০০ এর বেশি পণ্য সমাহার&lt;/div&gt;\r\n	&lt;/div&gt;\r\n	&lt;/section&gt;', '2015-06-12 09:56:24', '2017-10-14 00:35:33'),
(36, 11, 2, '0', 0, 'Main Page Banner Bottom', 'Bottom Banners', '', 'a:1:{s:17:\"banner_group_name\";s:19:\"Main bottom banners\";}', '2015-06-12 09:56:24', '2015-06-12 09:56:24'),
(37, 12, 2, 'blocks/listing_block/popular_brands_content_bottom.tpl', 1, 'Our trusted brands', 'Our trusted brands', '', 'a:1:{s:18:\"listing_datasource\";s:20:\"custom_manufacturers\";}', '2015-06-12 09:56:24', '2018-03-23 21:06:06'),
(38, 13, 2, '0', 1, 'আমাদের সম্পর্কে', 'আমাদের সম্পর্কে', '', '&lt;p&gt;&lt;!--n--&gt;&lt;!--t--&gt;( ই ওয়ান ব্র্যান্ড ) টেলবিডি দ্বারা একটি নির্বাচিত নাম, যা একটি ব্রান্ড ।&lt;br /&gt; যার কার্যক্রম ২০১৭ সাল থেকে সমগ্র বাংলাদেশব্যাপী আন্তর্জাতিক মানের পণ্য সামগ্রী শিল্প ও বাণিজ্যিক সরবরাহের মাধ্যমে শুরু হয় ।&lt;br /&gt; এর উদ্দেশ্য আধুনিক প্রযুক্তিকে কাজে লাগিয়ে দ্রুত সময়ে ক্রেতার নিকট আন্তর্জাতিক মানের পণ্য সামগ্রী এবং সেবা পৌঁছে দেয়া।&lt;br /&gt; সময় অপচয় রোধ ও গুণগত মান নিশ্চিতের মাধ্যমে ক্রেতার সন্তুষ্টি অর্জন আমাদের অন্যতম লক্ষ্য।&lt;br /&gt; এই শুভ যাত্রায় সম্মানিত ক্রেতা সাধারণের সন্তুষ্টি ও সহযোগীতা আমাদের একান্ত কাম্য।&lt;br /&gt; ক্রেতা সাধারণের চাহিদা, মন্তব্য, পরামর্শ ও অভিযোগ আমাদের একমাত্র মূলধন। &lt;br /&gt;&lt;!--n--&gt;&lt;/p&gt;', '2015-06-12 09:56:24', '2018-12-07 13:26:44'),
(39, 14, 2, '0', 1, 'যোগাযোগ করুন', 'যোগাযোগ করুন', '', '&lt;ul class=&quot;contact&quot;&gt;&lt;!--t--&gt;&lt;li&gt;&lt;span class=&quot;mobile&quot;&gt; &lt;/span&gt;+88 018 18917810&lt;/li&gt;&lt;!--t--&gt;&lt;li&gt;&lt;span class=&quot;mobile&quot;&gt; &lt;/span&gt;+88 018 42460000&lt;/li&gt;&lt;!--t--&gt;&lt;li&gt;&lt;span class=&quot;phone&quot;&gt; &lt;/span&gt;+88 096 13240000&lt;/li&gt;&lt;!--t--&gt;&lt;li&gt;&lt;span class=&quot;email&quot;&gt; &lt;/span&gt;support@e1brand.com&lt;/li&gt;&lt;!--t--&gt;&lt;li&gt;&lt;span class=&quot;email&quot;&gt; &lt;/span&gt;sales@e1brand.com&lt;/li&gt;&lt;!--t--&gt;&lt;li&gt;&lt;span class=&quot;fa fa-map-marker&quot;&gt; &lt;/span&gt;Topkhana Road, Paltan, Dhaka-1000, Bangladesh.&lt;/li&gt;&lt;/ul&gt;&lt;!--n--&gt;', '2015-06-12 09:56:24', '2019-03-13 16:54:25'),
(42, 17, 2, '0', 1, 'Call 018', 'Call 018', '', 'xczxc', '0000-00-00 00:00:00', '2017-10-13 03:37:01'),
(40, 15, 2, '0', 0, 'Social Icons', 'Social Icons', 'This is a an HTML block to show social icons and link.\r\nNOTE: Need to edit HTML in block content to add  personal link to social media sites', '      &lt;div class=&quot;social_icons&quot;&gt;\r\n        &lt;a href=&quot;http://www.facebook.com/e1brand&quot; target=&quot;_blank&quot; title=&quot;Facebook&quot; class=&quot;facebook&quot;&gt;Facebook&lt;/a&gt;\r\n        &lt;a href=&quot;https://twitter.com/&quot; target=&quot;_blank&quot; title=&quot;Twitter&quot; class=&quot;twitter&quot;&gt;Twitter&lt;/a&gt;\r\n        &lt;a href=&quot;#&quot; title=&quot;Linkedin&quot; class=&quot;linkedin&quot;&gt;Linkedin&lt;/a&gt;\r\n        &lt;a href=&quot;#&quot; title=&quot;rss&quot; class=&quot;rss&quot;&gt;rss&lt;/a&gt;\r\n        &lt;a href=&quot;https://business.google.com/b/101236911902089725194&quot; target=&quot;_blank&quot; title=&quot;Googleplus&quot; class=&quot;googleplus&quot;&gt;Googleplus&lt;/a&gt;\r\n        &lt;a href=&quot;#&quot; target=&quot;_blank&quot; title=&quot;Skype&quot; class=&quot;skype&quot;&gt;Skype&lt;/a&gt;\r\n        &lt;a href=&quot;#&quot; target=&quot;_blank&quot; title=&quot;Flickr&quot; class=&quot;flickr&quot;&gt;Flickr&lt;/a&gt;\r\n      &lt;/div&gt;\r\n', '2015-06-12 09:56:24', '2017-10-13 20:01:28'),
(41, 16, 2, '0', 1, 'Testimonials', 'Testimonials', 'Flexislider testimonials', '&lt;div style=&quot;font-family: \'Open Sans\', sans-serif;&quot; class=&quot;flexslider&quot; id=&quot;testimonialsidebar&quot;&gt;\r\n	&lt;ul class=&quot;slides&quot;&gt;\r\n		&lt;li&gt;\r\n			&quot; I was working with many shopping carts, free and hosted for my clients. There is always something missing. In abantecart I find this gap to be much less. Interface is very easy to use and support is very responsive. This is considering its is free. Go abantecart go!&quot;&lt;br /&gt;\r\n			&lt;span class=&quot;pull-left orange&quot;&gt;By : TopShop on reviewcentre.com&lt;/span&gt;&lt;/li&gt;\r\n		&lt;li&gt;\r\n			&quot; Without a doubt the best cart I have used. The title says it all - abantecart is undoubtedly the best I have used. I\'m not an expert in site setup, so something this great looking and easy to use is absolutely perfect ... &quot;&lt;br /&gt;\r\n			&lt;span class=&quot;pull-left orange&quot;&gt;By : johnstenson80 on venturebeat.com&lt;/span&gt;&lt;/li&gt;\r\n		&lt;li&gt;\r\n			&quot; Will not regret using this cart. All good is already mentioned, I want to add my experience with support. My problems with some configuration were resolved quick. Faster than paid shopping cart we had before.&quot;&lt;br /&gt;\r\n			&lt;span class=&quot;pull-left orange&quot;&gt;By : shopper23 at bestshoppingcartreviews.com&lt;/span&gt;&lt;/li&gt;\r\n		&lt;li&gt;\r\n			&quot; Wow! Abante Cart is really a catch! What a nice experience it was for me. I mean, to have all these features so direct, so quick and easy was really essential for my website. I was able to add some features and a cart to my website in no time ...&quot;&lt;br /&gt;\r\n			&lt;span class=&quot;pull-left orange&quot;&gt;By : EcommerceSport at hotscripts.com&lt;/span&gt;&lt;/li&gt;\r\n		&lt;li&gt;\r\n			&quot; Love the cart. I installed it a while back and use it since when. Some features a hidden, but fun to discover them.&quot;&lt;br /&gt;\r\n			&lt;span class=&quot;pull-left orange&quot;&gt;By : Liz Wattkins at shopping-cart-reviews.com&lt;/span&gt;&lt;/li&gt;\r\n\r\n	&lt;/ul&gt;\r\n&lt;/div&gt;\r\n', '2015-06-12 09:56:24', '2015-06-12 09:56:24'),
(46, 19, 2, '0', 0, 'Mobile', 'Mobile', '', 'a:2:{s:18:\"listing_datasource\";s:30:\"catalog_category_getcategories\";s:5:\"limit\";s:1:\"4\";}', '0000-00-00 00:00:00', '2017-10-13 05:21:07'),
(47, 19, 1, 'blocks/listing_block/popular_brands_content_bottom.tpl', 0, 'Mobile', 'Mobile', '', 'a:1:{s:18:\"listing_datasource\";s:15:\"custom_products\";}', '0000-00-00 00:00:00', '2017-10-13 05:04:13'),
(48, 20, 2, 'blocks/custom_form_block_content.tpl', 0, 'Mobile', 'Mobile', '', 'a:1:{s:7:\"form_id\";s:1:\"2\";}', '0000-00-00 00:00:00', '2017-10-13 05:15:26'),
(49, 20, 1, 'blocks/custom_form_block_content.tpl', 0, 'Mobile', 'Mobile', '', 'a:1:{s:7:\"form_id\";s:1:\"2\";}', '0000-00-00 00:00:00', '2017-10-13 05:15:26'),
(60, 26, 1, '0', 0, 'Furnitures', 'Furnitures', '', 'a:2:{s:18:\"listing_datasource\";s:33:\"catalog_category_getmanufacturers\";s:5:\"limit\";s:1:\"5\";}', '0000-00-00 00:00:00', '2018-04-21 20:12:57'),
(50, 21, 2, 'blocks/listing_block/special_home.tpl', 1, 'Related', 'related', '', 'a:2:{s:18:\"listing_datasource\";s:34:\"catalog_product_getPopularProducts\";s:5:\"limit\";s:1:\"4\";}', '0000-00-00 00:00:00', '2018-04-22 10:12:34'),
(51, 21, 1, '0', 1, 'Related', 'related', '', 'a:2:{s:18:\"listing_datasource\";s:34:\"catalog_product_getPopularProducts\";s:5:\"limit\";s:1:\"4\";}', '0000-00-00 00:00:00', '2018-04-22 10:12:34'),
(61, 26, 2, 'blocks/listing_block/featured.tpl', 1, 'Furnitures', 'Furnitures', '', 'a:2:{s:18:\"listing_datasource\";s:33:\"catalog_category_getmanufacturers\";s:5:\"limit\";s:1:\"5\";}', '0000-00-00 00:00:00', '2018-04-21 20:12:57'),
(52, 22, 2, '0', 1, 'addthis Shere', 'addthis Shere', '', '&lt;!-- Go to www.addthis.com/dashboard to customize your tools --&gt;\r\n&lt;script type=&quot;text/javascript&quot; src=&quot;//s7.addthis.com/js/300/addthis_widget.js#pubid=ra-59e2711bd237d633&quot;&gt;&lt;/script&gt;\r\n&lt;div class=&quot;addthis_inline_share_toolbox&quot;&gt;&lt;/div&gt;', '0000-00-00 00:00:00', '2019-02-19 16:52:47'),
(53, 22, 1, '0', 0, 'addthis Shere', 'addthis Shere', '', '&lt;!-- Go to www.addthis.com/dashboard to customize your tools --&gt;\r\n&lt;script type=&quot;text/javascript&quot; src=&quot;//s7.addthis.com/js/300/addthis_widget.js#pubid=ra-59e2711bd237d633&quot;&gt;&lt;/script&gt;\r\n  \r\n\r\n&lt;iframe name=&quot;ff8ca2221ad4d4&quot; allowtransparency=&quot;true&quot; allowfullscreen=&quot;true&quot; scrolling=&quot;no&quot; allow=&quot;encrypted-media&quot; title=&quot;Tellbd SmS Share Plugin&quot; style=&quot;border: medium none; visibility: visible; width: 108px; height: 20px;&quot; src=&quot;http://e1brand.com/api/sms/send.php?container_width=1115&amp;amp;href=http%3A%2F%2Fwww.e1brand.com%2Fdirector-table-1100&amp;amp;layout=button_count&amp;amp;locale=en_US&amp;amp;sdk=joey&amp;amp;share=true&amp;amp;show_faces=true&amp;amp;size=small&quot; class=&quot;&quot; width=&quot;1000px&quot; height=&quot;1000px&quot; frameborder=&quot;0&quot;&gt;&lt;/iframe&gt;\r\n&lt;br&gt;&lt;br&gt;', '0000-00-00 00:00:00', '2019-02-19 17:27:27'),
(54, 23, 1, '0', 0, 'Template2 Banner 1', 'Template2 Banner 1', '', ' <a href=\"http://google.com\" target=\"_blank\"><img src=\"extensions/template2/image/banner_right_1.jpg\" alt=\"Template2 Banner 1\" /></a>  ', '0000-00-00 00:00:00', '2017-11-04 19:58:11'),
(55, 23, 2, '0', 0, 'Template2 Banner 1', 'Template2 Banner 1', '', ' <a href=\"http://google.com\" target=\"_blank\"><img src=\"extensions/template2/image/banner_right_1.jpg\" alt=\"Template2 Banner 1\" /></a>  ', '0000-00-00 00:00:00', '2017-11-04 19:58:11'),
(56, 24, 1, '0', 0, 'Template2 Banner 2', 'Template2 Banner 2', '', ' <a href=\"http://google.com\" target=\"_blank\"><img src=\"extensions/template2/image/banner_right_2.jpg\" alt=\"Template2 Banner 2\" /></a>   ', '0000-00-00 00:00:00', '2017-11-04 19:58:11'),
(57, 24, 2, '0', 0, 'Template2 Banner 2', 'Template2 Banner 2', '', ' <a href=\"http://google.com\" target=\"_blank\"><img src=\"extensions/template2/image/banner_right_2.jpg\" alt=\"Template2 Banner 2\" /></a>   ', '0000-00-00 00:00:00', '2017-11-04 19:58:11'),
(58, 25, 1, 'blocks/listing_block/featured.tpl', 0, 'IT-Accessories', 'IT Accessories', '', 'a:1:{s:18:\"listing_datasource\";s:17:\"custom_categories\";}', '0000-00-00 00:00:00', '2019-03-31 17:48:49'),
(59, 25, 2, 'blocks/listing_block/featured.tpl', 1, 'IT-Accessories', 'IT Accessories', '', 'a:1:{s:18:\"listing_datasource\";s:17:\"custom_categories\";}', '0000-00-00 00:00:00', '2018-03-23 20:51:26'),
(62, 27, 1, '0', 0, 'Dahua', 'Dahua', '', 'a:1:{s:18:\"listing_datasource\";s:17:\"custom_categories\";}', '0000-00-00 00:00:00', '2018-04-12 18:51:27'),
(63, 27, 2, '0', 1, 'Products Categories', 'Products Categories', '', 'a:2:{s:18:\"listing_datasource\";s:30:\"catalog_category_getcategories\";s:5:\"limit\";s:1:\"8\";}', '0000-00-00 00:00:00', '2018-04-22 10:31:10'),
(64, 28, 1, '0', 1, 'Popular_Products_home', 'Popular Products', '', 'a:2:{s:18:\"listing_datasource\";s:34:\"catalog_product_getPopularProducts\";s:5:\"limit\";s:2:\"20\";}', '0000-00-00 00:00:00', '2018-04-22 10:18:36'),
(65, 28, 2, '0', 1, 'Popular_Products_home', 'জনপ্রিয় পণ্য', '', 'a:2:{s:18:\"listing_datasource\";s:34:\"catalog_product_getPopularProducts\";s:5:\"limit\";s:2:\"20\";}', '0000-00-00 00:00:00', '2018-04-22 10:19:11'),
(66, 29, 1, '0', 1, 'map', 'Location Map', 'Location Map', '&lt;iframe src=&quot;https://www.google.com/maps/embed?pb=!1m18!1m12!1m3!1d3652.4794551627024!2d90.40540121498097!3d23.730276184599315!2m3!1f0!2f0!3f0!3m2!1i1024!2i768!4f13.1!3m3!1m2!1s0x3755b8f128e6ba1f%3A0xc489f0516300c6ea!2sE1brand!5e0!3m2!1sen!2sbd!4v1524602278074&quot; width=&quot;300&quot; height=&quot;220&quot; frameborder=&quot;0&quot; style=&quot;border:0&quot; allowfullscreen&gt;&lt;/iframe&gt;', '0000-00-00 00:00:00', '2018-04-24 20:49:13'),
(67, 29, 2, '0', 1, 'map', 'অবস্থান মানচিত্র', 'Location Map', '&lt;iframe src=&quot;https://www.google.com/maps/embed?pb=!1m18!1m12!1m3!1d3652.4794551627024!2d90.40540121498097!3d23.730276184599315!2m3!1f0!2f0!3f0!3m2!1i1024!2i768!4f13.1!3m3!1m2!1s0x3755b8f128e6ba1f%3A0xc489f0516300c6ea!2sE1brand!5e0!3m2!1sen!2sbd!4v1524602278074&quot; width=&quot;300&quot; height=&quot;220&quot; frameborder=&quot;0&quot; style=&quot;border:0&quot; allowfullscreen&gt;&lt;/iframe&gt;', '0000-00-00 00:00:00', '2018-04-24 20:50:21'),
(69, 30, 2, '0', 1, 'Popular-  Products page', 'Popular Products ', '', 'a:2:{s:18:\"listing_datasource\";s:34:\"catalog_product_getPopularProducts\";s:5:\"limit\";s:1:\"4\";}', '0000-00-00 00:00:00', '2018-05-23 19:45:32'),
(70, 31, 1, '0', 0, 'Like Us', 'Like Us', '', '&lt;div class=&quot;fb-like&quot; data-href=&quot;http://e1brand.com&quot; data-layout=&quot;button_count&quot; data-action=&quot;like&quot; data-size=&quot;large&quot; data-show-faces=&quot;true&quot; data-share=&quot;true&quot;&gt;&lt;/div&gt;', '0000-00-00 00:00:00', '2018-12-07 14:54:41'),
(71, 31, 2, '0', 1, 'Like Us', 'Like Us', '', '&lt;div class=&quot;fb-like&quot; data-href=&quot;http://e1brand.com&quot; data-layout=&quot;button_count&quot; data-action=&quot;like&quot; data-size=&quot;large&quot; data-show-faces=&quot;true&quot; data-share=&quot;true&quot;&gt;&lt;/div&gt;', '0000-00-00 00:00:00', '2018-12-07 14:55:18'),
(72, 32, 1, '0', 0, 'Google Analytics', 'Google Analytics', '', '&lt;!-- Global site tag (gtag.js) - Google Analytics --&gt;\r\n&lt;script async src=&quot;https://www.googletagmanager.com/gtag/js?id=UA-108076493-1&quot;&gt;&lt;/script&gt;\r\n&lt;script&gt;\r\n  window.dataLayer = window.dataLayer || [];\r\n  function gtag(){dataLayer.push(arguments);}\r\n  gtag(\'js\', new Date());\r\n\r\n  gtag(\'config\', \'UA-108076493-1\');\r\n&lt;/script&gt;\r\n\r\n\r\n', '0000-00-00 00:00:00', '2018-11-22 15:18:37'),
(73, 32, 2, '0', 0, 'AdSense', 'AdSense', '', '', '0000-00-00 00:00:00', '2019-03-13 16:55:10'),
(80, 36, 1, '0', 1, 'Special Product', 'Special Product', '', 'a:1:{s:18:\"listing_datasource\";s:15:\"custom_products\";}', '0000-00-00 00:00:00', '2019-03-31 18:03:16'),
(81, 36, 2, '0', 1, 'Special Product', 'Special Product', '', 'a:1:{s:18:\"listing_datasource\";s:15:\"custom_products\";}', '0000-00-00 00:00:00', '2019-03-31 18:03:16'),
(74, 33, 1, '0', 0, 'Chat', 'chat', '', '&lt;!-- Load Facebook SDK for JavaScript --&gt;\r\n&lt;div id=&quot;fb-root&quot;&gt;&lt;/div&gt;\r\n&lt;script&gt;(function(d, s, id) {\r\n  var js, fjs = d.getElementsByTagName(s)[0];\r\n  if (d.getElementById(id)) return;\r\n  js = d.createElement(s); js.id = id;\r\n  js.src = \'https://connect.facebook.net/en_US/sdk/xfbml.customerchat.js#xfbml=1&amp;version=v2.12&amp;autoLogAppEvents=1\';\r\n  fjs.parentNode.insertBefore(js, fjs);\r\n}(document, \'script\', \'facebook-jssdk\'));&lt;/script&gt;\r\n\r\n&lt;!-- Your customer chat code --&gt;\r\n&lt;div class=&quot;fb-customerchat&quot;\r\n  attribution=setup_tool\r\n  page_id=&quot;943107619158367&quot;\r\n  logged_in_greeting=&quot;How can we help you sir ?&quot;\r\n  logged_out_greeting=&quot;How can we help you sir ?&quot;&gt;\r\n&lt;/div&gt;', '0000-00-00 00:00:00', '2018-09-27 19:28:59'),
(75, 33, 2, '0', 0, 'Chat', 'chat', '', '&lt;!-- Load Facebook SDK for JavaScript --&gt;\r\n&lt;div id=&quot;fb-root&quot;&gt;&lt;/div&gt;\r\n&lt;script&gt;(function(d, s, id) {\r\n  var js, fjs = d.getElementsByTagName(s)[0];\r\n  if (d.getElementById(id)) return;\r\n  js = d.createElement(s); js.id = id;\r\n  js.src = \'https://connect.facebook.net/en_US/sdk/xfbml.customerchat.js#xfbml=1&amp;version=v2.12&amp;autoLogAppEvents=1\';\r\n  fjs.parentNode.insertBefore(js, fjs);\r\n}(document, \'script\', \'facebook-jssdk\'));&lt;/script&gt;\r\n\r\n&lt;!-- Your customer chat code --&gt;\r\n&lt;div class=&quot;fb-customerchat&quot;\r\n  attribution=setup_tool\r\n  page_id=&quot;943107619158367&quot;\r\n  logged_in_greeting=&quot;How can we help you sir ?&quot;\r\n  logged_out_greeting=&quot;How can we help you sir ?&quot;&gt;\r\n&lt;/div&gt;', '0000-00-00 00:00:00', '2018-11-22 15:29:38'),
(76, 34, 1, '0', 1, 'Corporate Relationship', 'Corporate Relationship', '', '', '0000-00-00 00:00:00', '2018-11-23 05:58:16'),
(77, 34, 2, '0', 1, 'Corporate Relationship', 'Corporate Relationship', '', '', '0000-00-00 00:00:00', '2018-12-07 13:24:36'),
(78, 35, 1, '0', 0, 'AdSense', 'AdSense', '', '&lt;script async src=&quot;//pagead2.googlesyndication.com/pagead/js/adsbygoogle.js&quot;&gt;&lt;/script&gt;\r\n&lt;script&gt;\r\n  (adsbygoogle = window.adsbygoogle || []).push({\r\n    google_ad_client: &quot;ca-pub-2846399323129242&quot;,\r\n    enable_page_level_ads: true\r\n  });\r\n&lt;/script&gt;', '0000-00-00 00:00:00', '2018-11-24 19:48:50'),
(79, 35, 2, '0', 1, 'AdSense', 'AdSense', '', '&lt;script async src=&quot;//pagead2.googlesyndication.com/pagead/js/adsbygoogle.js&quot;&gt;&lt;/script&gt;\r\n&lt;script&gt;\r\n  (adsbygoogle = window.adsbygoogle || []).push({\r\n    google_ad_client: &quot;ca-pub-2846399323129242&quot;,\r\n    enable_page_level_ads: true\r\n  });\r\n&lt;/script&gt;', '0000-00-00 00:00:00', '2018-11-24 19:48:50');

-- --------------------------------------------------------

--
-- Table structure for table `ab1l_block_layouts`
--

CREATE TABLE `ab1l_block_layouts` (
  `instance_id` int(10) NOT NULL,
  `layout_id` int(10) NOT NULL DEFAULT 0,
  `block_id` int(10) NOT NULL DEFAULT 0,
  `custom_block_id` int(10) NOT NULL DEFAULT 0,
  `parent_instance_id` int(10) NOT NULL DEFAULT 0,
  `position` smallint(5) NOT NULL DEFAULT 0,
  `status` smallint(1) NOT NULL DEFAULT 0,
  `date_added` timestamp NOT NULL DEFAULT '0000-00-00 00:00:00',
  `date_modified` timestamp NOT NULL DEFAULT current_timestamp() ON UPDATE current_timestamp()
) ENGINE=MyISAM DEFAULT CHARSET=utf8;

--
-- Dumping data for table `ab1l_block_layouts`
--

INSERT INTO `ab1l_block_layouts` (`instance_id`, `layout_id`, `block_id`, `custom_block_id`, `parent_instance_id`, `position`, `status`, `date_added`, `date_modified`) VALUES
(330, 11, 1, 0, 0, 10, 1, '2017-10-11 10:30:00', '2019-03-13 16:57:34'),
(331, 11, 2, 0, 0, 20, 1, '2017-10-11 10:30:00', '2019-03-13 16:57:34'),
(332, 11, 3, 0, 0, 30, 1, '2017-10-11 10:30:00', '2019-03-13 16:57:34'),
(333, 11, 4, 0, 0, 40, 1, '2017-10-11 10:30:00', '2019-03-13 16:57:34'),
(334, 11, 5, 0, 0, 50, 1, '2017-10-11 10:30:00', '2019-03-13 16:57:34'),
(335, 11, 6, 0, 0, 60, 1, '2017-10-11 10:30:00', '2019-03-13 16:57:34'),
(336, 11, 7, 0, 0, 70, 1, '2017-10-11 10:30:00', '2019-03-13 16:57:34'),
(337, 11, 8, 0, 0, 80, 1, '2017-10-11 10:30:00', '2019-03-13 16:57:34'),
(5561, 11, 21, 0, 337, 100, 1, '2019-03-13 16:57:34', '2019-03-13 16:57:34'),
(5560, 11, 24, 0, 337, 90, 1, '2019-03-13 16:57:34', '2019-03-13 16:57:34'),
(5548, 11, 28, 0, 331, 20, 1, '2019-03-13 16:57:34', '2019-03-13 16:57:34'),
(5559, 11, 17, 15, 337, 80, 1, '2019-03-13 16:57:34', '2019-03-13 16:57:34'),
(5558, 11, 11, 0, 337, 70, 1, '2019-03-13 16:57:34', '2019-03-13 16:57:34'),
(5546, 11, 17, 15, 330, 80, 1, '2019-03-13 16:57:34', '2019-03-13 16:57:34'),
(5545, 11, 15, 0, 330, 70, 1, '2019-03-13 16:57:34', '2019-03-13 16:57:34'),
(5544, 11, 14, 0, 330, 60, 1, '2019-03-13 16:57:34', '2019-03-13 16:57:34'),
(5543, 11, 13, 0, 330, 50, 1, '2019-03-13 16:57:34', '2019-03-13 16:57:34'),
(5542, 11, 26, 0, 330, 40, 1, '2019-03-13 16:57:34', '2019-03-13 16:57:34'),
(5541, 11, 27, 0, 330, 30, 1, '2019-03-13 16:57:34', '2019-03-13 16:57:34'),
(5547, 11, 9, 0, 331, 10, 1, '2019-03-13 16:57:34', '2019-03-13 16:57:34'),
(5550, 11, 17, 32, 336, 20, 1, '2019-03-13 16:57:34', '2019-03-13 16:57:34'),
(354, 12, 6, 0, 0, 60, 0, '2017-10-11 10:30:00', '2019-03-31 18:05:48'),
(352, 12, 4, 0, 0, 40, 1, '2017-10-11 10:30:00', '2019-03-31 18:05:48'),
(351, 12, 3, 0, 0, 30, 0, '2017-10-11 10:30:00', '2019-03-31 18:05:48'),
(350, 12, 2, 0, 0, 20, 1, '2017-10-11 10:30:00', '2019-03-31 18:05:48'),
(353, 12, 5, 0, 0, 50, 1, '2017-10-11 10:30:00', '2019-03-31 18:05:48'),
(5811, 12, 21, 0, 356, 90, 0, '2019-03-31 18:05:48', '2019-03-31 18:05:48'),
(355, 12, 7, 0, 0, 70, 1, '2017-10-11 10:30:00', '2019-03-31 18:05:48'),
(356, 12, 8, 0, 0, 80, 1, '2017-10-11 10:30:00', '2019-03-31 18:05:48'),
(349, 12, 1, 0, 0, 10, 1, '2017-10-11 10:30:00', '2019-03-31 18:05:48'),
(5783, 12, 17, 15, 349, 80, 1, '2019-03-31 18:05:48', '2019-03-31 18:05:48'),
(5782, 12, 15, 0, 349, 70, 1, '2019-03-31 18:05:48', '2019-03-31 18:05:48'),
(5781, 12, 14, 0, 349, 60, 1, '2019-03-31 18:05:48', '2019-03-31 18:05:48'),
(5780, 12, 13, 0, 349, 50, 1, '2019-03-31 18:05:48', '2019-03-31 18:05:48'),
(5802, 12, 17, 33, 355, 30, 1, '2019-03-31 18:05:48', '2019-03-31 18:05:48'),
(5551, 11, 17, 33, 336, 30, 1, '2019-03-13 16:57:34', '2019-03-13 16:57:34'),
(5786, 12, 23, 9, 350, 30, 1, '2019-03-31 18:05:48', '2019-03-31 18:05:48'),
(5810, 12, 24, 0, 356, 80, 0, '2019-03-31 18:05:48', '2019-03-31 18:05:48'),
(5809, 12, 17, 15, 356, 70, 1, '2019-03-31 18:05:48', '2019-03-31 18:05:48'),
(5779, 12, 26, 0, 349, 40, 1, '2019-03-31 18:05:48', '2019-03-31 18:05:48'),
(5778, 12, 27, 0, 349, 30, 1, '2019-03-31 18:05:48', '2019-03-31 18:05:48'),
(4409, 13, 15, 0, 378, 70, 1, '2018-04-25 19:22:12', '2018-04-25 19:22:12'),
(4408, 13, 14, 0, 378, 60, 1, '2018-04-25 19:22:12', '2018-04-25 19:22:12'),
(4420, 13, 24, 0, 379, 80, 1, '2018-04-25 19:22:12', '2018-04-25 19:22:12'),
(4412, 13, 28, 0, 375, 20, 1, '2018-04-25 19:22:12', '2018-04-25 19:22:12'),
(4411, 13, 9, 0, 375, 10, 1, '2018-04-25 19:22:12', '2018-04-25 19:22:12'),
(4407, 13, 13, 0, 378, 50, 1, '2018-04-25 19:22:12', '2018-04-25 19:22:12'),
(4419, 13, 17, 15, 379, 70, 1, '2018-04-25 19:22:12', '2018-04-25 19:22:12'),
(4418, 13, 11, 0, 379, 60, 1, '2018-04-25 19:22:12', '2018-04-25 19:22:12'),
(4406, 13, 26, 0, 378, 40, 1, '2018-04-25 19:22:12', '2018-04-25 19:22:12'),
(4417, 13, 17, 16, 379, 50, 0, '2018-04-25 19:22:12', '2018-04-25 19:22:12'),
(4405, 13, 27, 0, 378, 30, 1, '2018-04-25 19:22:12', '2018-04-25 19:22:12'),
(4404, 13, 31, 0, 378, 20, 1, '2018-04-25 19:22:12', '2018-04-25 19:22:12'),
(379, 13, 8, 0, 0, 80, 1, '2017-10-11 10:30:00', '2018-04-25 19:22:12'),
(378, 13, 1, 0, 0, 10, 1, '2017-10-11 10:30:00', '2018-04-25 19:22:12'),
(370, 13, 7, 0, 0, 70, 1, '2017-10-11 10:30:00', '2018-04-25 19:22:12'),
(371, 13, 6, 0, 0, 60, 0, '2017-10-11 10:30:00', '2018-04-25 19:22:12'),
(372, 13, 5, 0, 0, 50, 1, '2017-10-11 10:30:00', '2018-04-25 19:22:12'),
(373, 13, 4, 0, 0, 40, 1, '2017-10-11 10:30:00', '2018-04-25 19:22:12'),
(374, 13, 3, 0, 0, 30, 0, '2017-10-11 10:30:00', '2018-04-25 19:22:12'),
(375, 13, 2, 0, 0, 20, 1, '2017-10-11 10:30:00', '2018-04-25 19:22:12'),
(5588, 14, 21, 0, 392, 90, 1, '2019-03-13 16:59:36', '2019-03-13 16:59:36'),
(5587, 14, 24, 0, 392, 80, 1, '2019-03-13 16:59:36', '2019-03-13 16:59:36'),
(5574, 14, 20, 30, 387, 30, 1, '2019-03-13 16:59:36', '2019-03-13 16:59:36'),
(5569, 14, 17, 15, 391, 80, 1, '2019-03-13 16:59:36', '2019-03-13 16:59:36'),
(5568, 14, 15, 0, 391, 70, 1, '2019-03-13 16:59:36', '2019-03-13 16:59:36'),
(5567, 14, 14, 0, 391, 60, 1, '2019-03-13 16:59:36', '2019-03-13 16:59:36'),
(5566, 14, 13, 0, 391, 50, 1, '2019-03-13 16:59:36', '2019-03-13 16:59:36'),
(5565, 14, 26, 0, 391, 40, 1, '2019-03-13 16:59:36', '2019-03-13 16:59:36'),
(5571, 14, 28, 0, 388, 20, 1, '2019-03-13 16:59:36', '2019-03-13 16:59:36'),
(5570, 14, 9, 0, 388, 10, 1, '2019-03-13 16:59:36', '2019-03-13 16:59:36'),
(5564, 14, 27, 0, 391, 30, 1, '2019-03-13 16:59:36', '2019-03-13 16:59:36'),
(5586, 14, 17, 15, 392, 70, 1, '2019-03-13 16:59:36', '2019-03-13 16:59:36'),
(5585, 14, 11, 0, 392, 60, 1, '2019-03-13 16:59:36', '2019-03-13 16:59:36'),
(388, 14, 2, 0, 0, 20, 1, '2017-10-11 10:30:00', '2019-03-13 16:59:36'),
(386, 14, 4, 0, 0, 40, 1, '2017-10-11 10:30:00', '2019-03-13 16:59:36'),
(387, 14, 3, 0, 0, 30, 1, '2017-10-11 10:30:00', '2019-03-13 16:59:36'),
(384, 14, 6, 0, 0, 60, 0, '2017-10-11 10:30:00', '2019-03-13 16:59:36'),
(383, 14, 7, 0, 0, 70, 1, '2017-10-11 10:30:00', '2019-03-13 16:59:36'),
(391, 14, 1, 0, 0, 10, 1, '2017-10-11 10:30:00', '2019-03-13 16:59:36'),
(392, 14, 8, 0, 0, 80, 1, '2017-10-11 10:30:00', '2019-03-13 16:59:36'),
(385, 14, 5, 0, 0, 50, 1, '2017-10-11 10:30:00', '2019-03-13 16:59:36'),
(4401, 15, 24, 0, 403, 80, 1, '2018-04-25 19:21:52', '2018-04-25 19:21:52'),
(4389, 15, 15, 0, 395, 70, 1, '2018-04-25 19:21:52', '2018-04-25 19:21:52'),
(4388, 15, 14, 0, 395, 60, 1, '2018-04-25 19:21:52', '2018-04-25 19:21:52'),
(4387, 15, 13, 0, 395, 50, 1, '2018-04-25 19:21:52', '2018-04-25 19:21:52'),
(4400, 15, 17, 15, 403, 70, 1, '2018-04-25 19:21:52', '2018-04-25 19:21:52'),
(4386, 15, 26, 0, 395, 40, 1, '2018-04-25 19:21:52', '2018-04-25 19:21:52'),
(4385, 15, 27, 0, 395, 30, 1, '2018-04-25 19:21:52', '2018-04-25 19:21:52'),
(4384, 15, 31, 0, 395, 20, 1, '2018-04-25 19:21:52', '2018-04-25 19:21:52'),
(4392, 15, 28, 0, 399, 20, 1, '2018-04-25 19:21:52', '2018-04-25 19:21:52'),
(4391, 15, 9, 0, 399, 10, 1, '2018-04-25 19:21:52', '2018-04-25 19:21:52'),
(4399, 15, 11, 0, 403, 60, 1, '2018-04-25 19:21:52', '2018-04-25 19:21:52'),
(402, 15, 5, 0, 0, 50, 1, '2017-10-11 10:30:00', '2017-10-11 10:30:00'),
(401, 15, 4, 0, 0, 40, 1, '2017-10-11 10:30:00', '2018-04-25 19:21:52'),
(400, 15, 3, 0, 0, 30, 0, '2017-10-11 10:30:00', '2018-04-25 19:21:52'),
(399, 15, 2, 0, 0, 20, 1, '2017-10-11 10:30:00', '2018-04-25 19:21:52'),
(398, 15, 5, 0, 0, 50, 1, '2017-10-11 10:30:00', '2018-04-25 19:21:52'),
(397, 15, 6, 0, 0, 60, 1, '2017-10-11 10:30:00', '2018-04-25 19:21:52'),
(396, 15, 7, 0, 0, 70, 1, '2017-10-11 10:30:00', '2018-04-25 19:21:52'),
(395, 15, 1, 0, 0, 10, 1, '2017-10-11 10:30:00', '2018-04-25 19:21:52'),
(4398, 15, 17, 16, 403, 50, 0, '2018-04-25 19:21:52', '2018-04-25 19:21:52'),
(4393, 15, 16, 0, 397, 10, 1, '2018-04-25 19:21:52', '2018-04-25 19:21:52'),
(403, 15, 8, 0, 0, 80, 1, '2017-10-11 10:30:00', '2018-04-25 19:21:52'),
(942, 17, 5, 0, 0, 50, 1, '2017-10-11 10:30:00', '2017-10-11 10:30:00'),
(943, 17, 6, 0, 0, 60, 1, '2017-10-11 10:30:00', '2017-10-11 10:30:00'),
(944, 17, 7, 0, 0, 70, 1, '2017-10-11 10:30:00', '2017-10-11 10:30:00'),
(945, 17, 8, 0, 0, 80, 1, '2017-10-11 10:30:00', '2017-10-11 10:30:00'),
(940, 17, 3, 0, 0, 30, 1, '2017-10-11 10:30:00', '2017-10-11 10:30:00'),
(939, 17, 2, 0, 0, 20, 1, '2017-10-11 10:30:00', '2017-10-11 10:30:00'),
(938, 17, 1, 0, 0, 10, 1, '2017-10-11 10:30:00', '2017-10-11 10:30:00'),
(941, 17, 4, 0, 0, 40, 1, '2017-10-11 10:30:00', '2017-10-11 10:30:00'),
(1954, 17, 28, 0, 939, 20, 1, '2017-10-11 10:30:00', '2017-10-11 10:30:00'),
(1900, 18, 5, 0, 0, 50, 1, '2017-10-11 10:30:00', '2018-04-25 19:22:53'),
(1901, 18, 4, 0, 0, 40, 1, '2017-10-11 10:30:00', '2018-04-25 19:22:53'),
(1902, 18, 3, 0, 0, 30, 0, '2017-10-11 10:30:00', '2018-04-25 19:22:53'),
(1903, 18, 2, 0, 0, 20, 1, '2017-10-11 10:30:00', '2018-04-25 19:22:53'),
(1904, 18, 5, 0, 0, 50, 1, '2017-10-11 10:30:00', '2017-10-11 10:30:00'),
(1905, 18, 6, 0, 0, 60, 1, '2017-10-11 10:30:00', '2018-04-25 19:22:53'),
(1906, 18, 7, 0, 0, 70, 1, '2017-10-11 10:30:00', '2018-04-25 19:22:53'),
(1907, 18, 1, 0, 0, 10, 1, '2017-10-11 10:30:00', '2018-04-25 19:22:53'),
(1908, 18, 8, 0, 0, 80, 1, '2017-10-11 10:30:00', '2018-04-25 19:22:53'),
(4440, 18, 24, 0, 1908, 80, 1, '2018-04-25 19:22:53', '2018-04-25 19:22:53'),
(4428, 18, 15, 0, 1907, 70, 1, '2018-04-25 19:22:53', '2018-04-25 19:22:53'),
(4427, 18, 14, 0, 1907, 60, 1, '2018-04-25 19:22:53', '2018-04-25 19:22:53'),
(4426, 18, 13, 0, 1907, 50, 1, '2018-04-25 19:22:53', '2018-04-25 19:22:53'),
(4439, 18, 17, 15, 1908, 70, 1, '2018-04-25 19:22:53', '2018-04-25 19:22:53'),
(4425, 18, 26, 0, 1907, 40, 1, '2018-04-25 19:22:53', '2018-04-25 19:22:53'),
(4424, 18, 27, 0, 1907, 30, 1, '2018-04-25 19:22:53', '2018-04-25 19:22:53'),
(4423, 18, 31, 0, 1907, 20, 1, '2018-04-25 19:22:53', '2018-04-25 19:22:53'),
(4431, 18, 28, 0, 1903, 20, 1, '2018-04-25 19:22:53', '2018-04-25 19:22:53'),
(4430, 18, 9, 0, 1903, 10, 1, '2018-04-25 19:22:53', '2018-04-25 19:22:53'),
(4438, 18, 11, 0, 1908, 60, 1, '2018-04-25 19:22:53', '2018-04-25 19:22:53'),
(4437, 18, 17, 16, 1908, 50, 0, '2018-04-25 19:22:53', '2018-04-25 19:22:53'),
(4432, 18, 29, 0, 1905, 10, 1, '2018-04-25 19:22:53', '2018-04-25 19:22:53'),
(4459, 19, 24, 0, 2019, 80, 0, '2018-04-25 19:23:49', '2018-04-25 19:23:49'),
(4448, 19, 15, 0, 2017, 70, 1, '2018-04-25 19:23:49', '2018-04-25 19:23:49'),
(4447, 19, 14, 0, 2017, 60, 1, '2018-04-25 19:23:49', '2018-04-25 19:23:49'),
(4446, 19, 13, 0, 2017, 50, 1, '2018-04-25 19:23:49', '2018-04-25 19:23:49'),
(4458, 19, 17, 15, 2019, 70, 1, '2018-04-25 19:23:49', '2018-04-25 19:23:49'),
(4445, 19, 26, 0, 2017, 40, 1, '2018-04-25 19:23:49', '2018-04-25 19:23:49'),
(4444, 19, 27, 0, 2017, 30, 1, '2018-04-25 19:23:49', '2018-04-25 19:23:49'),
(4443, 19, 31, 0, 2017, 20, 1, '2018-04-25 19:23:49', '2018-04-25 19:23:49'),
(4451, 19, 28, 0, 2013, 20, 1, '2018-04-25 19:23:49', '2018-04-25 19:23:49'),
(4457, 19, 11, 0, 2019, 60, 1, '2018-04-25 19:23:49', '2018-04-25 19:23:49'),
(2010, 19, 5, 0, 0, 50, 1, '2017-10-11 10:30:00', '2017-10-11 10:30:00'),
(2011, 19, 4, 0, 0, 40, 1, '2017-10-11 10:30:00', '2018-04-25 19:23:49'),
(2012, 19, 3, 0, 0, 30, 0, '2017-10-11 10:30:00', '2018-04-25 19:23:49'),
(2013, 19, 2, 0, 0, 20, 1, '2017-10-11 10:30:00', '2018-04-25 19:23:49'),
(2014, 19, 5, 0, 0, 50, 1, '2017-10-11 10:30:00', '2018-04-25 19:23:49'),
(2015, 19, 6, 0, 0, 60, 1, '2017-10-11 10:30:00', '2018-04-25 19:23:49'),
(2016, 19, 7, 0, 0, 70, 1, '2017-10-11 10:30:00', '2018-04-25 19:23:49'),
(2017, 19, 1, 0, 0, 10, 1, '2017-10-11 10:30:00', '2018-04-25 19:23:49'),
(4456, 19, 17, 16, 2019, 50, 0, '2018-04-25 19:23:49', '2018-04-25 19:23:49'),
(2019, 19, 8, 0, 0, 80, 1, '2017-10-11 10:30:00', '2018-04-25 19:23:49'),
(4450, 19, 9, 0, 2013, 10, 1, '2018-04-25 19:23:49', '2018-04-25 19:23:49'),
(34, 2, 17, 1, 19, 10, 1, '2017-10-11 10:30:00', '2017-10-11 10:30:00'),
(5557, 11, 17, 16, 337, 60, 0, '2019-03-13 16:57:34', '2019-03-13 16:57:34'),
(5556, 11, 17, 31, 337, 50, 1, '2019-03-13 16:57:34', '2019-03-13 16:57:34'),
(5555, 11, 25, 0, 337, 40, 1, '2019-03-13 16:57:34', '2019-03-13 16:57:34'),
(5554, 11, 17, 29, 337, 30, 1, '2019-03-13 16:57:34', '2019-03-13 16:57:34'),
(5540, 11, 31, 0, 330, 20, 1, '2019-03-13 16:57:34', '2019-03-13 16:57:34'),
(5808, 12, 11, 0, 356, 60, 1, '2019-03-31 18:05:48', '2019-03-31 18:05:48'),
(366, 12, 17, 1, 19, 10, 1, '2017-10-11 10:30:00', '2017-10-11 10:30:00'),
(5807, 12, 17, 16, 356, 50, 0, '2019-03-31 18:05:48', '2019-03-31 18:05:48'),
(5777, 12, 31, 0, 349, 20, 1, '2019-03-31 18:05:48', '2019-03-31 18:05:48'),
(5806, 12, 25, 0, 356, 40, 1, '2019-03-31 18:05:48', '2019-03-31 18:05:48'),
(5785, 12, 27, 0, 350, 20, 0, '2019-03-31 18:05:48', '2019-03-31 18:05:48'),
(5789, 12, 16, 0, 352, 30, 1, '2019-03-31 18:05:48', '2019-03-31 18:05:48'),
(5799, 12, 17, 34, 353, 100, 1, '2019-03-31 18:05:48', '2019-03-31 18:05:48'),
(5805, 12, 17, 29, 356, 30, 1, '2019-03-31 18:05:48', '2019-03-31 18:05:48'),
(4416, 13, 25, 0, 379, 40, 1, '2018-04-25 19:22:12', '2018-04-25 19:22:12'),
(4415, 13, 17, 29, 379, 30, 1, '2018-04-25 19:22:12', '2018-04-25 19:22:12'),
(4414, 13, 17, 14, 379, 20, 1, '2018-04-25 19:22:12', '2018-04-25 19:22:12'),
(4413, 13, 17, 13, 379, 10, 1, '2018-04-25 19:22:12', '2018-04-25 19:22:12'),
(4403, 13, 0, 0, 378, 10, 0, '2018-04-25 19:22:12', '2018-04-25 19:22:12'),
(5584, 14, 17, 16, 392, 50, 0, '2019-03-13 16:59:36', '2019-03-13 16:59:36'),
(5583, 14, 25, 0, 392, 40, 1, '2019-03-13 16:59:36', '2019-03-13 16:59:36'),
(5582, 14, 17, 29, 392, 30, 1, '2019-03-13 16:59:36', '2019-03-13 16:59:36'),
(5581, 14, 17, 14, 392, 20, 1, '2019-03-13 16:59:36', '2019-03-13 16:59:36'),
(5563, 14, 31, 0, 391, 20, 1, '2019-03-13 16:59:36', '2019-03-13 16:59:36'),
(4383, 15, 0, 0, 395, 10, 0, '2018-04-25 19:21:52', '2018-04-25 19:21:52'),
(4397, 15, 25, 0, 403, 40, 1, '2018-04-25 19:21:52', '2018-04-25 19:21:52'),
(4396, 15, 17, 29, 403, 30, 1, '2018-04-25 19:21:52', '2018-04-25 19:21:52'),
(4395, 15, 17, 14, 403, 20, 1, '2018-04-25 19:21:52', '2018-04-25 19:21:52'),
(4394, 15, 17, 13, 403, 10, 1, '2018-04-25 19:21:52', '2018-04-25 19:21:52'),
(4422, 18, 0, 0, 1907, 10, 0, '2018-04-25 19:22:53', '2018-04-25 19:22:53'),
(4436, 18, 25, 0, 1908, 40, 1, '2018-04-25 19:22:53', '2018-04-25 19:22:53'),
(4435, 18, 17, 29, 1908, 30, 1, '2018-04-25 19:22:53', '2018-04-25 19:22:53'),
(4434, 18, 17, 14, 1908, 20, 1, '2018-04-25 19:22:53', '2018-04-25 19:22:53'),
(4433, 18, 17, 13, 1908, 10, 1, '2018-04-25 19:22:53', '2018-04-25 19:22:53'),
(4442, 19, 0, 0, 2017, 10, 0, '2018-04-25 19:23:49', '2018-04-25 19:23:49'),
(4455, 19, 25, 0, 2019, 40, 1, '2018-04-25 19:23:49', '2018-04-25 19:23:49'),
(4454, 19, 17, 29, 2019, 30, 1, '2018-04-25 19:23:49', '2018-04-25 19:23:49'),
(4453, 19, 17, 14, 2019, 20, 1, '2018-04-25 19:23:49', '2018-04-25 19:23:49'),
(4452, 19, 17, 13, 2019, 10, 1, '2018-04-25 19:23:49', '2018-04-25 19:23:49'),
(5539, 11, 0, 0, 330, 10, 0, '2019-03-13 16:57:34', '2019-03-13 16:57:34'),
(5776, 12, 0, 0, 349, 10, 0, '2019-03-31 18:05:48', '2019-03-31 18:05:48'),
(2782, 22, 10, 0, 2699, 20, 1, '2017-11-04 20:03:48', '2017-11-04 20:03:48'),
(2781, 22, 9, 0, 2699, 10, 1, '2017-11-04 20:03:48', '2017-11-04 20:03:48'),
(2699, 22, 3, 0, 0, 10, 1, '2017-11-04 19:58:11', '2017-11-04 20:03:48'),
(2775, 22, 15, 0, 2695, 30, 1, '2017-11-04 20:03:48', '2017-11-04 20:03:48'),
(2774, 22, 13, 0, 2695, 20, 1, '2017-11-04 20:03:48', '2017-11-04 20:03:48'),
(2773, 22, 14, 0, 2695, 10, 1, '2017-11-04 20:03:48', '2017-11-04 20:03:48'),
(2695, 22, 1, 0, 0, 10, 1, '2017-11-04 19:58:11', '2017-11-04 20:03:48'),
(2694, 21, 8, 0, 0, 10, 1, '2017-11-04 19:58:11', '2017-11-04 20:03:26'),
(2693, 21, 5, 0, 0, 10, 1, '2017-11-04 19:58:11', '2017-11-04 20:03:26'),
(2692, 21, 4, 0, 0, 10, 1, '2017-11-04 19:58:11', '2017-11-04 20:03:26'),
(2764, 21, 17, 24, 2688, 30, 1, '2017-11-04 20:03:26', '2017-11-04 20:03:26'),
(2763, 21, 11, 0, 2688, 20, 1, '2017-11-04 20:03:26', '2017-11-04 20:03:26'),
(2762, 21, 17, 23, 2688, 10, 1, '2017-11-04 20:03:26', '2017-11-04 20:03:26'),
(2688, 21, 6, 0, 0, 10, 1, '2017-11-04 19:58:11', '2017-11-04 20:03:26'),
(2761, 21, 10, 0, 2685, 20, 1, '2017-11-04 20:03:26', '2017-11-04 20:03:26'),
(2760, 21, 9, 0, 2685, 10, 1, '2017-11-04 20:03:26', '2017-11-04 20:03:26'),
(2685, 21, 3, 0, 0, 10, 1, '2017-11-04 19:58:11', '2017-11-04 20:03:26'),
(2754, 21, 15, 0, 2681, 30, 1, '2017-11-04 20:03:26', '2017-11-04 20:03:26'),
(2753, 21, 13, 0, 2681, 20, 1, '2017-11-04 20:03:26', '2017-11-04 20:03:26'),
(2752, 21, 14, 0, 2681, 10, 1, '2017-11-04 20:03:26', '2017-11-04 20:03:26'),
(5576, 14, 20, 21, 385, 20, 1, '2019-03-13 16:59:36', '2019-03-13 16:59:36'),
(2681, 21, 1, 0, 0, 10, 1, '2017-11-04 19:58:11', '2017-11-04 20:03:26'),
(5573, 14, 19, 0, 387, 20, 0, '2019-03-13 16:59:36', '2019-03-13 16:59:36'),
(5575, 14, 17, 22, 385, 10, 1, '2019-03-13 16:59:36', '2019-03-13 16:59:36'),
(5562, 14, 0, 0, 391, 10, 0, '2019-03-13 16:59:36', '2019-03-13 16:59:36'),
(5798, 12, 20, 19, 353, 90, 0, '2019-03-31 18:05:48', '2019-03-31 18:05:48'),
(5797, 12, 20, 12, 353, 80, 1, '2019-03-31 18:05:48', '2019-03-31 18:05:48'),
(2702, 22, 6, 0, 0, 10, 1, '2017-11-04 19:58:11', '2017-11-04 20:03:48'),
(2788, 22, 17, 24, 2702, 30, 1, '2017-11-04 20:03:48', '2017-11-04 20:03:48'),
(2787, 22, 11, 0, 2702, 20, 1, '2017-11-04 20:03:48', '2017-11-04 20:03:48'),
(2786, 22, 17, 23, 2702, 10, 1, '2017-11-04 20:03:48', '2017-11-04 20:03:48'),
(2706, 22, 4, 0, 0, 10, 1, '2017-11-04 19:58:11', '2017-11-04 20:03:48'),
(2784, 22, 32, 0, 2706, 20, 1, '2017-11-04 20:03:48', '2017-11-04 20:03:48'),
(2783, 22, 33, 0, 2706, 10, 1, '2017-11-04 20:03:48', '2017-11-04 20:03:48'),
(2709, 22, 5, 0, 0, 10, 1, '2017-11-04 19:58:11', '2017-11-04 20:03:48'),
(2785, 22, 12, 0, 2709, 10, 1, '2017-11-04 20:03:48', '2017-11-04 20:03:48'),
(2711, 22, 8, 0, 0, 10, 1, '2017-11-04 19:58:11', '2017-11-04 20:03:48'),
(2712, 23, 1, 0, 0, 10, 1, '2017-11-04 19:58:11', '2017-11-04 19:58:11'),
(2713, 23, 14, 0, 2712, 10, 1, '2017-11-04 19:58:11', '2017-11-04 19:58:11'),
(2714, 23, 13, 0, 2712, 20, 1, '2017-11-04 19:58:11', '2017-11-04 19:58:11'),
(2715, 23, 15, 0, 2712, 30, 1, '2017-11-04 19:58:11', '2017-11-04 19:58:11'),
(2716, 23, 3, 0, 0, 10, 1, '2017-11-04 19:58:11', '2017-11-04 19:58:11'),
(2717, 23, 9, 0, 2716, 10, 1, '2017-11-04 19:58:11', '2017-11-04 19:58:11'),
(2718, 23, 10, 0, 2716, 20, 1, '2017-11-04 19:58:11', '2017-11-04 19:58:11'),
(2719, 23, 11, 0, 2716, 30, 1, '2017-11-04 19:58:11', '2017-11-04 19:58:11'),
(2720, 23, 6, 0, 0, 10, 0, '2017-11-04 19:58:11', '2017-11-04 19:58:11'),
(2721, 23, 4, 0, 0, 10, 1, '2017-11-04 19:58:11', '2017-11-04 19:58:11'),
(2722, 23, 5, 0, 0, 10, 1, '2017-11-04 19:58:11', '2017-11-04 19:58:11'),
(2723, 23, 8, 0, 0, 10, 1, '2017-11-04 19:58:11', '2017-11-04 19:58:11'),
(2724, 24, 1, 0, 0, 10, 1, '2017-11-04 19:58:11', '2017-11-04 19:58:11'),
(2725, 24, 14, 0, 2724, 10, 1, '2017-11-04 19:58:11', '2017-11-04 19:58:11'),
(2726, 24, 13, 0, 2724, 20, 1, '2017-11-04 19:58:11', '2017-11-04 19:58:11'),
(2727, 24, 15, 0, 2724, 30, 1, '2017-11-04 19:58:11', '2017-11-04 19:58:11'),
(2728, 24, 3, 0, 0, 10, 0, '2017-11-04 19:58:11', '2017-11-04 19:58:11'),
(2729, 24, 6, 0, 0, 10, 0, '2017-11-04 19:58:11', '2017-11-04 19:58:11'),
(2730, 24, 4, 0, 0, 10, 1, '2017-11-04 19:58:11', '2017-11-04 19:58:11'),
(2731, 24, 5, 0, 0, 10, 1, '2017-11-04 19:58:11', '2017-11-04 19:58:11'),
(2732, 24, 8, 0, 0, 10, 1, '2017-11-04 19:58:11', '2017-11-04 19:58:11'),
(2733, 25, 1, 0, 0, 10, 1, '2017-11-04 19:58:11', '2017-11-04 19:58:11'),
(2734, 25, 14, 0, 2733, 10, 1, '2017-11-04 19:58:11', '2017-11-04 19:58:11'),
(2735, 25, 13, 0, 2733, 20, 1, '2017-11-04 19:58:11', '2017-11-04 19:58:11'),
(2736, 25, 15, 0, 2733, 30, 1, '2017-11-04 19:58:11', '2017-11-04 19:58:11'),
(2737, 25, 3, 0, 0, 10, 0, '2017-11-04 19:58:11', '2017-11-04 19:58:11'),
(2738, 25, 6, 0, 0, 10, 0, '2017-11-04 19:58:11', '2017-11-04 19:58:11'),
(2739, 25, 4, 0, 0, 10, 1, '2017-11-04 19:58:11', '2017-11-04 19:58:11'),
(2740, 25, 5, 0, 0, 10, 1, '2017-11-04 19:58:11', '2017-11-04 19:58:11'),
(2741, 25, 8, 0, 0, 10, 1, '2017-11-04 19:58:11', '2017-11-04 19:58:11'),
(2742, 26, 1, 0, 0, 10, 1, '2017-11-04 19:58:11', '2017-11-04 19:58:11'),
(2743, 26, 14, 0, 2742, 10, 1, '2017-11-04 19:58:11', '2017-11-04 19:58:11'),
(2744, 26, 13, 0, 2742, 20, 1, '2017-11-04 19:58:11', '2017-11-04 19:58:11'),
(2745, 26, 15, 0, 2742, 30, 1, '2017-11-04 19:58:11', '2017-11-04 19:58:11'),
(2746, 26, 3, 0, 0, 10, 1, '2017-11-04 19:58:11', '2017-11-04 19:58:11'),
(2747, 26, 16, 0, 2746, 10, 1, '2017-11-04 19:58:11', '2017-11-04 19:58:11'),
(2748, 26, 6, 0, 0, 10, 0, '2017-11-04 19:58:11', '2017-11-04 19:58:11'),
(2749, 26, 4, 0, 0, 10, 1, '2017-11-04 19:58:11', '2017-11-04 19:58:11'),
(2750, 26, 5, 0, 0, 10, 1, '2017-11-04 19:58:11', '2017-11-04 19:58:11'),
(2751, 26, 8, 0, 0, 10, 1, '2017-11-04 19:58:11', '2017-11-04 19:58:11'),
(2755, 21, 0, 0, 2681, 40, 0, '2017-11-04 20:03:26', '2017-11-04 20:03:26'),
(2756, 21, 0, 0, 2681, 50, 0, '2017-11-04 20:03:26', '2017-11-04 20:03:26'),
(2757, 21, 0, 0, 2681, 60, 0, '2017-11-04 20:03:26', '2017-11-04 20:03:26'),
(2758, 21, 0, 0, 2681, 70, 0, '2017-11-04 20:03:26', '2017-11-04 20:03:26'),
(2759, 21, 0, 0, 2681, 80, 0, '2017-11-04 20:03:26', '2017-11-04 20:03:26'),
(2765, 21, 0, 0, 2694, 10, 0, '2017-11-04 20:03:26', '2017-11-04 20:03:26'),
(2766, 21, 0, 0, 2694, 20, 0, '2017-11-04 20:03:26', '2017-11-04 20:03:26'),
(2767, 21, 0, 0, 2694, 30, 0, '2017-11-04 20:03:26', '2017-11-04 20:03:26'),
(2768, 21, 0, 0, 2694, 40, 0, '2017-11-04 20:03:26', '2017-11-04 20:03:26'),
(2769, 21, 0, 0, 2694, 50, 0, '2017-11-04 20:03:26', '2017-11-04 20:03:26'),
(2770, 21, 0, 0, 2694, 60, 0, '2017-11-04 20:03:26', '2017-11-04 20:03:26'),
(2771, 21, 0, 0, 2694, 70, 0, '2017-11-04 20:03:26', '2017-11-04 20:03:26'),
(2772, 21, 0, 0, 2694, 80, 0, '2017-11-04 20:03:26', '2017-11-04 20:03:26'),
(2776, 22, 0, 0, 2695, 40, 0, '2017-11-04 20:03:48', '2017-11-04 20:03:48'),
(2777, 22, 0, 0, 2695, 50, 0, '2017-11-04 20:03:48', '2017-11-04 20:03:48'),
(2778, 22, 0, 0, 2695, 60, 0, '2017-11-04 20:03:48', '2017-11-04 20:03:48'),
(2779, 22, 0, 0, 2695, 70, 0, '2017-11-04 20:03:48', '2017-11-04 20:03:48'),
(2780, 22, 0, 0, 2695, 80, 0, '2017-11-04 20:03:48', '2017-11-04 20:03:48'),
(2789, 22, 0, 0, 2711, 10, 0, '2017-11-04 20:03:48', '2017-11-04 20:03:48'),
(2790, 22, 0, 0, 2711, 20, 0, '2017-11-04 20:03:48', '2017-11-04 20:03:48'),
(2791, 22, 0, 0, 2711, 30, 0, '2017-11-04 20:03:48', '2017-11-04 20:03:48'),
(2792, 22, 0, 0, 2711, 40, 0, '2017-11-04 20:03:48', '2017-11-04 20:03:48'),
(2793, 22, 0, 0, 2711, 50, 0, '2017-11-04 20:03:48', '2017-11-04 20:03:48'),
(2794, 22, 0, 0, 2711, 60, 0, '2017-11-04 20:03:48', '2017-11-04 20:03:48'),
(2795, 22, 0, 0, 2711, 70, 0, '2017-11-04 20:03:48', '2017-11-04 20:03:48'),
(2796, 22, 0, 0, 2711, 80, 0, '2017-11-04 20:03:48', '2017-11-04 20:03:48'),
(4460, 19, 21, 0, 2019, 90, 0, '2018-04-25 19:23:49', '2018-04-25 19:23:49'),
(4449, 19, 17, 15, 2017, 80, 1, '2018-04-25 19:23:49', '2018-04-25 19:23:49'),
(4441, 18, 21, 0, 1908, 90, 1, '2018-04-25 19:22:53', '2018-04-25 19:22:53'),
(4429, 18, 17, 15, 1907, 80, 1, '2018-04-25 19:22:53', '2018-04-25 19:22:53'),
(4421, 13, 21, 0, 379, 90, 1, '2018-04-25 19:22:12', '2018-04-25 19:22:12'),
(4410, 13, 17, 15, 378, 80, 1, '2018-04-25 19:22:12', '2018-04-25 19:22:12'),
(4402, 15, 21, 0, 403, 90, 1, '2018-04-25 19:21:52', '2018-04-25 19:21:52'),
(4390, 15, 17, 15, 395, 80, 1, '2018-04-25 19:21:52', '2018-04-25 19:21:52'),
(5553, 11, 17, 14, 337, 20, 1, '2019-03-13 16:57:34', '2019-03-13 16:57:34'),
(5580, 14, 17, 13, 392, 10, 1, '2019-03-13 16:59:36', '2019-03-13 16:59:36'),
(4307, 29, 17, 15, 4275, 80, 1, '2018-04-24 21:52:26', '2018-04-24 21:52:26'),
(4317, 29, 21, 0, 4282, 80, 1, '2018-04-24 21:52:26', '2018-04-24 21:52:26'),
(4316, 29, 24, 0, 4282, 70, 1, '2018-04-24 21:52:26', '2018-04-24 21:52:26'),
(4315, 29, 17, 15, 4282, 60, 1, '2018-04-24 21:52:26', '2018-04-24 21:52:26'),
(4314, 29, 11, 0, 4282, 50, 1, '2018-04-24 21:52:26', '2018-04-24 21:52:26'),
(4313, 29, 25, 0, 4282, 40, 1, '2018-04-24 21:52:26', '2018-04-24 21:52:26'),
(4312, 29, 17, 16, 4282, 30, 0, '2018-04-24 21:52:26', '2018-04-24 21:52:26'),
(4311, 29, 17, 14, 4282, 20, 1, '2018-04-24 21:52:26', '2018-04-24 21:52:26'),
(4310, 29, 17, 13, 4282, 10, 1, '2018-04-24 21:52:26', '2018-04-24 21:52:26'),
(4309, 29, 28, 0, 4276, 20, 1, '2018-04-24 21:52:26', '2018-04-24 21:52:26'),
(4308, 29, 9, 0, 4276, 10, 1, '2018-04-24 21:52:26', '2018-04-24 21:52:26'),
(4306, 29, 15, 0, 4275, 70, 1, '2018-04-24 21:52:26', '2018-04-24 21:52:26'),
(4305, 29, 14, 0, 4275, 60, 1, '2018-04-24 21:52:26', '2018-04-24 21:52:26'),
(4304, 29, 13, 0, 4275, 50, 1, '2018-04-24 21:52:26', '2018-04-24 21:52:26'),
(4303, 29, 26, 0, 4275, 40, 1, '2018-04-24 21:52:26', '2018-04-24 21:52:26'),
(4302, 29, 27, 0, 4275, 30, 1, '2018-04-24 21:52:26', '2018-04-24 21:52:26'),
(4301, 29, 31, 0, 4275, 20, 1, '2018-04-24 21:52:26', '2018-04-24 21:52:26'),
(4300, 29, 0, 0, 4275, 10, 0, '2018-04-24 21:52:26', '2018-04-24 21:52:26'),
(4282, 29, 8, 0, 0, 80, 1, '2018-04-24 21:52:16', '2018-04-24 21:52:26'),
(4281, 29, 7, 0, 0, 70, 1, '2018-04-24 21:52:16', '2018-04-24 21:52:26'),
(4280, 29, 6, 0, 0, 60, 1, '2018-04-24 21:52:16', '2018-04-24 21:52:26'),
(4279, 29, 5, 0, 0, 50, 1, '2018-04-24 21:52:16', '2018-04-24 21:52:26'),
(4278, 29, 4, 0, 0, 40, 1, '2018-04-24 21:52:16', '2018-04-24 21:52:26'),
(4277, 29, 3, 0, 0, 30, 1, '2018-04-24 21:52:16', '2018-04-24 21:52:26'),
(4276, 29, 2, 0, 0, 20, 1, '2018-04-24 21:52:16', '2018-04-24 21:52:26'),
(5804, 12, 17, 14, 356, 20, 1, '2019-03-31 18:05:48', '2019-03-31 18:05:48'),
(5796, 12, 20, 27, 353, 70, 1, '2019-03-31 18:05:48', '2019-03-31 18:05:48'),
(5788, 12, 29, 0, 352, 20, 1, '2019-03-31 18:05:48', '2019-03-31 18:05:48'),
(5795, 12, 23, 11, 353, 60, 1, '2019-03-31 18:05:48', '2019-03-31 18:05:48'),
(5794, 12, 12, 0, 353, 50, 1, '2019-03-31 18:05:48', '2019-03-31 18:05:48'),
(5787, 12, 17, 10, 352, 10, 1, '2019-03-31 18:05:48', '2019-03-31 18:05:48'),
(4275, 29, 1, 0, 0, 10, 1, '2018-04-24 21:52:16', '2018-04-24 21:52:26'),
(5793, 12, 19, 0, 353, 40, 1, '2019-03-31 18:05:48', '2019-03-31 18:05:48'),
(5572, 14, 12, 0, 387, 10, 1, '2019-03-13 16:59:36', '2019-03-13 16:59:36'),
(5552, 11, 17, 13, 337, 10, 1, '2019-03-13 16:57:34', '2019-03-13 16:57:34'),
(5803, 12, 17, 13, 356, 10, 1, '2019-03-31 18:05:48', '2019-03-31 18:05:48'),
(5784, 12, 9, 0, 350, 10, 1, '2019-03-31 18:05:48', '2019-03-31 18:05:48'),
(5578, 14, 17, 32, 383, 20, 1, '2019-03-13 16:59:36', '2019-03-13 16:59:36'),
(5549, 11, 17, 31, 336, 10, 1, '2019-03-13 16:57:34', '2019-03-13 16:57:34'),
(5577, 14, 17, 31, 383, 10, 1, '2019-03-13 16:59:36', '2019-03-13 16:59:36'),
(5792, 12, 17, 18, 353, 30, 0, '2019-03-31 18:05:48', '2019-03-31 18:05:48'),
(5801, 12, 17, 32, 355, 20, 1, '2019-03-31 18:05:48', '2019-03-31 18:05:48'),
(5791, 12, 20, 28, 353, 20, 1, '2019-03-31 18:05:48', '2019-03-31 18:05:48'),
(5800, 12, 17, 31, 355, 10, 1, '2019-03-31 18:05:48', '2019-03-31 18:05:48'),
(5790, 12, 20, 36, 353, 10, 1, '2019-03-31 18:05:48', '2019-03-31 18:05:48'),
(5579, 14, 17, 33, 383, 30, 1, '2019-03-13 16:59:36', '2019-03-13 16:59:36');

-- --------------------------------------------------------

--
-- Table structure for table `ab1l_block_templates`
--

CREATE TABLE `ab1l_block_templates` (
  `block_id` int(10) NOT NULL,
  `parent_block_id` int(10) NOT NULL DEFAULT 0,
  `template` varchar(255) NOT NULL,
  `date_added` timestamp NOT NULL DEFAULT '0000-00-00 00:00:00',
  `date_modified` timestamp NOT NULL DEFAULT current_timestamp() ON UPDATE current_timestamp()
) ENGINE=MyISAM DEFAULT CHARSET=utf8;

--
-- Dumping data for table `ab1l_block_templates`
--

INSERT INTO `ab1l_block_templates` (`block_id`, `parent_block_id`, `template`, `date_added`, `date_modified`) VALUES
(15, 1, 'blocks/cart_top.tpl', '2017-10-11 10:30:00', '2017-10-11 10:30:00'),
(15, 6, 'blocks/cart.tpl', '2017-10-11 10:30:00', '2017-10-11 10:30:00'),
(9, 1, 'blocks/category_top.tpl', '2017-10-11 10:30:00', '2017-10-11 10:30:00'),
(9, 2, 'blocks/category_top.tpl', '2017-10-11 10:30:00', '2017-10-11 10:30:00'),
(9, 3, 'blocks/category.tpl', '2017-10-11 10:30:00', '2017-10-11 10:30:00'),
(9, 6, 'blocks/category.tpl', '2017-10-11 10:30:00', '2017-10-11 10:30:00'),
(9, 7, 'blocks/category_bottom.tpl', '2017-10-11 10:30:00', '2017-10-11 10:30:00'),
(9, 8, 'blocks/category_bottom.tpl', '2017-10-11 10:30:00', '2017-10-11 10:30:00'),
(10, 3, 'blocks/manufacturer.tpl', '2017-10-11 10:30:00', '2017-10-11 10:30:00'),
(10, 6, 'blocks/manufacturer.tpl', '2017-10-11 10:30:00', '2017-10-11 10:30:00'),
(11, 3, 'blocks/content.tpl', '2017-10-11 10:30:00', '2017-10-11 10:30:00'),
(11, 1, 'blocks/content_header.tpl', '2017-10-11 10:30:00', '2017-10-11 10:30:00'),
(11, 6, 'blocks/content.tpl', '2017-10-11 10:30:00', '2017-10-11 10:30:00'),
(11, 8, 'blocks/content_footer.tpl', '2017-10-11 10:30:00', '2017-10-11 10:30:00'),
(12, 3, 'blocks/latest.tpl', '2017-10-11 10:30:00', '2017-10-11 10:30:00'),
(12, 6, 'blocks/latest.tpl', '2017-10-11 10:30:00', '2017-10-11 10:30:00'),
(12, 5, 'blocks/latest_home.tpl', '2017-10-11 10:30:00', '2017-10-11 10:30:00'),
(12, 4, 'blocks/latest_home.tpl', '2017-10-11 10:30:00', '2017-10-11 10:30:00'),
(13, 1, 'blocks/language.tpl', '2017-10-11 10:30:00', '2017-10-11 10:30:00'),
(14, 1, 'blocks/currency.tpl', '2017-10-11 10:30:00', '2017-10-11 10:30:00'),
(16, 6, 'blocks/order_summary.tpl', '2017-10-11 10:30:00', '2017-10-11 10:30:00'),
(17, 1, 'blocks/html_block_header.tpl', '2017-10-11 10:30:00', '2017-10-11 10:30:00'),
(17, 2, 'blocks/html_block_content.tpl', '2017-10-11 10:30:00', '2017-10-11 10:30:00'),
(17, 3, 'blocks/html_block.tpl', '2017-10-11 10:30:00', '2017-10-11 10:30:00'),
(17, 4, 'blocks/html_block_content.tpl', '2017-10-11 10:30:00', '2017-10-11 10:30:00'),
(17, 5, 'blocks/html_block_content.tpl', '2017-10-11 10:30:00', '2017-10-11 10:30:00'),
(17, 6, 'blocks/html_block.tpl', '2017-10-11 10:30:00', '2017-10-11 10:30:00'),
(17, 7, 'blocks/html_block_content.tpl', '2017-10-11 10:30:00', '2017-10-11 10:30:00'),
(17, 8, 'blocks/html_block_footer.tpl', '2017-10-11 10:30:00', '2017-10-11 10:30:00'),
(18, 3, 'blocks/bestseller.tpl', '2017-10-11 10:30:00', '2017-10-11 10:30:00'),
(18, 6, 'blocks/bestseller.tpl', '2017-10-11 10:30:00', '2017-10-11 10:30:00'),
(18, 5, 'blocks/bestseller_home.tpl', '2017-10-11 10:30:00', '2017-10-11 10:30:00'),
(19, 3, 'blocks/featured.tpl', '2017-10-11 10:30:00', '2017-10-11 10:30:00'),
(19, 6, 'blocks/featured.tpl', '2017-10-11 10:30:00', '2017-10-11 10:30:00'),
(19, 5, 'blocks/featured_home.tpl', '2017-10-11 10:30:00', '2017-10-11 10:30:00'),
(20, 1, 'blocks/listing_block_header.tpl', '2017-10-11 10:30:00', '2017-10-11 10:30:00'),
(20, 2, 'blocks/listing_block_header_bottom.tpl', '2017-10-11 10:30:00', '2017-10-11 10:30:00'),
(20, 3, 'blocks/listing_block_column_left.tpl', '2017-10-11 10:30:00', '2017-10-11 10:30:00'),
(20, 4, 'blocks/listing_block_content_top.tpl', '2017-10-11 10:30:00', '2017-10-11 10:30:00'),
(20, 5, 'blocks/listing_block_content_bottom.tpl', '2017-10-11 10:30:00', '2017-10-11 10:30:00'),
(20, 6, 'blocks/listing_block_column_right.tpl', '2017-10-11 10:30:00', '2017-10-11 10:30:00'),
(20, 7, 'blocks/listing_block_footer_top.tpl', '2017-10-11 10:30:00', '2017-10-11 10:30:00'),
(20, 8, 'blocks/listing_block_footer.tpl', '2017-10-11 10:30:00', '2017-10-11 10:30:00'),
(21, 8, 'blocks/donate.tpl', '2017-10-11 10:30:00', '2017-10-11 10:30:00'),
(22, 3, 'blocks/special.tpl', '2017-10-11 10:30:00', '2017-10-11 10:30:00'),
(22, 5, 'blocks/special_home.tpl', '2017-10-11 10:30:00', '2017-10-11 10:30:00'),
(22, 6, 'blocks/special.tpl', '2017-10-11 10:30:00', '2017-10-11 10:30:00'),
(23, 1, 'blocks/banner_block_header.tpl', '2017-10-11 10:30:00', '2017-10-11 10:30:00'),
(23, 2, 'blocks/banner_block_content.tpl', '2017-10-11 10:30:00', '2017-10-11 10:30:00'),
(23, 3, 'blocks/banner_block.tpl', '2017-10-11 10:30:00', '2017-10-11 10:30:00'),
(23, 4, 'blocks/banner_block_content.tpl', '2017-10-11 10:30:00', '2017-10-11 10:30:00'),
(23, 5, 'blocks/banner_block_content.tpl', '2017-10-11 10:30:00', '2017-10-11 10:30:00'),
(23, 6, 'blocks/banner_block.tpl', '2017-10-11 10:30:00', '2017-10-11 10:30:00'),
(23, 7, 'blocks/banner_block_content.tpl', '2017-10-11 10:30:00', '2017-10-11 10:30:00'),
(23, 8, 'blocks/banner_block_header.tpl', '2017-10-11 10:30:00', '2017-10-11 10:30:00'),
(24, 8, 'blocks/credit_cards.tpl', '2017-10-11 10:30:00', '2017-10-11 10:30:00'),
(25, 1, 'blocks/newsletter_signup_header.tpl', '2017-10-11 10:30:00', '2017-10-11 10:30:00'),
(25, 2, 'blocks/newsletter_signup_header_bottom.tpl', '2017-10-11 10:30:00', '2017-10-11 10:30:00'),
(25, 3, 'blocks/newsletter_signup_column_left.tpl', '2017-10-11 10:30:00', '2017-10-11 10:30:00'),
(25, 4, 'blocks/newsletter_signup_content_top.tpl', '2017-10-11 10:30:00', '2017-10-11 10:30:00'),
(25, 5, 'blocks/newsletter_signup_content_bottom.tpl', '2017-10-11 10:30:00', '2017-10-11 10:30:00'),
(25, 6, 'blocks/newsletter_signup_column_right.tpl', '2017-10-11 10:30:00', '2017-10-11 10:30:00'),
(25, 7, 'blocks/newsletter_signup_footer_top.tpl', '2017-10-11 10:30:00', '2017-10-11 10:30:00'),
(25, 8, 'blocks/newsletter_signup_footer.tpl', '2017-10-11 10:30:00', '2017-10-11 10:30:00'),
(26, 1, 'blocks/search_top.tpl', '2017-10-11 10:30:00', '2017-10-11 10:30:00'),
(26, 2, 'blocks/search_top.tpl', '2017-10-11 10:30:00', '2017-10-11 10:30:00'),
(26, 3, 'blocks/search.tpl', '2017-10-11 10:30:00', '2017-10-11 10:30:00'),
(26, 6, 'blocks/search.tpl', '2017-10-11 10:30:00', '2017-10-11 10:30:00'),
(27, 1, 'blocks/menu_top.tpl', '2017-10-11 10:30:00', '2017-10-11 10:30:00'),
(27, 2, 'blocks/menu.tpl', '2017-10-11 10:30:00', '2017-10-11 10:30:00'),
(27, 8, 'blocks/menu_bottom.tpl', '2017-10-11 10:30:00', '2017-10-11 10:30:00'),
(27, 3, 'blocks/menu.tpl', '2017-10-11 10:30:00', '2017-10-11 10:30:00'),
(27, 6, 'blocks/menu.tpl', '2017-10-11 10:30:00', '2017-10-11 10:30:00'),
(28, 2, 'blocks/breadcrumbs.tpl', '2017-10-11 10:30:00', '2017-10-11 10:30:00'),
(29, 3, 'blocks/account.tpl', '2017-10-11 10:30:00', '2017-10-11 10:30:00'),
(29, 6, 'blocks/account.tpl', '2017-10-11 10:30:00', '2017-10-11 10:30:00'),
(30, 1, 'blocks/custom_form_block_header.tpl', '2017-10-11 10:30:00', '2017-10-11 10:30:00'),
(30, 2, 'blocks/custom_form_block_content.tpl', '2017-10-11 10:30:00', '2017-10-11 10:30:00'),
(30, 3, 'blocks/custom_form_block.tpl', '2017-10-11 10:30:00', '2017-10-11 10:30:00'),
(30, 4, 'blocks/custom_form_block_content.tpl', '2017-10-11 10:30:00', '2017-10-11 10:30:00'),
(30, 5, 'blocks/custom_form_block_content.tpl', '2017-10-11 10:30:00', '2017-10-11 10:30:00'),
(30, 6, 'blocks/custom_form_block.tpl', '2017-10-11 10:30:00', '2017-10-11 10:30:00'),
(30, 7, 'blocks/custom_form_block_content.tpl', '2017-10-11 10:30:00', '2017-10-11 10:30:00'),
(30, 8, 'blocks/custom_form_block_header.tpl', '2017-10-11 10:30:00', '2017-10-11 10:30:00'),
(31, 1, 'blocks/customer.tpl', '2017-10-11 10:30:00', '2017-10-11 10:30:00'),
(32, 4, 'blocks/product_slider.tpl', '2017-11-04 19:58:10', '2017-11-04 19:58:10'),
(33, 4, 'blocks/slideshow2.tpl', '2017-11-04 19:58:11', '2017-11-04 19:58:11');

-- --------------------------------------------------------

--
-- Table structure for table `ab1l_categories`
--

CREATE TABLE `ab1l_categories` (
  `category_id` int(11) NOT NULL,
  `parent_id` int(11) NOT NULL DEFAULT 0,
  `sort_order` int(3) NOT NULL DEFAULT 0,
  `status` int(1) NOT NULL DEFAULT 1,
  `date_added` timestamp NOT NULL DEFAULT '0000-00-00 00:00:00',
  `date_modified` timestamp NOT NULL DEFAULT current_timestamp() ON UPDATE current_timestamp()
) ENGINE=MyISAM DEFAULT CHARSET=utf8;

--
-- Dumping data for table `ab1l_categories`
--

INSERT INTO `ab1l_categories` (`category_id`, `parent_id`, `sort_order`, `status`, `date_added`, `date_modified`) VALUES
(102, 100, 0, 1, '2018-03-22 19:53:37', '2018-03-22 19:58:31'),
(101, 100, 0, 1, '2018-03-22 19:43:15', '2018-03-22 19:47:05'),
(122, 91, 0, 1, '2018-04-25 21:39:12', '2018-12-07 13:05:53'),
(119, 117, 0, 1, '2018-04-24 21:57:10', '2018-04-24 21:57:10'),
(118, 117, 0, 1, '2018-04-24 21:30:02', '2018-04-24 21:53:23'),
(117, 0, 0, 1, '2018-04-24 21:19:12', '2018-04-24 21:27:41'),
(105, 91, 0, 1, '2018-03-23 12:54:43', '2018-03-23 12:55:19'),
(104, 100, 0, 1, '2018-03-23 12:49:48', '2018-03-23 12:51:26'),
(103, 91, 0, 1, '2018-03-22 22:11:41', '2019-06-11 11:51:24'),
(120, 91, 0, 1, '2018-04-25 19:16:44', '2018-04-25 19:17:02'),
(124, 81, 0, 1, '2018-05-14 19:58:35', '2018-05-14 20:00:20'),
(100, 0, 0, 1, '2018-03-22 19:28:14', '2018-03-23 13:19:41'),
(108, 77, 0, 1, '2018-03-23 13:05:25', '2018-03-23 13:05:25'),
(107, 77, 0, 1, '2018-03-23 13:03:30', '2019-04-16 18:49:20'),
(106, 91, 0, 1, '2018-03-23 12:56:15', '2018-03-23 12:56:15'),
(111, 77, 0, 1, '2018-03-23 13:28:46', '2018-03-23 13:28:46'),
(110, 0, 0, 1, '2018-03-23 13:13:10', '2018-03-23 13:13:10'),
(109, 77, 0, 1, '2018-03-23 13:08:17', '2018-03-23 13:08:17'),
(98, 92, 0, 1, '2018-03-20 21:50:25', '2018-03-20 21:52:57'),
(97, 93, 0, 1, '2018-03-20 21:43:57', '2018-03-20 21:43:57'),
(96, 80, 0, 1, '2018-03-20 21:34:47', '2018-03-20 21:39:56'),
(94, 81, 0, 1, '2018-03-20 20:47:55', '2018-03-20 21:05:42'),
(93, 80, 0, 1, '2018-03-20 20:15:05', '2018-03-20 20:19:50'),
(91, 0, 3, 1, '2018-03-20 20:02:56', '2019-07-17 13:11:24'),
(112, 91, 0, 1, '2018-03-23 14:18:23', '2018-03-23 14:18:23'),
(116, 80, 0, 1, '2018-04-14 13:38:07', '2018-04-14 13:38:07'),
(115, 80, 0, 1, '2018-04-14 13:37:19', '2018-04-14 13:37:19'),
(114, 80, 0, 1, '2018-04-14 13:36:21', '2018-04-14 13:36:21'),
(92, 80, 0, 1, '2018-03-20 20:13:51', '2018-03-20 20:24:36'),
(89, 80, 0, 1, '2018-03-20 19:48:46', '2018-03-22 19:25:14'),
(88, 86, 0, 1, '2018-03-19 21:17:50', '2018-03-19 21:25:55'),
(71, 103, 10, 1, '2017-10-13 04:14:31', '2019-01-18 08:48:51'),
(72, 71, 0, 1, '2017-10-13 16:02:48', '2018-03-20 20:59:21'),
(73, 91, 0, 1, '2017-10-13 16:05:01', '2018-03-20 21:02:46'),
(74, 91, 0, 1, '2017-10-13 16:09:01', '2018-03-20 21:00:21'),
(75, 91, 0, 1, '2017-10-13 16:14:49', '2018-03-20 20:53:24'),
(95, 80, 0, 1, '2018-03-20 21:23:11', '2018-03-20 21:31:47'),
(77, 0, 4, 1, '2017-10-13 17:00:46', '2018-03-20 20:56:29'),
(87, 86, 0, 1, '2018-03-19 21:16:08', '2018-03-20 20:10:24'),
(86, 100, 0, 1, '2018-03-19 21:10:16', '2018-03-22 19:51:08'),
(80, 0, 1, 1, '2017-10-13 17:16:54', '2018-03-20 20:37:23'),
(81, 0, 2, 1, '2017-10-13 17:20:19', '2019-01-18 08:40:45'),
(82, 71, 0, 1, '2017-10-13 17:33:21', '2017-10-13 17:33:21'),
(83, 0, 11, 1, '2017-11-06 12:50:02', '2018-03-20 21:08:04'),
(113, 80, 0, 1, '2018-04-14 13:34:46', '2018-04-14 13:34:46'),
(121, 91, 0, 1, '2018-04-25 19:34:01', '2019-01-20 19:23:03'),
(125, 81, 0, 1, '2018-05-14 20:01:02', '2018-05-14 20:01:02'),
(126, 81, 0, 1, '2018-05-14 20:03:03', '2018-05-14 20:03:03'),
(127, 103, 0, 1, '2018-06-11 07:55:05', '2018-06-11 07:55:05'),
(128, 81, 0, 1, '2018-09-09 12:44:02', '2018-09-09 12:44:02'),
(129, 103, 0, 1, '2018-09-27 16:59:00', '2019-03-02 08:24:00'),
(130, 103, 0, 1, '2018-09-27 17:04:05', '2018-09-27 17:05:21'),
(131, 100, 0, 1, '2018-11-06 09:22:16', '2018-11-06 09:28:03'),
(132, 86, 0, 1, '2018-12-05 12:34:07', '2018-12-05 12:34:07'),
(133, 86, 0, 1, '2018-12-05 12:36:12', '2018-12-05 12:36:27'),
(134, 117, 0, 1, '2018-12-05 13:12:15', '2018-12-07 12:58:13'),
(135, 81, 0, 1, '2019-01-11 19:09:33', '2019-01-11 19:09:33'),
(136, 137, 0, 1, '2019-01-18 08:18:21', '2019-01-18 08:47:55'),
(137, 0, 0, 1, '2019-01-18 08:43:02', '2019-01-18 08:43:09'),
(138, 81, 0, 1, '2019-03-01 18:12:54', '2019-03-01 18:12:54'),
(139, 81, 0, 1, '2019-03-25 10:58:48', '2019-03-25 10:58:48'),
(140, 0, 100, 1, '2019-03-26 19:11:12', '2019-03-26 19:12:38'),
(141, 140, 100, 1, '2019-03-26 19:15:20', '2019-03-26 19:15:20'),
(142, 107, 0, 1, '2019-05-07 16:17:57', '2019-05-07 16:21:33'),
(143, 107, 0, 1, '2019-05-07 16:25:00', '2019-05-07 16:25:11'),
(144, 107, 0, 1, '2019-05-07 16:27:36', '2019-05-07 16:28:25'),
(145, 107, 0, 1, '2019-05-07 16:30:57', '2019-05-07 16:32:28'),
(146, 107, 0, 1, '2019-05-07 16:37:29', '2019-05-07 16:38:58'),
(147, 107, 0, 1, '2019-05-07 16:41:13', '2019-05-07 16:41:13'),
(148, 107, 0, 1, '2019-05-07 16:44:11', '2019-05-07 16:44:11'),
(149, 0, 0, 1, '2019-06-11 11:43:50', '2019-06-11 11:49:53'),
(150, 149, 0, 1, '2019-06-11 11:46:37', '2019-06-11 11:47:58'),
(151, 91, 0, 1, '2019-07-17 13:05:50', '2019-07-17 13:05:50'),
(152, 100, 0, 1, '2020-02-03 15:56:38', '2020-02-03 15:57:13');

-- --------------------------------------------------------

--
-- Table structure for table `ab1l_categories_to_stores`
--

CREATE TABLE `ab1l_categories_to_stores` (
  `category_id` int(11) NOT NULL,
  `store_id` int(11) NOT NULL
) ENGINE=MyISAM DEFAULT CHARSET=utf8;

--
-- Dumping data for table `ab1l_categories_to_stores`
--

INSERT INTO `ab1l_categories_to_stores` (`category_id`, `store_id`) VALUES
(71, 0),
(72, 0),
(73, 0),
(74, 0),
(75, 0),
(77, 0),
(80, 0),
(81, 0),
(82, 0),
(83, 0),
(86, 0),
(87, 0),
(88, 0),
(89, 0),
(91, 0),
(92, 0),
(93, 0),
(94, 0),
(95, 0),
(96, 0),
(97, 0),
(98, 0),
(100, 0),
(101, 0),
(102, 0),
(103, 0),
(104, 0),
(105, 0),
(106, 0),
(107, 0),
(108, 0),
(109, 0),
(110, 0),
(111, 0),
(112, 0),
(113, 0),
(114, 0),
(115, 0),
(116, 0),
(117, 0),
(118, 0),
(119, 0),
(120, 0),
(121, 0),
(122, 0),
(124, 0),
(125, 0),
(126, 0),
(127, 0),
(128, 0),
(129, 0),
(130, 0),
(131, 0),
(132, 0),
(133, 0),
(134, 0),
(135, 0),
(136, 0),
(137, 0),
(138, 0),
(139, 0),
(140, 0),
(141, 0),
(142, 0),
(143, 0),
(144, 0),
(145, 0),
(146, 0),
(147, 0),
(148, 0),
(149, 0),
(150, 0),
(151, 0),
(152, 0);

-- --------------------------------------------------------

--
-- Table structure for table `ab1l_category_descriptions`
--

CREATE TABLE `ab1l_category_descriptions` (
  `category_id` int(11) NOT NULL,
  `language_id` int(11) NOT NULL,
  `name` varchar(255) NOT NULL DEFAULT '' COMMENT 'translatable',
  `meta_keywords` varchar(255) NOT NULL COMMENT 'translatable',
  `meta_description` varchar(255) NOT NULL COMMENT 'translatable',
  `description` text NOT NULL COMMENT 'translatable'
) ENGINE=MyISAM DEFAULT CHARSET=utf8;

--
-- Dumping data for table `ab1l_category_descriptions`
--

INSERT INTO `ab1l_category_descriptions` (`category_id`, `language_id`, `name`, `meta_keywords`, `meta_description`, `description`) VALUES
(112, 2, 'Monitor', 'Monitor', 'Monitor', ''),
(113, 2, 'Visitor Chair', 'Visitor Chair', 'Visitor Chair', ''),
(114, 1, 'Executive Table', 'Executive Table', 'Executive Table', ''),
(114, 2, 'Executive Table', 'Executive Table', 'Executive Table', ''),
(115, 1, 'Director Table', 'Director Table', 'Director Table', ''),
(111, 1, 'Camera', 'Camera', 'Camera', ''),
(110, 2, 'Advertising', 'Advertising', 'Advertising', ''),
(106, 2, 'Scanner', 'Scanner', 'Scanner', ''),
(107, 1, 'Air Conditioner', 'Air Conditioner', 'Air Conditioner', ''),
(107, 2, 'Air Conditioner', 'Air Conditioner', 'Air Conditioner', ''),
(108, 1, 'Refrigerator', 'Refrigerator', 'Refrigerator', ''),
(108, 2, 'Refrigerator', 'Refrigerator', 'Refrigerator', ''),
(109, 1, 'Television', 'Television', 'Television', ''),
(101, 2, 'Access Control', 'Access Control', 'Access Control', ''),
(101, 1, 'Access Control', 'Access Control', 'Access Control', ''),
(98, 2, 'Office Table', 'Office Table', 'Office Table', ''),
(100, 2, 'Security', 'Security', 'Security', ''),
(94, 1, 'Ceiling', 'Ceiling', 'Ceiling', ''),
(88, 2, 'Others', 'Others', 'Others', ''),
(89, 1, 'Locker', 'Locker', 'Locker', ''),
(89, 2, 'Locker', 'Locker', 'Locker', ''),
(92, 2, 'Office', '', '', ''),
(92, 1, 'Office', '', '', ''),
(91, 1, 'Technology', 'Technology', 'Technology', ''),
(91, 2, 'IT Accessories', 'IT Accessories', 'IT Accessories', ''),
(112, 1, 'Monitor', 'Monitor', 'Monitor', ''),
(111, 2, 'Camera', 'Camera', 'Camera', ''),
(110, 1, 'Advertising', 'Advertising', 'Advertising', ''),
(109, 2, 'Television', 'Television', 'Television', ''),
(103, 1, 'Telephony', 'Telephony', 'Telephony', ''),
(103, 2, 'Telephony', 'Telephony', 'Telephony', ''),
(104, 1, 'Antivirus', 'Antivirus', 'Antivirus', ''),
(104, 2, 'Antivirus', 'Antivirus', 'Antivirus', ''),
(105, 1, 'Printer', 'Printer', 'Printer', ''),
(105, 2, 'Printer', 'Printer', 'Printer', ''),
(106, 1, 'Scanner', 'Scanner', 'Scanner', ''),
(102, 2, 'Attendance', 'Attendance', 'Attendance', ''),
(102, 1, 'Attendance', 'Attendance', 'Attendance', ''),
(100, 1, 'Security', 'Security', 'Security', ''),
(94, 2, 'Ceiling', 'Ceiling', 'Ceiling', ''),
(97, 1, 'Bed', 'Bed', 'Bed', ''),
(97, 2, 'Bed', 'Bed', 'Bed', ''),
(98, 1, 'Office Table', 'Office Table', 'Office Table', ''),
(93, 2, 'Home', 'Home', 'Home', ''),
(93, 1, 'Home', 'Home', 'Home', ''),
(88, 1, 'Others', 'Others', 'Others', ''),
(71, 2, 'Mobile', 'Mobile', 'Mobile', '&lt;p&gt;\r\n	Products from award-winning skin care brands&lt;/p&gt;\r\n'),
(71, 1, 'Mobile', 'Mobile', 'Mobile', ''),
(72, 1, 'tablets ', 'tablets ', 'tablets ', ''),
(72, 2, 'tablets ', 'tablets ', 'tablets ', ''),
(73, 1, 'Laptop ', 'Laptop ', 'Laptop ', ''),
(73, 2, 'Laptop ', 'Laptop ', 'Laptop ', ''),
(74, 1, 'Desktop', 'Desktop ', 'Desktop ', ''),
(74, 2, 'Desktop', 'Desktop ', 'Desktop ', ''),
(75, 1, 'Server ', 'Server ', 'Server ', ''),
(75, 2, 'Server ', 'Server ', 'Server ', ''),
(96, 1, 'Sofa', 'Sofa', 'Sofa', ''),
(96, 2, 'Sofa', 'Sofa', 'Sofa', ''),
(95, 1, 'Chair', 'Chair', 'Chair', ''),
(95, 2, 'Chair', 'Chair', 'Chair', ''),
(77, 1, 'Electronics ', 'Electronics ', 'Electronics ', ''),
(77, 2, 'Electronics ', 'Electronics ', 'Electronics ', ''),
(87, 2, 'Dahua', 'Dahua', 'Dahua', ''),
(87, 1, 'Dahua', 'Dahua', 'Dahua', ''),
(86, 2, 'CC Camera', 'CC Camera', 'CC Camera', ''),
(86, 1, 'CC Camera', 'CC Camera', 'CC Camera', ''),
(80, 1, ' Furnitures', ' Furnitures', ' Furnitures', ''),
(80, 2, ' Furnitures', ' Furnitures', ' Furnitures', ''),
(81, 1, 'Interior', 'Interior design', 'Interior design', ''),
(81, 2, 'Interior design', 'Interior design', 'Interior design', ''),
(82, 1, 'Nokia', 'Nokia', 'Nokia', ''),
(82, 2, 'Nokia', 'Nokia', 'Nokia', ''),
(83, 1, 'Medical', '', '', ''),
(83, 2, 'Medical', '', '', ''),
(113, 1, 'Visitor Chair', 'Visitor Chair', 'Visitor Chair', ''),
(121, 1, 'Networking', 'Networking', 'Networking', ''),
(115, 2, 'Director Table', 'Director Table', 'Director Table', ''),
(116, 1, 'Meeting Table', 'Meeting Table', 'Meeting Table', 'Meeting Table'),
(116, 2, 'Meeting Table', 'Meeting Table', 'Meeting Table', 'Meeting Table'),
(117, 1, 'Power', 'Power', 'Power', ''),
(117, 2, 'Power', 'Power', 'Power', ''),
(118, 1, 'Power Plants', 'Construction of power plants', 'Construction of power plants', 'construction-of-power-plants'),
(118, 2, 'Power Plants', 'Construction of power plants', 'Construction of power plants', 'construction-of-power-plants'),
(119, 1, 'Generator', 'Generator', 'Generator', ''),
(119, 2, 'Generator', 'Generator', 'Generator', ''),
(120, 1, 'Server Rack', 'Server Rack', 'Server Rack', ''),
(120, 2, 'Server Rack', 'Server Rack', 'Server Rack', ''),
(121, 2, 'Networking', 'Networking', 'Networking', ''),
(122, 1, 'Accessories', 'IT Accessories', 'IT Accessories', 'Other IT Accessories'),
(122, 2, 'Other IT Accessories', 'Other IT Accessories', 'Other IT Accessories', 'Other IT Accessories'),
(124, 1, 'Reception Desk', 'Reception Desk', 'Reception Desk', ''),
(124, 2, 'Reception Desk', 'Reception Desk', 'Reception Desk', ''),
(125, 1, 'Thai And Glass', 'Thai And Glass', 'Thai And Glass', ''),
(125, 2, 'Thai And Glass', 'Thai And Glass', 'Thai And Glass', ''),
(126, 1, 'Board Decoration', 'Board Decoration', 'Board Decoration', ''),
(126, 2, 'Board Decoration', 'Board Decoration', 'Board Decoration', ''),
(127, 1, 'IP Phone', 'IP Phone', 'IP Phone', ''),
(127, 2, 'IP Phone', 'IP Phone', 'IP Phone', ''),
(128, 1, 'Office Decoration', '', '', ''),
(128, 2, 'Office Decoration', '', '', ''),
(129, 1, 'PABX', 'PABX', 'PABX', ''),
(129, 2, 'PABX', 'PABX', 'PABX', ''),
(130, 1, 'Land Phone', 'Land Phone', 'Land Phone', ''),
(130, 2, 'Land Phone', 'Land Phone', 'Land Phone', ''),
(131, 1, 'Fire Safe', 'Fire Safe Equipment', 'Fire Safe Equipment', ''),
(131, 2, 'Fire Safe', 'Fire Safe Equipment', 'Fire Safe Equipment', ''),
(132, 1, 'Hikvision', 'Hikvision', 'Hikvision', ''),
(132, 2, 'Hikvision', 'Hikvision', 'Hikvision', ''),
(133, 1, 'NVR / XVR / DVR', 'NVR / XVR / DVR', 'NVR / XVR / DVR', ''),
(133, 2, 'NVR / XVR / DVR', 'NVR / XVR / DVR', 'NVR / XVR / DVR', ''),
(134, 1, 'Accessories', 'Electrical accessories', 'Electrical accessories', ''),
(134, 2, 'Accessories', 'Electrical accessories', 'Electrical accessories', ''),
(135, 1, 'Work Station', 'Work Station', 'Work Station', ''),
(135, 2, 'Work Station', 'Work Station', 'Work Station', ''),
(136, 1, 'Excavator', 'excavator', 'excavator', ''),
(136, 2, 'Excavator', 'excavator', 'excavator', ''),
(137, 1, 'Machinery', 'Machinery', 'Machinery', ''),
(137, 2, 'Machinery', 'Machinery', 'Machinery', ''),
(138, 1, 'Conference Room', 'Conference Room', 'Conference Room', ''),
(138, 2, 'Conference Room', 'Conference Room', 'Conference Room', ''),
(139, 1, 'Home Decoration', 'Home Decoration', 'Home Decoration', ''),
(139, 2, 'Home Decoration', 'Home Decoration', 'Home Decoration', ''),
(140, 1, 'Corporate', 'Corporate', 'Corporate', ''),
(140, 2, 'Corporate', 'Corporate', 'Corporate', ''),
(141, 1, 'Vendor', 'Vendor', 'Vendor', ''),
(141, 2, 'Vendor', 'Vendor', 'Vendor', ''),
(142, 1, 'General', 'General', 'General', ''),
(142, 2, 'General', 'General', 'General', ''),
(143, 1, 'Carrier', 'Carrier', 'Carrier', ''),
(143, 2, 'Carrier', 'Carrier', 'Carrier', ''),
(144, 1, 'Hitachi', 'Hitachi', 'Hitachi', ''),
(144, 2, 'Hitachi', 'Hitachi', 'Hitachi', ''),
(145, 1, 'Wall Type', 'Wall Type', 'Wall Type', ''),
(145, 2, 'Wall Type', 'Wall Type', 'Wall Type', ''),
(146, 1, 'Ceiling Type', 'Ceiling Type', 'Ceiling Type', ''),
(146, 2, 'Ceiling Type', 'Ceiling Type', 'Ceiling Type', ''),
(147, 1, 'Cassette Type', 'Cassette Type', 'Cassette Type', ''),
(147, 2, 'Cassette Type', 'Cassette Type', 'Cassette Type', ''),
(148, 1, 'Duct Type', 'Duct Type', 'Duct Type', ''),
(148, 2, 'Duct Type', 'Duct Type', 'Duct Type', ''),
(149, 1, 'Construction', 'Construction', 'Construction', ''),
(149, 2, 'Construction', 'Construction', 'Construction', ''),
(150, 1, 'Equipment', 'Equipment', 'Equipment', ''),
(150, 2, 'Equipment', 'Equipment', 'Equipment', ''),
(151, 1, 'IT Service', '', '', ''),
(151, 2, 'IT Service', '', '', ''),
(152, 1, 'Digital Locker', 'Digital Locker', 'Digital Locker', ''),
(152, 2, 'Digital Locker', 'Digital Locker', 'Digital Locker', '');

-- --------------------------------------------------------

--
-- Table structure for table `ab1l_contents`
--

CREATE TABLE `ab1l_contents` (
  `content_id` int(11) NOT NULL,
  `parent_content_id` int(11) NOT NULL DEFAULT 0,
  `sort_order` int(3) NOT NULL DEFAULT 0,
  `status` int(1) NOT NULL DEFAULT 0
) ENGINE=MyISAM DEFAULT CHARSET=utf8;

--
-- Dumping data for table `ab1l_contents`
--

INSERT INTO `ab1l_contents` (`content_id`, `parent_content_id`, `sort_order`, `status`) VALUES
(1, 0, 1, 1),
(2, 0, 2, 1),
(3, 0, 3, 1),
(4, 0, 4, 1),
(6, 0, 0, 1);

-- --------------------------------------------------------

--
-- Table structure for table `ab1l_contents_to_stores`
--

CREATE TABLE `ab1l_contents_to_stores` (
  `content_id` int(11) NOT NULL,
  `store_id` int(11) NOT NULL
) ENGINE=MyISAM DEFAULT CHARSET=utf8;

--
-- Dumping data for table `ab1l_contents_to_stores`
--

INSERT INTO `ab1l_contents_to_stores` (`content_id`, `store_id`) VALUES
(6, 0);

-- --------------------------------------------------------

--
-- Table structure for table `ab1l_content_descriptions`
--

CREATE TABLE `ab1l_content_descriptions` (
  `content_id` int(10) NOT NULL DEFAULT 0,
  `language_id` int(11) NOT NULL,
  `name` varchar(255) NOT NULL COMMENT 'translatable',
  `title` varchar(255) NOT NULL COMMENT 'translatable',
  `description` varchar(255) NOT NULL DEFAULT '' COMMENT 'translatable',
  `content` longtext NOT NULL COMMENT 'translatable',
  `date_added` timestamp NOT NULL DEFAULT '0000-00-00 00:00:00',
  `date_modified` timestamp NOT NULL DEFAULT current_timestamp() ON UPDATE current_timestamp(),
  `meta_keywords` varchar(255) NOT NULL COMMENT 'translatable',
  `meta_description` varchar(255) NOT NULL COMMENT 'translatable'
) ENGINE=MyISAM DEFAULT CHARSET=utf8;

--
-- Dumping data for table `ab1l_content_descriptions`
--

INSERT INTO `ab1l_content_descriptions` (`content_id`, `language_id`, `name`, `title`, `description`, `content`, `date_added`, `date_modified`, `meta_keywords`, `meta_description`) VALUES
(1, 1, 'About Us', 'About Us', 'some description', 'text about your store', '2017-10-11 10:30:00', '2017-10-11 10:30:00', '', ''),
(2, 1, 'Privacy Policy', 'Privacy Policy', 'some description', 'some text about privacy policy', '2017-10-11 10:30:00', '2017-10-11 10:30:00', '', ''),
(3, 1, 'Return Policy', 'Return Policy', 'some description', 'some text about return policy', '2017-10-11 10:30:00', '2017-10-11 10:30:00', '', ''),
(4, 1, 'Shipping', 'Shipping', 'some description', 'some text about shipping', '2017-10-11 10:30:00', '2017-10-11 10:30:00', '', ''),
(1, 9, 'Acerca de Nosotros', 'Acerca de Nosotros', 'alguna descripción', 'texto acerca de su tienda', '2017-10-11 10:30:00', '2017-10-11 10:30:00', '', ''),
(2, 9, 'Política de Privacidad', 'Política de Privacidad', 'alguna descripción', 'un texto sobre la política', '2017-10-11 10:30:00', '2017-10-11 10:30:00', '', ''),
(3, 9, 'Política de devoluciones', 'Política de devoluciones', 'alguna descripción', 'un texto sobre la política de retorno', '2017-10-11 10:30:00', '2017-10-11 10:30:00', '', ''),
(4, 9, 'Entrega', 'Entrega', 'alguna descripción', 'un texto sobre el envío', '2017-10-11 10:30:00', '2017-10-11 10:30:00', '', ''),
(1, 2, 'About Us', 'About Us', 'some description', 'text about your store', '2017-10-11 10:30:00', '2017-10-11 10:30:00', '', ''),
(2, 2, 'Privacy Policy', 'Privacy Policy', 'some description', 'some text about privacy policy', '2017-10-11 10:30:00', '2017-10-11 10:30:00', '', ''),
(3, 2, 'Return Policy', 'Return Policy', 'some description', 'some text about return policy', '2017-10-11 10:30:00', '2017-10-11 10:30:00', '', ''),
(4, 2, 'Shipping', 'Shipping', 'some description', 'some text about shipping', '2017-10-11 10:30:00', '2017-10-11 10:30:00', '', ''),
(6, 1, '', 'Payment Method', '', '&lt;h1&gt;&lt;strong&gt;Bank Information - BD -&lt;/strong&gt;&lt;/h1&gt;&lt;!--n--&gt;&lt;br /&gt;&lt;img src=&quot;resources/image/18/8d/2.jpg&quot; /&gt;&lt;br /&gt;&lt;!--n--&gt;&lt;h2&gt;&lt;strong&gt;Bank Name: BRAC Bank Limited&lt;/strong&gt;&lt;br /&gt;&lt;strong&gt;Payee Name: E1brand&lt;/strong&gt;&lt;br /&gt;&lt;strong&gt;SWIFT Code: BRAKBDDH&lt;/strong&gt;&lt;br /&gt;&lt;strong&gt;Account: 1525 2039 8088 2001&lt;/strong&gt;&lt;br /&gt;&lt;strong&gt;Country: Bangladesh&lt;br /&gt;&lt;br /&gt;&lt;br /&gt;&lt;br /&gt;&lt;/strong&gt;&lt;/h2&gt;&lt;h1&gt;&lt;strong&gt;VISA Card Payment - UK -&lt;br /&gt;&lt;img src=&quot;resources/image/18/8d/3.jpg&quot; /&gt;&lt;/strong&gt;&lt;/h1&gt;&lt;h2&gt;&lt;strong&gt;Beneficiary: &lt;/strong&gt;&lt;strong&gt;Md Jasim Uddin&lt;br /&gt;&lt;/strong&gt;&lt;strong&gt;IBAN: GB44 REVO 0099 7066 1443 60&lt;/strong&gt;&lt;br /&gt;&lt;strong&gt;BIC: RVEOGB21&lt;br /&gt;&lt;/strong&gt;&lt;/h2&gt;&lt;h2&gt;&lt;strong&gt;&lt;br /&gt;&lt;/strong&gt;&lt;!--n--&gt;&lt;/h2&gt;', '0000-00-00 00:00:00', '2019-04-13 08:56:03', '', ''),
(6, 2, '', 'Payment', '', 'Bank Information -\r\nBank', '0000-00-00 00:00:00', '2019-04-12 18:38:39', '', '');

-- --------------------------------------------------------

--
-- Table structure for table `ab1l_countries`
--

CREATE TABLE `ab1l_countries` (
  `country_id` int(11) NOT NULL,
  `iso_code_2` varchar(2) NOT NULL DEFAULT '',
  `iso_code_3` varchar(3) NOT NULL DEFAULT '',
  `address_format` text NOT NULL,
  `status` int(1) NOT NULL DEFAULT 1,
  `sort_order` int(3) NOT NULL DEFAULT 0
) ENGINE=MyISAM DEFAULT CHARSET=utf8;

--
-- Dumping data for table `ab1l_countries`
--

INSERT INTO `ab1l_countries` (`country_id`, `iso_code_2`, `iso_code_3`, `address_format`, `status`, `sort_order`) VALUES
(1, 'AF', 'AFG', '', 1, 0),
(2, 'AL', 'ALB', '', 1, 0),
(3, 'DZ', 'DZA', '', 1, 0),
(4, 'AS', 'ASM', '', 1, 0),
(5, 'AD', 'AND', '', 1, 0),
(6, 'AO', 'AGO', '', 1, 0),
(7, 'AI', 'AIA', '', 1, 0),
(8, 'AQ', 'ATA', '', 1, 0),
(9, 'AG', 'ATG', '', 1, 0),
(10, 'AR', 'ARG', '', 1, 0),
(11, 'AM', 'ARM', '', 1, 0),
(12, 'AW', 'ABW', '', 1, 0),
(13, 'AU', 'AUS', '', 1, 0),
(14, 'AT', 'AUT', '', 1, 0),
(15, 'AZ', 'AZE', '', 1, 0),
(16, 'BS', 'BHS', '', 1, 0),
(17, 'BH', 'BHR', '', 1, 0),
(18, 'BD', 'BGD', '', 1, 0),
(19, 'BB', 'BRB', '', 1, 0),
(20, 'BY', 'BLR', '', 1, 0),
(21, 'BE', 'BEL', '', 1, 0),
(22, 'BZ', 'BLZ', '', 1, 0),
(23, 'BJ', 'BEN', '', 1, 0),
(24, 'BM', 'BMU', '', 1, 0),
(25, 'BT', 'BTN', '', 1, 0),
(26, 'BO', 'BOL', '', 1, 0),
(27, 'BA', 'BIH', '', 1, 0),
(28, 'BW', 'BWA', '', 1, 0),
(29, 'BV', 'BVT', '', 1, 0),
(30, 'BR', 'BRA', '', 1, 0),
(31, 'IO', 'IOT', '', 1, 0),
(32, 'BN', 'BRN', '', 1, 0),
(33, 'BG', 'BGR', '', 1, 0),
(34, 'BF', 'BFA', '', 1, 0),
(35, 'BI', 'BDI', '', 1, 0),
(36, 'KH', 'KHM', '', 1, 0),
(37, 'CM', 'CMR', '', 1, 0),
(38, 'CA', 'CAN', '', 1, 0),
(39, 'CV', 'CPV', '', 1, 0),
(40, 'KY', 'CYM', '', 1, 0),
(41, 'CF', 'CAF', '', 1, 0),
(42, 'TD', 'TCD', '', 1, 0),
(43, 'CL', 'CHL', '', 1, 0),
(44, 'CN', 'CHN', '', 1, 0),
(45, 'CX', 'CXR', '', 1, 0),
(46, 'CC', 'CCK', '', 1, 0),
(47, 'CO', 'COL', '', 1, 0),
(48, 'KM', 'COM', '', 1, 0),
(49, 'CG', 'COG', '', 1, 0),
(50, 'CK', 'COK', '', 1, 0),
(51, 'CR', 'CRI', '', 1, 0),
(52, 'CI', 'CIV', '', 1, 0),
(53, 'HR', 'HRV', '', 1, 0),
(54, 'CU', 'CUB', '', 1, 0),
(55, 'CY', 'CYP', '', 1, 0),
(56, 'CZ', 'CZE', '', 1, 0),
(57, 'DK', 'DNK', '', 1, 0),
(58, 'DJ', 'DJI', '', 1, 0),
(59, 'DM', 'DMA', '', 1, 0),
(60, 'DO', 'DOM', '', 1, 0),
(61, 'TP', 'TMP', '', 1, 0),
(62, 'EC', 'ECU', '', 1, 0),
(63, 'EG', 'EGY', '', 1, 0),
(64, 'SV', 'SLV', '', 1, 0),
(65, 'GQ', 'GNQ', '', 1, 0),
(66, 'ER', 'ERI', '', 1, 0),
(67, 'EE', 'EST', '', 1, 0),
(68, 'ET', 'ETH', '', 1, 0),
(69, 'FK', 'FLK', '', 1, 0),
(70, 'FO', 'FRO', '', 1, 0),
(71, 'FJ', 'FJI', '', 1, 0),
(72, 'FI', 'FIN', '', 1, 0),
(73, 'FR', 'FRA', '', 1, 0),
(74, 'FX', 'FXX', '', 1, 0),
(75, 'GF', 'GUF', '', 1, 0),
(76, 'PF', 'PYF', '', 1, 0),
(77, 'TF', 'ATF', '', 1, 0),
(78, 'GA', 'GAB', '', 1, 0),
(79, 'GM', 'GMB', '', 1, 0),
(80, 'GE', 'GEO', '', 1, 0),
(81, 'DE', 'DEU', '', 1, 0),
(82, 'GH', 'GHA', '', 1, 0),
(83, 'GI', 'GIB', '', 1, 0),
(84, 'GR', 'GRC', '', 1, 0),
(85, 'GL', 'GRL', '', 1, 0),
(86, 'GD', 'GRD', '', 1, 0),
(87, 'GP', 'GLP', '', 1, 0),
(88, 'GU', 'GUM', '', 1, 0),
(89, 'GT', 'GTM', '', 1, 0),
(90, 'GN', 'GIN', '', 1, 0),
(91, 'GW', 'GNB', '', 1, 0),
(92, 'GY', 'GUY', '', 1, 0),
(93, 'HT', 'HTI', '', 1, 0),
(94, 'HM', 'HMD', '', 1, 0),
(95, 'HN', 'HND', '', 1, 0),
(96, 'HK', 'HKG', '', 1, 0),
(97, 'HU', 'HUN', '', 1, 0),
(98, 'IS', 'ISL', '', 1, 0),
(99, 'IN', 'IND', '', 1, 0),
(100, 'ID', 'IDN', '', 1, 0),
(101, 'IR', 'IRN', '', 1, 0),
(102, 'IQ', 'IRQ', '', 1, 0),
(103, 'IE', 'IRL', '', 1, 0),
(104, 'IL', 'ISR', '', 1, 0),
(105, 'IT', 'ITA', '', 1, 0),
(106, 'JM', 'JAM', '', 1, 0),
(107, 'JP', 'JPN', '', 1, 0),
(108, 'JO', 'JOR', '', 1, 0),
(109, 'KZ', 'KAZ', '', 1, 0),
(110, 'KE', 'KEN', '', 1, 0),
(111, 'KI', 'KIR', '', 1, 0),
(112, 'KP', 'PRK', '', 1, 0),
(113, 'KR', 'KOR', '', 1, 0),
(114, 'KW', 'KWT', '', 1, 0),
(115, 'KG', 'KGZ', '', 1, 0),
(116, 'LA', 'LAO', '', 1, 0),
(117, 'LV', 'LVA', '', 1, 0),
(118, 'LB', 'LBN', '', 1, 0),
(119, 'LS', 'LSO', '', 1, 0),
(120, 'LR', 'LBR', '', 1, 0),
(121, 'LY', 'LBY', '', 1, 0),
(122, 'LI', 'LIE', '', 1, 0),
(123, 'LT', 'LTU', '', 1, 0),
(124, 'LU', 'LUX', '', 1, 0),
(125, 'MO', 'MAC', '', 1, 0),
(126, 'MK', 'MKD', '', 1, 0),
(127, 'MG', 'MDG', '', 1, 0),
(128, 'MW', 'MWI', '', 1, 0),
(129, 'MY', 'MYS', '', 1, 0),
(130, 'MV', 'MDV', '', 1, 0),
(131, 'ML', 'MLI', '', 1, 0),
(132, 'MT', 'MLT', '', 1, 0),
(133, 'MH', 'MHL', '', 1, 0),
(134, 'MQ', 'MTQ', '', 1, 0),
(135, 'MR', 'MRT', '', 1, 0),
(136, 'MU', 'MUS', '', 1, 0),
(137, 'YT', 'MYT', '', 1, 0),
(138, 'MX', 'MEX', '', 1, 0),
(139, 'FM', 'FSM', '', 1, 0),
(140, 'MD', 'MDA', '', 1, 0),
(141, 'MC', 'MCO', '', 1, 0),
(142, 'MN', 'MNG', '', 1, 0),
(143, 'MS', 'MSR', '', 1, 0),
(144, 'MA', 'MAR', '', 1, 0),
(145, 'MZ', 'MOZ', '', 1, 0),
(146, 'MM', 'MMR', '', 1, 0),
(147, 'NA', 'NAM', '', 1, 0),
(148, 'NR', 'NRU', '', 1, 0),
(149, 'NP', 'NPL', '', 1, 0),
(150, 'NL', 'NLD', '', 1, 0),
(151, 'AN', 'ANT', '', 1, 0),
(152, 'NC', 'NCL', '', 1, 0),
(153, 'NZ', 'NZL', '', 1, 0),
(154, 'NI', 'NIC', '', 1, 0),
(155, 'NE', 'NER', '', 1, 0),
(156, 'NG', 'NGA', '', 1, 0),
(157, 'NU', 'NIU', '', 1, 0),
(158, 'NF', 'NFK', '', 1, 0),
(159, 'MP', 'MNP', '', 1, 0),
(160, 'NO', 'NOR', '', 1, 0),
(161, 'OM', 'OMN', '', 1, 0),
(162, 'PK', 'PAK', '', 1, 0),
(163, 'PW', 'PLW', '', 1, 0),
(164, 'PA', 'PAN', '', 1, 0),
(165, 'PG', 'PNG', '', 1, 0),
(166, 'PY', 'PRY', '', 1, 0),
(167, 'PE', 'PER', '', 1, 0),
(168, 'PH', 'PHL', '', 1, 0),
(169, 'PN', 'PCN', '', 1, 0),
(170, 'PL', 'POL', '', 1, 0),
(171, 'PT', 'PRT', '', 1, 0),
(172, 'PR', 'PRI', '', 1, 0),
(173, 'QA', 'QAT', '', 1, 0),
(174, 'RE', 'REU', '', 1, 0),
(175, 'RO', 'ROM', '', 1, 0),
(176, 'RU', 'RUS', '', 1, 0),
(177, 'RW', 'RWA', '', 1, 0),
(178, 'KN', 'KNA', '', 1, 0),
(179, 'LC', 'LCA', '', 1, 0),
(180, 'VC', 'VCT', '', 1, 0),
(181, 'WS', 'WSM', '', 1, 0),
(182, 'SM', 'SMR', '', 1, 0),
(183, 'ST', 'STP', '', 1, 0),
(184, 'SA', 'SAU', '', 1, 0),
(185, 'SN', 'SEN', '', 1, 0),
(186, 'SC', 'SYC', '', 1, 0),
(187, 'SL', 'SLE', '', 1, 0),
(188, 'SG', 'SGP', '', 1, 0),
(189, 'SK', 'SVK', '', 1, 0),
(190, 'SI', 'SVN', '', 1, 0),
(191, 'SB', 'SLB', '', 1, 0),
(192, 'SO', 'SOM', '', 1, 0),
(193, 'ZA', 'ZAF', '', 1, 0),
(194, 'GS', 'SGS', '', 1, 0),
(195, 'ES', 'ESP', '', 1, 0),
(196, 'LK', 'LKA', '', 1, 0),
(197, 'SH', 'SHN', '', 1, 0),
(198, 'PM', 'SPM', '', 1, 0),
(199, 'SD', 'SDN', '', 1, 0),
(200, 'SR', 'SUR', '', 1, 0),
(201, 'SJ', 'SJM', '', 1, 0),
(202, 'SZ', 'SWZ', '', 1, 0),
(203, 'SE', 'SWE', '', 1, 0),
(204, 'CH', 'CHE', '', 1, 0),
(205, 'SY', 'SYR', '', 1, 0),
(206, 'TW', 'TWN', '', 1, 0),
(207, 'TJ', 'TJK', '', 1, 0),
(208, 'TZ', 'TZA', '', 1, 0),
(209, 'TH', 'THA', '', 1, 0),
(210, 'TG', 'TGO', '', 1, 0),
(211, 'TK', 'TKL', '', 1, 0),
(212, 'TO', 'TON', '', 1, 0),
(213, 'TT', 'TTO', '', 1, 0),
(214, 'TN', 'TUN', '', 1, 0),
(215, 'TR', 'TUR', '', 1, 0),
(216, 'TM', 'TKM', '', 1, 0),
(217, 'TC', 'TCA', '', 1, 0),
(218, 'TV', 'TUV', '', 1, 0),
(219, 'UG', 'UGA', '', 1, 0),
(220, 'UA', 'UKR', '', 1, 0),
(221, 'AE', 'ARE', '', 1, 0),
(222, 'GB', 'GBR', '', 1, 0),
(223, 'US', 'USA', '{firstname} {lastname}\r\n{company}\r\n{address_1}\r\n{address_2}\r\n{city}, {zone} {postcode}\r\n{country}', 1, 0),
(224, 'UM', 'UMI', '', 1, 0),
(225, 'UY', 'URY', '', 1, 0),
(226, 'UZ', 'UZB', '', 1, 0),
(227, 'VU', 'VUT', '', 1, 0),
(228, 'VA', 'VAT', '', 1, 0),
(229, 'VE', 'VEN', '', 1, 0),
(230, 'VN', 'VNM', '', 1, 0),
(231, 'VG', 'VGB', '', 1, 0),
(232, 'VI', 'VIR', '', 1, 0),
(233, 'WF', 'WLF', '', 1, 0),
(234, 'EH', 'ESH', '', 1, 0),
(235, 'YE', 'YEM', '', 1, 0),
(236, 'YU', 'YUG', '', 1, 0),
(237, 'ZR', 'ZAR', '', 1, 0),
(238, 'ZM', 'ZMB', '', 1, 0),
(239, 'ZW', 'ZWE', '', 1, 0),
(240, 'GB', 'NIR', '', 1, 0);

-- --------------------------------------------------------

--
-- Table structure for table `ab1l_country_descriptions`
--

CREATE TABLE `ab1l_country_descriptions` (
  `country_id` int(11) NOT NULL,
  `language_id` int(11) NOT NULL,
  `name` varchar(128) NOT NULL COMMENT 'translatable'
) ENGINE=MyISAM DEFAULT CHARSET=utf8;

--
-- Dumping data for table `ab1l_country_descriptions`
--

INSERT INTO `ab1l_country_descriptions` (`country_id`, `language_id`, `name`) VALUES
(1, 1, 'Afghanistan'),
(2, 1, 'Albania'),
(3, 1, 'Algeria'),
(4, 1, 'American Samoa'),
(5, 1, 'Andorra'),
(6, 1, 'Angola'),
(7, 1, 'Anguilla'),
(8, 1, 'Antarctica'),
(9, 1, 'Antigua and Barbuda'),
(10, 1, 'Argentina'),
(11, 1, 'Armenia'),
(12, 1, 'Aruba'),
(13, 1, 'Australia'),
(14, 1, 'Austria'),
(15, 1, 'Azerbaijan'),
(16, 1, 'Bahamas'),
(17, 1, 'Bahrain'),
(18, 1, 'Bangladesh'),
(19, 1, 'Barbados'),
(20, 1, 'Belarus'),
(21, 1, 'Belgium'),
(22, 1, 'Belize'),
(23, 1, 'Benin'),
(24, 1, 'Bermuda'),
(25, 1, 'Bhutan'),
(26, 1, 'Bolivia'),
(27, 1, 'Bosnia and Herzegowina'),
(28, 1, 'Botswana'),
(29, 1, 'Bouvet Island'),
(30, 1, 'Brazil'),
(31, 1, 'British Indian Ocean Territory'),
(32, 1, 'Brunei Darussalam'),
(33, 1, 'Bulgaria'),
(34, 1, 'Burkina Faso'),
(35, 1, 'Burundi'),
(36, 1, 'Cambodia'),
(37, 1, 'Cameroon'),
(38, 1, 'Canada'),
(39, 1, 'Cape Verde'),
(40, 1, 'Cayman Islands'),
(41, 1, 'Central African Republic'),
(42, 1, 'Chad'),
(43, 1, 'Chile'),
(44, 1, 'China'),
(45, 1, 'Christmas Island'),
(46, 1, 'Cocos (Keeling) Islands'),
(47, 1, 'Colombia'),
(48, 1, 'Comoros'),
(49, 1, 'Congo'),
(50, 1, 'Cook Islands'),
(51, 1, 'Costa Rica'),
(52, 1, 'Cote D\'Ivoire'),
(53, 1, 'Croatia'),
(54, 1, 'Cuba'),
(55, 1, 'Cyprus'),
(56, 1, 'Czech Republic'),
(57, 1, 'Denmark'),
(58, 1, 'Djibouti'),
(59, 1, 'Dominica'),
(60, 1, 'Dominican Republic'),
(61, 1, 'East Timor'),
(62, 1, 'Ecuador'),
(63, 1, 'Egypt'),
(64, 1, 'El Salvador'),
(65, 1, 'Equatorial Guinea'),
(66, 1, 'Eritrea'),
(67, 1, 'Estonia'),
(68, 1, 'Ethiopia'),
(69, 1, 'Falkland Islands (Malvinas)'),
(70, 1, 'Faroe Islands'),
(71, 1, 'Fiji'),
(72, 1, 'Finland'),
(73, 1, 'France'),
(74, 1, 'France, Metropolitan'),
(75, 1, 'French Guiana'),
(76, 1, 'French Polynesia'),
(77, 1, 'French Southern Territories'),
(78, 1, 'Gabon'),
(79, 1, 'Gambia'),
(80, 1, 'Georgia'),
(81, 1, 'Germany'),
(82, 1, 'Ghana'),
(83, 1, 'Gibraltar'),
(84, 1, 'Greece'),
(85, 1, 'Greenland'),
(86, 1, 'Grenada'),
(87, 1, 'Guadeloupe'),
(88, 1, 'Guam'),
(89, 1, 'Guatemala'),
(90, 1, 'Guinea'),
(91, 1, 'Guinea-bissau'),
(92, 1, 'Guyana'),
(93, 1, 'Haiti'),
(94, 1, 'Heard and Mc Donald Islands'),
(95, 1, 'Honduras'),
(96, 1, 'Hong Kong'),
(97, 1, 'Hungary'),
(98, 1, 'Iceland'),
(99, 1, 'India'),
(100, 1, 'Indonesia'),
(101, 1, 'Iran (Islamic Republic of)'),
(102, 1, 'Iraq'),
(103, 1, 'Ireland'),
(104, 1, 'Israel'),
(105, 1, 'Italy'),
(106, 1, 'Jamaica'),
(107, 1, 'Japan'),
(108, 1, 'Jordan'),
(109, 1, 'Kazakhstan'),
(110, 1, 'Kenya'),
(111, 1, 'Kiribati'),
(112, 1, 'North Korea'),
(113, 1, 'Korea, Republic of'),
(114, 1, 'Kuwait'),
(115, 1, 'Kyrgyzstan'),
(116, 1, 'Lao People\'s Democratic Republic'),
(117, 1, 'Latvia'),
(118, 1, 'Lebanon'),
(119, 1, 'Lesotho'),
(120, 1, 'Liberia'),
(121, 1, 'Libyan Arab Jamahiriya'),
(122, 1, 'Liechtenstein'),
(123, 1, 'Lithuania'),
(124, 1, 'Luxembourg'),
(125, 1, 'Macau'),
(126, 1, 'Macedonia'),
(127, 1, 'Madagascar'),
(128, 1, 'Malawi'),
(129, 1, 'Malaysia'),
(130, 1, 'Maldives'),
(131, 1, 'Mali'),
(132, 1, 'Malta'),
(133, 1, 'Marshall Islands'),
(134, 1, 'Martinique'),
(135, 1, 'Mauritania'),
(136, 1, 'Mauritius'),
(137, 1, 'Mayotte'),
(138, 1, 'Mexico'),
(139, 1, 'Micronesia, Federated States of'),
(140, 1, 'Moldova, Republic of'),
(141, 1, 'Monaco'),
(142, 1, 'Mongolia'),
(143, 1, 'Montserrat'),
(144, 1, 'Morocco'),
(145, 1, 'Mozambique'),
(146, 1, 'Myanmar'),
(147, 1, 'Namibia'),
(148, 1, 'Nauru'),
(149, 1, 'Nepal'),
(150, 1, 'Netherlands'),
(151, 1, 'Netherlands Antilles'),
(152, 1, 'New Caledonia'),
(153, 1, 'New Zealand'),
(154, 1, 'Nicaragua'),
(155, 1, 'Niger'),
(156, 1, 'Nigeria'),
(157, 1, 'Niue'),
(158, 1, 'Norfolk Island'),
(159, 1, 'Northern Mariana Islands'),
(160, 1, 'Norway'),
(161, 1, 'Oman'),
(162, 1, 'Pakistan'),
(163, 1, 'Palau'),
(164, 1, 'Panama'),
(165, 1, 'Papua New Guinea'),
(166, 1, 'Paraguay'),
(167, 1, 'Peru'),
(168, 1, 'Philippines'),
(169, 1, 'Pitcairn'),
(170, 1, 'Poland'),
(171, 1, 'Portugal'),
(172, 1, 'Puerto Rico'),
(173, 1, 'Qatar'),
(174, 1, 'Reunion'),
(175, 1, 'Romania'),
(176, 1, 'Russia'),
(177, 1, 'Rwanda'),
(178, 1, 'Saint Kitts and Nevis'),
(179, 1, 'Saint Lucia'),
(180, 1, 'Saint Vincent and the Grenadines'),
(181, 1, 'Samoa'),
(182, 1, 'San Marino'),
(183, 1, 'Sao Tome and Principe'),
(184, 1, 'Saudi Arabia'),
(185, 1, 'Senegal'),
(186, 1, 'Seychelles'),
(187, 1, 'Sierra Leone'),
(188, 1, 'Singapore'),
(189, 1, 'Slovak Republic'),
(190, 1, 'Slovenia'),
(191, 1, 'Solomon Islands'),
(192, 1, 'Somalia'),
(193, 1, 'South Africa'),
(194, 1, 'South Georgia &amp; South Sandwich Islands'),
(195, 1, 'Spain'),
(196, 1, 'Sri Lanka'),
(197, 1, 'St. Helena'),
(198, 1, 'St. Pierre and Miquelon'),
(199, 1, 'Sudan'),
(200, 1, 'Suriname'),
(201, 1, 'Svalbard and Jan Mayen Islands'),
(202, 1, 'Swaziland'),
(203, 1, 'Sweden'),
(204, 1, 'Switzerland'),
(205, 1, 'Syrian Arab Republic'),
(206, 1, 'Taiwan'),
(207, 1, 'Tajikistan'),
(208, 1, 'Tanzania, United Republic of'),
(209, 1, 'Thailand'),
(210, 1, 'Togo'),
(211, 1, 'Tokelau'),
(212, 1, 'Tonga'),
(213, 1, 'Trinidad and Tobago'),
(214, 1, 'Tunisia'),
(215, 1, 'Turkey'),
(216, 1, 'Turkmenistan'),
(217, 1, 'Turks and Caicos Islands'),
(218, 1, 'Tuvalu'),
(219, 1, 'Uganda'),
(220, 1, 'Ukraine'),
(221, 1, 'United Arab Emirates'),
(222, 1, 'United Kingdom'),
(223, 1, 'United States'),
(224, 1, 'United States Minor Outlying Islands'),
(225, 1, 'Uruguay'),
(226, 1, 'Uzbekistan'),
(227, 1, 'Vanuatu'),
(228, 1, 'Vatican City State (Holy See)'),
(229, 1, 'Venezuela'),
(230, 1, 'Viet Nam'),
(231, 1, 'Virgin Islands (British)'),
(232, 1, 'Virgin Islands (U.S.)'),
(233, 1, 'Wallis and Futuna Islands'),
(234, 1, 'Western Sahara'),
(235, 1, 'Yemen'),
(236, 1, 'Yugoslavia'),
(237, 1, 'Zaire'),
(238, 1, 'Zambia'),
(239, 1, 'Zimbabwe'),
(240, 1, 'Northern Ireland'),
(1, 2, 'Afghanistan'),
(2, 2, 'Albania'),
(3, 2, 'Algeria'),
(4, 2, 'American Samoa'),
(5, 2, 'Andorra'),
(6, 2, 'Angola'),
(7, 2, 'Anguilla'),
(8, 2, 'Antarctica'),
(9, 2, 'Antigua and Barbuda'),
(10, 2, 'Argentina'),
(11, 2, 'Armenia'),
(12, 2, 'Aruba'),
(13, 2, 'Australia'),
(14, 2, 'Austria'),
(15, 2, 'Azerbaijan'),
(16, 2, 'Bahamas'),
(17, 2, 'Bahrain'),
(18, 2, 'Bangladesh'),
(19, 2, 'Barbados'),
(20, 2, 'Belarus'),
(21, 2, 'Belgium'),
(22, 2, 'Belize'),
(23, 2, 'Benin'),
(24, 2, 'Bermuda'),
(25, 2, 'Bhutan'),
(26, 2, 'Bolivia'),
(27, 2, 'Bosnia and Herzegowina'),
(28, 2, 'Botswana'),
(29, 2, 'Bouvet Island'),
(30, 2, 'Brazil'),
(31, 2, 'British Indian Ocean Territory'),
(32, 2, 'Brunei Darussalam'),
(33, 2, 'Bulgaria'),
(34, 2, 'Burkina Faso'),
(35, 2, 'Burundi'),
(36, 2, 'Cambodia'),
(37, 2, 'Cameroon'),
(38, 2, 'Canada'),
(39, 2, 'Cape Verde'),
(40, 2, 'Cayman Islands'),
(41, 2, 'Central African Republic'),
(42, 2, 'Chad'),
(43, 2, 'Chile'),
(44, 2, 'China'),
(45, 2, 'Christmas Island'),
(46, 2, 'Cocos (Keeling) Islands'),
(47, 2, 'Colombia'),
(48, 2, 'Comoros'),
(49, 2, 'Congo'),
(50, 2, 'Cook Islands'),
(51, 2, 'Costa Rica'),
(52, 2, 'Cote D\'Ivoire'),
(53, 2, 'Croatia'),
(54, 2, 'Cuba'),
(55, 2, 'Cyprus'),
(56, 2, 'Czech Republic'),
(57, 2, 'Denmark'),
(58, 2, 'Djibouti'),
(59, 2, 'Dominica'),
(60, 2, 'Dominican Republic'),
(61, 2, 'East Timor'),
(62, 2, 'Ecuador'),
(63, 2, 'Egypt'),
(64, 2, 'El Salvador'),
(65, 2, 'Equatorial Guinea'),
(66, 2, 'Eritrea'),
(67, 2, 'Estonia'),
(68, 2, 'Ethiopia'),
(69, 2, 'Falkland Islands (Malvinas)'),
(70, 2, 'Faroe Islands'),
(71, 2, 'Fiji'),
(72, 2, 'Finland'),
(73, 2, 'France'),
(74, 2, 'France, Metropolitan'),
(75, 2, 'French Guiana'),
(76, 2, 'French Polynesia'),
(77, 2, 'French Southern Territories'),
(78, 2, 'Gabon'),
(79, 2, 'Gambia'),
(80, 2, 'Georgia'),
(81, 2, 'Germany'),
(82, 2, 'Ghana'),
(83, 2, 'Gibraltar'),
(84, 2, 'Greece'),
(85, 2, 'Greenland'),
(86, 2, 'Grenada'),
(87, 2, 'Guadeloupe'),
(88, 2, 'Guam'),
(89, 2, 'Guatemala'),
(90, 2, 'Guinea'),
(91, 2, 'Guinea-bissau'),
(92, 2, 'Guyana'),
(93, 2, 'Haiti'),
(94, 2, 'Heard and Mc Donald Islands'),
(95, 2, 'Honduras'),
(96, 2, 'Hong Kong'),
(97, 2, 'Hungary'),
(98, 2, 'Iceland'),
(99, 2, 'India'),
(100, 2, 'Indonesia'),
(101, 2, 'Iran (Islamic Republic of)'),
(102, 2, 'Iraq'),
(103, 2, 'Ireland'),
(104, 2, 'Israel'),
(105, 2, 'Italy'),
(106, 2, 'Jamaica'),
(107, 2, 'Japan'),
(108, 2, 'Jordan'),
(109, 2, 'Kazakhstan'),
(110, 2, 'Kenya'),
(111, 2, 'Kiribati'),
(112, 2, 'North Korea'),
(113, 2, 'Korea, Republic of'),
(114, 2, 'Kuwait'),
(115, 2, 'Kyrgyzstan'),
(116, 2, 'Lao People\'s Democratic Republic'),
(117, 2, 'Latvia'),
(118, 2, 'Lebanon'),
(119, 2, 'Lesotho'),
(120, 2, 'Liberia'),
(121, 2, 'Libyan Arab Jamahiriya'),
(122, 2, 'Liechtenstein'),
(123, 2, 'Lithuania'),
(124, 2, 'Luxembourg'),
(125, 2, 'Macau'),
(126, 2, 'Macedonia'),
(127, 2, 'Madagascar'),
(128, 2, 'Malawi'),
(129, 2, 'Malaysia'),
(130, 2, 'Maldives'),
(131, 2, 'Mali'),
(132, 2, 'Malta'),
(133, 2, 'Marshall Islands'),
(134, 2, 'Martinique'),
(135, 2, 'Mauritania'),
(136, 2, 'Mauritius'),
(137, 2, 'Mayotte'),
(138, 2, 'Mexico'),
(139, 2, 'Micronesia, Federated States of'),
(140, 2, 'Moldova, Republic of'),
(141, 2, 'Monaco'),
(142, 2, 'Mongolia'),
(143, 2, 'Montserrat'),
(144, 2, 'Morocco'),
(145, 2, 'Mozambique'),
(146, 2, 'Myanmar'),
(147, 2, 'Namibia'),
(148, 2, 'Nauru'),
(149, 2, 'Nepal'),
(150, 2, 'Netherlands'),
(151, 2, 'Netherlands Antilles'),
(152, 2, 'New Caledonia'),
(153, 2, 'New Zealand'),
(154, 2, 'Nicaragua'),
(155, 2, 'Niger'),
(156, 2, 'Nigeria'),
(157, 2, 'Niue'),
(158, 2, 'Norfolk Island'),
(159, 2, 'Northern Mariana Islands'),
(160, 2, 'Norway'),
(161, 2, 'Oman'),
(162, 2, 'Pakistan'),
(163, 2, 'Palau'),
(164, 2, 'Panama'),
(165, 2, 'Papua New Guinea'),
(166, 2, 'Paraguay'),
(167, 2, 'Peru'),
(168, 2, 'Philippines'),
(169, 2, 'Pitcairn'),
(170, 2, 'Poland'),
(171, 2, 'Portugal'),
(172, 2, 'Puerto Rico'),
(173, 2, 'Qatar'),
(174, 2, 'Reunion'),
(175, 2, 'Romania'),
(176, 2, 'Russia'),
(177, 2, 'Rwanda'),
(178, 2, 'Saint Kitts and Nevis'),
(179, 2, 'Saint Lucia'),
(180, 2, 'Saint Vincent and the Grenadines'),
(181, 2, 'Samoa'),
(182, 2, 'San Marino'),
(183, 2, 'Sao Tome and Principe'),
(184, 2, 'Saudi Arabia'),
(185, 2, 'Senegal'),
(186, 2, 'Seychelles'),
(187, 2, 'Sierra Leone'),
(188, 2, 'Singapore'),
(189, 2, 'Slovak Republic'),
(190, 2, 'Slovenia'),
(191, 2, 'Solomon Islands'),
(192, 2, 'Somalia'),
(193, 2, 'South Africa'),
(194, 2, 'South Georgia &amp; South Sandwich Islands'),
(195, 2, 'Spain'),
(196, 2, 'Sri Lanka'),
(197, 2, 'St. Helena'),
(198, 2, 'St. Pierre and Miquelon'),
(199, 2, 'Sudan'),
(200, 2, 'Suriname'),
(201, 2, 'Svalbard and Jan Mayen Islands'),
(202, 2, 'Swaziland'),
(203, 2, 'Sweden'),
(204, 2, 'Switzerland'),
(205, 2, 'Syrian Arab Republic'),
(206, 2, 'Taiwan'),
(207, 2, 'Tajikistan'),
(208, 2, 'Tanzania, United Republic of'),
(209, 2, 'Thailand'),
(210, 2, 'Togo'),
(211, 2, 'Tokelau'),
(212, 2, 'Tonga'),
(213, 2, 'Trinidad and Tobago'),
(214, 2, 'Tunisia'),
(215, 2, 'Turkey'),
(216, 2, 'Turkmenistan'),
(217, 2, 'Turks and Caicos Islands'),
(218, 2, 'Tuvalu'),
(219, 2, 'Uganda'),
(220, 2, 'Ukraine'),
(221, 2, 'United Arab Emirates'),
(222, 2, 'United Kingdom'),
(223, 2, 'United States'),
(224, 2, 'United States Minor Outlying Islands'),
(225, 2, 'Uruguay'),
(226, 2, 'Uzbekistan'),
(227, 2, 'Vanuatu'),
(228, 2, 'Vatican City State (Holy See)'),
(229, 2, 'Venezuela'),
(230, 2, 'Viet Nam'),
(231, 2, 'Virgin Islands (British)'),
(232, 2, 'Virgin Islands (U.S.)'),
(233, 2, 'Wallis and Futuna Islands'),
(234, 2, 'Western Sahara'),
(235, 2, 'Yemen'),
(236, 2, 'Yugoslavia'),
(237, 2, 'Zaire'),
(238, 2, 'Zambia'),
(239, 2, 'Zimbabwe'),
(240, 2, 'Northern Ireland');

-- --------------------------------------------------------

--
-- Table structure for table `ab1l_coupons`
--

CREATE TABLE `ab1l_coupons` (
  `coupon_id` int(11) NOT NULL,
  `code` varchar(10) NOT NULL,
  `type` char(1) NOT NULL,
  `discount` decimal(15,4) NOT NULL,
  `logged` int(1) NOT NULL,
  `shipping` int(1) NOT NULL,
  `total` decimal(15,4) NOT NULL,
  `date_start` date NOT NULL DEFAULT '0000-00-00',
  `date_end` date NOT NULL DEFAULT '0000-00-00',
  `uses_total` int(11) NOT NULL,
  `uses_customer` varchar(11) NOT NULL,
  `status` int(1) NOT NULL,
  `date_added` timestamp NOT NULL DEFAULT '0000-00-00 00:00:00',
  `date_modified` timestamp NOT NULL DEFAULT current_timestamp() ON UPDATE current_timestamp()
) ENGINE=MyISAM DEFAULT CHARSET=utf8;

--
-- Dumping data for table `ab1l_coupons`
--

INSERT INTO `ab1l_coupons` (`coupon_id`, `code`, `type`, `discount`, `logged`, `shipping`, `total`, `date_start`, `date_end`, `uses_total`, `uses_customer`, `status`, `date_added`, `date_modified`) VALUES
(4, '2222', 'P', 10.0000, 0, 0, 0.0000, '2015-01-01', '2016-01-01', 10, '10', 1, '2017-10-11 10:30:00', '2017-10-11 10:30:00'),
(5, '3333', 'P', 0.0000, 0, 1, 100.0000, '2015-01-01', '2016-01-01', 10, '10', 1, '2017-10-11 10:30:00', '2017-10-11 10:30:00'),
(6, '1111', 'F', 10.0000, 0, 0, 10.0000, '2015-01-01', '2016-01-01', 10, '10', 1, '2017-10-11 10:30:00', '2017-10-11 10:30:00');

-- --------------------------------------------------------

--
-- Table structure for table `ab1l_coupons_products`
--

CREATE TABLE `ab1l_coupons_products` (
  `coupon_product_id` int(11) NOT NULL,
  `coupon_id` int(11) NOT NULL,
  `product_id` int(11) NOT NULL
) ENGINE=MyISAM DEFAULT CHARSET=utf8;

--
-- Dumping data for table `ab1l_coupons_products`
--

INSERT INTO `ab1l_coupons_products` (`coupon_product_id`, `coupon_id`, `product_id`) VALUES
(8, 6, 68);

-- --------------------------------------------------------

--
-- Table structure for table `ab1l_coupon_descriptions`
--

CREATE TABLE `ab1l_coupon_descriptions` (
  `coupon_id` int(11) NOT NULL,
  `language_id` int(11) NOT NULL,
  `name` varchar(128) NOT NULL COMMENT 'translatable',
  `description` text NOT NULL COMMENT 'translatable'
) ENGINE=MyISAM DEFAULT CHARSET=utf8;

--
-- Dumping data for table `ab1l_coupon_descriptions`
--

INSERT INTO `ab1l_coupon_descriptions` (`coupon_id`, `language_id`, `name`, `description`) VALUES
(4, 1, 'Coupon (-10%)', '10% Discount'),
(5, 1, 'Coupon (Free Shipping)', 'Free Shipping'),
(6, 1, 'Coupon (-10.00)', 'Fixed Amount Discount'),
(4, 2, 'Coupon (-10%)', '10% Discount'),
(5, 2, 'Coupon (Free Shipping)', 'Free Shipping'),
(6, 2, 'Coupon (-10.00)', 'Fixed Amount Discount');

-- --------------------------------------------------------

--
-- Table structure for table `ab1l_currencies`
--

CREATE TABLE `ab1l_currencies` (
  `currency_id` int(11) NOT NULL,
  `title` varchar(32) NOT NULL DEFAULT '',
  `code` varchar(3) NOT NULL DEFAULT '',
  `symbol_left` varchar(12) NOT NULL,
  `symbol_right` varchar(12) NOT NULL,
  `decimal_place` char(1) NOT NULL,
  `value` decimal(15,8) NOT NULL,
  `status` int(1) NOT NULL,
  `date_modified` timestamp NOT NULL DEFAULT current_timestamp() ON UPDATE current_timestamp()
) ENGINE=MyISAM DEFAULT CHARSET=utf8;

--
-- Dumping data for table `ab1l_currencies`
--

INSERT INTO `ab1l_currencies` (`currency_id`, `title`, `code`, `symbol_left`, `symbol_right`, `decimal_place`, `value`, `status`, `date_modified`) VALUES
(1, 'US Dollar', 'USD', '$', '', '2', 0.01173900, 1, '2021-05-11 20:53:07'),
(2, 'Euro', 'EUR', '', '€', '2', 0.00965500, 0, '2021-05-11 20:53:09'),
(3, 'Pound Sterling', 'GBP', '£', '', '2', 0.00910890, 0, '2020-02-26 15:37:03'),
(4, 'BD Taka', 'BDT', '৳', '', '2', 1.00000000, 1, '2021-05-11 20:53:11');

-- --------------------------------------------------------

--
-- Table structure for table `ab1l_customers_enc`
--

CREATE TABLE `ab1l_customers_enc` (
  `customer_id` int(11) NOT NULL,
  `store_id` int(11) NOT NULL DEFAULT 0,
  `firstname` varchar(32) COLLATE utf8_bin NOT NULL DEFAULT '',
  `lastname` varchar(32) COLLATE utf8_bin NOT NULL DEFAULT '',
  `loginname` varchar(96) COLLATE utf8_bin NOT NULL DEFAULT '',
  `email` text COLLATE utf8_bin NOT NULL,
  `telephone` text COLLATE utf8_bin NOT NULL,
  `sms` varchar(32) COLLATE utf8_bin NOT NULL DEFAULT '' COMMENT 'mobile phone number',
  `fax` text COLLATE utf8_bin NOT NULL,
  `password` varchar(40) COLLATE utf8_bin NOT NULL DEFAULT '',
  `cart` text COLLATE utf8_bin DEFAULT NULL,
  `wishlist` text CHARACTER SET utf8 DEFAULT NULL,
  `newsletter` int(1) NOT NULL DEFAULT 0,
  `address_id` int(11) NOT NULL DEFAULT 0,
  `status` int(1) NOT NULL,
  `approved` int(1) NOT NULL DEFAULT 0,
  `customer_group_id` int(11) NOT NULL,
  `ip` varchar(15) COLLATE utf8_bin NOT NULL DEFAULT '0',
  `date_added` timestamp NOT NULL DEFAULT '0000-00-00 00:00:00',
  `date_modified` timestamp NOT NULL DEFAULT current_timestamp() ON UPDATE current_timestamp(),
  `key_id` int(3) NOT NULL DEFAULT 0
) ENGINE=MyISAM DEFAULT CHARSET=utf8 COLLATE=utf8_bin;

-- --------------------------------------------------------

--
-- Table structure for table `ab1l_customer_groups`
--

CREATE TABLE `ab1l_customer_groups` (
  `customer_group_id` int(11) NOT NULL,
  `name` varchar(32) NOT NULL,
  `tax_exempt` tinyint(1) NOT NULL DEFAULT 0
) ENGINE=MyISAM DEFAULT CHARSET=utf8;

--
-- Dumping data for table `ab1l_customer_groups`
--

INSERT INTO `ab1l_customer_groups` (`customer_group_id`, `name`, `tax_exempt`) VALUES
(1, 'Default', 0),
(2, 'Wholesalers', 1),
(3, 'Newsletter Subscribers', 0),
(4, 'Distributor', 0),
(5, 'Corporate', 0);

-- --------------------------------------------------------

--
-- Table structure for table `ab1l_customer_notifications`
--

CREATE TABLE `ab1l_customer_notifications` (
  `customer_id` int(11) NOT NULL,
  `sendpoint` varchar(255) NOT NULL,
  `protocol` varchar(30) NOT NULL,
  `status` int(1) NOT NULL DEFAULT 0,
  `date_added` timestamp NOT NULL DEFAULT '0000-00-00 00:00:00',
  `date_modified` timestamp NOT NULL DEFAULT current_timestamp() ON UPDATE current_timestamp()
) ENGINE=MyISAM DEFAULT CHARSET=utf8;

--
-- Dumping data for table `ab1l_customer_notifications`
--

INSERT INTO `ab1l_customer_notifications` (`customer_id`, `sendpoint`, `protocol`, `status`, `date_added`, `date_modified`) VALUES
(14, 'customer_account_update', 'email', 0, '2017-10-13 02:11:18', '2017-10-13 02:11:18'),
(14, 'new_customer', 'sms', 0, '2017-10-13 02:11:18', '2017-10-13 02:11:18'),
(14, 'new_customer', 'email', 0, '2017-10-13 02:11:18', '2017-10-13 02:11:18'),
(14, 'new_order', 'sms', 0, '2017-10-13 02:11:18', '2017-10-13 02:11:18'),
(14, 'new_order', 'email', 0, '2017-10-13 02:11:18', '2017-10-13 02:11:18'),
(14, 'order_update', 'sms', 0, '2017-10-13 02:11:18', '2017-10-13 02:11:18'),
(14, 'order_update', 'email', 0, '2017-10-13 02:11:18', '2017-10-13 02:11:18'),
(14, 'product_out_of_stock', 'sms', 0, '2017-10-13 02:11:18', '2017-10-13 02:11:18'),
(14, 'product_out_of_stock', 'email', 0, '2017-10-13 02:11:18', '2017-10-13 02:11:18'),
(14, 'product_review', 'sms', 0, '2017-10-13 02:11:18', '2017-10-13 02:11:18'),
(14, 'product_review', 'email', 0, '2017-10-13 02:11:18', '2017-10-13 02:11:18'),
(14, 'newsletter', 'sms', 0, '2017-10-13 02:11:18', '2017-10-13 02:11:18'),
(14, 'newsletter', 'email', 1, '2017-10-13 02:11:18', '2017-10-13 02:11:18'),
(14, 'customer_account_update', 'sms', 0, '2017-10-13 02:11:18', '2017-10-13 02:11:18'),
(14, 'customer_contact', 'email', 0, '2017-10-13 02:11:18', '2017-10-13 02:11:18'),
(14, 'customer_contact', 'sms', 0, '2017-10-13 02:11:18', '2017-10-13 02:11:18'),
(15, 'newsletter', 'email', 1, '2017-11-06 21:11:52', '2017-11-06 21:11:52'),
(16, 'newsletter', 'email', 1, '2018-04-25 16:25:48', '2018-04-25 16:25:48'),
(16, 'newsletter', 'sms', 0, '2018-04-25 16:25:48', '2018-04-25 16:25:48'),
(17, 'newsletter', 'email', 1, '2018-05-25 19:14:37', '2018-05-25 19:14:37'),
(17, 'newsletter', 'sms', 0, '2018-05-25 19:14:37', '2018-05-25 19:14:37'),
(18, 'newsletter', 'email', 1, '2018-05-26 10:44:55', '2018-05-26 10:44:55'),
(18, 'newsletter', 'sms', 0, '2018-05-26 10:44:55', '2018-05-26 10:44:55'),
(20, 'newsletter', 'email', 1, '2020-02-02 14:59:44', '2020-02-02 14:59:44');

-- --------------------------------------------------------

--
-- Table structure for table `ab1l_customer_transactions`
--

CREATE TABLE `ab1l_customer_transactions` (
  `customer_transaction_id` int(11) NOT NULL,
  `customer_id` int(11) NOT NULL DEFAULT 0,
  `order_id` int(11) NOT NULL DEFAULT 0,
  `created_by` int(11) NOT NULL COMMENT 'user_id for admin, customer_id for storefront section',
  `section` smallint(1) NOT NULL DEFAULT 0 COMMENT '1 - admin, 0 - customer',
  `credit` decimal(15,4) DEFAULT 0.0000,
  `debit` decimal(15,4) DEFAULT 0.0000,
  `transaction_type` varchar(255) NOT NULL DEFAULT '' COMMENT 'text type of transaction',
  `comment` text DEFAULT NULL COMMENT 'comment for internal use',
  `description` text DEFAULT NULL COMMENT 'text for customer',
  `date_added` timestamp NOT NULL DEFAULT '0000-00-00 00:00:00',
  `date_modified` timestamp NOT NULL DEFAULT current_timestamp() ON UPDATE current_timestamp()
) ENGINE=MyISAM DEFAULT CHARSET=utf8;

--
-- Dumping data for table `ab1l_customer_transactions`
--

INSERT INTO `ab1l_customer_transactions` (`customer_transaction_id`, `customer_id`, `order_id`, `created_by`, `section`, `credit`, `debit`, `transaction_type`, `comment`, `description`, `date_added`, `date_modified`) VALUES
(1, 14, 0, 1, 1, 0.0000, 100.0000, 'Bkash', '', 'test', '2017-10-13 03:00:27', '2017-10-13 03:00:27'),
(2, 14, 0, 1, 1, 200.0000, 0.0000, 'Bkash', '', 'test', '2017-10-13 03:03:16', '2017-10-13 03:03:16'),
(3, 14, 123457, 14, 0, 0.0000, 22.0500, 'order', '', '৳22.05 used for order #123457', '2017-10-30 20:07:16', '2017-10-30 20:07:16'),
(4, 17, 0, 1, 1, 0.0000, 100.0000, 'Bkash', '', '', '2018-05-25 19:34:50', '2018-05-25 19:34:50');

-- --------------------------------------------------------

--
-- Table structure for table `ab1l_custom_blocks`
--

CREATE TABLE `ab1l_custom_blocks` (
  `custom_block_id` int(10) NOT NULL,
  `block_id` int(10) NOT NULL,
  `date_added` timestamp NOT NULL DEFAULT '0000-00-00 00:00:00',
  `date_modified` timestamp NOT NULL DEFAULT current_timestamp() ON UPDATE current_timestamp()
) ENGINE=MyISAM DEFAULT CHARSET=utf8;

--
-- Dumping data for table `ab1l_custom_blocks`
--

INSERT INTO `ab1l_custom_blocks` (`custom_block_id`, `block_id`, `date_added`, `date_modified`) VALUES
(1, 17, '2015-06-12 09:56:24', '2015-06-12 09:56:24'),
(2, 20, '2015-06-12 09:56:24', '2015-06-12 09:56:24'),
(3, 20, '2015-06-12 09:56:24', '2015-06-12 09:56:24'),
(12, 20, '2015-06-12 09:56:24', '2015-06-12 09:56:24'),
(13, 17, '2015-06-12 09:56:24', '2015-06-12 09:56:24'),
(11, 23, '2015-06-12 09:56:24', '2015-06-12 09:56:24'),
(9, 23, '2015-06-12 09:56:24', '2015-06-12 09:56:24'),
(10, 17, '2015-06-12 09:56:24', '2015-06-12 09:56:24'),
(14, 17, '2015-06-12 09:56:24', '2015-06-12 09:56:24'),
(15, 17, '2015-06-12 09:56:24', '2015-06-12 09:56:24'),
(16, 17, '2015-06-12 09:56:24', '2015-06-12 09:56:24'),
(17, 17, '2017-10-13 03:23:51', '2017-10-13 03:23:51'),
(18, 17, '2017-10-13 04:29:44', '2017-10-13 04:29:44'),
(19, 20, '2017-10-13 05:04:13', '2017-10-13 05:04:13'),
(20, 30, '2017-10-13 05:15:26', '2017-10-13 05:15:26'),
(21, 20, '2017-10-14 19:49:34', '2017-10-14 19:49:34'),
(22, 17, '2017-10-14 20:27:53', '2017-10-14 20:27:53'),
(23, 17, '2017-11-04 19:58:11', '2017-11-04 19:58:11'),
(24, 17, '2017-11-04 19:58:11', '2017-11-04 19:58:11'),
(25, 20, '2018-03-23 19:02:18', '2018-03-23 19:02:18'),
(26, 20, '2018-04-12 18:35:27', '2018-04-12 18:35:27'),
(27, 20, '2018-04-12 18:41:58', '2018-04-12 18:41:58'),
(28, 20, '2018-04-22 10:14:12', '2018-04-22 10:14:12'),
(29, 17, '2018-04-24 20:40:11', '2018-04-24 20:40:11'),
(30, 20, '2018-05-23 19:45:32', '2018-05-23 19:45:32'),
(31, 17, '2018-05-29 20:10:46', '2018-05-29 20:10:46'),
(32, 17, '2018-06-07 13:32:13', '2018-06-07 13:32:13'),
(33, 17, '2018-09-27 19:28:59', '2018-09-27 19:28:59'),
(34, 17, '2018-11-22 16:15:40', '2018-11-22 16:15:40'),
(35, 17, '2018-11-24 19:48:50', '2018-11-24 19:48:50'),
(36, 20, '2019-03-31 18:03:16', '2019-03-31 18:03:16');

-- --------------------------------------------------------

--
-- Table structure for table `ab1l_custom_lists`
--

CREATE TABLE `ab1l_custom_lists` (
  `rowid` int(11) NOT NULL,
  `custom_block_id` int(10) NOT NULL,
  `data_type` varchar(70) NOT NULL,
  `id` int(10) NOT NULL,
  `sort_order` int(10) NOT NULL DEFAULT 0,
  `date_added` timestamp NOT NULL DEFAULT '0000-00-00 00:00:00',
  `date_modified` timestamp NOT NULL DEFAULT current_timestamp() ON UPDATE current_timestamp()
) ENGINE=MyISAM DEFAULT CHARSET=utf8;

--
-- Dumping data for table `ab1l_custom_lists`
--

INSERT INTO `ab1l_custom_lists` (`rowid`, `custom_block_id`, `data_type`, `id`, `sort_order`, `date_added`, `date_modified`) VALUES
(223, 12, 'manufacturer_id', 23, 14, '2019-04-16 18:48:32', '2019-04-16 18:48:32'),
(222, 12, 'manufacturer_id', 45, 13, '2019-04-16 18:48:32', '2019-04-16 18:48:32'),
(221, 12, 'manufacturer_id', 49, 12, '2019-04-16 18:48:32', '2019-04-16 18:48:32'),
(220, 12, 'manufacturer_id', 48, 11, '2019-04-16 18:48:32', '2019-04-16 18:48:32'),
(219, 12, 'manufacturer_id', 51, 10, '2019-04-16 18:48:32', '2019-04-16 18:48:32'),
(218, 12, 'manufacturer_id', 50, 9, '2019-04-16 18:48:32', '2019-04-16 18:48:32'),
(217, 12, 'manufacturer_id', 21, 8, '2019-04-16 18:48:32', '2019-04-16 18:48:32'),
(216, 12, 'manufacturer_id', 26, 7, '2019-04-16 18:48:32', '2019-04-16 18:48:32'),
(215, 12, 'manufacturer_id', 24, 6, '2019-04-16 18:48:32', '2019-04-16 18:48:32'),
(214, 12, 'manufacturer_id', 33, 5, '2019-04-16 18:48:32', '2019-04-16 18:48:32'),
(114, 25, 'category_id', 100, 4, '2019-03-31 17:48:59', '2019-03-31 17:48:59'),
(113, 25, 'category_id', 74, 3, '2019-03-31 17:48:59', '2019-03-31 17:48:59'),
(112, 25, 'category_id', 106, 2, '2019-03-31 17:48:59', '2019-03-31 17:48:59'),
(111, 25, 'category_id', 105, 1, '2019-03-31 17:48:59', '2019-03-31 17:48:59'),
(110, 25, 'category_id', 112, 0, '2019-03-31 17:48:59', '2019-03-31 17:48:59'),
(168, 36, '', 133, 7, '2019-03-31 20:05:54', '2019-03-31 20:05:54'),
(167, 36, '', 157, 6, '2019-03-31 20:05:54', '2019-03-31 20:05:54'),
(166, 36, '', 213, 5, '2019-03-31 20:05:54', '2019-03-31 20:05:54'),
(165, 36, '', 185, 4, '2019-03-31 20:05:54', '2019-03-31 20:05:54'),
(163, 36, '', 229, 2, '2019-03-31 20:05:54', '2019-03-31 20:05:54'),
(164, 36, '', 192, 3, '2019-03-31 20:05:54', '2019-03-31 20:05:54'),
(162, 36, '', 236, 1, '2019-03-31 20:05:54', '2019-03-31 20:05:54'),
(161, 36, '', 232, 0, '2019-03-31 20:05:54', '2019-03-31 20:05:54'),
(213, 12, 'manufacturer_id', 35, 4, '2019-04-16 18:48:32', '2019-04-16 18:48:32'),
(212, 12, 'manufacturer_id', 34, 3, '2019-04-16 18:48:32', '2019-04-16 18:48:32'),
(211, 12, 'manufacturer_id', 25, 2, '2019-04-16 18:48:32', '2019-04-16 18:48:32'),
(210, 12, 'manufacturer_id', 36, 1, '2019-04-16 18:48:32', '2019-04-16 18:48:32'),
(209, 12, 'manufacturer_id', 44, 0, '2019-04-16 18:48:32', '2019-04-16 18:48:32');

-- --------------------------------------------------------

--
-- Table structure for table `ab1l_datasets`
--

CREATE TABLE `ab1l_datasets` (
  `dataset_id` int(11) NOT NULL,
  `dataset_name` varchar(255) NOT NULL,
  `dataset_key` varchar(255) DEFAULT ''
) ENGINE=MyISAM DEFAULT CHARSET=utf8;

--
-- Dumping data for table `ab1l_datasets`
--

INSERT INTO `ab1l_datasets` (`dataset_id`, `dataset_name`, `dataset_key`) VALUES
(1, 'menu', 'storefront'),
(2, 'menu', 'admin'),
(3, 'menu', 'storefront_description'),
(4, 'install_upgrade_history', 'admin'),
(5, 'file_uploads', 'admin'),
(6, 'neowize', 'neowize_settings'),
(7, 'slideshow', 'slideshow2');

-- --------------------------------------------------------

--
-- Table structure for table `ab1l_dataset_column_properties`
--

CREATE TABLE `ab1l_dataset_column_properties` (
  `rowid` int(11) NOT NULL,
  `dataset_column_id` int(11) NOT NULL,
  `dataset_column_property_name` varchar(255) NOT NULL,
  `dataset_column_property_value` varchar(255) DEFAULT NULL
) ENGINE=MyISAM DEFAULT CHARSET=utf8;

-- --------------------------------------------------------

--
-- Table structure for table `ab1l_dataset_definition`
--

CREATE TABLE `ab1l_dataset_definition` (
  `dataset_id` int(11) NOT NULL,
  `dataset_column_id` int(11) NOT NULL,
  `dataset_column_name` varchar(255) NOT NULL,
  `dataset_column_type` varchar(100) NOT NULL,
  `dataset_column_sort_order` int(11) NOT NULL DEFAULT 0
) ENGINE=MyISAM DEFAULT CHARSET=utf8;

--
-- Dumping data for table `ab1l_dataset_definition`
--

INSERT INTO `ab1l_dataset_definition` (`dataset_id`, `dataset_column_id`, `dataset_column_name`, `dataset_column_type`, `dataset_column_sort_order`) VALUES
(1, 1, 'item_id', 'varchar', 1),
(1, 2, 'item_icon', 'varchar', 2),
(1, 3, 'item_url', 'varchar', 3),
(1, 4, 'parent_id', 'varchar', 4),
(1, 5, 'sort_order', 'integer', 5),
(1, 6, 'item_type', 'varchar', 6),
(1, 7, 'item_icon_rl_id', 'integer', 7),
(2, 10, 'item_id', 'varchar', 1),
(2, 11, 'item_text', 'varchar', 2),
(2, 12, 'item_url', 'varchar', 3),
(2, 13, 'parent_id', 'varchar', 4),
(2, 14, 'sort_order', 'integer', 5),
(2, 15, 'item_type', 'varchar', 6),
(2, 40, 'item_icon_rl_id', 'varchar', 7),
(3, 16, 'item_id', 'varchar', 1),
(3, 17, 'item_text', 'varchar', 2),
(3, 18, 'language_id', 'integer', 3),
(4, 20, 'date_added', 'timestamp', 1),
(4, 21, 'name', 'varchar', 2),
(4, 22, 'version', 'varchar', 3),
(4, 23, 'backup_file', 'varchar', 4),
(4, 24, 'backup_date', 'timestamp', 5),
(4, 25, 'type', 'varchar', 6),
(4, 26, 'user', 'varchar', 7),
(5, 30, 'date_added', 'timestamp', 1),
(5, 31, 'name', 'varchar', 2),
(5, 32, 'type', 'varchar', 3),
(5, 33, 'section', 'varchar', 4),
(5, 34, 'section_id', 'integer', 5),
(5, 35, 'path', 'varchar', 6),
(7, 41, 'slide_title', 'varchar', 0),
(7, 42, 'slide_url', 'varchar', 1),
(7, 43, 'slide_image', 'varchar', 2),
(7, 44, 'slide_resource_id', 'integer', 3);

-- --------------------------------------------------------

--
-- Table structure for table `ab1l_dataset_properties`
--

CREATE TABLE `ab1l_dataset_properties` (
  `rowid` int(11) NOT NULL,
  `dataset_id` int(11) NOT NULL,
  `dataset_property_name` varchar(255) NOT NULL,
  `dataset_property_value` varchar(255) DEFAULT NULL
) ENGINE=MyISAM DEFAULT CHARSET=utf8;

--
-- Dumping data for table `ab1l_dataset_properties`
--

INSERT INTO `ab1l_dataset_properties` (`rowid`, `dataset_id`, `dataset_property_name`, `dataset_property_value`) VALUES
(1, 1, 'controller', 'design/menu'),
(2, 4, 'controller', 'tool/install_upgrade_history'),
(3, 5, 'controller', 'tool/files'),
(4, 6, 'api_key', '6DB69F56-2DEB-4131-A818-4E1DC6F08BD4'),
(5, 6, 'secret_key', '2C89628A-C75C-448F-85F9-55353CBA3345');

-- --------------------------------------------------------

--
-- Table structure for table `ab1l_dataset_values`
--

CREATE TABLE `ab1l_dataset_values` (
  `dataset_column_id` int(11) NOT NULL,
  `value_integer` int(11) DEFAULT NULL,
  `value_float` float DEFAULT NULL,
  `value_varchar` varchar(255) DEFAULT NULL,
  `value_text` text DEFAULT NULL,
  `value_timestamp` timestamp NOT NULL DEFAULT current_timestamp(),
  `value_boolean` tinyint(1) DEFAULT NULL,
  `value_sort_order` int(11) NOT NULL,
  `row_id` int(10) UNSIGNED NOT NULL DEFAULT 0
) ENGINE=MyISAM DEFAULT CHARSET=utf8;

--
-- Dumping data for table `ab1l_dataset_values`
--

INSERT INTO `ab1l_dataset_values` (`dataset_column_id`, `value_integer`, `value_float`, `value_varchar`, `value_text`, `value_timestamp`, `value_boolean`, `value_sort_order`, `row_id`) VALUES
(1, NULL, NULL, 'home', NULL, '2017-10-11 10:30:00', NULL, 1, 1),
(1, NULL, NULL, 'login', NULL, '2017-10-11 10:30:00', NULL, 2, 2),
(1, NULL, NULL, 'logout', NULL, '2017-10-11 10:30:00', NULL, 3, 3),
(1, NULL, NULL, 'account', NULL, '2017-10-11 10:30:00', NULL, 4, 4),
(1, NULL, NULL, 'cart', NULL, '2017-10-11 10:30:00', NULL, 5, 5),
(1, NULL, NULL, 'checkout', NULL, '2017-10-11 10:30:00', NULL, 6, 6),
(1, NULL, NULL, 'specials', NULL, '2017-10-11 10:30:00', NULL, 7, 7),
(1, NULL, NULL, 'order', NULL, '2017-10-11 10:30:00', NULL, 8, 8),
(2, NULL, NULL, '', NULL, '2017-10-11 10:30:00', NULL, 9, 1),
(2, NULL, NULL, '', NULL, '2017-10-11 10:30:00', NULL, 10, 2),
(2, NULL, NULL, '', NULL, '2017-10-11 10:30:00', NULL, 11, 3),
(2, NULL, NULL, '', NULL, '2017-10-11 10:30:00', NULL, 12, 4),
(2, NULL, NULL, '', NULL, '2017-10-11 10:30:00', NULL, 13, 5),
(2, NULL, NULL, '', NULL, '2017-10-11 10:30:00', NULL, 14, 6),
(2, NULL, NULL, '', NULL, '2017-10-11 10:30:00', NULL, 15, 7),
(2, NULL, NULL, '', NULL, '2017-10-11 10:30:00', NULL, 16, 8),
(3, NULL, NULL, 'index/home', NULL, '2017-10-11 10:30:00', NULL, 17, 1),
(3, NULL, NULL, 'account/login', NULL, '2017-10-11 10:30:00', NULL, 18, 2),
(3, NULL, NULL, 'account/logout', NULL, '2017-10-11 10:30:00', NULL, 19, 3),
(3, NULL, NULL, 'account/account', NULL, '2017-10-11 10:30:00', NULL, 20, 4),
(3, NULL, NULL, 'checkout/cart', NULL, '2017-10-11 10:30:00', NULL, 21, 5),
(3, NULL, NULL, 'checkout/shipping', NULL, '2017-10-11 10:30:00', NULL, 22, 6),
(3, NULL, NULL, 'product/special', NULL, '2017-10-11 10:30:00', NULL, 23, 7),
(3, NULL, NULL, 'account/invoice', NULL, '2017-10-11 10:30:00', NULL, 24, 8),
(4, NULL, NULL, '', NULL, '2017-10-11 10:30:00', NULL, 25, 1),
(4, NULL, NULL, 'account', NULL, '2017-10-11 10:30:00', NULL, 26, 2),
(4, NULL, NULL, 'account', NULL, '2017-10-11 10:30:00', NULL, 27, 3),
(4, NULL, NULL, '', NULL, '2017-10-11 10:30:00', NULL, 28, 4),
(4, NULL, NULL, '', NULL, '2017-10-11 10:30:00', NULL, 29, 5),
(4, NULL, NULL, '', NULL, '2017-10-11 10:30:00', NULL, 30, 6),
(4, NULL, NULL, '', NULL, '2017-10-11 10:30:00', NULL, 31, 7),
(4, NULL, NULL, 'account', NULL, '2017-10-11 10:30:00', NULL, 32, 8),
(5, 10, NULL, NULL, NULL, '2017-10-11 10:30:00', NULL, 33, 1),
(5, 20, NULL, NULL, NULL, '2017-10-11 10:30:00', NULL, 34, 2),
(5, 30, NULL, NULL, NULL, '2017-10-11 10:30:00', NULL, 35, 3),
(5, 40, NULL, NULL, NULL, '2017-10-11 10:30:00', NULL, 36, 4),
(5, 50, NULL, NULL, NULL, '2017-10-11 10:30:00', NULL, 37, 5),
(5, 60, NULL, NULL, NULL, '2017-10-11 10:30:00', NULL, 38, 6),
(5, 11, NULL, NULL, NULL, '2017-10-11 10:30:00', NULL, 39, 7),
(5, 20, NULL, NULL, NULL, '2017-10-11 10:30:00', NULL, 40, 8),
(6, NULL, NULL, 'core', NULL, '2017-10-11 10:30:00', NULL, 41, 1),
(6, NULL, NULL, 'core', NULL, '2017-10-11 10:30:00', NULL, 42, 2),
(6, NULL, NULL, 'core', NULL, '2017-10-11 10:30:00', NULL, 43, 3),
(6, NULL, NULL, 'core', NULL, '2017-10-11 10:30:00', NULL, 44, 4),
(6, NULL, NULL, 'core', NULL, '2017-10-11 10:30:00', NULL, 45, 5),
(6, NULL, NULL, 'core', NULL, '2017-10-11 10:30:00', NULL, 46, 6),
(6, NULL, NULL, 'core', NULL, '2017-10-11 10:30:00', NULL, 47, 7),
(6, NULL, NULL, 'core', NULL, '2017-10-11 10:30:00', NULL, 48, 8),
(7, 2, NULL, NULL, NULL, '2017-10-11 10:30:00', NULL, 49, 1),
(7, 4, NULL, NULL, NULL, '2017-10-11 10:30:00', NULL, 50, 2),
(7, 3, NULL, NULL, NULL, '2017-10-11 10:30:00', NULL, 51, 3),
(7, 4, NULL, NULL, NULL, '2017-10-11 10:30:00', NULL, 52, 4),
(7, 250, NULL, NULL, NULL, '2017-10-11 10:30:00', NULL, 53, 5),
(7, 260, NULL, NULL, NULL, '2017-10-11 10:30:00', NULL, 54, 6),
(7, 244, NULL, NULL, NULL, '2017-10-11 10:30:00', NULL, 55, 7),
(7, 266, NULL, NULL, NULL, '2017-10-11 10:30:00', NULL, 56, 8),
(10, NULL, NULL, 'catalog', NULL, '2017-10-11 10:30:00', NULL, 57, 1),
(10, NULL, NULL, 'sale', NULL, '2017-10-11 10:30:00', NULL, 58, 2),
(10, NULL, NULL, 'design', NULL, '2017-10-11 10:30:00', NULL, 59, 3),
(10, NULL, NULL, 'extension', NULL, '2017-10-11 10:30:00', NULL, 60, 4),
(10, NULL, NULL, 'system', NULL, '2017-10-11 10:30:00', NULL, 61, 5),
(10, NULL, NULL, 'reports', NULL, '2017-10-11 10:30:00', NULL, 62, 6),
(10, NULL, NULL, 'help', NULL, '2017-10-11 10:30:00', NULL, 63, 7),
(11, NULL, NULL, 'text_catalog', NULL, '2017-10-11 10:30:00', NULL, 64, 1),
(11, NULL, NULL, 'text_sale', NULL, '2017-10-11 10:30:00', NULL, 65, 2),
(11, NULL, NULL, 'text_design', NULL, '2017-10-11 10:30:00', NULL, 66, 3),
(11, NULL, NULL, 'text_extension', NULL, '2017-10-11 10:30:00', NULL, 67, 4),
(11, NULL, NULL, 'text_system', NULL, '2017-10-11 10:30:00', NULL, 68, 5),
(11, NULL, NULL, 'text_reports', NULL, '2017-10-11 10:30:00', NULL, 69, 6),
(11, NULL, NULL, 'text_help', NULL, '2017-10-11 10:30:00', NULL, 70, 7),
(12, NULL, NULL, 'catalog/category', NULL, '2017-10-11 10:30:00', NULL, 71, 1),
(12, NULL, NULL, 'sale/order', NULL, '2017-10-11 10:30:00', NULL, 72, 2),
(12, NULL, NULL, 'extension/extensions/template', NULL, '2017-10-11 10:30:00', NULL, 73, 3),
(12, NULL, NULL, 'extension/extensions/extensions', NULL, '2017-10-11 10:30:00', NULL, 74, 4),
(12, NULL, NULL, 'setting/setting', NULL, '2017-10-11 10:30:00', NULL, 75, 5),
(12, NULL, NULL, 'report/sale/orders', NULL, '2017-10-11 10:30:00', NULL, 76, 6),
(12, NULL, NULL, '', NULL, '2017-10-11 10:30:00', NULL, 77, 7),
(13, NULL, NULL, '', NULL, '2017-10-11 10:30:00', NULL, 78, 1),
(13, NULL, NULL, '', NULL, '2017-10-11 10:30:00', NULL, 79, 2),
(13, NULL, NULL, '', NULL, '2017-10-11 10:30:00', NULL, 80, 3),
(13, NULL, NULL, '', NULL, '2017-10-11 10:30:00', NULL, 81, 4),
(13, NULL, NULL, '', NULL, '2017-10-11 10:30:00', NULL, 82, 5),
(13, NULL, NULL, '', NULL, '2017-10-11 10:30:00', NULL, 83, 6),
(13, NULL, NULL, '', NULL, '2017-10-11 10:30:00', NULL, 84, 7),
(14, 1, NULL, NULL, NULL, '2017-10-11 10:30:00', NULL, 85, 1),
(14, 2, NULL, NULL, NULL, '2017-10-11 10:30:00', NULL, 86, 2),
(14, 3, NULL, NULL, NULL, '2017-10-11 10:30:00', NULL, 87, 3),
(14, 4, NULL, NULL, NULL, '2017-10-11 10:30:00', NULL, 88, 4),
(14, 5, NULL, NULL, NULL, '2017-10-11 10:30:00', NULL, 89, 5),
(14, 6, NULL, NULL, NULL, '2017-10-11 10:30:00', NULL, 90, 6),
(14, 7, NULL, NULL, NULL, '2017-10-11 10:30:00', NULL, 91, 7),
(15, NULL, NULL, 'core', NULL, '2017-10-11 10:30:00', NULL, 92, 1),
(15, NULL, NULL, 'core', NULL, '2017-10-11 10:30:00', NULL, 93, 2),
(15, NULL, NULL, 'core', NULL, '2017-10-11 10:30:00', NULL, 94, 3),
(15, NULL, NULL, 'core', NULL, '2017-10-11 10:30:00', NULL, 95, 4),
(15, NULL, NULL, 'core', NULL, '2017-10-11 10:30:00', NULL, 96, 5),
(15, NULL, NULL, 'core', NULL, '2017-10-11 10:30:00', NULL, 97, 6),
(15, NULL, NULL, 'core', NULL, '2017-10-11 10:30:00', NULL, 98, 7),
(40, NULL, NULL, '200', NULL, '2017-10-11 10:30:00', NULL, 99, 1),
(40, NULL, NULL, '201', NULL, '2017-10-11 10:30:00', NULL, 100, 2),
(40, NULL, NULL, '202', NULL, '2017-10-11 10:30:00', NULL, 101, 3),
(40, NULL, NULL, '203', NULL, '2017-10-11 10:30:00', NULL, 102, 4),
(40, NULL, NULL, '204', NULL, '2017-10-11 10:30:00', NULL, 103, 5),
(40, NULL, NULL, '205', NULL, '2017-10-11 10:30:00', NULL, 104, 6),
(40, NULL, NULL, '206', NULL, '2017-10-11 10:30:00', NULL, 105, 7),
(10, NULL, NULL, 'category', NULL, '2017-10-11 10:30:00', NULL, 106, 11),
(10, NULL, NULL, 'product', NULL, '2017-10-11 10:30:00', NULL, 107, 12),
(10, NULL, NULL, 'manufacturer', NULL, '2017-10-11 10:30:00', NULL, 108, 13),
(10, NULL, NULL, 'download', NULL, '2017-10-11 10:30:00', NULL, 109, 14),
(10, NULL, NULL, 'review', NULL, '2017-10-11 10:30:00', NULL, 110, 15),
(10, NULL, NULL, 'attributes', NULL, '2017-10-11 10:30:00', NULL, 111, 16),
(10, NULL, NULL, 'rl_manager', NULL, '2017-10-11 10:30:00', NULL, 112, 220),
(11, NULL, NULL, 'text_category', NULL, '2017-10-11 10:30:00', NULL, 113, 11),
(11, NULL, NULL, 'text_product', NULL, '2017-10-11 10:30:00', NULL, 114, 12),
(11, NULL, NULL, 'text_manufacturer', NULL, '2017-10-11 10:30:00', NULL, 115, 13),
(11, NULL, NULL, 'text_download', NULL, '2017-10-11 10:30:00', NULL, 116, 14),
(11, NULL, NULL, 'text_review', NULL, '2017-10-11 10:30:00', NULL, 117, 15),
(11, NULL, NULL, 'text_attribute', NULL, '2017-10-11 10:30:00', NULL, 118, 16),
(11, NULL, NULL, 'text_rl_manager', NULL, '2017-10-11 10:30:00', NULL, 119, 220),
(12, NULL, NULL, 'catalog/category', NULL, '2017-10-11 10:30:00', NULL, 120, 11),
(12, NULL, NULL, 'catalog/product', NULL, '2017-10-11 10:30:00', NULL, 121, 12),
(12, NULL, NULL, 'catalog/manufacturer', NULL, '2017-10-11 10:30:00', NULL, 122, 13),
(12, NULL, NULL, 'catalog/download', NULL, '2017-10-11 10:30:00', NULL, 123, 14),
(12, NULL, NULL, 'catalog/review', NULL, '2017-10-11 10:30:00', NULL, 124, 15),
(12, NULL, NULL, 'catalog/attribute', NULL, '2017-10-11 10:30:00', NULL, 125, 16),
(12, NULL, NULL, 'tool/rl_manager', NULL, '2017-10-11 10:30:00', NULL, 126, 220),
(13, NULL, NULL, 'catalog', NULL, '2017-10-11 10:30:00', NULL, 127, 11),
(13, NULL, NULL, 'catalog', NULL, '2017-10-11 10:30:00', NULL, 128, 12),
(13, NULL, NULL, 'catalog', NULL, '2017-10-11 10:30:00', NULL, 129, 13),
(13, NULL, NULL, 'catalog', NULL, '2017-10-11 10:30:00', NULL, 130, 14),
(13, NULL, NULL, 'catalog', NULL, '2017-10-11 10:30:00', NULL, 131, 15),
(13, NULL, NULL, 'catalog', NULL, '2017-10-11 10:30:00', NULL, 132, 16),
(13, NULL, NULL, 'catalog', NULL, '2017-10-11 10:30:00', NULL, 133, 220),
(14, 1, NULL, NULL, NULL, '2017-10-11 10:30:00', NULL, 134, 11),
(14, 2, NULL, NULL, NULL, '2017-10-11 10:30:00', NULL, 135, 12),
(14, 3, NULL, NULL, NULL, '2017-10-11 10:30:00', NULL, 136, 13),
(14, 4, NULL, NULL, NULL, '2017-10-11 10:30:00', NULL, 137, 14),
(14, 5, NULL, NULL, NULL, '2017-10-11 10:30:00', NULL, 138, 15),
(14, 6, NULL, NULL, NULL, '2017-10-11 10:30:00', NULL, 139, 16),
(14, 7, NULL, NULL, NULL, '2017-10-11 10:30:00', NULL, 140, 220),
(15, NULL, NULL, 'core', NULL, '2017-10-11 10:30:00', NULL, 141, 11),
(15, NULL, NULL, 'core', NULL, '2017-10-11 10:30:00', NULL, 142, 12),
(15, NULL, NULL, 'core', NULL, '2017-10-11 10:30:00', NULL, 143, 13),
(15, NULL, NULL, 'core', NULL, '2017-10-11 10:30:00', NULL, 144, 14),
(15, NULL, NULL, 'core', NULL, '2017-10-11 10:30:00', NULL, 145, 15),
(15, NULL, NULL, 'core', NULL, '2017-10-11 10:30:00', NULL, 146, 16),
(15, NULL, NULL, 'core', NULL, '2017-10-11 10:30:00', NULL, 147, 220),
(40, NULL, NULL, '207', NULL, '2017-10-11 10:30:00', NULL, 148, 11),
(40, NULL, NULL, '208', NULL, '2017-10-11 10:30:00', NULL, 149, 12),
(40, NULL, NULL, '209', NULL, '2017-10-11 10:30:00', NULL, 150, 13),
(40, NULL, NULL, '210', NULL, '2017-10-11 10:30:00', NULL, 151, 14),
(40, NULL, NULL, '211', NULL, '2017-10-11 10:30:00', NULL, 152, 15),
(40, NULL, NULL, '212', NULL, '2017-10-11 10:30:00', NULL, 153, 16),
(40, NULL, NULL, '277', NULL, '2017-10-11 10:30:00', NULL, 154, 220),
(10, NULL, NULL, 'extensions', NULL, '2017-10-11 10:30:00', NULL, 155, 31),
(10, NULL, NULL, 'shipping', NULL, '2017-10-11 10:30:00', NULL, 156, 32),
(10, NULL, NULL, 'payment', NULL, '2017-10-11 10:30:00', NULL, 157, 33),
(10, NULL, NULL, 'templates', NULL, '2017-10-11 10:30:00', NULL, 158, 34),
(10, NULL, NULL, 'languages', NULL, '2017-10-11 10:30:00', NULL, 159, 35),
(10, NULL, NULL, 'total', NULL, '2017-10-11 10:30:00', NULL, 160, 36),
(10, NULL, NULL, 'add_extension', NULL, '2017-10-11 10:30:00', NULL, 161, 37),
(10, NULL, NULL, 'extensions_stores', NULL, '2017-10-11 10:30:00', NULL, 162, 38),
(11, NULL, NULL, 'text_extensions', NULL, '2017-10-11 10:30:00', NULL, 163, 31),
(11, NULL, NULL, 'text_shipping', NULL, '2017-10-11 10:30:00', NULL, 164, 32),
(11, NULL, NULL, 'text_payment', NULL, '2017-10-11 10:30:00', NULL, 165, 33),
(11, NULL, NULL, 'text_templates', NULL, '2017-10-11 10:30:00', NULL, 166, 34),
(11, NULL, NULL, 'text_language', NULL, '2017-10-11 10:30:00', NULL, 167, 35),
(11, NULL, NULL, 'text_total', NULL, '2017-10-11 10:30:00', NULL, 168, 36),
(11, NULL, NULL, 'text_add_extension', NULL, '2017-10-11 10:30:00', NULL, 169, 37),
(11, NULL, NULL, 'text_extensions_store', NULL, '2017-10-11 10:30:00', NULL, 170, 38),
(12, NULL, NULL, 'extension/extensions/extensions', NULL, '2017-10-11 10:30:00', NULL, 171, 31),
(12, NULL, NULL, 'extension/extensions/shipping', NULL, '2017-10-11 10:30:00', NULL, 172, 32),
(12, NULL, NULL, 'extension/extensions/payment', NULL, '2017-10-11 10:30:00', NULL, 173, 33),
(12, NULL, NULL, 'extension/extensions/template', NULL, '2017-10-11 10:30:00', NULL, 174, 34),
(12, NULL, NULL, 'extension/extensions/language', NULL, '2017-10-11 10:30:00', NULL, 175, 35),
(12, NULL, NULL, 'extension/total', NULL, '2017-10-11 10:30:00', NULL, 176, 36),
(12, NULL, NULL, 'tool/package_installer', NULL, '2017-10-11 10:30:00', NULL, 177, 37),
(12, NULL, NULL, 'extension/extensions_store', NULL, '2017-10-11 10:30:00', NULL, 178, 38),
(13, NULL, NULL, 'extension', NULL, '2017-10-11 10:30:00', NULL, 179, 31),
(13, NULL, NULL, 'extension', NULL, '2017-10-11 10:30:00', NULL, 180, 32),
(13, NULL, NULL, 'extension', NULL, '2017-10-11 10:30:00', NULL, 181, 33),
(13, NULL, NULL, 'extension', NULL, '2017-10-11 10:30:00', NULL, 182, 34),
(13, NULL, NULL, 'extension', NULL, '2017-10-11 10:30:00', NULL, 183, 35),
(13, NULL, NULL, 'extension', NULL, '2017-10-11 10:30:00', NULL, 184, 36),
(13, NULL, NULL, 'extension', NULL, '2017-10-11 10:30:00', NULL, 185, 37),
(13, NULL, NULL, 'extension', NULL, '2017-10-11 10:30:00', NULL, 186, 38),
(14, 1, NULL, NULL, NULL, '2017-10-11 10:30:00', NULL, 187, 31),
(14, 2, NULL, NULL, NULL, '2017-10-11 10:30:00', NULL, 188, 32),
(14, 3, NULL, NULL, NULL, '2017-10-11 10:30:00', NULL, 189, 33),
(14, 4, NULL, NULL, NULL, '2017-10-11 10:30:00', NULL, 190, 34),
(14, 5, NULL, NULL, NULL, '2017-10-11 10:30:00', NULL, 191, 35),
(14, 6, NULL, NULL, NULL, '2017-10-11 10:30:00', NULL, 192, 36),
(14, 7, NULL, NULL, NULL, '2017-10-11 10:30:00', NULL, 193, 37),
(14, 8, NULL, NULL, NULL, '2017-10-11 10:30:00', NULL, 194, 38),
(15, NULL, NULL, 'core', NULL, '2017-10-11 10:30:00', NULL, 195, 31),
(15, NULL, NULL, 'core', NULL, '2017-10-11 10:30:00', NULL, 196, 32),
(15, NULL, NULL, 'core', NULL, '2017-10-11 10:30:00', NULL, 197, 33),
(15, NULL, NULL, 'core', NULL, '2017-10-11 10:30:00', NULL, 198, 34),
(15, NULL, NULL, 'core', NULL, '2017-10-11 10:30:00', NULL, 199, 35),
(15, NULL, NULL, 'core', NULL, '2017-10-11 10:30:00', NULL, 200, 36),
(40, NULL, NULL, '213', NULL, '2017-10-11 10:30:00', NULL, 201, 31),
(40, NULL, NULL, '214', NULL, '2017-10-11 10:30:00', NULL, 202, 32),
(40, NULL, NULL, '215', NULL, '2017-10-11 10:30:00', NULL, 203, 33),
(40, NULL, NULL, '216', NULL, '2017-10-11 10:30:00', NULL, 204, 34),
(40, NULL, NULL, '217', NULL, '2017-10-11 10:30:00', NULL, 205, 35),
(40, NULL, NULL, '218', NULL, '2017-10-11 10:30:00', NULL, 206, 36),
(40, NULL, NULL, '219', NULL, '2017-10-11 10:30:00', NULL, 207, 37),
(40, NULL, NULL, '220', NULL, '2017-10-11 10:30:00', NULL, 208, 38),
(10, NULL, NULL, 'order', NULL, '2017-10-11 10:30:00', NULL, 209, 51),
(10, NULL, NULL, 'customer', NULL, '2017-10-11 10:30:00', NULL, 210, 52),
(10, NULL, NULL, 'customer_group', NULL, '2017-10-11 10:30:00', NULL, 211, 53),
(10, NULL, NULL, 'coupon', NULL, '2017-10-11 10:30:00', NULL, 212, 54),
(10, NULL, NULL, 'contact', NULL, '2017-10-11 10:30:00', NULL, 213, 55),
(11, NULL, NULL, 'text_order', NULL, '2017-10-11 10:30:00', NULL, 214, 51),
(11, NULL, NULL, 'text_customer', NULL, '2017-10-11 10:30:00', NULL, 215, 52),
(11, NULL, NULL, 'text_customer_group', NULL, '2017-10-11 10:30:00', NULL, 216, 53),
(11, NULL, NULL, 'text_coupon', NULL, '2017-10-11 10:30:00', NULL, 217, 54),
(11, NULL, NULL, 'text_contact', NULL, '2017-10-11 10:30:00', NULL, 218, 55),
(12, NULL, NULL, 'sale/order', NULL, '2017-10-11 10:30:00', NULL, 219, 51),
(12, NULL, NULL, 'sale/customer', NULL, '2017-10-11 10:30:00', NULL, 220, 52),
(12, NULL, NULL, 'sale/customer_group', NULL, '2017-10-11 10:30:00', NULL, 221, 53),
(12, NULL, NULL, 'sale/coupon', NULL, '2017-10-11 10:30:00', NULL, 222, 54),
(12, NULL, NULL, 'sale/contact', NULL, '2017-10-11 10:30:00', NULL, 223, 55),
(13, NULL, NULL, 'sale', NULL, '2017-10-11 10:30:00', NULL, 224, 51),
(13, NULL, NULL, 'sale', NULL, '2017-10-11 10:30:00', NULL, 225, 52),
(13, NULL, NULL, 'sale', NULL, '2017-10-11 10:30:00', NULL, 226, 53),
(13, NULL, NULL, 'sale', NULL, '2017-10-11 10:30:00', NULL, 227, 54),
(13, NULL, NULL, 'sale', NULL, '2017-10-11 10:30:00', NULL, 228, 55),
(14, 1, NULL, NULL, NULL, '2017-10-11 10:30:00', NULL, 229, 51),
(14, 2, NULL, NULL, NULL, '2017-10-11 10:30:00', NULL, 230, 52),
(14, 3, NULL, NULL, NULL, '2017-10-11 10:30:00', NULL, 231, 53),
(14, 4, NULL, NULL, NULL, '2017-10-11 10:30:00', NULL, 232, 54),
(14, 5, NULL, NULL, NULL, '2017-10-11 10:30:00', NULL, 233, 55),
(15, NULL, NULL, 'core', NULL, '2017-10-11 10:30:00', NULL, 234, 51),
(15, NULL, NULL, 'core', NULL, '2017-10-11 10:30:00', NULL, 235, 52),
(15, NULL, NULL, 'core', NULL, '2017-10-11 10:30:00', NULL, 236, 53),
(15, NULL, NULL, 'core', NULL, '2017-10-11 10:30:00', NULL, 237, 54),
(15, NULL, NULL, 'core', NULL, '2017-10-11 10:30:00', NULL, 238, 55),
(40, NULL, NULL, '221', NULL, '2017-10-11 10:30:00', NULL, 239, 51),
(40, NULL, NULL, '222', NULL, '2017-10-11 10:30:00', NULL, 240, 52),
(40, NULL, NULL, '223', NULL, '2017-10-11 10:30:00', NULL, 241, 53),
(40, NULL, NULL, '224', NULL, '2017-10-11 10:30:00', NULL, 242, 54),
(40, NULL, NULL, '225', NULL, '2017-10-11 10:30:00', NULL, 243, 55),
(10, NULL, NULL, 'setting', NULL, '2017-10-11 10:30:00', NULL, 244, 71),
(10, NULL, NULL, 'users', NULL, '2017-10-11 10:30:00', NULL, 245, 72),
(10, NULL, NULL, 'localisation', NULL, '2017-10-11 10:30:00', NULL, 246, 73),
(10, NULL, NULL, 'data', NULL, '2017-10-11 10:30:00', NULL, 247, 74),
(10, NULL, NULL, 'updater', NULL, '2017-10-11 10:30:00', NULL, 248, 77),
(10, NULL, NULL, 'cache', NULL, '2017-10-11 10:30:00', NULL, 249, 78),
(10, NULL, NULL, 'messages', NULL, '2017-10-11 10:30:00', NULL, 250, 79),
(10, NULL, NULL, 'logs', NULL, '2017-10-11 10:30:00', NULL, 251, 80),
(11, NULL, NULL, 'text_setting', NULL, '2017-10-11 10:30:00', NULL, 252, 71),
(11, NULL, NULL, 'text_users', NULL, '2017-10-11 10:30:00', NULL, 253, 72),
(11, NULL, NULL, 'text_localisation', NULL, '2017-10-11 10:30:00', NULL, 254, 73),
(11, NULL, NULL, 'text_data', NULL, '2017-10-11 10:30:00', NULL, 255, 74),
(11, NULL, NULL, 'text_updater', NULL, '2017-10-11 10:30:00', NULL, 256, 77),
(11, NULL, NULL, 'text_cache', NULL, '2017-10-11 10:30:00', NULL, 257, 78),
(11, NULL, NULL, 'text_messages', NULL, '2017-10-11 10:30:00', NULL, 258, 79),
(11, NULL, NULL, 'text_logs', NULL, '2017-10-11 10:30:00', NULL, 259, 80),
(12, NULL, NULL, 'setting/setting', NULL, '2017-10-11 10:30:00', NULL, 260, 71),
(12, NULL, NULL, '', NULL, '2017-10-11 10:30:00', NULL, 261, 72),
(12, NULL, NULL, '', NULL, '2017-10-11 10:30:00', NULL, 262, 73),
(12, NULL, NULL, '', NULL, '2017-10-11 10:30:00', NULL, 263, 74),
(12, NULL, NULL, 'tool/updater', NULL, '2017-10-11 10:30:00', NULL, 264, 77),
(12, NULL, NULL, 'tool/cache', NULL, '2017-10-11 10:30:00', NULL, 265, 78),
(12, NULL, NULL, 'tool/message_manager', NULL, '2017-10-11 10:30:00', NULL, 266, 79),
(12, NULL, NULL, '', NULL, '2017-10-11 10:30:00', NULL, 267, 80),
(13, NULL, NULL, 'system', NULL, '2017-10-11 10:30:00', NULL, 268, 71),
(13, NULL, NULL, 'system', NULL, '2017-10-11 10:30:00', NULL, 269, 72),
(13, NULL, NULL, 'system', NULL, '2017-10-11 10:30:00', NULL, 270, 73),
(13, NULL, NULL, 'system', NULL, '2017-10-11 10:30:00', NULL, 271, 74),
(13, NULL, NULL, 'system', NULL, '2017-10-11 10:30:00', NULL, 272, 77),
(13, NULL, NULL, 'system', NULL, '2017-10-11 10:30:00', NULL, 273, 78),
(13, NULL, NULL, 'system', NULL, '2017-10-11 10:30:00', NULL, 274, 79),
(13, NULL, NULL, 'system', NULL, '2017-10-11 10:30:00', NULL, 275, 80),
(14, 1, NULL, NULL, NULL, '2017-10-11 10:30:00', NULL, 276, 71),
(14, 2, NULL, NULL, NULL, '2017-10-11 10:30:00', NULL, 277, 72),
(14, 3, NULL, NULL, NULL, '2017-10-11 10:30:00', NULL, 278, 73),
(14, 4, NULL, NULL, NULL, '2017-10-11 10:30:00', NULL, 279, 74),
(14, 7, NULL, NULL, NULL, '2017-10-11 10:30:00', NULL, 280, 77),
(14, 8, NULL, NULL, NULL, '2017-10-11 10:30:00', NULL, 281, 78),
(14, 9, NULL, NULL, NULL, '2017-10-11 10:30:00', NULL, 282, 79),
(14, 10, NULL, NULL, NULL, '2017-10-11 10:30:00', NULL, 283, 80),
(15, NULL, NULL, 'core', NULL, '2017-10-11 10:30:00', NULL, 284, 71),
(15, NULL, NULL, 'core', NULL, '2017-10-11 10:30:00', NULL, 285, 72),
(15, NULL, NULL, 'core', NULL, '2017-10-11 10:30:00', NULL, 286, 73),
(15, NULL, NULL, 'core', NULL, '2017-10-11 10:30:00', NULL, 287, 74),
(15, NULL, NULL, 'core', NULL, '2017-10-11 10:30:00', NULL, 288, 77),
(15, NULL, NULL, 'core', NULL, '2017-10-11 10:30:00', NULL, 289, 78),
(15, NULL, NULL, 'core', NULL, '2017-10-11 10:30:00', NULL, 290, 79),
(15, NULL, NULL, 'core', NULL, '2017-10-11 10:30:00', NULL, 291, 80),
(40, NULL, NULL, '226', NULL, '2017-10-11 10:30:00', NULL, 292, 71),
(40, NULL, NULL, '227', NULL, '2017-10-11 10:30:00', NULL, 293, 72),
(40, NULL, NULL, '228', NULL, '2017-10-11 10:30:00', NULL, 294, 73),
(40, NULL, NULL, '229', NULL, '2017-10-11 10:30:00', NULL, 295, 74),
(40, NULL, NULL, '230', NULL, '2017-10-11 10:30:00', NULL, 296, 77),
(40, NULL, NULL, '231', NULL, '2017-10-11 10:30:00', NULL, 297, 78),
(40, NULL, NULL, '232', NULL, '2017-10-11 10:30:00', NULL, 298, 79),
(40, NULL, NULL, '233', NULL, '2017-10-11 10:30:00', NULL, 299, 80),
(10, NULL, NULL, 'report_sale', NULL, '2017-10-11 10:30:00', NULL, 300, 91),
(10, NULL, NULL, 'report_customer', NULL, '2017-10-11 10:30:00', NULL, 301, 92),
(10, NULL, NULL, 'report_product', NULL, '2017-10-11 10:30:00', NULL, 302, 93),
(10, NULL, NULL, 'report_analytics', NULL, '2017-10-11 10:30:00', NULL, 303, 221),
(10, NULL, NULL, 'banner_manager_stat', NULL, '2017-10-11 10:30:00', NULL, 304, 94),
(11, NULL, NULL, 'text_report_sale', NULL, '2017-10-11 10:30:00', NULL, 305, 91),
(11, NULL, NULL, 'text_customer', NULL, '2017-10-11 10:30:00', NULL, 306, 92),
(11, NULL, NULL, 'text_product', NULL, '2017-10-11 10:30:00', NULL, 307, 93),
(11, NULL, NULL, 'text_analytics', NULL, '2017-10-11 10:30:00', NULL, 308, 221),
(11, NULL, NULL, 'banner_manager_name_stat', NULL, '2017-10-11 10:30:00', NULL, 309, 94),
(12, NULL, NULL, '', NULL, '2017-10-11 10:30:00', NULL, 310, 91),
(12, NULL, NULL, '', NULL, '2017-10-11 10:30:00', NULL, 311, 92),
(12, NULL, NULL, '', NULL, '2017-10-11 10:30:00', NULL, 312, 93),
(12, NULL, NULL, '', NULL, '2017-10-11 10:30:00', NULL, 313, 221),
(12, NULL, NULL, 'extension/banner_manager_stat', NULL, '2017-10-11 10:30:00', NULL, 314, 94),
(13, NULL, NULL, 'reports', NULL, '2017-10-11 10:30:00', NULL, 315, 91),
(13, NULL, NULL, 'reports', NULL, '2017-10-11 10:30:00', NULL, 316, 92),
(13, NULL, NULL, 'reports', NULL, '2017-10-11 10:30:00', NULL, 317, 93),
(13, NULL, NULL, 'reports', NULL, '2017-10-11 10:30:00', NULL, 318, 221),
(13, NULL, NULL, 'reports', NULL, '2017-10-11 10:30:00', NULL, 319, 94),
(14, 1, NULL, NULL, NULL, '2017-10-11 10:30:00', NULL, 320, 91),
(14, 2, NULL, NULL, NULL, '2017-10-11 10:30:00', NULL, 321, 92),
(14, 3, NULL, NULL, NULL, '2017-10-11 10:30:00', NULL, 322, 93),
(14, 4, NULL, NULL, NULL, '2017-10-11 10:30:00', NULL, 323, 221),
(14, 5, NULL, NULL, NULL, '2017-10-11 10:30:00', NULL, 324, 94),
(15, NULL, NULL, 'core', NULL, '2017-10-11 10:30:00', NULL, 325, 91),
(15, NULL, NULL, 'core', NULL, '2017-10-11 10:30:00', NULL, 326, 92),
(15, NULL, NULL, 'core', NULL, '2017-10-11 10:30:00', NULL, 327, 93),
(15, NULL, NULL, 'core', NULL, '2017-10-11 10:30:00', NULL, 328, 221),
(15, NULL, NULL, 'extension', NULL, '2017-10-11 10:30:00', NULL, 329, 94),
(40, NULL, NULL, '234', NULL, '2017-10-11 10:30:00', NULL, 330, 91),
(40, NULL, NULL, '222', NULL, '2017-10-11 10:30:00', NULL, 331, 92),
(40, NULL, NULL, '208', NULL, '2017-10-11 10:30:00', NULL, 332, 93),
(40, NULL, NULL, '234', NULL, '2017-10-11 10:30:00', NULL, 333, 221),
(40, NULL, NULL, '237', NULL, '2017-10-11 10:30:00', NULL, 334, 94),
(10, NULL, NULL, 'Tellbd E-Commerce', NULL, '2017-10-11 10:30:00', NULL, 335, 111),
(10, NULL, NULL, 'documentation', NULL, '2017-10-11 10:30:00', NULL, 336, 112),
(10, NULL, NULL, 'support', NULL, '2017-10-11 10:30:00', NULL, 337, 113),
(10, NULL, NULL, 'marketplace', NULL, '2017-10-11 10:30:00', NULL, 338, 114),
(11, NULL, NULL, 'text_abantecart', NULL, '2017-10-11 10:30:00', NULL, 339, 111),
(11, NULL, NULL, 'text_documentation', NULL, '2017-10-11 10:30:00', NULL, 340, 112),
(11, NULL, NULL, 'text_support', NULL, '2017-10-11 10:30:00', NULL, 341, 113),
(11, NULL, NULL, 'text_extensions_store', NULL, '2017-10-11 10:30:00', NULL, 342, 114),
(12, NULL, NULL, 'window.open(\'http://www.tellbd.com\');', NULL, '2017-10-11 10:30:00', NULL, 343, 111),
(12, NULL, NULL, 'window.open(\'http://docs.tellbd.com\');', NULL, '2017-10-11 10:30:00', NULL, 344, 112),
(12, NULL, NULL, 'window.open(\'http://forum.tellbd.com\');', NULL, '2017-10-11 10:30:00', NULL, 345, 113),
(12, NULL, NULL, 'window.open(\'http://marketplace.tellbd.com\');', NULL, '2017-10-11 10:30:00', NULL, 346, 114),
(13, NULL, NULL, 'help', NULL, '2017-10-11 10:30:00', NULL, 347, 111),
(13, NULL, NULL, 'help', NULL, '2017-10-11 10:30:00', NULL, 348, 112),
(13, NULL, NULL, 'help', NULL, '2017-10-11 10:30:00', NULL, 349, 113),
(13, NULL, NULL, 'help', NULL, '2017-10-11 10:30:00', NULL, 350, 114),
(14, 1, NULL, NULL, NULL, '2017-10-11 10:30:00', NULL, 351, 111),
(14, 2, NULL, NULL, NULL, '2017-10-11 10:30:00', NULL, 352, 112),
(14, 3, NULL, NULL, NULL, '2017-10-11 10:30:00', NULL, 353, 113),
(14, 4, NULL, NULL, NULL, '2017-10-11 10:30:00', NULL, 354, 114),
(15, NULL, NULL, 'core', NULL, '2017-10-11 10:30:00', NULL, 355, 111),
(15, NULL, NULL, 'core', NULL, '2017-10-11 10:30:00', NULL, 356, 112),
(15, NULL, NULL, 'core', NULL, '2017-10-11 10:30:00', NULL, 357, 113),
(15, NULL, NULL, 'core', NULL, '2017-10-11 10:30:00', NULL, 358, 114),
(40, NULL, NULL, '238', NULL, '2017-10-11 10:30:00', NULL, 359, 111),
(40, NULL, NULL, '239', NULL, '2017-10-11 10:30:00', NULL, 360, 112),
(40, NULL, NULL, '240', NULL, '2017-10-11 10:30:00', NULL, 361, 113),
(40, NULL, NULL, '203', NULL, '2017-10-11 10:30:00', NULL, 362, 114),
(10, NULL, NULL, 'template', NULL, '2017-10-11 10:30:00', NULL, 363, 131),
(10, NULL, NULL, 'layout', NULL, '2017-10-11 10:30:00', NULL, 364, 132),
(10, NULL, NULL, 'blocks', NULL, '2017-10-11 10:30:00', NULL, 365, 133),
(10, NULL, NULL, 'menu', NULL, '2017-10-11 10:30:00', NULL, 366, 134),
(10, NULL, NULL, 'content', NULL, '2017-10-11 10:30:00', NULL, 367, 135),
(10, NULL, NULL, 'banner_manager', NULL, '2017-10-11 10:30:00', NULL, 368, 136),
(10, NULL, NULL, 'forms_manager', NULL, '2017-10-11 10:30:00', NULL, 369, 200),
(11, NULL, NULL, 'text_templates', NULL, '2017-10-11 10:30:00', NULL, 370, 131),
(11, NULL, NULL, 'text_layout', NULL, '2017-10-11 10:30:00', NULL, 371, 132),
(11, NULL, NULL, 'text_blocks', NULL, '2017-10-11 10:30:00', NULL, 372, 133),
(11, NULL, NULL, 'text_menu', NULL, '2017-10-11 10:30:00', NULL, 373, 134),
(11, NULL, NULL, 'text_content', NULL, '2017-10-11 10:30:00', NULL, 374, 135),
(11, NULL, NULL, 'banner_manager_name', NULL, '2017-10-11 10:30:00', NULL, 375, 136),
(11, NULL, NULL, 'forms_manager_name', NULL, '2017-10-11 10:30:00', NULL, 376, 200),
(12, NULL, NULL, 'design/template', NULL, '2017-10-11 10:30:00', NULL, 377, 131),
(12, NULL, NULL, 'design/layout', NULL, '2017-10-11 10:30:00', NULL, 378, 132),
(12, NULL, NULL, 'design/blocks', NULL, '2017-10-11 10:30:00', NULL, 379, 133),
(12, NULL, NULL, 'design/menu', NULL, '2017-10-11 10:30:00', NULL, 380, 134),
(12, NULL, NULL, 'design/content', NULL, '2017-10-11 10:30:00', NULL, 381, 135),
(12, NULL, NULL, 'extension/banner_manager', NULL, '2017-10-11 10:30:00', NULL, 382, 136),
(12, NULL, NULL, 'tool/forms_manager', NULL, '2017-10-11 10:30:00', NULL, 383, 200),
(13, NULL, NULL, 'design', NULL, '2017-10-11 10:30:00', NULL, 384, 131),
(13, NULL, NULL, 'design', NULL, '2017-10-11 10:30:00', NULL, 385, 132),
(13, NULL, NULL, 'design', NULL, '2017-10-11 10:30:00', NULL, 386, 133),
(13, NULL, NULL, 'design', NULL, '2017-10-11 10:30:00', NULL, 387, 134),
(13, NULL, NULL, 'design', NULL, '2017-10-11 10:30:00', NULL, 388, 135),
(13, NULL, NULL, 'design', NULL, '2017-10-11 10:30:00', NULL, 389, 136),
(13, NULL, NULL, 'design', NULL, '2017-10-11 10:30:00', NULL, 390, 200),
(14, 1, NULL, NULL, NULL, '2017-10-11 10:30:00', NULL, 391, 131),
(14, 2, NULL, NULL, NULL, '2017-10-11 10:30:00', NULL, 392, 132),
(14, 3, NULL, NULL, NULL, '2017-10-11 10:30:00', NULL, 393, 133),
(14, 4, NULL, NULL, NULL, '2017-10-11 10:30:00', NULL, 394, 134),
(14, 5, NULL, NULL, NULL, '2017-10-11 10:30:00', NULL, 395, 135),
(14, 6, NULL, NULL, NULL, '2017-10-11 10:30:00', NULL, 396, 136),
(14, 7, NULL, NULL, NULL, '2017-10-11 10:30:00', NULL, 397, 200),
(15, NULL, NULL, 'core', NULL, '2017-10-11 10:30:00', NULL, 398, 131),
(15, NULL, NULL, 'core', NULL, '2017-10-11 10:30:00', NULL, 399, 132),
(15, NULL, NULL, 'core', NULL, '2017-10-11 10:30:00', NULL, 400, 133),
(15, NULL, NULL, 'core', NULL, '2017-10-11 10:30:00', NULL, 401, 134),
(15, NULL, NULL, 'core', NULL, '2017-10-11 10:30:00', NULL, 402, 135),
(15, NULL, NULL, 'extension', NULL, '2017-10-11 10:30:00', NULL, 403, 136),
(15, NULL, NULL, 'extension', NULL, '2017-10-11 10:30:00', NULL, 404, 200),
(40, NULL, NULL, '241', NULL, '2017-10-11 10:30:00', NULL, 405, 131),
(40, NULL, NULL, '242', NULL, '2017-10-11 10:30:00', NULL, 406, 132),
(40, NULL, NULL, '243', NULL, '2017-10-11 10:30:00', NULL, 407, 133),
(40, NULL, NULL, '244', NULL, '2017-10-11 10:30:00', NULL, 408, 134),
(40, NULL, NULL, '245', NULL, '2017-10-11 10:30:00', NULL, 409, 135),
(40, NULL, NULL, '246', NULL, '2017-10-11 10:30:00', NULL, 410, 136),
(40, NULL, NULL, '248', NULL, '2017-10-11 10:30:00', NULL, 411, 200),
(10, NULL, NULL, 'all_settings', NULL, '2017-10-11 10:30:00', NULL, 412, 191),
(10, NULL, NULL, 'settings_details', NULL, '2017-10-11 10:30:00', NULL, 413, 192),
(10, NULL, NULL, 'settings_general', NULL, '2017-10-11 10:30:00', NULL, 414, 193),
(10, NULL, NULL, 'settings_checkout', NULL, '2017-10-11 10:30:00', NULL, 415, 194),
(10, NULL, NULL, 'settings_appearance', NULL, '2017-10-11 10:30:00', NULL, 416, 195),
(10, NULL, NULL, 'settings_mail', NULL, '2017-10-11 10:30:00', NULL, 417, 196),
(10, NULL, NULL, 'settings_im', NULL, '2017-10-11 10:30:00', NULL, 418, 219),
(10, NULL, NULL, 'settings_api', NULL, '2017-10-11 10:30:00', NULL, 419, 197),
(10, NULL, NULL, 'settings_system', NULL, '2017-10-11 10:30:00', NULL, 420, 198),
(10, NULL, NULL, 'settings_newstore', NULL, '2017-10-11 10:30:00', NULL, 421, 199),
(11, NULL, NULL, 'text_all_settings', NULL, '2017-10-11 10:30:00', NULL, 422, 191),
(11, NULL, NULL, 'text_settings_details', NULL, '2017-10-11 10:30:00', NULL, 423, 192),
(11, NULL, NULL, 'text_settings_general', NULL, '2017-10-11 10:30:00', NULL, 424, 193),
(11, NULL, NULL, 'text_settings_checkout', NULL, '2017-10-11 10:30:00', NULL, 425, 194),
(11, NULL, NULL, 'text_settings_appearance', NULL, '2017-10-11 10:30:00', NULL, 426, 195),
(11, NULL, NULL, 'text_settings_mail', NULL, '2017-10-11 10:30:00', NULL, 427, 196),
(11, NULL, NULL, 'text_settings_im', NULL, '2017-10-11 10:30:00', NULL, 428, 219),
(11, NULL, NULL, 'text_settings_api', NULL, '2017-10-11 10:30:00', NULL, 429, 197),
(11, NULL, NULL, 'text_settings_system', NULL, '2017-10-11 10:30:00', NULL, 430, 198),
(11, NULL, NULL, 'text_settings_newstore', NULL, '2017-10-11 10:30:00', NULL, 431, 199),
(12, NULL, NULL, 'setting/setting/all', NULL, '2017-10-11 10:30:00', NULL, 432, 191),
(12, NULL, NULL, 'setting/setting/details', NULL, '2017-10-11 10:30:00', NULL, 433, 192),
(12, NULL, NULL, 'setting/setting/general', NULL, '2017-10-11 10:30:00', NULL, 434, 193),
(12, NULL, NULL, 'setting/setting/checkout', NULL, '2017-10-11 10:30:00', NULL, 435, 194),
(12, NULL, NULL, 'setting/setting/appearance', NULL, '2017-10-11 10:30:00', NULL, 436, 195),
(12, NULL, NULL, 'setting/setting/mail', NULL, '2017-10-11 10:30:00', NULL, 437, 196),
(12, NULL, NULL, 'setting/setting/im', NULL, '2017-10-11 10:30:00', NULL, 438, 219),
(12, NULL, NULL, 'setting/setting/api', NULL, '2017-10-11 10:30:00', NULL, 439, 197),
(12, NULL, NULL, 'setting/setting/system', NULL, '2017-10-11 10:30:00', NULL, 440, 198),
(12, NULL, NULL, 'setting/store/insert', NULL, '2017-10-11 10:30:00', NULL, 441, 199),
(13, NULL, NULL, 'setting', NULL, '2017-10-11 10:30:00', NULL, 442, 191),
(13, NULL, NULL, 'setting', NULL, '2017-10-11 10:30:00', NULL, 443, 192),
(13, NULL, NULL, 'setting', NULL, '2017-10-11 10:30:00', NULL, 444, 193),
(13, NULL, NULL, 'setting', NULL, '2017-10-11 10:30:00', NULL, 445, 194),
(13, NULL, NULL, 'setting', NULL, '2017-10-11 10:30:00', NULL, 446, 195),
(13, NULL, NULL, 'setting', NULL, '2017-10-11 10:30:00', NULL, 447, 196),
(13, NULL, NULL, 'setting', NULL, '2017-10-11 10:30:00', NULL, 448, 219),
(13, NULL, NULL, 'setting', NULL, '2017-10-11 10:30:00', NULL, 449, 197),
(13, NULL, NULL, 'setting', NULL, '2017-10-11 10:30:00', NULL, 450, 198),
(13, NULL, NULL, 'setting', NULL, '2017-10-11 10:30:00', NULL, 451, 199),
(14, 1, NULL, NULL, NULL, '2017-10-11 10:30:00', NULL, 452, 191),
(14, 2, NULL, NULL, NULL, '2017-10-11 10:30:00', NULL, 453, 192),
(14, 3, NULL, NULL, NULL, '2017-10-11 10:30:00', NULL, 454, 193),
(14, 4, NULL, NULL, NULL, '2017-10-11 10:30:00', NULL, 455, 194),
(14, 5, NULL, NULL, NULL, '2017-10-11 10:30:00', NULL, 456, 195),
(14, 6, NULL, NULL, NULL, '2017-10-11 10:30:00', NULL, 457, 196),
(14, 7, NULL, NULL, NULL, '2017-10-11 10:30:00', NULL, 458, 219),
(14, 8, NULL, NULL, NULL, '2017-10-11 10:30:00', NULL, 459, 197),
(14, 9, NULL, NULL, NULL, '2017-10-11 10:30:00', NULL, 460, 198),
(14, 10, NULL, NULL, NULL, '2017-10-11 10:30:00', NULL, 461, 199),
(15, NULL, NULL, 'core', NULL, '2017-10-11 10:30:00', NULL, 462, 191),
(15, NULL, NULL, 'core', NULL, '2017-10-11 10:30:00', NULL, 463, 192),
(15, NULL, NULL, 'core', NULL, '2017-10-11 10:30:00', NULL, 464, 193),
(15, NULL, NULL, 'core', NULL, '2017-10-11 10:30:00', NULL, 465, 194),
(15, NULL, NULL, 'core', NULL, '2017-10-11 10:30:00', NULL, 466, 195),
(15, NULL, NULL, 'core', NULL, '2017-10-11 10:30:00', NULL, 467, 196),
(15, NULL, NULL, 'core', NULL, '2017-10-11 10:30:00', NULL, 468, 219),
(15, NULL, NULL, 'core', NULL, '2017-10-11 10:30:00', NULL, 469, 197),
(15, NULL, NULL, 'core', NULL, '2017-10-11 10:30:00', NULL, 470, 198),
(15, NULL, NULL, 'core', NULL, '2017-10-11 10:30:00', NULL, 471, 199),
(40, NULL, NULL, '247', NULL, '2017-10-11 10:30:00', NULL, 472, 191),
(40, NULL, NULL, '248', NULL, '2017-10-11 10:30:00', NULL, 473, 192),
(40, NULL, NULL, '249', NULL, '2017-10-11 10:30:00', NULL, 474, 193),
(40, NULL, NULL, '250', NULL, '2017-10-11 10:30:00', NULL, 475, 194),
(40, NULL, NULL, '251', NULL, '2017-10-11 10:30:00', NULL, 476, 195),
(40, NULL, NULL, '252', NULL, '2017-10-11 10:30:00', NULL, 477, 196),
(40, NULL, NULL, '276', NULL, '2017-10-11 10:30:00', NULL, 478, 219),
(40, NULL, NULL, '253', NULL, '2017-10-11 10:30:00', NULL, 479, 197),
(40, NULL, NULL, '254', NULL, '2017-10-11 10:30:00', NULL, 480, 198),
(40, NULL, NULL, '255', NULL, '2017-10-11 10:30:00', NULL, 481, 199),
(10, NULL, NULL, 'user', NULL, '2017-10-11 10:30:00', NULL, 482, 151),
(10, NULL, NULL, 'permission', NULL, '2017-10-11 10:30:00', NULL, 483, 152),
(11, NULL, NULL, 'text_user', NULL, '2017-10-11 10:30:00', NULL, 484, 151),
(11, NULL, NULL, 'text_user_group', NULL, '2017-10-11 10:30:00', NULL, 485, 152),
(12, NULL, NULL, 'user/user', NULL, '2017-10-11 10:30:00', NULL, 486, 151),
(12, NULL, NULL, 'user/user_permission', NULL, '2017-10-11 10:30:00', NULL, 487, 152),
(13, NULL, NULL, 'users', NULL, '2017-10-11 10:30:00', NULL, 488, 151),
(13, NULL, NULL, 'users', NULL, '2017-10-11 10:30:00', NULL, 489, 152),
(14, 1, NULL, NULL, NULL, '2017-10-11 10:30:00', NULL, 490, 151),
(14, 2, NULL, NULL, NULL, '2017-10-11 10:30:00', NULL, 491, 152),
(15, NULL, NULL, 'core', NULL, '2017-10-11 10:30:00', NULL, 492, 151),
(15, NULL, NULL, 'core', NULL, '2017-10-11 10:30:00', NULL, 493, 152),
(40, NULL, NULL, '256', NULL, '2017-10-11 10:30:00', NULL, 494, 151),
(40, NULL, NULL, '257', NULL, '2017-10-11 10:30:00', NULL, 495, 152),
(10, NULL, NULL, 'language', NULL, '2017-10-11 10:30:00', NULL, 496, 171),
(10, NULL, NULL, 'language_definitions', NULL, '2017-10-11 10:30:00', NULL, 497, 172),
(10, NULL, NULL, 'currency', NULL, '2017-10-11 10:30:00', NULL, 498, 173),
(10, NULL, NULL, 'stockstatus', NULL, '2017-10-11 10:30:00', NULL, 499, 174),
(10, NULL, NULL, 'orderstatus', NULL, '2017-10-11 10:30:00', NULL, 500, 175),
(10, NULL, NULL, 'country', NULL, '2017-10-11 10:30:00', NULL, 501, 176),
(10, NULL, NULL, 'zone', NULL, '2017-10-11 10:30:00', NULL, 502, 177),
(10, NULL, NULL, 'location', NULL, '2017-10-11 10:30:00', NULL, 503, 178),
(10, NULL, NULL, 'taxclass', NULL, '2017-10-11 10:30:00', NULL, 504, 179),
(10, NULL, NULL, 'lengthclass', NULL, '2017-10-11 10:30:00', NULL, 505, 180),
(10, NULL, NULL, 'weightclass', NULL, '2017-10-11 10:30:00', NULL, 506, 181),
(11, NULL, NULL, 'text_language', NULL, '2017-10-11 10:30:00', NULL, 507, 171),
(11, NULL, NULL, 'text_language_definitions', NULL, '2017-10-11 10:30:00', NULL, 508, 172),
(11, NULL, NULL, 'text_currency', NULL, '2017-10-11 10:30:00', NULL, 509, 173),
(11, NULL, NULL, 'text_stock_status', NULL, '2017-10-11 10:30:00', NULL, 510, 174),
(11, NULL, NULL, 'text_order_status', NULL, '2017-10-11 10:30:00', NULL, 511, 175),
(11, NULL, NULL, 'text_country', NULL, '2017-10-11 10:30:00', NULL, 512, 176),
(11, NULL, NULL, 'text_zone', NULL, '2017-10-11 10:30:00', NULL, 513, 177),
(11, NULL, NULL, 'text_location', NULL, '2017-10-11 10:30:00', NULL, 514, 178),
(11, NULL, NULL, 'text_tax_class', NULL, '2017-10-11 10:30:00', NULL, 515, 179),
(11, NULL, NULL, 'text_length_class', NULL, '2017-10-11 10:30:00', NULL, 516, 180),
(11, NULL, NULL, 'text_weight_class', NULL, '2017-10-11 10:30:00', NULL, 517, 181),
(12, NULL, NULL, 'localisation/language', NULL, '2017-10-11 10:30:00', NULL, 518, 171),
(12, NULL, NULL, 'localisation/language_definitions', NULL, '2017-10-11 10:30:00', NULL, 519, 172),
(12, NULL, NULL, 'localisation/currency', NULL, '2017-10-11 10:30:00', NULL, 520, 173),
(12, NULL, NULL, 'localisation/stock_status', NULL, '2017-10-11 10:30:00', NULL, 521, 174),
(12, NULL, NULL, 'localisation/order_status', NULL, '2017-10-11 10:30:00', NULL, 522, 175),
(12, NULL, NULL, 'localisation/country', NULL, '2017-10-11 10:30:00', NULL, 523, 176),
(12, NULL, NULL, 'localisation/zone', NULL, '2017-10-11 10:30:00', NULL, 524, 177),
(12, NULL, NULL, 'localisation/location', NULL, '2017-10-11 10:30:00', NULL, 525, 178),
(12, NULL, NULL, 'localisation/tax_class', NULL, '2017-10-11 10:30:00', NULL, 526, 179),
(12, NULL, NULL, 'localisation/length_class', NULL, '2017-10-11 10:30:00', NULL, 527, 180),
(12, NULL, NULL, 'localisation/weight_class', NULL, '2017-10-11 10:30:00', NULL, 528, 181),
(13, NULL, NULL, 'localisation', NULL, '2017-10-11 10:30:00', NULL, 529, 171),
(13, NULL, NULL, 'localisation', NULL, '2017-10-11 10:30:00', NULL, 530, 172),
(13, NULL, NULL, 'localisation', NULL, '2017-10-11 10:30:00', NULL, 531, 173),
(13, NULL, NULL, 'localisation', NULL, '2017-10-11 10:30:00', NULL, 532, 174),
(13, NULL, NULL, 'localisation', NULL, '2017-10-11 10:30:00', NULL, 533, 175),
(13, NULL, NULL, 'localisation', NULL, '2017-10-11 10:30:00', NULL, 534, 176),
(13, NULL, NULL, 'localisation', NULL, '2017-10-11 10:30:00', NULL, 535, 177),
(13, NULL, NULL, 'localisation', NULL, '2017-10-11 10:30:00', NULL, 536, 178),
(13, NULL, NULL, 'localisation', NULL, '2017-10-11 10:30:00', NULL, 537, 179),
(13, NULL, NULL, 'localisation', NULL, '2017-10-11 10:30:00', NULL, 538, 180),
(13, NULL, NULL, 'localisation', NULL, '2017-10-11 10:30:00', NULL, 539, 181),
(14, 1, NULL, NULL, NULL, '2017-10-11 10:30:00', NULL, 540, 171),
(14, 2, NULL, NULL, NULL, '2017-10-11 10:30:00', NULL, 541, 172),
(14, 3, NULL, NULL, NULL, '2017-10-11 10:30:00', NULL, 542, 173),
(14, 4, NULL, NULL, NULL, '2017-10-11 10:30:00', NULL, 543, 174),
(14, 5, NULL, NULL, NULL, '2017-10-11 10:30:00', NULL, 544, 175),
(14, 6, NULL, NULL, NULL, '2017-10-11 10:30:00', NULL, 545, 176),
(14, 7, NULL, NULL, NULL, '2017-10-11 10:30:00', NULL, 546, 177),
(14, 8, NULL, NULL, NULL, '2017-10-11 10:30:00', NULL, 547, 178),
(14, 9, NULL, NULL, NULL, '2017-10-11 10:30:00', NULL, 548, 179),
(14, 10, NULL, NULL, NULL, '2017-10-11 10:30:00', NULL, 549, 180),
(14, 11, NULL, NULL, NULL, '2017-10-11 10:30:00', NULL, 550, 181),
(15, NULL, NULL, 'core', NULL, '2017-10-11 10:30:00', NULL, 551, 171),
(15, NULL, NULL, 'core', NULL, '2017-10-11 10:30:00', NULL, 552, 172),
(15, NULL, NULL, 'core', NULL, '2017-10-11 10:30:00', NULL, 553, 173),
(15, NULL, NULL, 'core', NULL, '2017-10-11 10:30:00', NULL, 554, 174),
(15, NULL, NULL, 'core', NULL, '2017-10-11 10:30:00', NULL, 555, 175),
(15, NULL, NULL, 'core', NULL, '2017-10-11 10:30:00', NULL, 556, 176),
(15, NULL, NULL, 'core', NULL, '2017-10-11 10:30:00', NULL, 557, 177),
(15, NULL, NULL, 'core', NULL, '2017-10-11 10:30:00', NULL, 558, 178),
(15, NULL, NULL, 'core', NULL, '2017-10-11 10:30:00', NULL, 559, 179),
(15, NULL, NULL, 'core', NULL, '2017-10-11 10:30:00', NULL, 560, 180),
(15, NULL, NULL, 'core', NULL, '2017-10-11 10:30:00', NULL, 561, 181),
(40, NULL, NULL, '258', NULL, '2017-10-11 10:30:00', NULL, 562, 171),
(40, NULL, NULL, '259', NULL, '2017-10-11 10:30:00', NULL, 563, 172),
(40, NULL, NULL, '260', NULL, '2017-10-11 10:30:00', NULL, 564, 173),
(40, NULL, NULL, '261', NULL, '2017-10-11 10:30:00', NULL, 565, 174),
(40, NULL, NULL, '262', NULL, '2017-10-11 10:30:00', NULL, 566, 175),
(40, NULL, NULL, '263', NULL, '2017-10-11 10:30:00', NULL, 567, 176),
(40, NULL, NULL, '264', NULL, '2017-10-11 10:30:00', NULL, 568, 177),
(40, NULL, NULL, '265', NULL, '2017-10-11 10:30:00', NULL, 569, 178),
(40, NULL, NULL, '266', NULL, '2017-10-11 10:30:00', NULL, 570, 179),
(40, NULL, NULL, '267', NULL, '2017-10-11 10:30:00', NULL, 571, 180),
(40, NULL, NULL, '268', NULL, '2017-10-11 10:30:00', NULL, 572, 181),
(10, NULL, NULL, 'backup', NULL, '2017-10-11 10:30:00', NULL, 573, 183),
(10, NULL, NULL, 'migrate', NULL, '2017-10-11 10:30:00', NULL, 574, 184),
(10, NULL, NULL, 'datasets', NULL, '2017-10-11 10:30:00', NULL, 575, 185),
(10, NULL, NULL, 'import_export', NULL, '2017-10-11 10:30:00', NULL, 576, 182),
(10, NULL, NULL, 'file_uploads', NULL, '2017-10-11 10:30:00', NULL, 577, 188),
(11, NULL, NULL, 'text_backup', NULL, '2017-10-11 10:30:00', NULL, 578, 183),
(11, NULL, NULL, 'text_migrate', NULL, '2017-10-11 10:30:00', NULL, 579, 184),
(11, NULL, NULL, 'text_datasets_manager', NULL, '2017-10-11 10:30:00', NULL, 580, 185),
(11, NULL, NULL, 'text_import_export', NULL, '2017-10-11 10:30:00', NULL, 581, 182),
(11, NULL, NULL, 'text_file_uploads', NULL, '2017-10-11 10:30:00', NULL, 582, 188),
(12, NULL, NULL, 'tool/backup', NULL, '2017-10-11 10:30:00', NULL, 583, 183),
(12, NULL, NULL, 'tool/migration/step_one', NULL, '2017-10-11 10:30:00', NULL, 584, 184),
(12, NULL, NULL, 'tool/datasets_manager', NULL, '2017-10-11 10:30:00', NULL, 585, 185),
(12, NULL, NULL, 'tool/import_export', NULL, '2017-10-11 10:30:00', NULL, 586, 182),
(12, NULL, NULL, 'tool/files', NULL, '2017-10-11 10:30:00', NULL, 587, 188),
(13, NULL, NULL, 'data', NULL, '2017-10-11 10:30:00', NULL, 588, 183),
(13, NULL, NULL, 'data', NULL, '2017-10-11 10:30:00', NULL, 589, 184),
(13, NULL, NULL, 'data', NULL, '2017-10-11 10:30:00', NULL, 590, 185),
(13, NULL, NULL, 'data', NULL, '2017-10-11 10:30:00', NULL, 591, 182),
(13, NULL, NULL, 'data', NULL, '2017-10-11 10:30:00', NULL, 592, 188),
(14, 1, NULL, NULL, NULL, '2017-10-11 10:30:00', NULL, 593, 183),
(14, 2, NULL, NULL, NULL, '2017-10-11 10:30:00', NULL, 594, 184),
(14, 3, NULL, NULL, NULL, '2017-10-11 10:30:00', NULL, 595, 185),
(14, 4, NULL, NULL, NULL, '2017-10-11 10:30:00', NULL, 596, 182),
(14, 5, NULL, NULL, NULL, '2017-10-11 10:30:00', NULL, 597, 188),
(15, NULL, NULL, 'core', NULL, '2017-10-11 10:30:00', NULL, 598, 183),
(15, NULL, NULL, 'core', NULL, '2017-10-11 10:30:00', NULL, 599, 184),
(15, NULL, NULL, 'core', NULL, '2017-10-11 10:30:00', NULL, 600, 185),
(15, NULL, NULL, 'core', NULL, '2017-10-11 10:30:00', NULL, 601, 182),
(15, NULL, NULL, 'core', NULL, '2017-10-11 10:30:00', NULL, 602, 188),
(40, NULL, NULL, '269', NULL, '2017-10-11 10:30:00', NULL, 603, 183),
(40, NULL, NULL, '270', NULL, '2017-10-11 10:30:00', NULL, 604, 184),
(40, NULL, NULL, '271', NULL, '2017-10-11 10:30:00', NULL, 605, 185),
(40, NULL, NULL, '272', NULL, '2017-10-11 10:30:00', NULL, 606, 182),
(40, NULL, NULL, '273', NULL, '2017-10-11 10:30:00', NULL, 607, 188),
(10, NULL, NULL, 'installlog', NULL, '2017-10-11 10:30:00', NULL, 608, 186),
(10, NULL, NULL, 'error_log', NULL, '2017-10-11 10:30:00', NULL, 609, 187),
(10, NULL, NULL, 'task', NULL, '2017-10-11 10:30:00', NULL, 610, 189),
(11, NULL, NULL, 'text_install_upgrade_history', NULL, '2017-10-11 10:30:00', NULL, 611, 186),
(11, NULL, NULL, 'text_error_log', NULL, '2017-10-11 10:30:00', NULL, 612, 187),
(11, NULL, NULL, 'text_tasks', NULL, '2017-10-11 10:30:00', NULL, 613, 189),
(12, NULL, NULL, 'tool/install_upgrade_history', NULL, '2017-10-11 10:30:00', NULL, 614, 186),
(12, NULL, NULL, 'tool/error_log', NULL, '2017-10-11 10:30:00', NULL, 615, 187),
(12, NULL, NULL, 'tool/task', NULL, '2017-10-11 10:30:00', NULL, 616, 189),
(13, NULL, NULL, 'logs', NULL, '2017-10-11 10:30:00', NULL, 617, 186),
(13, NULL, NULL, 'logs', NULL, '2017-10-11 10:30:00', NULL, 618, 187),
(13, NULL, NULL, 'logs', NULL, '2017-10-11 10:30:00', NULL, 619, 189),
(14, 1, NULL, NULL, NULL, '2017-10-11 10:30:00', NULL, 620, 186),
(14, 2, NULL, NULL, NULL, '2017-10-11 10:30:00', NULL, 621, 187),
(14, 3, NULL, NULL, NULL, '2017-10-11 10:30:00', NULL, 622, 189),
(15, NULL, NULL, 'core', NULL, '2017-10-11 10:30:00', NULL, 623, 186),
(15, NULL, NULL, 'core', NULL, '2017-10-11 10:30:00', NULL, 624, 187),
(15, NULL, NULL, 'core', NULL, '2017-10-11 10:30:00', NULL, 625, 189),
(40, NULL, NULL, '274', NULL, '2017-10-11 10:30:00', NULL, 626, 186),
(40, NULL, NULL, '275', NULL, '2017-10-11 10:30:00', NULL, 627, 187),
(40, NULL, NULL, '254', NULL, '2017-10-11 10:30:00', NULL, 628, 189),
(10, NULL, NULL, 'report_sale_orders', NULL, '2017-10-11 10:30:00', NULL, 629, 210),
(10, NULL, NULL, 'report_sale_tax', NULL, '2017-10-11 10:30:00', NULL, 630, 211),
(10, NULL, NULL, 'report_sale_shipping', NULL, '2017-10-11 10:30:00', NULL, 631, 212),
(10, NULL, NULL, 'report_sale_coupon', NULL, '2017-10-11 10:30:00', NULL, 632, 213),
(11, NULL, NULL, 'text_order', NULL, '2017-10-11 10:30:00', NULL, 633, 210),
(11, NULL, NULL, 'text_tax', NULL, '2017-10-11 10:30:00', NULL, 634, 211),
(11, NULL, NULL, 'text_shipping', NULL, '2017-10-11 10:30:00', NULL, 635, 212),
(11, NULL, NULL, 'text_discount', NULL, '2017-10-11 10:30:00', NULL, 636, 213),
(12, NULL, NULL, 'report/sale/orders', NULL, '2017-10-11 10:30:00', NULL, 637, 210),
(12, NULL, NULL, 'report/sale/taxes', NULL, '2017-10-11 10:30:00', NULL, 638, 211),
(12, NULL, NULL, 'report/sale/shipping', NULL, '2017-10-11 10:30:00', NULL, 639, 212),
(12, NULL, NULL, 'report/sale/coupons', NULL, '2017-10-11 10:30:00', NULL, 640, 213),
(13, NULL, NULL, 'report_sale', NULL, '2017-10-11 10:30:00', NULL, 641, 210),
(13, NULL, NULL, 'report_sale', NULL, '2017-10-11 10:30:00', NULL, 642, 211),
(13, NULL, NULL, 'report_sale', NULL, '2017-10-11 10:30:00', NULL, 643, 212),
(13, NULL, NULL, 'report_sale', NULL, '2017-10-11 10:30:00', NULL, 644, 213),
(14, 1, NULL, NULL, NULL, '2017-10-11 10:30:00', NULL, 645, 210),
(14, 2, NULL, NULL, NULL, '2017-10-11 10:30:00', NULL, 646, 211),
(14, 3, NULL, NULL, NULL, '2017-10-11 10:30:00', NULL, 647, 212),
(14, 4, NULL, NULL, NULL, '2017-10-11 10:30:00', NULL, 648, 213),
(15, NULL, NULL, 'core', NULL, '2017-10-11 10:30:00', NULL, 649, 210),
(15, NULL, NULL, 'core', NULL, '2017-10-11 10:30:00', NULL, 650, 211),
(15, NULL, NULL, 'core', NULL, '2017-10-11 10:30:00', NULL, 651, 212),
(15, NULL, NULL, 'core', NULL, '2017-10-11 10:30:00', NULL, 652, 213),
(40, NULL, NULL, '221', NULL, '2017-10-11 10:30:00', NULL, 653, 210),
(40, NULL, NULL, '266', NULL, '2017-10-11 10:30:00', NULL, 654, 211),
(40, NULL, NULL, '214', NULL, '2017-10-11 10:30:00', NULL, 655, 212),
(40, NULL, NULL, '224', NULL, '2017-10-11 10:30:00', NULL, 656, 213),
(10, NULL, NULL, 'report_customer_online', NULL, '2017-10-11 10:30:00', NULL, 657, 214),
(10, NULL, NULL, 'report_customer_order', NULL, '2017-10-11 10:30:00', NULL, 658, 215),
(10, NULL, NULL, 'report_customer_transactions', NULL, '2017-10-11 10:30:00', NULL, 659, 216),
(11, NULL, NULL, 'text_online', NULL, '2017-10-11 10:30:00', NULL, 660, 214),
(11, NULL, NULL, 'text_order', NULL, '2017-10-11 10:30:00', NULL, 661, 215),
(11, NULL, NULL, 'text_transactions', NULL, '2017-10-11 10:30:00', NULL, 662, 216),
(12, NULL, NULL, 'report/customer/online', NULL, '2017-10-11 10:30:00', NULL, 663, 214),
(12, NULL, NULL, 'report/customer/orders', NULL, '2017-10-11 10:30:00', NULL, 664, 215),
(12, NULL, NULL, 'report/customer/transactions', NULL, '2017-10-11 10:30:00', NULL, 665, 216),
(13, NULL, NULL, 'report_customer', NULL, '2017-10-11 10:30:00', NULL, 666, 214),
(13, NULL, NULL, 'report_customer', NULL, '2017-10-11 10:30:00', NULL, 667, 215),
(13, NULL, NULL, 'report_customer', NULL, '2017-10-11 10:30:00', NULL, 668, 216),
(14, 1, NULL, NULL, NULL, '2017-10-11 10:30:00', NULL, 669, 214),
(14, 2, NULL, NULL, NULL, '2017-10-11 10:30:00', NULL, 670, 215),
(14, 3, NULL, NULL, NULL, '2017-10-11 10:30:00', NULL, 671, 216),
(15, NULL, NULL, 'core', NULL, '2017-10-11 10:30:00', NULL, 672, 214),
(15, NULL, NULL, 'core', NULL, '2017-10-11 10:30:00', NULL, 673, 215),
(15, NULL, NULL, 'core', NULL, '2017-10-11 10:30:00', NULL, 674, 216),
(40, NULL, NULL, '222', NULL, '2017-10-11 10:30:00', NULL, 675, 214),
(40, NULL, NULL, '221', NULL, '2017-10-11 10:30:00', NULL, 676, 215),
(40, NULL, NULL, '260', NULL, '2017-10-11 10:30:00', NULL, 677, 216),
(10, NULL, NULL, 'report_product_viewed', NULL, '2017-10-11 10:30:00', NULL, 678, 217),
(10, NULL, NULL, 'report_product_purchased', NULL, '2017-10-11 10:30:00', NULL, 679, 218),
(11, NULL, NULL, 'text_report_viewed', NULL, '2017-10-11 10:30:00', NULL, 680, 217),
(11, NULL, NULL, 'text_report_purchased', NULL, '2017-10-11 10:30:00', NULL, 681, 218),
(12, NULL, NULL, 'report/viewed', NULL, '2017-10-11 10:30:00', NULL, 682, 217),
(12, NULL, NULL, 'report/purchased', NULL, '2017-10-11 10:30:00', NULL, 683, 218),
(13, NULL, NULL, 'report_product', NULL, '2017-10-11 10:30:00', NULL, 684, 217),
(13, NULL, NULL, 'report_product', NULL, '2017-10-11 10:30:00', NULL, 685, 218),
(14, 1, NULL, NULL, NULL, '2017-10-11 10:30:00', NULL, 686, 217),
(14, 2, NULL, NULL, NULL, '2017-10-11 10:30:00', NULL, 687, 218),
(15, NULL, NULL, 'core', NULL, '2017-10-11 10:30:00', NULL, 688, 217),
(15, NULL, NULL, 'core', NULL, '2017-10-11 10:30:00', NULL, 689, 218),
(40, NULL, NULL, '235', NULL, '2017-10-11 10:30:00', NULL, 690, 217),
(40, NULL, NULL, '236', NULL, '2017-10-11 10:30:00', NULL, 691, 218),
(10, NULL, NULL, 'neowize_insights', NULL, '2017-10-11 10:30:00', NULL, 692, 222);
INSERT INTO `ab1l_dataset_values` (`dataset_column_id`, `value_integer`, `value_float`, `value_varchar`, `value_text`, `value_timestamp`, `value_boolean`, `value_sort_order`, `row_id`) VALUES
(11, NULL, NULL, 'neowize_insights_name', NULL, '2017-10-11 10:30:00', NULL, 693, 222),
(12, NULL, NULL, 'neowize/dashboard', NULL, '2017-10-11 10:30:00', NULL, 694, 222),
(13, NULL, NULL, 'report_analytics', NULL, '2017-10-11 10:30:00', NULL, 695, 222),
(14, 2, NULL, NULL, NULL, '2017-10-11 10:30:00', NULL, 696, 222),
(15, NULL, NULL, 'extension', NULL, '2017-10-11 10:30:00', NULL, 697, 222),
(40, NULL, NULL, '278', NULL, '2017-10-11 10:30:00', NULL, 698, 222),
(16, NULL, NULL, 'home', NULL, '2017-10-11 10:30:00', NULL, 699, 1),
(16, NULL, NULL, 'login', NULL, '2017-10-11 10:30:00', NULL, 700, 2),
(16, NULL, NULL, 'logout', NULL, '2017-10-11 10:30:00', NULL, 701, 3),
(16, NULL, NULL, 'account', NULL, '2017-10-11 10:30:00', NULL, 702, 4),
(16, NULL, NULL, 'cart', NULL, '2017-10-11 10:30:00', NULL, 703, 5),
(16, NULL, NULL, 'checkout', NULL, '2017-10-11 10:30:00', NULL, 704, 6),
(16, NULL, NULL, 'specials', NULL, '2017-10-11 10:30:00', NULL, 705, 14),
(16, NULL, NULL, 'order', NULL, '2017-10-11 10:30:00', NULL, 706, 15),
(17, NULL, NULL, 'Home', NULL, '2017-10-11 10:30:00', NULL, 707, 1),
(17, NULL, NULL, 'Login', NULL, '2017-10-11 10:30:00', NULL, 708, 2),
(17, NULL, NULL, 'Logout', NULL, '2017-10-11 10:30:00', NULL, 709, 3),
(17, NULL, NULL, 'Account', NULL, '2017-10-11 10:30:00', NULL, 710, 4),
(17, NULL, NULL, 'Cart', NULL, '2017-10-11 10:30:00', NULL, 711, 5),
(17, NULL, NULL, 'Checkout', NULL, '2017-10-11 10:30:00', NULL, 712, 6),
(17, NULL, NULL, 'Specials', NULL, '2017-10-11 10:30:00', NULL, 713, 14),
(17, NULL, NULL, 'Check Your Order', NULL, '2017-10-11 10:30:00', NULL, 714, 15),
(18, 1, NULL, NULL, NULL, '2017-10-11 10:30:00', NULL, 715, 1),
(18, 1, NULL, NULL, NULL, '2017-10-11 10:30:00', NULL, 716, 2),
(18, 1, NULL, NULL, NULL, '2017-10-11 10:30:00', NULL, 717, 3),
(18, 1, NULL, NULL, NULL, '2017-10-11 10:30:00', NULL, 718, 4),
(18, 1, NULL, NULL, NULL, '2017-10-11 10:30:00', NULL, 719, 5),
(18, 1, NULL, NULL, NULL, '2017-10-11 10:30:00', NULL, 720, 6),
(18, 1, NULL, NULL, NULL, '2017-10-11 10:30:00', NULL, 721, 14),
(18, 1, NULL, NULL, NULL, '2017-10-11 10:30:00', NULL, 722, 15),
(16, NULL, NULL, 'home', NULL, '2017-10-11 10:30:00', NULL, 723, 7),
(16, NULL, NULL, 'login', NULL, '2017-10-11 10:30:00', NULL, 724, 8),
(16, NULL, NULL, 'logout', NULL, '2017-10-11 10:30:00', NULL, 725, 9),
(16, NULL, NULL, 'account', NULL, '2017-10-11 10:30:00', NULL, 726, 10),
(16, NULL, NULL, 'cart', NULL, '2017-10-11 10:30:00', NULL, 727, 11),
(16, NULL, NULL, 'checkout', NULL, '2017-10-11 10:30:00', NULL, 728, 12),
(16, NULL, NULL, 'specials', NULL, '2017-10-11 10:30:00', NULL, 729, 13),
(16, NULL, NULL, 'order', NULL, '2017-10-11 10:30:00', NULL, 730, 16),
(17, NULL, NULL, 'Casa', NULL, '2017-10-11 10:30:00', NULL, 731, 7),
(17, NULL, NULL, 'Iniciar Sesión', NULL, '2017-10-11 10:30:00', NULL, 732, 8),
(17, NULL, NULL, 'Cerrar sesión', NULL, '2017-10-11 10:30:00', NULL, 733, 9),
(17, NULL, NULL, 'Cuenta', NULL, '2017-10-11 10:30:00', NULL, 734, 10),
(17, NULL, NULL, 'Carro', NULL, '2017-10-11 10:30:00', NULL, 735, 11),
(17, NULL, NULL, 'Caja', NULL, '2017-10-11 10:30:00', NULL, 736, 12),
(17, NULL, NULL, 'Especiales', NULL, '2017-10-11 10:30:00', NULL, 737, 13),
(17, NULL, NULL, 'Comprobar el Orden', NULL, '2017-10-11 10:30:00', NULL, 738, 16),
(18, 9, NULL, NULL, NULL, '2017-10-11 10:30:00', NULL, 739, 7),
(18, 9, NULL, NULL, NULL, '2017-10-11 10:30:00', NULL, 740, 8),
(18, 9, NULL, NULL, NULL, '2017-10-11 10:30:00', NULL, 741, 9),
(18, 9, NULL, NULL, NULL, '2017-10-11 10:30:00', NULL, 742, 10),
(18, 9, NULL, NULL, NULL, '2017-10-11 10:30:00', NULL, 743, 11),
(18, 9, NULL, NULL, NULL, '2017-10-11 10:30:00', NULL, 744, 12),
(18, 9, NULL, NULL, NULL, '2017-10-11 10:30:00', NULL, 745, 13),
(18, 9, NULL, NULL, NULL, '2017-10-11 10:30:00', NULL, 746, 16),
(16, NULL, NULL, 'home', NULL, '2017-10-11 20:23:36', NULL, 754, 17),
(18, 2, NULL, NULL, NULL, '2017-10-11 20:23:36', NULL, 755, 17),
(17, NULL, NULL, 'Home', NULL, '2017-10-11 20:23:36', NULL, 756, 17),
(16, NULL, NULL, 'login', NULL, '2017-10-11 20:23:36', NULL, 757, 18),
(18, 2, NULL, NULL, NULL, '2017-10-11 20:23:36', NULL, 758, 18),
(17, NULL, NULL, 'Login', NULL, '2017-10-11 20:23:36', NULL, 759, 18),
(16, NULL, NULL, 'logout', NULL, '2017-10-11 20:23:36', NULL, 760, 19),
(18, 2, NULL, NULL, NULL, '2017-10-11 20:23:36', NULL, 761, 19),
(17, NULL, NULL, 'Logout', NULL, '2017-10-11 20:23:36', NULL, 762, 19),
(16, NULL, NULL, 'account', NULL, '2017-10-11 20:23:36', NULL, 763, 20),
(18, 2, NULL, NULL, NULL, '2017-10-11 20:23:36', NULL, 764, 20),
(17, NULL, NULL, 'Account', NULL, '2017-10-11 20:23:36', NULL, 765, 20),
(16, NULL, NULL, 'cart', NULL, '2017-10-11 20:23:36', NULL, 766, 21),
(18, 2, NULL, NULL, NULL, '2017-10-11 20:23:36', NULL, 767, 21),
(17, NULL, NULL, 'Cart', NULL, '2017-10-11 20:23:36', NULL, 768, 21),
(16, NULL, NULL, 'checkout', NULL, '2017-10-11 20:23:36', NULL, 769, 22),
(18, 2, NULL, NULL, NULL, '2017-10-11 20:23:36', NULL, 770, 22),
(17, NULL, NULL, 'Checkout', NULL, '2017-10-11 20:23:36', NULL, 771, 22),
(16, NULL, NULL, 'specials', NULL, '2017-10-11 20:23:36', NULL, 772, 23),
(18, 2, NULL, NULL, NULL, '2017-10-11 20:23:36', NULL, 773, 23),
(17, NULL, NULL, 'Specials', NULL, '2017-10-11 20:23:36', NULL, 774, 23),
(16, NULL, NULL, 'order', NULL, '2017-10-11 20:23:36', NULL, 775, 24),
(18, 2, NULL, NULL, NULL, '2017-10-11 20:23:36', NULL, 776, 24),
(17, NULL, NULL, 'Check Your Order', NULL, '2017-10-11 20:23:36', NULL, 777, 24),
(10, NULL, NULL, 'mobile_app_push', NULL, '2017-10-30 19:18:07', NULL, 855, 223),
(13, NULL, NULL, 'sale', NULL, '2017-10-30 19:18:07', NULL, 856, 223),
(11, NULL, NULL, 'mobile_app_name_push', NULL, '2017-10-30 19:18:07', NULL, 857, 223),
(12, NULL, NULL, 'extension/mobile_app', NULL, '2017-10-30 19:18:07', NULL, 858, 223),
(40, NULL, NULL, '100257', NULL, '2017-10-30 19:18:07', NULL, 859, 223),
(15, NULL, NULL, 'extension', NULL, '2017-10-30 19:18:07', NULL, 860, 223),
(14, 6, NULL, NULL, NULL, '2017-10-30 19:18:07', NULL, 861, 223),
(41, NULL, NULL, 'Banner1', NULL, '2017-11-04 19:58:11', NULL, 918, 1),
(42, NULL, NULL, 'index.php', NULL, '2017-11-04 19:58:11', NULL, 919, 1),
(43, NULL, NULL, '18/7a/2.jpg', NULL, '2017-11-04 19:58:11', NULL, 920, 1),
(44, 100258, NULL, NULL, NULL, '2017-11-04 19:58:11', NULL, 921, 1),
(41, NULL, NULL, 'Banner2', NULL, '2017-11-04 19:58:11', NULL, 922, 2),
(42, NULL, NULL, 'index.php', NULL, '2017-11-04 19:58:11', NULL, 923, 2),
(43, NULL, NULL, '18/7a/3.jpg', NULL, '2017-11-04 19:58:11', NULL, 924, 2),
(44, 100259, NULL, NULL, NULL, '2017-11-04 19:58:11', NULL, 925, 2),
(41, NULL, NULL, 'Banner3', NULL, '2017-11-04 19:58:11', NULL, 926, 3),
(42, NULL, NULL, 'index.php', NULL, '2017-11-04 19:58:11', NULL, 927, 3),
(43, NULL, NULL, '18/7a/4.jpg', NULL, '2017-11-04 19:58:11', NULL, 928, 3),
(44, 100260, NULL, NULL, NULL, '2017-11-04 19:58:11', NULL, 929, 3),
(24, NULL, NULL, NULL, NULL, '0000-00-00 00:00:00', NULL, 1018, 1),
(23, NULL, NULL, '', NULL, '2019-05-11 11:50:46', NULL, 1017, 1),
(22, NULL, NULL, '1.2.12', NULL, '2019-05-11 11:50:46', NULL, 1016, 1),
(21, NULL, NULL, 'Upgrade core file: admin/controller/pages/sale/coupon.php', NULL, '2019-05-11 11:50:46', NULL, 1022, 2),
(20, NULL, NULL, NULL, NULL, '2019-05-11 05:50:46', NULL, 1021, 2),
(26, NULL, NULL, 'admin', NULL, '2019-05-11 11:50:46', NULL, 1020, 1),
(25, NULL, NULL, 'upgrade', NULL, '2019-05-11 11:50:46', NULL, 1019, 1),
(21, NULL, NULL, 'Upgrade core file: admin/controller/pages/design/content.php', NULL, '2019-05-11 11:50:46', NULL, 1015, 1),
(20, NULL, NULL, NULL, NULL, '2019-05-11 05:50:46', NULL, 1014, 1),
(22, NULL, NULL, '1.2.12', NULL, '2019-05-11 11:50:46', NULL, 1023, 2),
(23, NULL, NULL, '', NULL, '2019-05-11 11:50:46', NULL, 1024, 2),
(24, NULL, NULL, NULL, NULL, '0000-00-00 00:00:00', NULL, 1025, 2),
(25, NULL, NULL, 'upgrade', NULL, '2019-05-11 11:50:46', NULL, 1026, 2),
(26, NULL, NULL, 'admin', NULL, '2019-05-11 11:50:46', NULL, 1027, 2),
(20, NULL, NULL, NULL, NULL, '2019-05-11 05:50:46', NULL, 1028, 3),
(21, NULL, NULL, 'Upgrade core file: admin/controller/pages/sale/customer.php', NULL, '2019-05-11 11:50:46', NULL, 1029, 3),
(22, NULL, NULL, '1.2.12', NULL, '2019-05-11 11:50:46', NULL, 1030, 3),
(23, NULL, NULL, '', NULL, '2019-05-11 11:50:46', NULL, 1031, 3),
(24, NULL, NULL, NULL, NULL, '0000-00-00 00:00:00', NULL, 1032, 3),
(25, NULL, NULL, 'upgrade', NULL, '2019-05-11 11:50:46', NULL, 1033, 3),
(26, NULL, NULL, 'admin', NULL, '2019-05-11 11:50:46', NULL, 1034, 3),
(20, NULL, NULL, NULL, NULL, '2019-05-11 05:50:46', NULL, 1035, 4),
(21, NULL, NULL, 'Upgrade core file: admin/controller/pages/setting/setting.php', NULL, '2019-05-11 11:50:46', NULL, 1036, 4),
(22, NULL, NULL, '1.2.12', NULL, '2019-05-11 11:50:46', NULL, 1037, 4),
(23, NULL, NULL, '', NULL, '2019-05-11 11:50:46', NULL, 1038, 4),
(24, NULL, NULL, NULL, NULL, '0000-00-00 00:00:00', NULL, 1039, 4),
(25, NULL, NULL, 'upgrade', NULL, '2019-05-11 11:50:46', NULL, 1040, 4),
(26, NULL, NULL, 'admin', NULL, '2019-05-11 11:50:46', NULL, 1041, 4),
(20, NULL, NULL, NULL, NULL, '2019-05-11 05:50:46', NULL, 1042, 5),
(21, NULL, NULL, 'Upgrade core file: admin/controller/responses/listing_grid/category.php', NULL, '2019-05-11 11:50:46', NULL, 1043, 5),
(22, NULL, NULL, '1.2.12', NULL, '2019-05-11 11:50:46', NULL, 1044, 5),
(23, NULL, NULL, '', NULL, '2019-05-11 11:50:46', NULL, 1045, 5),
(24, NULL, NULL, NULL, NULL, '0000-00-00 00:00:00', NULL, 1046, 5),
(25, NULL, NULL, 'upgrade', NULL, '2019-05-11 11:50:46', NULL, 1047, 5),
(26, NULL, NULL, 'admin', NULL, '2019-05-11 11:50:46', NULL, 1048, 5),
(20, NULL, NULL, NULL, NULL, '2019-05-11 05:50:46', NULL, 1049, 6),
(21, NULL, NULL, 'Upgrade core file: admin/controller/responses/listing_grid/content.php', NULL, '2019-05-11 11:50:46', NULL, 1050, 6),
(22, NULL, NULL, '1.2.12', NULL, '2019-05-11 11:50:46', NULL, 1051, 6),
(23, NULL, NULL, '', NULL, '2019-05-11 11:50:46', NULL, 1052, 6),
(24, NULL, NULL, NULL, NULL, '0000-00-00 00:00:00', NULL, 1053, 6),
(25, NULL, NULL, 'upgrade', NULL, '2019-05-11 11:50:46', NULL, 1054, 6),
(26, NULL, NULL, 'admin', NULL, '2019-05-11 11:50:46', NULL, 1055, 6),
(20, NULL, NULL, NULL, NULL, '2019-05-11 05:50:46', NULL, 1056, 7),
(21, NULL, NULL, 'Upgrade core file: admin/controller/responses/listing_grid/coupon.php', NULL, '2019-05-11 11:50:46', NULL, 1057, 7),
(22, NULL, NULL, '1.2.12', NULL, '2019-05-11 11:50:46', NULL, 1058, 7),
(23, NULL, NULL, '', NULL, '2019-05-11 11:50:46', NULL, 1059, 7),
(24, NULL, NULL, NULL, NULL, '0000-00-00 00:00:00', NULL, 1060, 7),
(25, NULL, NULL, 'upgrade', NULL, '2019-05-11 11:50:46', NULL, 1061, 7),
(26, NULL, NULL, 'admin', NULL, '2019-05-11 11:50:46', NULL, 1062, 7),
(20, NULL, NULL, NULL, NULL, '2019-05-11 05:50:46', NULL, 1063, 8),
(21, NULL, NULL, 'Upgrade core file: admin/controller/responses/listing_grid/customer_transaction.php', NULL, '2019-05-11 11:50:46', NULL, 1064, 8),
(22, NULL, NULL, '1.2.12', NULL, '2019-05-11 11:50:46', NULL, 1065, 8),
(23, NULL, NULL, '', NULL, '2019-05-11 11:50:46', NULL, 1066, 8),
(24, NULL, NULL, NULL, NULL, '0000-00-00 00:00:00', NULL, 1067, 8),
(25, NULL, NULL, 'upgrade', NULL, '2019-05-11 11:50:46', NULL, 1068, 8),
(26, NULL, NULL, 'admin', NULL, '2019-05-11 11:50:46', NULL, 1069, 8),
(20, NULL, NULL, NULL, NULL, '2019-05-11 05:50:46', NULL, 1070, 9),
(21, NULL, NULL, 'Upgrade core file: admin/controller/responses/listing_grid/manufacturer.php', NULL, '2019-05-11 11:50:46', NULL, 1071, 9),
(22, NULL, NULL, '1.2.12', NULL, '2019-05-11 11:50:46', NULL, 1072, 9),
(23, NULL, NULL, '', NULL, '2019-05-11 11:50:46', NULL, 1073, 9),
(24, NULL, NULL, NULL, NULL, '0000-00-00 00:00:00', NULL, 1074, 9),
(25, NULL, NULL, 'upgrade', NULL, '2019-05-11 11:50:46', NULL, 1075, 9),
(26, NULL, NULL, 'admin', NULL, '2019-05-11 11:50:46', NULL, 1076, 9),
(20, NULL, NULL, NULL, NULL, '2019-05-11 05:50:46', NULL, 1077, 10),
(21, NULL, NULL, 'Upgrade core file: admin/controller/responses/listing_grid/product.php', NULL, '2019-05-11 11:50:46', NULL, 1078, 10),
(22, NULL, NULL, '1.2.12', NULL, '2019-05-11 11:50:46', NULL, 1079, 10),
(23, NULL, NULL, '', NULL, '2019-05-11 11:50:46', NULL, 1080, 10),
(24, NULL, NULL, NULL, NULL, '0000-00-00 00:00:00', NULL, 1081, 10),
(25, NULL, NULL, 'upgrade', NULL, '2019-05-11 11:50:46', NULL, 1082, 10),
(26, NULL, NULL, 'admin', NULL, '2019-05-11 11:50:46', NULL, 1083, 10),
(20, NULL, NULL, NULL, NULL, '2019-05-11 05:50:46', NULL, 1084, 11),
(21, NULL, NULL, 'Upgrade core file: admin/controller/responses/listing_grid/report_customer.php', NULL, '2019-05-11 11:50:46', NULL, 1085, 11),
(22, NULL, NULL, '1.2.12', NULL, '2019-05-11 11:50:46', NULL, 1086, 11),
(23, NULL, NULL, '', NULL, '2019-05-11 11:50:46', NULL, 1087, 11),
(24, NULL, NULL, NULL, NULL, '0000-00-00 00:00:00', NULL, 1088, 11),
(25, NULL, NULL, 'upgrade', NULL, '2019-05-11 11:50:46', NULL, 1089, 11),
(26, NULL, NULL, 'admin', NULL, '2019-05-11 11:50:46', NULL, 1090, 11),
(20, NULL, NULL, NULL, NULL, '2019-05-11 05:50:46', NULL, 1091, 12),
(21, NULL, NULL, 'Upgrade core file: admin/language/english/design/content.xml', NULL, '2019-05-11 11:50:46', NULL, 1092, 12),
(22, NULL, NULL, '1.2.12', NULL, '2019-05-11 11:50:46', NULL, 1093, 12),
(23, NULL, NULL, '', NULL, '2019-05-11 11:50:46', NULL, 1094, 12),
(24, NULL, NULL, NULL, NULL, '0000-00-00 00:00:00', NULL, 1095, 12),
(25, NULL, NULL, 'upgrade', NULL, '2019-05-11 11:50:46', NULL, 1096, 12),
(26, NULL, NULL, 'admin', NULL, '2019-05-11 11:50:46', NULL, 1097, 12),
(20, NULL, NULL, NULL, NULL, '2019-05-11 05:50:46', NULL, 1098, 13),
(21, NULL, NULL, 'Upgrade core file: admin/language/english/sale/customer.xml', NULL, '2019-05-11 11:50:46', NULL, 1099, 13),
(22, NULL, NULL, '1.2.12', NULL, '2019-05-11 11:50:46', NULL, 1100, 13),
(23, NULL, NULL, '', NULL, '2019-05-11 11:50:46', NULL, 1101, 13),
(24, NULL, NULL, NULL, NULL, '0000-00-00 00:00:00', NULL, 1102, 13),
(25, NULL, NULL, 'upgrade', NULL, '2019-05-11 11:50:46', NULL, 1103, 13),
(26, NULL, NULL, 'admin', NULL, '2019-05-11 11:50:46', NULL, 1104, 13),
(20, NULL, NULL, NULL, NULL, '2019-05-11 05:50:46', NULL, 1105, 14),
(21, NULL, NULL, 'Upgrade core file: admin/language/english/setting/setting.xml', NULL, '2019-05-11 11:50:46', NULL, 1106, 14),
(22, NULL, NULL, '1.2.12', NULL, '2019-05-11 11:50:46', NULL, 1107, 14),
(23, NULL, NULL, '', NULL, '2019-05-11 11:50:46', NULL, 1108, 14),
(24, NULL, NULL, NULL, NULL, '0000-00-00 00:00:00', NULL, 1109, 14),
(25, NULL, NULL, 'upgrade', NULL, '2019-05-11 11:50:46', NULL, 1110, 14),
(26, NULL, NULL, 'admin', NULL, '2019-05-11 11:50:46', NULL, 1111, 14),
(20, NULL, NULL, NULL, NULL, '2019-05-11 05:50:46', NULL, 1112, 15),
(21, NULL, NULL, 'Upgrade core file: admin/model/catalog/product.php', NULL, '2019-05-11 11:50:46', NULL, 1113, 15),
(22, NULL, NULL, '1.2.12', NULL, '2019-05-11 11:50:46', NULL, 1114, 15),
(23, NULL, NULL, '', NULL, '2019-05-11 11:50:46', NULL, 1115, 15),
(24, NULL, NULL, NULL, NULL, '0000-00-00 00:00:00', NULL, 1116, 15),
(25, NULL, NULL, 'upgrade', NULL, '2019-05-11 11:50:46', NULL, 1117, 15),
(26, NULL, NULL, 'admin', NULL, '2019-05-11 11:50:46', NULL, 1118, 15),
(20, NULL, NULL, NULL, NULL, '2019-05-11 05:50:46', NULL, 1119, 16),
(21, NULL, NULL, 'Upgrade core file: admin/model/localisation/currency.php', NULL, '2019-05-11 11:50:46', NULL, 1120, 16),
(22, NULL, NULL, '1.2.12', NULL, '2019-05-11 11:50:46', NULL, 1121, 16),
(23, NULL, NULL, '', NULL, '2019-05-11 11:50:46', NULL, 1122, 16),
(24, NULL, NULL, NULL, NULL, '0000-00-00 00:00:00', NULL, 1123, 16),
(25, NULL, NULL, 'upgrade', NULL, '2019-05-11 11:50:46', NULL, 1124, 16),
(26, NULL, NULL, 'admin', NULL, '2019-05-11 11:50:46', NULL, 1125, 16),
(20, NULL, NULL, NULL, NULL, '2019-05-11 05:50:46', NULL, 1126, 17),
(21, NULL, NULL, 'Upgrade core file: admin/model/localisation/language.php', NULL, '2019-05-11 11:50:46', NULL, 1127, 17),
(22, NULL, NULL, '1.2.12', NULL, '2019-05-11 11:50:46', NULL, 1128, 17),
(23, NULL, NULL, '', NULL, '2019-05-11 11:50:46', NULL, 1129, 17),
(24, NULL, NULL, NULL, NULL, '0000-00-00 00:00:00', NULL, 1130, 17),
(25, NULL, NULL, 'upgrade', NULL, '2019-05-11 11:50:46', NULL, 1131, 17),
(26, NULL, NULL, 'admin', NULL, '2019-05-11 11:50:46', NULL, 1132, 17),
(20, NULL, NULL, NULL, NULL, '2019-05-11 05:50:46', NULL, 1133, 18),
(21, NULL, NULL, 'Upgrade core file: admin/model/localisation/language_definitions.php', NULL, '2019-05-11 11:50:46', NULL, 1134, 18),
(22, NULL, NULL, '1.2.12', NULL, '2019-05-11 11:50:46', NULL, 1135, 18),
(23, NULL, NULL, '', NULL, '2019-05-11 11:50:46', NULL, 1136, 18),
(24, NULL, NULL, NULL, NULL, '0000-00-00 00:00:00', NULL, 1137, 18),
(25, NULL, NULL, 'upgrade', NULL, '2019-05-11 11:50:46', NULL, 1138, 18),
(26, NULL, NULL, 'admin', NULL, '2019-05-11 11:50:46', NULL, 1139, 18),
(20, NULL, NULL, NULL, NULL, '2019-05-11 05:50:46', NULL, 1140, 19),
(21, NULL, NULL, 'Upgrade core file: admin/model/report/customer.php', NULL, '2019-05-11 11:50:46', NULL, 1141, 19),
(22, NULL, NULL, '1.2.12', NULL, '2019-05-11 11:50:46', NULL, 1142, 19),
(23, NULL, NULL, '', NULL, '2019-05-11 11:50:46', NULL, 1143, 19),
(24, NULL, NULL, NULL, NULL, '0000-00-00 00:00:00', NULL, 1144, 19),
(25, NULL, NULL, 'upgrade', NULL, '2019-05-11 11:50:46', NULL, 1145, 19),
(26, NULL, NULL, 'admin', NULL, '2019-05-11 11:50:46', NULL, 1146, 19),
(20, NULL, NULL, NULL, NULL, '2019-05-11 05:50:46', NULL, 1147, 20),
(21, NULL, NULL, 'Upgrade core file: admin/model/sale/coupon.php', NULL, '2019-05-11 11:50:46', NULL, 1148, 20),
(22, NULL, NULL, '1.2.12', NULL, '2019-05-11 11:50:46', NULL, 1149, 20),
(23, NULL, NULL, '', NULL, '2019-05-11 11:50:46', NULL, 1150, 20),
(24, NULL, NULL, NULL, NULL, '0000-00-00 00:00:00', NULL, 1151, 20),
(25, NULL, NULL, 'upgrade', NULL, '2019-05-11 11:50:46', NULL, 1152, 20),
(26, NULL, NULL, 'admin', NULL, '2019-05-11 11:50:46', NULL, 1153, 20),
(20, NULL, NULL, NULL, NULL, '2019-05-11 05:50:46', NULL, 1154, 21),
(21, NULL, NULL, 'Upgrade core file: admin/model/sale/customer.php', NULL, '2019-05-11 11:50:46', NULL, 1155, 21),
(22, NULL, NULL, '1.2.12', NULL, '2019-05-11 11:50:46', NULL, 1156, 21),
(23, NULL, NULL, '', NULL, '2019-05-11 11:50:46', NULL, 1157, 21),
(24, NULL, NULL, NULL, NULL, '0000-00-00 00:00:00', NULL, 1158, 21),
(25, NULL, NULL, 'upgrade', NULL, '2019-05-11 11:50:46', NULL, 1159, 21),
(26, NULL, NULL, 'admin', NULL, '2019-05-11 11:50:46', NULL, 1160, 21),
(20, NULL, NULL, NULL, NULL, '2019-05-11 05:50:46', NULL, 1161, 22),
(21, NULL, NULL, 'Upgrade core file: admin/model/sale/order.php', NULL, '2019-05-11 11:50:46', NULL, 1162, 22),
(22, NULL, NULL, '1.2.12', NULL, '2019-05-11 11:50:46', NULL, 1163, 22),
(23, NULL, NULL, '', NULL, '2019-05-11 11:50:46', NULL, 1164, 22),
(24, NULL, NULL, NULL, NULL, '0000-00-00 00:00:00', NULL, 1165, 22),
(25, NULL, NULL, 'upgrade', NULL, '2019-05-11 11:50:46', NULL, 1166, 22),
(26, NULL, NULL, 'admin', NULL, '2019-05-11 11:50:46', NULL, 1167, 22),
(20, NULL, NULL, NULL, NULL, '2019-05-11 05:50:46', NULL, 1168, 23),
(21, NULL, NULL, 'Upgrade core file: admin/model/tool/global_search.php', NULL, '2019-05-11 11:50:46', NULL, 1169, 23),
(22, NULL, NULL, '1.2.12', NULL, '2019-05-11 11:50:46', NULL, 1170, 23),
(23, NULL, NULL, '', NULL, '2019-05-11 11:50:46', NULL, 1171, 23),
(24, NULL, NULL, NULL, NULL, '0000-00-00 00:00:00', NULL, 1172, 23),
(25, NULL, NULL, 'upgrade', NULL, '2019-05-11 11:50:46', NULL, 1173, 23),
(26, NULL, NULL, 'admin', NULL, '2019-05-11 11:50:46', NULL, 1174, 23),
(20, NULL, NULL, NULL, NULL, '2019-05-11 05:50:46', NULL, 1175, 24),
(21, NULL, NULL, 'Upgrade core file: admin/model/tool/online_now.php', NULL, '2019-05-11 11:50:46', NULL, 1176, 24),
(22, NULL, NULL, '1.2.12', NULL, '2019-05-11 11:50:46', NULL, 1177, 24),
(23, NULL, NULL, '', NULL, '2019-05-11 11:50:46', NULL, 1178, 24),
(24, NULL, NULL, NULL, NULL, '0000-00-00 00:00:00', NULL, 1179, 24),
(25, NULL, NULL, 'upgrade', NULL, '2019-05-11 11:50:46', NULL, 1180, 24),
(26, NULL, NULL, 'admin', NULL, '2019-05-11 11:50:46', NULL, 1181, 24),
(20, NULL, NULL, NULL, NULL, '2019-05-11 05:50:46', NULL, 1182, 25),
(21, NULL, NULL, 'Upgrade core file: admin/view/default/fonts/glyphicons-halflings-regular.eot', NULL, '2019-05-11 11:50:46', NULL, 1183, 25),
(22, NULL, NULL, '1.2.12', NULL, '2019-05-11 11:50:46', NULL, 1184, 25),
(23, NULL, NULL, '', NULL, '2019-05-11 11:50:46', NULL, 1185, 25),
(24, NULL, NULL, NULL, NULL, '0000-00-00 00:00:00', NULL, 1186, 25),
(25, NULL, NULL, 'upgrade', NULL, '2019-05-11 11:50:46', NULL, 1187, 25),
(26, NULL, NULL, 'admin', NULL, '2019-05-11 11:50:46', NULL, 1188, 25),
(20, NULL, NULL, NULL, NULL, '2019-05-11 05:50:46', NULL, 1189, 26),
(21, NULL, NULL, 'Upgrade core file: admin/view/default/fonts/glyphicons-halflings-regular.svg', NULL, '2019-05-11 11:50:46', NULL, 1190, 26),
(22, NULL, NULL, '1.2.12', NULL, '2019-05-11 11:50:46', NULL, 1191, 26),
(23, NULL, NULL, '', NULL, '2019-05-11 11:50:46', NULL, 1192, 26),
(24, NULL, NULL, NULL, NULL, '0000-00-00 00:00:00', NULL, 1193, 26),
(25, NULL, NULL, 'upgrade', NULL, '2019-05-11 11:50:46', NULL, 1194, 26),
(26, NULL, NULL, 'admin', NULL, '2019-05-11 11:50:46', NULL, 1195, 26),
(20, NULL, NULL, NULL, NULL, '2019-05-11 05:50:46', NULL, 1196, 27),
(21, NULL, NULL, 'Upgrade core file: admin/view/default/fonts/glyphicons-halflings-regular.ttf', NULL, '2019-05-11 11:50:46', NULL, 1197, 27),
(22, NULL, NULL, '1.2.12', NULL, '2019-05-11 11:50:46', NULL, 1198, 27),
(23, NULL, NULL, '', NULL, '2019-05-11 11:50:46', NULL, 1199, 27),
(24, NULL, NULL, NULL, NULL, '0000-00-00 00:00:00', NULL, 1200, 27),
(25, NULL, NULL, 'upgrade', NULL, '2019-05-11 11:50:46', NULL, 1201, 27),
(26, NULL, NULL, 'admin', NULL, '2019-05-11 11:50:46', NULL, 1202, 27),
(20, NULL, NULL, NULL, NULL, '2019-05-11 05:50:46', NULL, 1203, 28),
(21, NULL, NULL, 'Upgrade core file: admin/view/default/javascript/aform.js', NULL, '2019-05-11 11:50:46', NULL, 1204, 28),
(22, NULL, NULL, '1.2.12', NULL, '2019-05-11 11:50:46', NULL, 1205, 28),
(23, NULL, NULL, '', NULL, '2019-05-11 11:50:46', NULL, 1206, 28),
(24, NULL, NULL, NULL, NULL, '0000-00-00 00:00:00', NULL, 1207, 28),
(25, NULL, NULL, 'upgrade', NULL, '2019-05-11 11:50:46', NULL, 1208, 28),
(26, NULL, NULL, 'admin', NULL, '2019-05-11 11:50:46', NULL, 1209, 28),
(20, NULL, NULL, NULL, NULL, '2019-05-11 05:50:46', NULL, 1210, 29),
(21, NULL, NULL, 'Upgrade core file: admin/view/default/javascript/general.js', NULL, '2019-05-11 11:50:46', NULL, 1211, 29),
(22, NULL, NULL, '1.2.12', NULL, '2019-05-11 11:50:46', NULL, 1212, 29),
(23, NULL, NULL, '', NULL, '2019-05-11 11:50:46', NULL, 1213, 29),
(24, NULL, NULL, NULL, NULL, '0000-00-00 00:00:00', NULL, 1214, 29),
(25, NULL, NULL, 'upgrade', NULL, '2019-05-11 11:50:46', NULL, 1215, 29),
(26, NULL, NULL, 'admin', NULL, '2019-05-11 11:50:46', NULL, 1216, 29),
(20, NULL, NULL, NULL, NULL, '2019-05-11 05:50:46', NULL, 1217, 30),
(21, NULL, NULL, 'Upgrade core file: admin/view/default/javascript/jquery/jquery-1.12.4.min.js', NULL, '2019-05-11 11:50:46', NULL, 1218, 30),
(22, NULL, NULL, '1.2.12', NULL, '2019-05-11 11:50:46', NULL, 1219, 30),
(23, NULL, NULL, '', NULL, '2019-05-11 11:50:46', NULL, 1220, 30),
(24, NULL, NULL, NULL, NULL, '0000-00-00 00:00:00', NULL, 1221, 30),
(25, NULL, NULL, 'upgrade', NULL, '2019-05-11 11:50:46', NULL, 1222, 30),
(26, NULL, NULL, 'admin', NULL, '2019-05-11 11:50:46', NULL, 1223, 30),
(20, NULL, NULL, NULL, NULL, '2019-05-11 05:50:46', NULL, 1224, 31),
(21, NULL, NULL, 'Upgrade core file: admin/view/default/stylesheet/stylesheet.css', NULL, '2019-05-11 11:50:46', NULL, 1225, 31),
(22, NULL, NULL, '1.2.12', NULL, '2019-05-11 11:50:46', NULL, 1226, 31),
(23, NULL, NULL, '', NULL, '2019-05-11 11:50:46', NULL, 1227, 31),
(24, NULL, NULL, NULL, NULL, '0000-00-00 00:00:00', NULL, 1228, 31),
(25, NULL, NULL, 'upgrade', NULL, '2019-05-11 11:50:46', NULL, 1229, 31),
(26, NULL, NULL, 'admin', NULL, '2019-05-11 11:50:46', NULL, 1230, 31),
(20, NULL, NULL, NULL, NULL, '2019-05-11 05:50:46', NULL, 1231, 32),
(21, NULL, NULL, 'Upgrade core file: admin/view/default/template/common/head.tpl', NULL, '2019-05-11 11:50:46', NULL, 1232, 32),
(22, NULL, NULL, '1.2.12', NULL, '2019-05-11 11:50:46', NULL, 1233, 32),
(23, NULL, NULL, '', NULL, '2019-05-11 11:50:46', NULL, 1234, 32),
(24, NULL, NULL, NULL, NULL, '0000-00-00 00:00:00', NULL, 1235, 32),
(25, NULL, NULL, 'upgrade', NULL, '2019-05-11 11:50:46', NULL, 1236, 32),
(26, NULL, NULL, 'admin', NULL, '2019-05-11 11:50:46', NULL, 1237, 32),
(20, NULL, NULL, NULL, NULL, '2019-05-11 05:50:46', NULL, 1238, 33),
(21, NULL, NULL, 'Upgrade core file: admin/view/default/template/form/form_csrf.tpl', NULL, '2019-05-11 11:50:46', NULL, 1239, 33),
(22, NULL, NULL, '1.2.12', NULL, '2019-05-11 11:50:46', NULL, 1240, 33),
(23, NULL, NULL, '', NULL, '2019-05-11 11:50:46', NULL, 1241, 33),
(24, NULL, NULL, NULL, NULL, '0000-00-00 00:00:00', NULL, 1242, 33),
(25, NULL, NULL, 'upgrade', NULL, '2019-05-11 11:50:46', NULL, 1243, 33),
(26, NULL, NULL, 'admin', NULL, '2019-05-11 11:50:46', NULL, 1244, 33),
(20, NULL, NULL, NULL, NULL, '2019-05-11 05:50:46', NULL, 1245, 34),
(21, NULL, NULL, 'Upgrade core file: admin/view/default/template/form/input.tpl', NULL, '2019-05-11 11:50:46', NULL, 1246, 34),
(22, NULL, NULL, '1.2.12', NULL, '2019-05-11 11:50:46', NULL, 1247, 34),
(23, NULL, NULL, '', NULL, '2019-05-11 11:50:46', NULL, 1248, 34),
(24, NULL, NULL, NULL, NULL, '0000-00-00 00:00:00', NULL, 1249, 34),
(25, NULL, NULL, 'upgrade', NULL, '2019-05-11 11:50:46', NULL, 1250, 34),
(26, NULL, NULL, 'admin', NULL, '2019-05-11 11:50:46', NULL, 1251, 34),
(20, NULL, NULL, NULL, NULL, '2019-05-11 05:50:46', NULL, 1252, 35),
(21, NULL, NULL, 'Upgrade core file: admin/view/default/template/pages/sale/customer_form.tpl', NULL, '2019-05-11 11:50:46', NULL, 1253, 35),
(22, NULL, NULL, '1.2.12', NULL, '2019-05-11 11:50:46', NULL, 1254, 35),
(23, NULL, NULL, '', NULL, '2019-05-11 11:50:46', NULL, 1255, 35),
(24, NULL, NULL, NULL, NULL, '0000-00-00 00:00:00', NULL, 1256, 35),
(25, NULL, NULL, 'upgrade', NULL, '2019-05-11 11:50:46', NULL, 1257, 35),
(26, NULL, NULL, 'admin', NULL, '2019-05-11 11:50:46', NULL, 1258, 35),
(20, NULL, NULL, NULL, NULL, '2019-05-11 05:50:46', NULL, 1259, 36),
(21, NULL, NULL, 'Upgrade core file: admin/view/default/template/responses/sale/customer_transaction_form.tpl', NULL, '2019-05-11 11:50:46', NULL, 1260, 36),
(22, NULL, NULL, '1.2.12', NULL, '2019-05-11 11:50:46', NULL, 1261, 36),
(23, NULL, NULL, '', NULL, '2019-05-11 11:50:46', NULL, 1262, 36),
(24, NULL, NULL, NULL, NULL, '0000-00-00 00:00:00', NULL, 1263, 36),
(25, NULL, NULL, 'upgrade', NULL, '2019-05-11 11:50:46', NULL, 1264, 36),
(26, NULL, NULL, 'admin', NULL, '2019-05-11 11:50:46', NULL, 1265, 36),
(20, NULL, NULL, NULL, NULL, '2019-05-11 05:50:46', NULL, 1266, 37),
(21, NULL, NULL, 'Upgrade core file: admin/view/default/template/responses/viewport/modal/sale/customer_form.tpl', NULL, '2019-05-11 11:50:46', NULL, 1267, 37),
(22, NULL, NULL, '1.2.12', NULL, '2019-05-11 11:50:46', NULL, 1268, 37),
(23, NULL, NULL, '', NULL, '2019-05-11 11:50:46', NULL, 1269, 37),
(24, NULL, NULL, NULL, NULL, '0000-00-00 00:00:00', NULL, 1270, 37),
(25, NULL, NULL, 'upgrade', NULL, '2019-05-11 11:50:46', NULL, 1271, 37),
(26, NULL, NULL, 'admin', NULL, '2019-05-11 11:50:46', NULL, 1272, 37),
(20, NULL, NULL, NULL, NULL, '2019-05-11 05:50:46', NULL, 1273, 38),
(21, NULL, NULL, 'Upgrade core file: core/cache/file.php', NULL, '2019-05-11 11:50:46', NULL, 1274, 38),
(22, NULL, NULL, '1.2.12', NULL, '2019-05-11 11:50:46', NULL, 1275, 38),
(23, NULL, NULL, '', NULL, '2019-05-11 11:50:46', NULL, 1276, 38),
(24, NULL, NULL, NULL, NULL, '0000-00-00 00:00:00', NULL, 1277, 38),
(25, NULL, NULL, 'upgrade', NULL, '2019-05-11 11:50:46', NULL, 1278, 38),
(26, NULL, NULL, 'admin', NULL, '2019-05-11 11:50:46', NULL, 1279, 38),
(20, NULL, NULL, NULL, NULL, '2019-05-11 05:50:46', NULL, 1280, 39),
(21, NULL, NULL, 'Upgrade core file: core/database/amysqli.php', NULL, '2019-05-11 11:50:46', NULL, 1281, 39),
(22, NULL, NULL, '1.2.12', NULL, '2019-05-11 11:50:46', NULL, 1282, 39),
(23, NULL, NULL, '', NULL, '2019-05-11 11:50:46', NULL, 1283, 39),
(24, NULL, NULL, NULL, NULL, '0000-00-00 00:00:00', NULL, 1284, 39),
(25, NULL, NULL, 'upgrade', NULL, '2019-05-11 11:50:46', NULL, 1285, 39),
(26, NULL, NULL, 'admin', NULL, '2019-05-11 11:50:46', NULL, 1286, 39),
(20, NULL, NULL, NULL, NULL, '2019-05-11 05:50:46', NULL, 1287, 40),
(21, NULL, NULL, 'Upgrade core file: core/database/apdomysql.php', NULL, '2019-05-11 11:50:46', NULL, 1288, 40),
(22, NULL, NULL, '1.2.12', NULL, '2019-05-11 11:50:46', NULL, 1289, 40),
(23, NULL, NULL, '', NULL, '2019-05-11 11:50:46', NULL, 1290, 40),
(24, NULL, NULL, NULL, NULL, '0000-00-00 00:00:00', NULL, 1291, 40),
(25, NULL, NULL, 'upgrade', NULL, '2019-05-11 11:50:46', NULL, 1292, 40),
(26, NULL, NULL, 'admin', NULL, '2019-05-11 11:50:46', NULL, 1293, 40),
(20, NULL, NULL, NULL, NULL, '2019-05-11 05:50:46', NULL, 1294, 41),
(21, NULL, NULL, 'Upgrade core file: core/database/mysql.php', NULL, '2019-05-11 11:50:46', NULL, 1295, 41),
(22, NULL, NULL, '1.2.12', NULL, '2019-05-11 11:50:46', NULL, 1296, 41),
(23, NULL, NULL, '', NULL, '2019-05-11 11:50:46', NULL, 1297, 41),
(24, NULL, NULL, NULL, NULL, '0000-00-00 00:00:00', NULL, 1298, 41),
(25, NULL, NULL, 'upgrade', NULL, '2019-05-11 11:50:46', NULL, 1299, 41),
(26, NULL, NULL, 'admin', NULL, '2019-05-11 11:50:46', NULL, 1300, 41),
(20, NULL, NULL, NULL, NULL, '2019-05-11 05:50:46', NULL, 1301, 42),
(21, NULL, NULL, 'Upgrade core file: core/engine/extensions.php', NULL, '2019-05-11 11:50:46', NULL, 1302, 42),
(22, NULL, NULL, '1.2.12', NULL, '2019-05-11 11:50:46', NULL, 1303, 42),
(23, NULL, NULL, '', NULL, '2019-05-11 11:50:46', NULL, 1304, 42),
(24, NULL, NULL, NULL, NULL, '0000-00-00 00:00:00', NULL, 1305, 42),
(25, NULL, NULL, 'upgrade', NULL, '2019-05-11 11:50:46', NULL, 1306, 42),
(26, NULL, NULL, 'admin', NULL, '2019-05-11 11:50:46', NULL, 1307, 42),
(20, NULL, NULL, NULL, NULL, '2019-05-11 05:50:46', NULL, 1308, 43),
(21, NULL, NULL, 'Upgrade core file: core/engine/html.php', NULL, '2019-05-11 11:50:46', NULL, 1309, 43),
(22, NULL, NULL, '1.2.12', NULL, '2019-05-11 11:50:46', NULL, 1310, 43),
(23, NULL, NULL, '', NULL, '2019-05-11 11:50:46', NULL, 1311, 43),
(24, NULL, NULL, NULL, NULL, '0000-00-00 00:00:00', NULL, 1312, 43),
(25, NULL, NULL, 'upgrade', NULL, '2019-05-11 11:50:46', NULL, 1313, 43),
(26, NULL, NULL, 'admin', NULL, '2019-05-11 11:50:46', NULL, 1314, 43),
(20, NULL, NULL, NULL, NULL, '2019-05-11 05:50:46', NULL, 1315, 44),
(21, NULL, NULL, 'Upgrade core file: core/engine/promotion.php', NULL, '2019-05-11 11:50:46', NULL, 1316, 44),
(22, NULL, NULL, '1.2.12', NULL, '2019-05-11 11:50:46', NULL, 1317, 44),
(23, NULL, NULL, '', NULL, '2019-05-11 11:50:46', NULL, 1318, 44),
(24, NULL, NULL, NULL, NULL, '0000-00-00 00:00:00', NULL, 1319, 44),
(25, NULL, NULL, 'upgrade', NULL, '2019-05-11 11:50:46', NULL, 1320, 44),
(26, NULL, NULL, 'admin', NULL, '2019-05-11 11:50:46', NULL, 1321, 44),
(20, NULL, NULL, NULL, NULL, '2019-05-11 05:50:46', NULL, 1322, 45),
(21, NULL, NULL, 'Upgrade core file: core/lib/config_manager.php', NULL, '2019-05-11 11:50:46', NULL, 1323, 45),
(22, NULL, NULL, '1.2.12', NULL, '2019-05-11 11:50:46', NULL, 1324, 45),
(23, NULL, NULL, '', NULL, '2019-05-11 11:50:46', NULL, 1325, 45),
(24, NULL, NULL, NULL, NULL, '0000-00-00 00:00:00', NULL, 1326, 45),
(25, NULL, NULL, 'upgrade', NULL, '2019-05-11 11:50:46', NULL, 1327, 45),
(26, NULL, NULL, 'admin', NULL, '2019-05-11 11:50:46', NULL, 1328, 45),
(20, NULL, NULL, NULL, NULL, '2019-05-11 05:50:46', NULL, 1329, 46),
(21, NULL, NULL, 'Upgrade core file: core/lib/content_manager.php', NULL, '2019-05-11 11:50:46', NULL, 1330, 46),
(22, NULL, NULL, '1.2.12', NULL, '2019-05-11 11:50:46', NULL, 1331, 46),
(23, NULL, NULL, '', NULL, '2019-05-11 11:50:46', NULL, 1332, 46),
(24, NULL, NULL, NULL, NULL, '0000-00-00 00:00:00', NULL, 1333, 46),
(25, NULL, NULL, 'upgrade', NULL, '2019-05-11 11:50:46', NULL, 1334, 46),
(26, NULL, NULL, 'admin', NULL, '2019-05-11 11:50:46', NULL, 1335, 46),
(20, NULL, NULL, NULL, NULL, '2019-05-11 05:50:46', NULL, 1336, 47),
(21, NULL, NULL, 'Upgrade core file: core/lib/customer.php', NULL, '2019-05-11 11:50:46', NULL, 1337, 47),
(22, NULL, NULL, '1.2.12', NULL, '2019-05-11 11:50:46', NULL, 1338, 47),
(23, NULL, NULL, '', NULL, '2019-05-11 11:50:46', NULL, 1339, 47),
(24, NULL, NULL, NULL, NULL, '0000-00-00 00:00:00', NULL, 1340, 47),
(25, NULL, NULL, 'upgrade', NULL, '2019-05-11 11:50:46', NULL, 1341, 47),
(26, NULL, NULL, 'admin', NULL, '2019-05-11 11:50:46', NULL, 1342, 47),
(20, NULL, NULL, NULL, NULL, '2019-05-11 05:50:46', NULL, 1343, 48),
(21, NULL, NULL, 'Upgrade core file: core/lib/db.php', NULL, '2019-05-11 11:50:46', NULL, 1344, 48),
(22, NULL, NULL, '1.2.12', NULL, '2019-05-11 11:50:46', NULL, 1345, 48),
(23, NULL, NULL, '', NULL, '2019-05-11 11:50:46', NULL, 1346, 48),
(24, NULL, NULL, NULL, NULL, '0000-00-00 00:00:00', NULL, 1347, 48),
(25, NULL, NULL, 'upgrade', NULL, '2019-05-11 11:50:46', NULL, 1348, 48),
(26, NULL, NULL, 'admin', NULL, '2019-05-11 11:50:46', NULL, 1349, 48),
(20, NULL, NULL, NULL, NULL, '2019-05-11 05:50:46', NULL, 1350, 49),
(21, NULL, NULL, 'Upgrade core file: core/lib/filter.php', NULL, '2019-05-11 11:50:46', NULL, 1351, 49),
(22, NULL, NULL, '1.2.12', NULL, '2019-05-11 11:50:46', NULL, 1352, 49),
(23, NULL, NULL, '', NULL, '2019-05-11 11:50:46', NULL, 1353, 49),
(24, NULL, NULL, NULL, NULL, '0000-00-00 00:00:00', NULL, 1354, 49),
(25, NULL, NULL, 'upgrade', NULL, '2019-05-11 11:50:46', NULL, 1355, 49),
(26, NULL, NULL, 'admin', NULL, '2019-05-11 11:50:46', NULL, 1356, 49),
(20, NULL, NULL, NULL, NULL, '2019-05-11 05:50:46', NULL, 1357, 50),
(21, NULL, NULL, 'Upgrade core file: core/lib/resource_manager.php', NULL, '2019-05-11 11:50:46', NULL, 1358, 50),
(22, NULL, NULL, '1.2.12', NULL, '2019-05-11 11:50:46', NULL, 1359, 50),
(23, NULL, NULL, '', NULL, '2019-05-11 11:50:46', NULL, 1360, 50),
(24, NULL, NULL, NULL, NULL, '0000-00-00 00:00:00', NULL, 1361, 50),
(25, NULL, NULL, 'upgrade', NULL, '2019-05-11 11:50:46', NULL, 1362, 50),
(26, NULL, NULL, 'admin', NULL, '2019-05-11 11:50:46', NULL, 1363, 50),
(20, NULL, NULL, NULL, NULL, '2019-05-11 05:50:46', NULL, 1364, 51),
(21, NULL, NULL, 'Upgrade core file: core/lib/response.php', NULL, '2019-05-11 11:50:46', NULL, 1365, 51),
(22, NULL, NULL, '1.2.12', NULL, '2019-05-11 11:50:46', NULL, 1366, 51),
(23, NULL, NULL, '', NULL, '2019-05-11 11:50:46', NULL, 1367, 51),
(24, NULL, NULL, NULL, NULL, '0000-00-00 00:00:00', NULL, 1368, 51),
(25, NULL, NULL, 'upgrade', NULL, '2019-05-11 11:50:46', NULL, 1369, 51),
(26, NULL, NULL, 'admin', NULL, '2019-05-11 11:50:46', NULL, 1370, 51),
(20, NULL, NULL, NULL, NULL, '2019-05-11 05:50:46', NULL, 1371, 52),
(21, NULL, NULL, 'Upgrade core file: extensions/banner_manager/admin/controller/responses/listing_grid/banner_manager.php', NULL, '2019-05-11 11:50:46', NULL, 1372, 52),
(22, NULL, NULL, '1.2.12', NULL, '2019-05-11 11:50:46', NULL, 1373, 52),
(23, NULL, NULL, '', NULL, '2019-05-11 11:50:46', NULL, 1374, 52),
(24, NULL, NULL, NULL, NULL, '0000-00-00 00:00:00', NULL, 1375, 52),
(25, NULL, NULL, 'upgrade', NULL, '2019-05-11 11:50:46', NULL, 1376, 52),
(26, NULL, NULL, 'admin', NULL, '2019-05-11 11:50:46', NULL, 1377, 52),
(20, NULL, NULL, NULL, NULL, '2019-05-11 05:50:46', NULL, 1378, 53),
(21, NULL, NULL, 'Upgrade core file: extensions/default_banktransfer/storefront/view/default/template/responses/default_banktransfer.tpl', NULL, '2019-05-11 11:50:46', NULL, 1379, 53),
(22, NULL, NULL, '1.2.12', NULL, '2019-05-11 11:50:46', NULL, 1380, 53),
(23, NULL, NULL, '', NULL, '2019-05-11 11:50:46', NULL, 1381, 53),
(24, NULL, NULL, NULL, NULL, '0000-00-00 00:00:00', NULL, 1382, 53),
(25, NULL, NULL, 'upgrade', NULL, '2019-05-11 11:50:46', NULL, 1383, 53),
(26, NULL, NULL, 'admin', NULL, '2019-05-11 11:50:46', NULL, 1384, 53),
(20, NULL, NULL, NULL, NULL, '2019-05-11 05:50:46', NULL, 1385, 54),
(21, NULL, NULL, 'Upgrade core file: extensions/default_flat_rate_shipping/admin/language/english/default_flat_rate_shipping/default_flat_rate_shipping.xml', NULL, '2019-05-11 11:50:46', NULL, 1386, 54),
(22, NULL, NULL, '1.2.12', NULL, '2019-05-11 11:50:46', NULL, 1387, 54),
(23, NULL, NULL, '', NULL, '2019-05-11 11:50:46', NULL, 1388, 54),
(24, NULL, NULL, NULL, NULL, '0000-00-00 00:00:00', NULL, 1389, 54),
(25, NULL, NULL, 'upgrade', NULL, '2019-05-11 11:50:46', NULL, 1390, 54),
(26, NULL, NULL, 'admin', NULL, '2019-05-11 11:50:46', NULL, 1391, 54),
(20, NULL, NULL, NULL, NULL, '2019-05-11 05:50:46', NULL, 1392, 55),
(21, NULL, NULL, 'Upgrade core file: extensions/default_flat_rate_shipping/admin/language/russian/default_flat_rate_shipping/default_flat_rate_shipping.xml', NULL, '2019-05-11 11:50:46', NULL, 1393, 55),
(22, NULL, NULL, '1.2.12', NULL, '2019-05-11 11:50:46', NULL, 1394, 55),
(23, NULL, NULL, '', NULL, '2019-05-11 11:50:46', NULL, 1395, 55),
(24, NULL, NULL, NULL, NULL, '0000-00-00 00:00:00', NULL, 1396, 55),
(25, NULL, NULL, 'upgrade', NULL, '2019-05-11 11:50:46', NULL, 1397, 55),
(26, NULL, NULL, 'admin', NULL, '2019-05-11 11:50:46', NULL, 1398, 55),
(20, NULL, NULL, NULL, NULL, '2019-05-11 05:50:46', NULL, 1399, 56),
(21, NULL, NULL, 'Upgrade core file: extensions/default_flat_rate_shipping/admin/language/spanish/default_flat_rate_shipping/default_flat_rate_shipping.xml', NULL, '2019-05-11 11:50:46', NULL, 1400, 56),
(22, NULL, NULL, '1.2.12', NULL, '2019-05-11 11:50:46', NULL, 1401, 56),
(23, NULL, NULL, '', NULL, '2019-05-11 11:50:46', NULL, 1402, 56),
(24, NULL, NULL, NULL, NULL, '0000-00-00 00:00:00', NULL, 1403, 56),
(25, NULL, NULL, 'upgrade', NULL, '2019-05-11 11:50:46', NULL, 1404, 56),
(26, NULL, NULL, 'admin', NULL, '2019-05-11 11:50:46', NULL, 1405, 56),
(20, NULL, NULL, NULL, NULL, '2019-05-11 05:50:46', NULL, 1406, 57),
(21, NULL, NULL, 'Upgrade core file: extensions/default_flat_rate_shipping/admin/view/default/template/pages/extension/default_flat_rate_shipping_rates.tpl', NULL, '2019-05-11 11:50:46', NULL, 1407, 57),
(22, NULL, NULL, '1.2.12', NULL, '2019-05-11 11:50:46', NULL, 1408, 57),
(23, NULL, NULL, '', NULL, '2019-05-11 11:50:46', NULL, 1409, 57),
(24, NULL, NULL, NULL, NULL, '0000-00-00 00:00:00', NULL, 1410, 57),
(25, NULL, NULL, 'upgrade', NULL, '2019-05-11 11:50:46', NULL, 1411, 57),
(26, NULL, NULL, 'admin', NULL, '2019-05-11 11:50:46', NULL, 1412, 57),
(20, NULL, NULL, NULL, NULL, '2019-05-11 05:50:46', NULL, 1413, 58),
(21, NULL, NULL, 'Upgrade core file: extensions/default_flat_rate_shipping/config.xml', NULL, '2019-05-11 11:50:46', NULL, 1414, 58),
(22, NULL, NULL, '1.2.12', NULL, '2019-05-11 11:50:46', NULL, 1415, 58),
(23, NULL, NULL, '', NULL, '2019-05-11 11:50:46', NULL, 1416, 58),
(24, NULL, NULL, NULL, NULL, '0000-00-00 00:00:00', NULL, 1417, 58),
(25, NULL, NULL, 'upgrade', NULL, '2019-05-11 11:50:46', NULL, 1418, 58),
(26, NULL, NULL, 'admin', NULL, '2019-05-11 11:50:46', NULL, 1419, 58),
(20, NULL, NULL, NULL, NULL, '2019-05-11 05:50:46', NULL, 1420, 59),
(21, NULL, NULL, 'Upgrade core file: extensions/default_flat_rate_shipping/storefront/model/extension/default_flat_rate_shipping.php', NULL, '2019-05-11 11:50:46', NULL, 1421, 59),
(22, NULL, NULL, '1.2.12', NULL, '2019-05-11 11:50:46', NULL, 1422, 59),
(23, NULL, NULL, '', NULL, '2019-05-11 11:50:46', NULL, 1423, 59),
(24, NULL, NULL, NULL, NULL, '0000-00-00 00:00:00', NULL, 1424, 59),
(25, NULL, NULL, 'upgrade', NULL, '2019-05-11 11:50:46', NULL, 1425, 59),
(26, NULL, NULL, 'admin', NULL, '2019-05-11 11:50:46', NULL, 1426, 59),
(20, NULL, NULL, NULL, NULL, '2019-05-11 05:50:46', NULL, 1427, 60),
(21, NULL, NULL, 'Upgrade core file: extensions/default_italian/admin/language/italian/setting/setting.xml', NULL, '2019-05-11 11:50:46', NULL, 1428, 60),
(22, NULL, NULL, '1.2.12', NULL, '2019-05-11 11:50:46', NULL, 1429, 60),
(23, NULL, NULL, '', NULL, '2019-05-11 11:50:46', NULL, 1430, 60),
(24, NULL, NULL, NULL, NULL, '0000-00-00 00:00:00', NULL, 1431, 60),
(25, NULL, NULL, 'upgrade', NULL, '2019-05-11 11:50:46', NULL, 1432, 60),
(26, NULL, NULL, 'admin', NULL, '2019-05-11 11:50:46', NULL, 1433, 60),
(20, NULL, NULL, NULL, NULL, '2019-05-11 05:50:46', NULL, 1434, 61),
(21, NULL, NULL, 'Upgrade core file: extensions/default_italian/storefront/language/italian/italian.xml', NULL, '2019-05-11 11:50:46', NULL, 1435, 61),
(22, NULL, NULL, '1.2.12', NULL, '2019-05-11 11:50:46', NULL, 1436, 61),
(23, NULL, NULL, '', NULL, '2019-05-11 11:50:46', NULL, 1437, 61),
(24, NULL, NULL, NULL, NULL, '0000-00-00 00:00:00', NULL, 1438, 61),
(25, NULL, NULL, 'upgrade', NULL, '2019-05-11 11:50:46', NULL, 1439, 61),
(26, NULL, NULL, 'admin', NULL, '2019-05-11 11:50:46', NULL, 1440, 61),
(20, NULL, NULL, NULL, NULL, '2019-05-11 05:50:46', NULL, 1441, 62),
(21, NULL, NULL, 'Upgrade core file: extensions/default_pp_express/core/default_pp_express.php', NULL, '2019-05-11 11:50:46', NULL, 1442, 62),
(22, NULL, NULL, '1.2.12', NULL, '2019-05-11 11:50:46', NULL, 1443, 62),
(23, NULL, NULL, '', NULL, '2019-05-11 11:50:46', NULL, 1444, 62),
(24, NULL, NULL, NULL, NULL, '0000-00-00 00:00:00', NULL, 1445, 62),
(25, NULL, NULL, 'upgrade', NULL, '2019-05-11 11:50:46', NULL, 1446, 62),
(26, NULL, NULL, 'admin', NULL, '2019-05-11 11:50:46', NULL, 1447, 62),
(20, NULL, NULL, NULL, NULL, '2019-05-11 05:50:46', NULL, 1448, 63),
(21, NULL, NULL, 'Upgrade core file: extensions/default_pp_express/storefront/controller/responses/extension/default_pp_express.php', NULL, '2019-05-11 11:50:46', NULL, 1449, 63),
(22, NULL, NULL, '1.2.12', NULL, '2019-05-11 11:50:46', NULL, 1450, 63),
(23, NULL, NULL, '', NULL, '2019-05-11 11:50:46', NULL, 1451, 63),
(24, NULL, NULL, NULL, NULL, '0000-00-00 00:00:00', NULL, 1452, 63),
(25, NULL, NULL, 'upgrade', NULL, '2019-05-11 11:50:46', NULL, 1453, 63),
(26, NULL, NULL, 'admin', NULL, '2019-05-11 11:50:46', NULL, 1454, 63),
(20, NULL, NULL, NULL, NULL, '2019-05-11 05:50:46', NULL, 1455, 64),
(21, NULL, NULL, 'Upgrade core file: extensions/default_pp_pro/storefront/controller/responses/extension/default_pp_pro.php', NULL, '2019-05-11 11:50:46', NULL, 1456, 64),
(22, NULL, NULL, '1.2.12', NULL, '2019-05-11 11:50:46', NULL, 1457, 64),
(23, NULL, NULL, '', NULL, '2019-05-11 11:50:46', NULL, 1458, 64),
(24, NULL, NULL, NULL, NULL, '0000-00-00 00:00:00', NULL, 1459, 64),
(25, NULL, NULL, 'upgrade', NULL, '2019-05-11 11:50:46', NULL, 1460, 64),
(26, NULL, NULL, 'admin', NULL, '2019-05-11 11:50:46', NULL, 1461, 64),
(20, NULL, NULL, NULL, NULL, '2019-05-11 05:50:46', NULL, 1462, 65),
(21, NULL, NULL, 'Upgrade core file: extensions/default_pp_pro/storefront/language/english/default_pp_pro/default_pp_pro.xml', NULL, '2019-05-11 11:50:46', NULL, 1463, 65),
(22, NULL, NULL, '1.2.12', NULL, '2019-05-11 11:50:46', NULL, 1464, 65),
(23, NULL, NULL, '', NULL, '2019-05-11 11:50:46', NULL, 1465, 65),
(24, NULL, NULL, NULL, NULL, '0000-00-00 00:00:00', NULL, 1466, 65),
(25, NULL, NULL, 'upgrade', NULL, '2019-05-11 11:50:46', NULL, 1467, 65),
(26, NULL, NULL, 'admin', NULL, '2019-05-11 11:50:46', NULL, 1468, 65),
(20, NULL, NULL, NULL, NULL, '2019-05-11 05:50:46', NULL, 1469, 66),
(21, NULL, NULL, 'Upgrade core file: extensions/default_pp_pro/storefront/language/russian/default_pp_pro/default_pp_pro.xml', NULL, '2019-05-11 11:50:46', NULL, 1470, 66),
(22, NULL, NULL, '1.2.12', NULL, '2019-05-11 11:50:46', NULL, 1471, 66),
(23, NULL, NULL, '', NULL, '2019-05-11 11:50:46', NULL, 1472, 66),
(24, NULL, NULL, NULL, NULL, '0000-00-00 00:00:00', NULL, 1473, 66),
(25, NULL, NULL, 'upgrade', NULL, '2019-05-11 11:50:46', NULL, 1474, 66),
(26, NULL, NULL, 'admin', NULL, '2019-05-11 11:50:46', NULL, 1475, 66),
(20, NULL, NULL, NULL, NULL, '2019-05-11 05:50:46', NULL, 1476, 67),
(21, NULL, NULL, 'Upgrade core file: extensions/default_pp_pro/storefront/language/spanish/default_pp_pro/default_pp_pro.xml', NULL, '2019-05-11 11:50:46', NULL, 1477, 67),
(22, NULL, NULL, '1.2.12', NULL, '2019-05-11 11:50:46', NULL, 1478, 67),
(23, NULL, NULL, '', NULL, '2019-05-11 11:50:46', NULL, 1479, 67),
(24, NULL, NULL, NULL, NULL, '0000-00-00 00:00:00', NULL, 1480, 67),
(25, NULL, NULL, 'upgrade', NULL, '2019-05-11 11:50:46', NULL, 1481, 67),
(26, NULL, NULL, 'admin', NULL, '2019-05-11 11:50:46', NULL, 1482, 67),
(20, NULL, NULL, NULL, NULL, '2019-05-11 05:50:46', NULL, 1483, 68),
(21, NULL, NULL, 'Upgrade core file: extensions/default_pp_standart/storefront/controller/responses/extension/default_pp_standart.php', NULL, '2019-05-11 11:50:46', NULL, 1484, 68),
(22, NULL, NULL, '1.2.12', NULL, '2019-05-11 11:50:46', NULL, 1485, 68),
(23, NULL, NULL, '', NULL, '2019-05-11 11:50:46', NULL, 1486, 68),
(24, NULL, NULL, NULL, NULL, '0000-00-00 00:00:00', NULL, 1487, 68),
(25, NULL, NULL, 'upgrade', NULL, '2019-05-11 11:50:46', NULL, 1488, 68),
(26, NULL, NULL, 'admin', NULL, '2019-05-11 11:50:46', NULL, 1489, 68),
(20, NULL, NULL, NULL, NULL, '2019-05-11 05:50:46', NULL, 1490, 69),
(21, NULL, NULL, 'Upgrade core file: extensions/default_russian/admin/language/russian/design/content.xml', NULL, '2019-05-11 11:50:46', NULL, 1491, 69),
(22, NULL, NULL, '1.2.12', NULL, '2019-05-11 11:50:46', NULL, 1492, 69),
(23, NULL, NULL, '', NULL, '2019-05-11 11:50:46', NULL, 1493, 69),
(24, NULL, NULL, NULL, NULL, '0000-00-00 00:00:00', NULL, 1494, 69),
(25, NULL, NULL, 'upgrade', NULL, '2019-05-11 11:50:46', NULL, 1495, 69),
(26, NULL, NULL, 'admin', NULL, '2019-05-11 11:50:46', NULL, 1496, 69),
(20, NULL, NULL, NULL, NULL, '2019-05-11 05:50:46', NULL, 1497, 70),
(21, NULL, NULL, 'Upgrade core file: extensions/default_russian/admin/language/russian/russian.xml', NULL, '2019-05-11 11:50:46', NULL, 1498, 70),
(22, NULL, NULL, '1.2.12', NULL, '2019-05-11 11:50:46', NULL, 1499, 70),
(23, NULL, NULL, '', NULL, '2019-05-11 11:50:46', NULL, 1500, 70),
(24, NULL, NULL, NULL, NULL, '0000-00-00 00:00:00', NULL, 1501, 70),
(25, NULL, NULL, 'upgrade', NULL, '2019-05-11 11:50:46', NULL, 1502, 70),
(26, NULL, NULL, 'admin', NULL, '2019-05-11 11:50:46', NULL, 1503, 70),
(20, NULL, NULL, NULL, NULL, '2019-05-11 05:50:46', NULL, 1504, 71),
(21, NULL, NULL, 'Upgrade core file: extensions/default_russian/admin/language/russian/sale/customer.xml', NULL, '2019-05-11 11:50:46', NULL, 1505, 71),
(22, NULL, NULL, '1.2.12', NULL, '2019-05-11 11:50:46', NULL, 1506, 71),
(23, NULL, NULL, '', NULL, '2019-05-11 11:50:46', NULL, 1507, 71),
(24, NULL, NULL, NULL, NULL, '0000-00-00 00:00:00', NULL, 1508, 71),
(25, NULL, NULL, 'upgrade', NULL, '2019-05-11 11:50:46', NULL, 1509, 71),
(26, NULL, NULL, 'admin', NULL, '2019-05-11 11:50:46', NULL, 1510, 71),
(20, NULL, NULL, NULL, NULL, '2019-05-11 05:50:46', NULL, 1511, 72),
(21, NULL, NULL, 'Upgrade core file: extensions/default_russian/admin/language/russian/setting/setting.xml', NULL, '2019-05-11 11:50:46', NULL, 1512, 72),
(22, NULL, NULL, '1.2.12', NULL, '2019-05-11 11:50:46', NULL, 1513, 72),
(23, NULL, NULL, '', NULL, '2019-05-11 11:50:46', NULL, 1514, 72),
(24, NULL, NULL, NULL, NULL, '0000-00-00 00:00:00', NULL, 1515, 72),
(25, NULL, NULL, 'upgrade', NULL, '2019-05-11 11:50:46', NULL, 1516, 72),
(26, NULL, NULL, 'admin', NULL, '2019-05-11 11:50:46', NULL, 1517, 72),
(20, NULL, NULL, NULL, NULL, '2019-05-11 05:50:46', NULL, 1518, 73),
(21, NULL, NULL, 'Upgrade core file: extensions/default_russian/storefront/language/russian/russian.xml', NULL, '2019-05-11 11:50:46', NULL, 1519, 73),
(22, NULL, NULL, '1.2.12', NULL, '2019-05-11 11:50:46', NULL, 1520, 73),
(23, NULL, NULL, '', NULL, '2019-05-11 11:50:46', NULL, 1521, 73),
(24, NULL, NULL, NULL, NULL, '0000-00-00 00:00:00', NULL, 1522, 73),
(25, NULL, NULL, 'upgrade', NULL, '2019-05-11 11:50:46', NULL, 1523, 73),
(26, NULL, NULL, 'admin', NULL, '2019-05-11 11:50:46', NULL, 1524, 73),
(20, NULL, NULL, NULL, NULL, '2019-05-11 05:50:46', NULL, 1525, 74),
(21, NULL, NULL, 'Upgrade core file: extensions/default_spanish/admin/language/spanish/design/content.xml', NULL, '2019-05-11 11:50:46', NULL, 1526, 74),
(22, NULL, NULL, '1.2.12', NULL, '2019-05-11 11:50:46', NULL, 1527, 74),
(23, NULL, NULL, '', NULL, '2019-05-11 11:50:46', NULL, 1528, 74),
(24, NULL, NULL, NULL, NULL, '0000-00-00 00:00:00', NULL, 1529, 74),
(25, NULL, NULL, 'upgrade', NULL, '2019-05-11 11:50:46', NULL, 1530, 74),
(26, NULL, NULL, 'admin', NULL, '2019-05-11 11:50:46', NULL, 1531, 74),
(20, NULL, NULL, NULL, NULL, '2019-05-11 05:50:46', NULL, 1532, 75),
(21, NULL, NULL, 'Upgrade core file: extensions/default_spanish/admin/language/spanish/sale/customer.xml', NULL, '2019-05-11 11:50:46', NULL, 1533, 75),
(22, NULL, NULL, '1.2.12', NULL, '2019-05-11 11:50:46', NULL, 1534, 75),
(23, NULL, NULL, '', NULL, '2019-05-11 11:50:46', NULL, 1535, 75),
(24, NULL, NULL, NULL, NULL, '0000-00-00 00:00:00', NULL, 1536, 75),
(25, NULL, NULL, 'upgrade', NULL, '2019-05-11 11:50:46', NULL, 1537, 75),
(26, NULL, NULL, 'admin', NULL, '2019-05-11 11:50:46', NULL, 1538, 75),
(20, NULL, NULL, NULL, NULL, '2019-05-11 05:50:46', NULL, 1539, 76),
(21, NULL, NULL, 'Upgrade core file: extensions/default_spanish/admin/language/spanish/setting/setting.xml', NULL, '2019-05-11 11:50:46', NULL, 1540, 76),
(22, NULL, NULL, '1.2.12', NULL, '2019-05-11 11:50:46', NULL, 1541, 76),
(23, NULL, NULL, '', NULL, '2019-05-11 11:50:46', NULL, 1542, 76),
(24, NULL, NULL, NULL, NULL, '0000-00-00 00:00:00', NULL, 1543, 76),
(25, NULL, NULL, 'upgrade', NULL, '2019-05-11 11:50:46', NULL, 1544, 76),
(26, NULL, NULL, 'admin', NULL, '2019-05-11 11:50:46', NULL, 1545, 76),
(20, NULL, NULL, NULL, NULL, '2019-05-11 05:50:46', NULL, 1546, 77),
(21, NULL, NULL, 'Upgrade core file: extensions/default_spanish/admin/language/spanish/spanish.xml', NULL, '2019-05-11 11:50:46', NULL, 1547, 77),
(22, NULL, NULL, '1.2.12', NULL, '2019-05-11 11:50:46', NULL, 1548, 77),
(23, NULL, NULL, '', NULL, '2019-05-11 11:50:46', NULL, 1549, 77),
(24, NULL, NULL, NULL, NULL, '0000-00-00 00:00:00', NULL, 1550, 77),
(25, NULL, NULL, 'upgrade', NULL, '2019-05-11 11:50:46', NULL, 1551, 77),
(26, NULL, NULL, 'admin', NULL, '2019-05-11 11:50:46', NULL, 1552, 77),
(20, NULL, NULL, NULL, NULL, '2019-05-11 05:50:46', NULL, 1553, 78),
(21, NULL, NULL, 'Upgrade core file: extensions/default_spanish/storefront/language/spanish/spanish.xml', NULL, '2019-05-11 11:50:46', NULL, 1554, 78),
(22, NULL, NULL, '1.2.12', NULL, '2019-05-11 11:50:46', NULL, 1555, 78),
(23, NULL, NULL, '', NULL, '2019-05-11 11:50:46', NULL, 1556, 78),
(24, NULL, NULL, NULL, NULL, '0000-00-00 00:00:00', NULL, 1557, 78),
(25, NULL, NULL, 'upgrade', NULL, '2019-05-11 11:50:46', NULL, 1558, 78),
(26, NULL, NULL, 'admin', NULL, '2019-05-11 11:50:46', NULL, 1559, 78),
(20, NULL, NULL, NULL, NULL, '2019-05-11 05:50:46', NULL, 1560, 79),
(21, NULL, NULL, 'Upgrade core file: extensions/default_stripe/storefront/view/default/template/responses/default_stripe.tpl', NULL, '2019-05-11 11:50:46', NULL, 1561, 79);
INSERT INTO `ab1l_dataset_values` (`dataset_column_id`, `value_integer`, `value_float`, `value_varchar`, `value_text`, `value_timestamp`, `value_boolean`, `value_sort_order`, `row_id`) VALUES
(22, NULL, NULL, '1.2.12', NULL, '2019-05-11 11:50:46', NULL, 1562, 79),
(23, NULL, NULL, '', NULL, '2019-05-11 11:50:46', NULL, 1563, 79),
(24, NULL, NULL, NULL, NULL, '0000-00-00 00:00:00', NULL, 1564, 79),
(25, NULL, NULL, 'upgrade', NULL, '2019-05-11 11:50:46', NULL, 1565, 79),
(26, NULL, NULL, 'admin', NULL, '2019-05-11 11:50:46', NULL, 1566, 79),
(20, NULL, NULL, NULL, NULL, '2019-05-11 05:50:46', NULL, 1567, 80),
(21, NULL, NULL, 'Upgrade core file: extensions/default_usps/admin/controller/pages/extension/default_usps.php', NULL, '2019-05-11 11:50:46', NULL, 1568, 80),
(22, NULL, NULL, '1.2.12', NULL, '2019-05-11 11:50:46', NULL, 1569, 80),
(23, NULL, NULL, '', NULL, '2019-05-11 11:50:46', NULL, 1570, 80),
(24, NULL, NULL, NULL, NULL, '0000-00-00 00:00:00', NULL, 1571, 80),
(25, NULL, NULL, 'upgrade', NULL, '2019-05-11 11:50:46', NULL, 1572, 80),
(26, NULL, NULL, 'admin', NULL, '2019-05-11 11:50:46', NULL, 1573, 80),
(20, NULL, NULL, NULL, NULL, '2019-05-11 05:50:46', NULL, 1574, 81),
(21, NULL, NULL, 'Upgrade core file: extensions/default_usps/admin/language/english/default_usps/default_usps.xml', NULL, '2019-05-11 11:50:46', NULL, 1575, 81),
(22, NULL, NULL, '1.2.12', NULL, '2019-05-11 11:50:46', NULL, 1576, 81),
(23, NULL, NULL, '', NULL, '2019-05-11 11:50:46', NULL, 1577, 81),
(24, NULL, NULL, NULL, NULL, '0000-00-00 00:00:00', NULL, 1578, 81),
(25, NULL, NULL, 'upgrade', NULL, '2019-05-11 11:50:46', NULL, 1579, 81),
(26, NULL, NULL, 'admin', NULL, '2019-05-11 11:50:46', NULL, 1580, 81),
(20, NULL, NULL, NULL, NULL, '2019-05-11 05:50:46', NULL, 1581, 82),
(21, NULL, NULL, 'Upgrade core file: extensions/default_usps/config.xml', NULL, '2019-05-11 11:50:46', NULL, 1582, 82),
(22, NULL, NULL, '1.2.12', NULL, '2019-05-11 11:50:46', NULL, 1583, 82),
(23, NULL, NULL, '', NULL, '2019-05-11 11:50:46', NULL, 1584, 82),
(24, NULL, NULL, NULL, NULL, '0000-00-00 00:00:00', NULL, 1585, 82),
(25, NULL, NULL, 'upgrade', NULL, '2019-05-11 11:50:46', NULL, 1586, 82),
(26, NULL, NULL, 'admin', NULL, '2019-05-11 11:50:46', NULL, 1587, 82),
(20, NULL, NULL, NULL, NULL, '2019-05-11 05:50:46', NULL, 1588, 83),
(21, NULL, NULL, 'Upgrade core file: extensions/default_usps/storefront/model/extension/default_usps.php', NULL, '2019-05-11 11:50:46', NULL, 1589, 83),
(22, NULL, NULL, '1.2.12', NULL, '2019-05-11 11:50:46', NULL, 1590, 83),
(23, NULL, NULL, '', NULL, '2019-05-11 11:50:46', NULL, 1591, 83),
(24, NULL, NULL, NULL, NULL, '0000-00-00 00:00:00', NULL, 1592, 83),
(25, NULL, NULL, 'upgrade', NULL, '2019-05-11 11:50:46', NULL, 1593, 83),
(26, NULL, NULL, 'admin', NULL, '2019-05-11 11:50:46', NULL, 1594, 83),
(20, NULL, NULL, NULL, NULL, '2019-05-11 05:50:46', NULL, 1595, 84),
(21, NULL, NULL, 'Upgrade core file: extensions/default_worldpay/admin/language/english/default_worldpay/default_worldpay.xml', NULL, '2019-05-11 11:50:46', NULL, 1596, 84),
(22, NULL, NULL, '1.2.12', NULL, '2019-05-11 11:50:46', NULL, 1597, 84),
(23, NULL, NULL, '', NULL, '2019-05-11 11:50:46', NULL, 1598, 84),
(24, NULL, NULL, NULL, NULL, '0000-00-00 00:00:00', NULL, 1599, 84),
(25, NULL, NULL, 'upgrade', NULL, '2019-05-11 11:50:46', NULL, 1600, 84),
(26, NULL, NULL, 'admin', NULL, '2019-05-11 11:50:46', NULL, 1601, 84),
(20, NULL, NULL, NULL, NULL, '2019-05-11 05:50:46', NULL, 1602, 85),
(21, NULL, NULL, 'Upgrade core file: extensions/default_worldpay/admin/language/russian/default_worldpay/default_worldpay.xml', NULL, '2019-05-11 11:50:46', NULL, 1603, 85),
(22, NULL, NULL, '1.2.12', NULL, '2019-05-11 11:50:46', NULL, 1604, 85),
(23, NULL, NULL, '', NULL, '2019-05-11 11:50:46', NULL, 1605, 85),
(24, NULL, NULL, NULL, NULL, '0000-00-00 00:00:00', NULL, 1606, 85),
(25, NULL, NULL, 'upgrade', NULL, '2019-05-11 11:50:46', NULL, 1607, 85),
(26, NULL, NULL, 'admin', NULL, '2019-05-11 11:50:46', NULL, 1608, 85),
(20, NULL, NULL, NULL, NULL, '2019-05-11 05:50:46', NULL, 1609, 86),
(21, NULL, NULL, 'Upgrade core file: extensions/default_worldpay/admin/language/spanish/default_worldpay/default_worldpay.xml', NULL, '2019-05-11 11:50:46', NULL, 1610, 86),
(22, NULL, NULL, '1.2.12', NULL, '2019-05-11 11:50:46', NULL, 1611, 86),
(23, NULL, NULL, '', NULL, '2019-05-11 11:50:46', NULL, 1612, 86),
(24, NULL, NULL, NULL, NULL, '0000-00-00 00:00:00', NULL, 1613, 86),
(25, NULL, NULL, 'upgrade', NULL, '2019-05-11 11:50:46', NULL, 1614, 86),
(26, NULL, NULL, 'admin', NULL, '2019-05-11 11:50:46', NULL, 1615, 86),
(20, NULL, NULL, NULL, NULL, '2019-05-11 05:50:46', NULL, 1616, 87),
(21, NULL, NULL, 'Upgrade core file: extensions/default_worldpay/config.xml', NULL, '2019-05-11 11:50:46', NULL, 1617, 87),
(22, NULL, NULL, '1.2.12', NULL, '2019-05-11 11:50:46', NULL, 1618, 87),
(23, NULL, NULL, '', NULL, '2019-05-11 11:50:46', NULL, 1619, 87),
(24, NULL, NULL, NULL, NULL, '0000-00-00 00:00:00', NULL, 1620, 87),
(25, NULL, NULL, 'upgrade', NULL, '2019-05-11 11:50:46', NULL, 1621, 87),
(26, NULL, NULL, 'admin', NULL, '2019-05-11 11:50:46', NULL, 1622, 87),
(20, NULL, NULL, NULL, NULL, '2019-05-11 05:50:46', NULL, 1623, 88),
(21, NULL, NULL, 'Upgrade core file: extensions/default_worldpay/image/icon.png', NULL, '2019-05-11 11:50:46', NULL, 1624, 88),
(22, NULL, NULL, '1.2.12', NULL, '2019-05-11 11:50:46', NULL, 1625, 88),
(23, NULL, NULL, '', NULL, '2019-05-11 11:50:46', NULL, 1626, 88),
(24, NULL, NULL, NULL, NULL, '0000-00-00 00:00:00', NULL, 1627, 88),
(25, NULL, NULL, 'upgrade', NULL, '2019-05-11 11:50:46', NULL, 1628, 88),
(26, NULL, NULL, 'admin', NULL, '2019-05-11 11:50:46', NULL, 1629, 88),
(20, NULL, NULL, NULL, NULL, '2019-05-11 05:50:46', NULL, 1630, 89),
(21, NULL, NULL, 'Upgrade core file: extensions/default_worldpay/main.php', NULL, '2019-05-11 11:50:46', NULL, 1631, 89),
(22, NULL, NULL, '1.2.12', NULL, '2019-05-11 11:50:46', NULL, 1632, 89),
(23, NULL, NULL, '', NULL, '2019-05-11 11:50:46', NULL, 1633, 89),
(24, NULL, NULL, NULL, NULL, '0000-00-00 00:00:00', NULL, 1634, 89),
(25, NULL, NULL, 'upgrade', NULL, '2019-05-11 11:50:46', NULL, 1635, 89),
(26, NULL, NULL, 'admin', NULL, '2019-05-11 11:50:46', NULL, 1636, 89),
(20, NULL, NULL, NULL, NULL, '2019-05-11 05:50:46', NULL, 1637, 90),
(21, NULL, NULL, 'Upgrade core file: extensions/default_worldpay/resultC.html', NULL, '2019-05-11 11:50:46', NULL, 1638, 90),
(22, NULL, NULL, '1.2.12', NULL, '2019-05-11 11:50:46', NULL, 1639, 90),
(23, NULL, NULL, '', NULL, '2019-05-11 11:50:46', NULL, 1640, 90),
(24, NULL, NULL, NULL, NULL, '0000-00-00 00:00:00', NULL, 1641, 90),
(25, NULL, NULL, 'upgrade', NULL, '2019-05-11 11:50:46', NULL, 1642, 90),
(26, NULL, NULL, 'admin', NULL, '2019-05-11 11:50:46', NULL, 1643, 90),
(20, NULL, NULL, NULL, NULL, '2019-05-11 05:50:46', NULL, 1644, 91),
(21, NULL, NULL, 'Upgrade core file: extensions/default_worldpay/resultY.html', NULL, '2019-05-11 11:50:46', NULL, 1645, 91),
(22, NULL, NULL, '1.2.12', NULL, '2019-05-11 11:50:46', NULL, 1646, 91),
(23, NULL, NULL, '', NULL, '2019-05-11 11:50:46', NULL, 1647, 91),
(24, NULL, NULL, NULL, NULL, '0000-00-00 00:00:00', NULL, 1648, 91),
(25, NULL, NULL, 'upgrade', NULL, '2019-05-11 11:50:46', NULL, 1649, 91),
(26, NULL, NULL, 'admin', NULL, '2019-05-11 11:50:46', NULL, 1650, 91),
(20, NULL, NULL, NULL, NULL, '2019-05-11 05:50:46', NULL, 1651, 92),
(21, NULL, NULL, 'Upgrade core file: extensions/default_worldpay/storefront/controller/responses/extension/default_worldpay.php', NULL, '2019-05-11 11:50:46', NULL, 1652, 92),
(22, NULL, NULL, '1.2.12', NULL, '2019-05-11 11:50:46', NULL, 1653, 92),
(23, NULL, NULL, '', NULL, '2019-05-11 11:50:46', NULL, 1654, 92),
(24, NULL, NULL, NULL, NULL, '0000-00-00 00:00:00', NULL, 1655, 92),
(25, NULL, NULL, 'upgrade', NULL, '2019-05-11 11:50:46', NULL, 1656, 92),
(26, NULL, NULL, 'admin', NULL, '2019-05-11 11:50:46', NULL, 1657, 92),
(20, NULL, NULL, NULL, NULL, '2019-05-11 05:50:46', NULL, 1658, 93),
(21, NULL, NULL, 'Upgrade core file: extensions/default_worldpay/storefront/language/english/default_worldpay/default_worldpay.xml', NULL, '2019-05-11 11:50:46', NULL, 1659, 93),
(22, NULL, NULL, '1.2.12', NULL, '2019-05-11 11:50:46', NULL, 1660, 93),
(23, NULL, NULL, '', NULL, '2019-05-11 11:50:46', NULL, 1661, 93),
(24, NULL, NULL, NULL, NULL, '0000-00-00 00:00:00', NULL, 1662, 93),
(25, NULL, NULL, 'upgrade', NULL, '2019-05-11 11:50:46', NULL, 1663, 93),
(26, NULL, NULL, 'admin', NULL, '2019-05-11 11:50:47', NULL, 1664, 93),
(20, NULL, NULL, NULL, NULL, '2019-05-11 05:50:46', NULL, 1665, 94),
(21, NULL, NULL, 'Upgrade core file: extensions/default_worldpay/storefront/language/russian/default_worldpay/default_worldpay.xml', NULL, '2019-05-11 11:50:47', NULL, 1666, 94),
(22, NULL, NULL, '1.2.12', NULL, '2019-05-11 11:50:47', NULL, 1667, 94),
(23, NULL, NULL, '', NULL, '2019-05-11 11:50:47', NULL, 1668, 94),
(24, NULL, NULL, NULL, NULL, '0000-00-00 00:00:00', NULL, 1669, 94),
(25, NULL, NULL, 'upgrade', NULL, '2019-05-11 11:50:47', NULL, 1670, 94),
(26, NULL, NULL, 'admin', NULL, '2019-05-11 11:50:47', NULL, 1671, 94),
(20, NULL, NULL, NULL, NULL, '2019-05-11 05:50:47', NULL, 1672, 95),
(21, NULL, NULL, 'Upgrade core file: extensions/default_worldpay/storefront/language/spanish/default_worldpay/default_worldpay.xml', NULL, '2019-05-11 11:50:47', NULL, 1673, 95),
(22, NULL, NULL, '1.2.12', NULL, '2019-05-11 11:50:47', NULL, 1674, 95),
(23, NULL, NULL, '', NULL, '2019-05-11 11:50:47', NULL, 1675, 95),
(24, NULL, NULL, NULL, NULL, '0000-00-00 00:00:00', NULL, 1676, 95),
(25, NULL, NULL, 'upgrade', NULL, '2019-05-11 11:50:47', NULL, 1677, 95),
(26, NULL, NULL, 'admin', NULL, '2019-05-11 11:50:47', NULL, 1678, 95),
(20, NULL, NULL, NULL, NULL, '2019-05-11 05:50:47', NULL, 1679, 96),
(21, NULL, NULL, 'Upgrade core file: extensions/default_worldpay/storefront/model/extension/default_worldpay.php', NULL, '2019-05-11 11:50:47', NULL, 1680, 96),
(22, NULL, NULL, '1.2.12', NULL, '2019-05-11 11:50:47', NULL, 1681, 96),
(23, NULL, NULL, '', NULL, '2019-05-11 11:50:47', NULL, 1682, 96),
(24, NULL, NULL, NULL, NULL, '0000-00-00 00:00:00', NULL, 1683, 96),
(25, NULL, NULL, 'upgrade', NULL, '2019-05-11 11:50:47', NULL, 1684, 96),
(26, NULL, NULL, 'admin', NULL, '2019-05-11 11:50:47', NULL, 1685, 96),
(20, NULL, NULL, NULL, NULL, '2019-05-11 05:50:47', NULL, 1686, 97),
(21, NULL, NULL, 'Upgrade core file: extensions/default_worldpay/storefront/view/default/template/extension/default_worldpay_failure.tpl', NULL, '2019-05-11 11:50:47', NULL, 1687, 97),
(22, NULL, NULL, '1.2.12', NULL, '2019-05-11 11:50:47', NULL, 1688, 97),
(23, NULL, NULL, '', NULL, '2019-05-11 11:50:47', NULL, 1689, 97),
(24, NULL, NULL, NULL, NULL, '0000-00-00 00:00:00', NULL, 1690, 97),
(25, NULL, NULL, 'upgrade', NULL, '2019-05-11 11:50:47', NULL, 1691, 97),
(26, NULL, NULL, 'admin', NULL, '2019-05-11 11:50:47', NULL, 1692, 97),
(20, NULL, NULL, NULL, NULL, '2019-05-11 05:50:47', NULL, 1693, 98),
(21, NULL, NULL, 'Upgrade core file: extensions/default_worldpay/storefront/view/default/template/responses/default_worldpay.tpl', NULL, '2019-05-11 11:50:47', NULL, 1694, 98),
(22, NULL, NULL, '1.2.12', NULL, '2019-05-11 11:50:47', NULL, 1695, 98),
(23, NULL, NULL, '', NULL, '2019-05-11 11:50:47', NULL, 1696, 98),
(24, NULL, NULL, NULL, NULL, '0000-00-00 00:00:00', NULL, 1697, 98),
(25, NULL, NULL, 'upgrade', NULL, '2019-05-11 11:50:47', NULL, 1698, 98),
(26, NULL, NULL, 'admin', NULL, '2019-05-11 11:50:47', NULL, 1699, 98),
(20, NULL, NULL, NULL, NULL, '2019-05-11 05:50:47', NULL, 1700, 99),
(21, NULL, NULL, 'Upgrade core file: extensions/default_worldpay/worldpay-help.txt', NULL, '2019-05-11 11:50:47', NULL, 1701, 99),
(22, NULL, NULL, '1.2.12', NULL, '2019-05-11 11:50:47', NULL, 1702, 99),
(23, NULL, NULL, '', NULL, '2019-05-11 11:50:47', NULL, 1703, 99),
(24, NULL, NULL, NULL, NULL, '0000-00-00 00:00:00', NULL, 1704, 99),
(25, NULL, NULL, 'upgrade', NULL, '2019-05-11 11:50:47', NULL, 1705, 99),
(26, NULL, NULL, 'admin', NULL, '2019-05-11 11:50:47', NULL, 1706, 99),
(20, NULL, NULL, NULL, NULL, '2019-05-11 05:50:47', NULL, 1707, 100),
(21, NULL, NULL, 'Upgrade core file: extensions/forms_manager/admin/model/tool/forms_manager.php', NULL, '2019-05-11 11:50:47', NULL, 1708, 100),
(22, NULL, NULL, '1.2.12', NULL, '2019-05-11 11:50:47', NULL, 1709, 100),
(23, NULL, NULL, '', NULL, '2019-05-11 11:50:47', NULL, 1710, 100),
(24, NULL, NULL, NULL, NULL, '0000-00-00 00:00:00', NULL, 1711, 100),
(25, NULL, NULL, 'upgrade', NULL, '2019-05-11 11:50:47', NULL, 1712, 100),
(26, NULL, NULL, 'admin', NULL, '2019-05-11 11:50:47', NULL, 1713, 100),
(20, NULL, NULL, NULL, NULL, '2019-05-11 05:50:47', NULL, 1714, 101),
(21, NULL, NULL, 'Upgrade core file: storefront/controller/pages/checkout/cart.php', NULL, '2019-05-11 11:50:47', NULL, 1715, 101),
(22, NULL, NULL, '1.2.12', NULL, '2019-05-11 11:50:47', NULL, 1716, 101),
(23, NULL, NULL, '', NULL, '2019-05-11 11:50:47', NULL, 1717, 101),
(24, NULL, NULL, NULL, NULL, '0000-00-00 00:00:00', NULL, 1718, 101),
(25, NULL, NULL, 'upgrade', NULL, '2019-05-11 11:50:47', NULL, 1719, 101),
(26, NULL, NULL, 'admin', NULL, '2019-05-11 11:50:47', NULL, 1720, 101),
(20, NULL, NULL, NULL, NULL, '2019-05-11 05:50:47', NULL, 1721, 102),
(21, NULL, NULL, 'Upgrade core file: storefront/controller/pages/checkout/guest_step_1.php', NULL, '2019-05-11 11:50:47', NULL, 1722, 102),
(22, NULL, NULL, '1.2.12', NULL, '2019-05-11 11:50:47', NULL, 1723, 102),
(23, NULL, NULL, '', NULL, '2019-05-11 11:50:47', NULL, 1724, 102),
(24, NULL, NULL, NULL, NULL, '0000-00-00 00:00:00', NULL, 1725, 102),
(25, NULL, NULL, 'upgrade', NULL, '2019-05-11 11:50:47', NULL, 1726, 102),
(26, NULL, NULL, 'admin', NULL, '2019-05-11 11:50:47', NULL, 1727, 102),
(20, NULL, NULL, NULL, NULL, '2019-05-11 05:50:47', NULL, 1728, 103),
(21, NULL, NULL, 'Upgrade core file: storefront/controller/pages/content/content.php', NULL, '2019-05-11 11:50:47', NULL, 1729, 103),
(22, NULL, NULL, '1.2.12', NULL, '2019-05-11 11:50:47', NULL, 1730, 103),
(23, NULL, NULL, '', NULL, '2019-05-11 11:50:47', NULL, 1731, 103),
(24, NULL, NULL, NULL, NULL, '0000-00-00 00:00:00', NULL, 1732, 103),
(25, NULL, NULL, 'upgrade', NULL, '2019-05-11 11:50:47', NULL, 1733, 103),
(26, NULL, NULL, 'admin', NULL, '2019-05-11 11:50:47', NULL, 1734, 103),
(20, NULL, NULL, NULL, NULL, '2019-05-11 05:50:47', NULL, 1735, 104),
(21, NULL, NULL, 'Upgrade core file: storefront/controller/pages/product/product.php', NULL, '2019-05-11 11:50:47', NULL, 1736, 104),
(22, NULL, NULL, '1.2.12', NULL, '2019-05-11 11:50:47', NULL, 1737, 104),
(23, NULL, NULL, '', NULL, '2019-05-11 11:50:47', NULL, 1738, 104),
(24, NULL, NULL, NULL, NULL, '0000-00-00 00:00:00', NULL, 1739, 104),
(25, NULL, NULL, 'upgrade', NULL, '2019-05-11 11:50:47', NULL, 1740, 104),
(26, NULL, NULL, 'admin', NULL, '2019-05-11 11:50:47', NULL, 1741, 104),
(20, NULL, NULL, NULL, NULL, '2019-05-11 05:50:47', NULL, 1742, 105),
(21, NULL, NULL, 'Upgrade core file: storefront/controller/responses/checkout/cart.php', NULL, '2019-05-11 11:50:47', NULL, 1743, 105),
(22, NULL, NULL, '1.2.12', NULL, '2019-05-11 11:50:47', NULL, 1744, 105),
(23, NULL, NULL, '', NULL, '2019-05-11 11:50:47', NULL, 1745, 105),
(24, NULL, NULL, NULL, NULL, '0000-00-00 00:00:00', NULL, 1746, 105),
(25, NULL, NULL, 'upgrade', NULL, '2019-05-11 11:50:47', NULL, 1747, 105),
(26, NULL, NULL, 'admin', NULL, '2019-05-11 11:50:47', NULL, 1748, 105),
(20, NULL, NULL, NULL, NULL, '2019-05-11 05:50:47', NULL, 1749, 106),
(21, NULL, NULL, 'Upgrade core file: storefront/language/english/english.xml', NULL, '2019-05-11 11:50:47', NULL, 1750, 106),
(22, NULL, NULL, '1.2.12', NULL, '2019-05-11 11:50:47', NULL, 1751, 106),
(23, NULL, NULL, '', NULL, '2019-05-11 11:50:47', NULL, 1752, 106),
(24, NULL, NULL, NULL, NULL, '0000-00-00 00:00:00', NULL, 1753, 106),
(25, NULL, NULL, 'upgrade', NULL, '2019-05-11 11:50:47', NULL, 1754, 106),
(26, NULL, NULL, 'admin', NULL, '2019-05-11 11:50:47', NULL, 1755, 106),
(20, NULL, NULL, NULL, NULL, '2019-05-11 05:50:47', NULL, 1756, 107),
(21, NULL, NULL, 'Upgrade core file: storefront/model/catalog/product.php', NULL, '2019-05-11 11:50:47', NULL, 1757, 107),
(22, NULL, NULL, '1.2.12', NULL, '2019-05-11 11:50:47', NULL, 1758, 107),
(23, NULL, NULL, '', NULL, '2019-05-11 11:50:47', NULL, 1759, 107),
(24, NULL, NULL, NULL, NULL, '0000-00-00 00:00:00', NULL, 1760, 107),
(25, NULL, NULL, 'upgrade', NULL, '2019-05-11 11:50:47', NULL, 1761, 107),
(26, NULL, NULL, 'admin', NULL, '2019-05-11 11:50:47', NULL, 1762, 107),
(20, NULL, NULL, NULL, NULL, '2019-05-11 05:50:47', NULL, 1763, 108),
(21, NULL, NULL, 'Upgrade core file: storefront/model/localisation/country.php', NULL, '2019-05-11 11:50:47', NULL, 1764, 108),
(22, NULL, NULL, '1.2.12', NULL, '2019-05-11 11:50:47', NULL, 1765, 108),
(23, NULL, NULL, '', NULL, '2019-05-11 11:50:47', NULL, 1766, 108),
(24, NULL, NULL, NULL, NULL, '0000-00-00 00:00:00', NULL, 1767, 108),
(25, NULL, NULL, 'upgrade', NULL, '2019-05-11 11:50:47', NULL, 1768, 108),
(26, NULL, NULL, 'admin', NULL, '2019-05-11 11:50:47', NULL, 1769, 108),
(20, NULL, NULL, NULL, NULL, '2019-05-11 05:50:47', NULL, 1770, 109),
(21, NULL, NULL, 'Upgrade core file: storefront/model/tool/seo_url.php', NULL, '2019-05-11 11:50:47', NULL, 1771, 109),
(22, NULL, NULL, '1.2.12', NULL, '2019-05-11 11:50:47', NULL, 1772, 109),
(23, NULL, NULL, '', NULL, '2019-05-11 11:50:47', NULL, 1773, 109),
(24, NULL, NULL, NULL, NULL, '0000-00-00 00:00:00', NULL, 1774, 109),
(25, NULL, NULL, 'upgrade', NULL, '2019-05-11 11:50:47', NULL, 1775, 109),
(26, NULL, NULL, 'admin', NULL, '2019-05-11 11:50:47', NULL, 1776, 109),
(20, NULL, NULL, NULL, NULL, '2019-05-11 05:50:47', NULL, 1777, 110),
(21, NULL, NULL, 'Upgrade core file: storefront/view/default/fonts/glyphicons-halflings-regular.eot', NULL, '2019-05-11 11:50:47', NULL, 1778, 110),
(22, NULL, NULL, '1.2.12', NULL, '2019-05-11 11:50:47', NULL, 1779, 110),
(23, NULL, NULL, '', NULL, '2019-05-11 11:50:47', NULL, 1780, 110),
(24, NULL, NULL, NULL, NULL, '0000-00-00 00:00:00', NULL, 1781, 110),
(25, NULL, NULL, 'upgrade', NULL, '2019-05-11 11:50:47', NULL, 1782, 110),
(26, NULL, NULL, 'admin', NULL, '2019-05-11 11:50:47', NULL, 1783, 110),
(20, NULL, NULL, NULL, NULL, '2019-05-11 05:50:47', NULL, 1784, 111),
(21, NULL, NULL, 'Upgrade core file: storefront/view/default/fonts/glyphicons-halflings-regular.svg', NULL, '2019-05-11 11:50:47', NULL, 1785, 111),
(22, NULL, NULL, '1.2.12', NULL, '2019-05-11 11:50:47', NULL, 1786, 111),
(23, NULL, NULL, '', NULL, '2019-05-11 11:50:47', NULL, 1787, 111),
(24, NULL, NULL, NULL, NULL, '0000-00-00 00:00:00', NULL, 1788, 111),
(25, NULL, NULL, 'upgrade', NULL, '2019-05-11 11:50:47', NULL, 1789, 111),
(26, NULL, NULL, 'admin', NULL, '2019-05-11 11:50:47', NULL, 1790, 111),
(20, NULL, NULL, NULL, NULL, '2019-05-11 05:50:47', NULL, 1791, 112),
(21, NULL, NULL, 'Upgrade core file: storefront/view/default/fonts/glyphicons-halflings-regular.ttf', NULL, '2019-05-11 11:50:47', NULL, 1792, 112),
(22, NULL, NULL, '1.2.12', NULL, '2019-05-11 11:50:47', NULL, 1793, 112),
(23, NULL, NULL, '', NULL, '2019-05-11 11:50:47', NULL, 1794, 112),
(24, NULL, NULL, NULL, NULL, '0000-00-00 00:00:00', NULL, 1795, 112),
(25, NULL, NULL, 'upgrade', NULL, '2019-05-11 11:50:47', NULL, 1796, 112),
(26, NULL, NULL, 'admin', NULL, '2019-05-11 11:50:47', NULL, 1797, 112),
(20, NULL, NULL, NULL, NULL, '2019-05-11 05:50:47', NULL, 1798, 113),
(21, NULL, NULL, 'Upgrade core file: storefront/view/default/javascript/credit_card_validation.js', NULL, '2019-05-11 11:50:47', NULL, 1799, 113),
(22, NULL, NULL, '1.2.12', NULL, '2019-05-11 11:50:47', NULL, 1800, 113),
(23, NULL, NULL, '', NULL, '2019-05-11 11:50:47', NULL, 1801, 113),
(24, NULL, NULL, NULL, NULL, '0000-00-00 00:00:00', NULL, 1802, 113),
(25, NULL, NULL, 'upgrade', NULL, '2019-05-11 11:50:47', NULL, 1803, 113),
(26, NULL, NULL, 'admin', NULL, '2019-05-11 11:50:47', NULL, 1804, 113),
(20, NULL, NULL, NULL, NULL, '2019-05-11 05:50:47', NULL, 1805, 114),
(21, NULL, NULL, 'Upgrade core file: storefront/view/default/javascript/jquery-1.12.4.min.js', NULL, '2019-05-11 11:50:47', NULL, 1806, 114),
(22, NULL, NULL, '1.2.12', NULL, '2019-05-11 11:50:47', NULL, 1807, 114),
(23, NULL, NULL, '', NULL, '2019-05-11 11:50:47', NULL, 1808, 114),
(24, NULL, NULL, NULL, NULL, '0000-00-00 00:00:00', NULL, 1809, 114),
(25, NULL, NULL, 'upgrade', NULL, '2019-05-11 11:50:47', NULL, 1810, 114),
(26, NULL, NULL, 'admin', NULL, '2019-05-11 11:50:47', NULL, 1811, 114),
(20, NULL, NULL, NULL, NULL, '2019-05-11 05:50:47', NULL, 1812, 115),
(21, NULL, NULL, 'Upgrade core file: storefront/view/default/stylesheet/style.css', NULL, '2019-05-11 11:50:47', NULL, 1813, 115),
(22, NULL, NULL, '1.2.12', NULL, '2019-05-11 11:50:47', NULL, 1814, 115),
(23, NULL, NULL, '', NULL, '2019-05-11 11:50:47', NULL, 1815, 115),
(24, NULL, NULL, NULL, NULL, '0000-00-00 00:00:00', NULL, 1816, 115),
(25, NULL, NULL, 'upgrade', NULL, '2019-05-11 11:50:47', NULL, 1817, 115),
(26, NULL, NULL, 'admin', NULL, '2019-05-11 11:50:47', NULL, 1818, 115),
(20, NULL, NULL, NULL, NULL, '2019-05-11 05:50:47', NULL, 1819, 116),
(21, NULL, NULL, 'Upgrade core file: storefront/view/default/stylesheet/style.response.css', NULL, '2019-05-11 11:50:47', NULL, 1820, 116),
(22, NULL, NULL, '1.2.12', NULL, '2019-05-11 11:50:47', NULL, 1821, 116),
(23, NULL, NULL, '', NULL, '2019-05-11 11:50:47', NULL, 1822, 116),
(24, NULL, NULL, NULL, NULL, '0000-00-00 00:00:00', NULL, 1823, 116),
(25, NULL, NULL, 'upgrade', NULL, '2019-05-11 11:50:47', NULL, 1824, 116),
(26, NULL, NULL, 'admin', NULL, '2019-05-11 11:50:47', NULL, 1825, 116),
(20, NULL, NULL, NULL, NULL, '2019-05-11 05:50:47', NULL, 1826, 117),
(21, NULL, NULL, 'Upgrade core file: storefront/view/default/template/blocks/cart_top.tpl', NULL, '2019-05-11 11:50:47', NULL, 1827, 117),
(22, NULL, NULL, '1.2.12', NULL, '2019-05-11 11:50:47', NULL, 1828, 117),
(23, NULL, NULL, '', NULL, '2019-05-11 11:50:47', NULL, 1829, 117),
(24, NULL, NULL, NULL, NULL, '0000-00-00 00:00:00', NULL, 1830, 117),
(25, NULL, NULL, 'upgrade', NULL, '2019-05-11 11:50:47', NULL, 1831, 117),
(26, NULL, NULL, 'admin', NULL, '2019-05-11 11:50:47', NULL, 1832, 117),
(20, NULL, NULL, NULL, NULL, '2019-05-11 05:50:47', NULL, 1833, 118),
(21, NULL, NULL, 'Upgrade core file: storefront/view/default/template/common/head.tpl', NULL, '2019-05-11 11:50:47', NULL, 1834, 118),
(22, NULL, NULL, '1.2.12', NULL, '2019-05-11 11:50:47', NULL, 1835, 118),
(23, NULL, NULL, '', NULL, '2019-05-11 11:50:47', NULL, 1836, 118),
(24, NULL, NULL, NULL, NULL, '0000-00-00 00:00:00', NULL, 1837, 118),
(25, NULL, NULL, 'upgrade', NULL, '2019-05-11 11:50:47', NULL, 1838, 118),
(26, NULL, NULL, 'admin', NULL, '2019-05-11 11:50:47', NULL, 1839, 118),
(20, NULL, NULL, NULL, NULL, '2019-05-11 05:50:47', NULL, 1840, 119),
(21, NULL, NULL, 'Upgrade core file: storefront/view/default/template/embed/head.tpl', NULL, '2019-05-11 11:50:47', NULL, 1841, 119),
(22, NULL, NULL, '1.2.12', NULL, '2019-05-11 11:50:47', NULL, 1842, 119),
(23, NULL, NULL, '', NULL, '2019-05-11 11:50:47', NULL, 1843, 119),
(24, NULL, NULL, NULL, NULL, '0000-00-00 00:00:00', NULL, 1844, 119),
(25, NULL, NULL, 'upgrade', NULL, '2019-05-11 11:50:47', NULL, 1845, 119),
(26, NULL, NULL, 'admin', NULL, '2019-05-11 11:50:47', NULL, 1846, 119),
(20, NULL, NULL, NULL, NULL, '2019-05-11 05:50:47', NULL, 1847, 120),
(21, NULL, NULL, 'Upgrade core file: storefront/view/default/template/embed/js.tpl', NULL, '2019-05-11 11:50:47', NULL, 1848, 120),
(22, NULL, NULL, '1.2.12', NULL, '2019-05-11 11:50:47', NULL, 1849, 120),
(23, NULL, NULL, '', NULL, '2019-05-11 11:50:47', NULL, 1850, 120),
(24, NULL, NULL, NULL, NULL, '0000-00-00 00:00:00', NULL, 1851, 120),
(25, NULL, NULL, 'upgrade', NULL, '2019-05-11 11:50:47', NULL, 1852, 120),
(26, NULL, NULL, 'admin', NULL, '2019-05-11 11:50:47', NULL, 1853, 120),
(20, NULL, NULL, NULL, NULL, '2019-05-11 05:50:47', NULL, 1854, 121),
(21, NULL, NULL, 'Upgrade core file: storefront/view/default/template/embed/js_product.tpl', NULL, '2019-05-11 11:50:47', NULL, 1855, 121),
(22, NULL, NULL, '1.2.12', NULL, '2019-05-11 11:50:47', NULL, 1856, 121),
(23, NULL, NULL, '', NULL, '2019-05-11 11:50:47', NULL, 1857, 121),
(24, NULL, NULL, NULL, NULL, '0000-00-00 00:00:00', NULL, 1858, 121),
(25, NULL, NULL, 'upgrade', NULL, '2019-05-11 11:50:47', NULL, 1859, 121),
(26, NULL, NULL, 'admin', NULL, '2019-05-11 11:50:47', NULL, 1860, 121),
(20, NULL, NULL, NULL, NULL, '2019-05-11 05:50:47', NULL, 1861, 122),
(21, NULL, NULL, 'Upgrade core file: storefront/view/default/template/pages/checkout/confirm.tpl', NULL, '2019-05-11 11:50:47', NULL, 1862, 122),
(22, NULL, NULL, '1.2.12', NULL, '2019-05-11 11:50:47', NULL, 1863, 122),
(23, NULL, NULL, '', NULL, '2019-05-11 11:50:47', NULL, 1864, 122),
(24, NULL, NULL, NULL, NULL, '0000-00-00 00:00:00', NULL, 1865, 122),
(25, NULL, NULL, 'upgrade', NULL, '2019-05-11 11:50:47', NULL, 1866, 122),
(26, NULL, NULL, 'admin', NULL, '2019-05-11 11:50:47', NULL, 1867, 122),
(20, NULL, NULL, NULL, NULL, '2019-05-11 05:50:47', NULL, 1868, 123),
(21, NULL, NULL, 'Upgrade core file: storefront/view/default/template/pages/product/product.tpl', NULL, '2019-05-11 11:50:47', NULL, 1869, 123),
(22, NULL, NULL, '1.2.12', NULL, '2019-05-11 11:50:47', NULL, 1870, 123),
(23, NULL, NULL, '', NULL, '2019-05-11 11:50:47', NULL, 1871, 123),
(24, NULL, NULL, NULL, NULL, '0000-00-00 00:00:00', NULL, 1872, 123),
(25, NULL, NULL, 'upgrade', NULL, '2019-05-11 11:50:47', NULL, 1873, 123),
(26, NULL, NULL, 'admin', NULL, '2019-05-11 11:50:47', NULL, 1874, 123),
(20, NULL, NULL, NULL, NULL, '2019-05-11 05:50:47', NULL, 1875, 124),
(21, NULL, NULL, 'Core upgrade', NULL, '2019-05-11 11:50:47', NULL, 1876, 124),
(22, NULL, NULL, '1.2.12', NULL, '2019-05-11 11:50:47', NULL, 1877, 124),
(23, NULL, NULL, '', NULL, '2019-05-11 11:50:47', NULL, 1878, 124),
(24, NULL, NULL, NULL, NULL, '0000-00-00 00:00:00', NULL, 1879, 124),
(25, NULL, NULL, 'upgrade', NULL, '2019-05-11 11:50:47', NULL, 1880, 124),
(26, NULL, NULL, 'admin', NULL, '2019-05-11 11:50:47', NULL, 1881, 124),
(20, NULL, NULL, NULL, NULL, '2019-05-19 04:39:51', NULL, 1882, 125),
(21, NULL, NULL, 'Upgrade core file: admin/controller/common/header.php', NULL, '2019-05-19 10:39:52', NULL, 1883, 125),
(22, NULL, NULL, '1.2.13', NULL, '2019-05-19 10:39:52', NULL, 1884, 125),
(23, NULL, NULL, '', NULL, '2019-05-19 10:39:52', NULL, 1885, 125),
(24, NULL, NULL, NULL, NULL, '0000-00-00 00:00:00', NULL, 1886, 125),
(25, NULL, NULL, 'upgrade', NULL, '2019-05-19 10:39:52', NULL, 1887, 125),
(26, NULL, NULL, 'admin', NULL, '2019-05-19 10:39:52', NULL, 1888, 125),
(20, NULL, NULL, NULL, NULL, '2019-05-19 04:39:52', NULL, 1889, 126),
(21, NULL, NULL, 'Upgrade core file: admin/controller/pages/catalog/product.php', NULL, '2019-05-19 10:39:52', NULL, 1890, 126),
(22, NULL, NULL, '1.2.13', NULL, '2019-05-19 10:39:52', NULL, 1891, 126),
(23, NULL, NULL, '', NULL, '2019-05-19 10:39:52', NULL, 1892, 126),
(24, NULL, NULL, NULL, NULL, '0000-00-00 00:00:00', NULL, 1893, 126),
(25, NULL, NULL, 'upgrade', NULL, '2019-05-19 10:39:52', NULL, 1894, 126),
(26, NULL, NULL, 'admin', NULL, '2019-05-19 10:39:52', NULL, 1895, 126),
(20, NULL, NULL, NULL, NULL, '2019-05-19 04:39:52', NULL, 1896, 127),
(21, NULL, NULL, 'Upgrade core file: admin/controller/pages/catalog/product_files.php', NULL, '2019-05-19 10:39:52', NULL, 1897, 127),
(22, NULL, NULL, '1.2.13', NULL, '2019-05-19 10:39:52', NULL, 1898, 127),
(23, NULL, NULL, '', NULL, '2019-05-19 10:39:52', NULL, 1899, 127),
(24, NULL, NULL, NULL, NULL, '0000-00-00 00:00:00', NULL, 1900, 127),
(25, NULL, NULL, 'upgrade', NULL, '2019-05-19 10:39:52', NULL, 1901, 127),
(26, NULL, NULL, 'admin', NULL, '2019-05-19 10:39:52', NULL, 1902, 127),
(20, NULL, NULL, NULL, NULL, '2019-05-19 04:39:52', NULL, 1903, 128),
(21, NULL, NULL, 'Upgrade core file: admin/controller/pages/extension/extensions.php', NULL, '2019-05-19 10:39:52', NULL, 1904, 128),
(22, NULL, NULL, '1.2.13', NULL, '2019-05-19 10:39:52', NULL, 1905, 128),
(23, NULL, NULL, '', NULL, '2019-05-19 10:39:52', NULL, 1906, 128),
(24, NULL, NULL, NULL, NULL, '0000-00-00 00:00:00', NULL, 1907, 128),
(25, NULL, NULL, 'upgrade', NULL, '2019-05-19 10:39:52', NULL, 1908, 128),
(26, NULL, NULL, 'admin', NULL, '2019-05-19 10:39:52', NULL, 1909, 128),
(20, NULL, NULL, NULL, NULL, '2019-05-19 04:39:52', NULL, 1910, 129),
(21, NULL, NULL, 'Upgrade core file: admin/controller/pages/index/login.php', NULL, '2019-05-19 10:39:52', NULL, 1911, 129),
(22, NULL, NULL, '1.2.13', NULL, '2019-05-19 10:39:52', NULL, 1912, 129),
(23, NULL, NULL, '', NULL, '2019-05-19 10:39:52', NULL, 1913, 129),
(24, NULL, NULL, NULL, NULL, '0000-00-00 00:00:00', NULL, 1914, 129),
(25, NULL, NULL, 'upgrade', NULL, '2019-05-19 10:39:52', NULL, 1915, 129),
(26, NULL, NULL, 'admin', NULL, '2019-05-19 10:39:52', NULL, 1916, 129),
(20, NULL, NULL, NULL, NULL, '2019-05-19 04:39:52', NULL, 1917, 130),
(21, NULL, NULL, 'Upgrade core file: admin/controller/pages/localisation/length_class.php', NULL, '2019-05-19 10:39:52', NULL, 1918, 130),
(22, NULL, NULL, '1.2.13', NULL, '2019-05-19 10:39:52', NULL, 1919, 130),
(23, NULL, NULL, '', NULL, '2019-05-19 10:39:52', NULL, 1920, 130),
(24, NULL, NULL, NULL, NULL, '0000-00-00 00:00:00', NULL, 1921, 130),
(25, NULL, NULL, 'upgrade', NULL, '2019-05-19 10:39:52', NULL, 1922, 130),
(26, NULL, NULL, 'admin', NULL, '2019-05-19 10:39:52', NULL, 1923, 130),
(20, NULL, NULL, NULL, NULL, '2019-05-19 04:39:52', NULL, 1924, 131),
(21, NULL, NULL, 'Upgrade core file: admin/controller/pages/localisation/order_status.php', NULL, '2019-05-19 10:39:52', NULL, 1925, 131),
(22, NULL, NULL, '1.2.13', NULL, '2019-05-19 10:39:52', NULL, 1926, 131),
(23, NULL, NULL, '', NULL, '2019-05-19 10:39:52', NULL, 1927, 131),
(24, NULL, NULL, NULL, NULL, '0000-00-00 00:00:00', NULL, 1928, 131),
(25, NULL, NULL, 'upgrade', NULL, '2019-05-19 10:39:52', NULL, 1929, 131),
(26, NULL, NULL, 'admin', NULL, '2019-05-19 10:39:52', NULL, 1930, 131),
(20, NULL, NULL, NULL, NULL, '2019-05-19 04:39:52', NULL, 1931, 132),
(21, NULL, NULL, 'Upgrade core file: admin/controller/pages/sale/customer.php', NULL, '2019-05-19 10:39:52', NULL, 1932, 132),
(22, NULL, NULL, '1.2.13', NULL, '2019-05-19 10:39:52', NULL, 1933, 132),
(23, NULL, NULL, '', NULL, '2019-05-19 10:39:52', NULL, 1934, 132),
(24, NULL, NULL, NULL, NULL, '0000-00-00 00:00:00', NULL, 1935, 132),
(25, NULL, NULL, 'upgrade', NULL, '2019-05-19 10:39:52', NULL, 1936, 132),
(26, NULL, NULL, 'admin', NULL, '2019-05-19 10:39:52', NULL, 1937, 132),
(20, NULL, NULL, NULL, NULL, '2019-05-19 04:39:52', NULL, 1938, 133),
(21, NULL, NULL, 'Upgrade core file: admin/controller/pages/sale/customer_group.php', NULL, '2019-05-19 10:39:52', NULL, 1939, 133),
(22, NULL, NULL, '1.2.13', NULL, '2019-05-19 10:39:52', NULL, 1940, 133),
(23, NULL, NULL, '', NULL, '2019-05-19 10:39:52', NULL, 1941, 133),
(24, NULL, NULL, NULL, NULL, '0000-00-00 00:00:00', NULL, 1942, 133),
(25, NULL, NULL, 'upgrade', NULL, '2019-05-19 10:39:52', NULL, 1943, 133),
(26, NULL, NULL, 'admin', NULL, '2019-05-19 10:39:52', NULL, 1944, 133),
(20, NULL, NULL, NULL, NULL, '2019-05-19 04:39:52', NULL, 1945, 134),
(21, NULL, NULL, 'Upgrade core file: admin/controller/pages/sale/customer_transaction.php', NULL, '2019-05-19 10:39:52', NULL, 1946, 134),
(22, NULL, NULL, '1.2.13', NULL, '2019-05-19 10:39:52', NULL, 1947, 134),
(23, NULL, NULL, '', NULL, '2019-05-19 10:39:52', NULL, 1948, 134),
(24, NULL, NULL, NULL, NULL, '0000-00-00 00:00:00', NULL, 1949, 134),
(25, NULL, NULL, 'upgrade', NULL, '2019-05-19 10:39:52', NULL, 1950, 134),
(26, NULL, NULL, 'admin', NULL, '2019-05-19 10:39:52', NULL, 1951, 134),
(20, NULL, NULL, NULL, NULL, '2019-05-19 04:39:52', NULL, 1952, 135),
(21, NULL, NULL, 'Upgrade core file: admin/controller/pages/tool/error_log.php', NULL, '2019-05-19 10:39:52', NULL, 1953, 135),
(22, NULL, NULL, '1.2.13', NULL, '2019-05-19 10:39:52', NULL, 1954, 135),
(23, NULL, NULL, '', NULL, '2019-05-19 10:39:52', NULL, 1955, 135),
(24, NULL, NULL, NULL, NULL, '0000-00-00 00:00:00', NULL, 1956, 135),
(25, NULL, NULL, 'upgrade', NULL, '2019-05-19 10:39:52', NULL, 1957, 135),
(26, NULL, NULL, 'admin', NULL, '2019-05-19 10:39:52', NULL, 1958, 135),
(20, NULL, NULL, NULL, NULL, '2019-05-19 04:39:52', NULL, 1959, 136),
(21, NULL, NULL, 'Upgrade core file: admin/controller/pages/user/user.php', NULL, '2019-05-19 10:39:52', NULL, 1960, 136),
(22, NULL, NULL, '1.2.13', NULL, '2019-05-19 10:39:52', NULL, 1961, 136),
(23, NULL, NULL, '', NULL, '2019-05-19 10:39:52', NULL, 1962, 136),
(24, NULL, NULL, NULL, NULL, '0000-00-00 00:00:00', NULL, 1963, 136),
(25, NULL, NULL, 'upgrade', NULL, '2019-05-19 10:39:52', NULL, 1964, 136),
(26, NULL, NULL, 'admin', NULL, '2019-05-19 10:39:52', NULL, 1965, 136),
(20, NULL, NULL, NULL, NULL, '2019-05-19 04:39:52', NULL, 1966, 137),
(21, NULL, NULL, 'Upgrade core file: admin/controller/responses/common/resource_library.php', NULL, '2019-05-19 10:39:52', NULL, 1967, 137),
(22, NULL, NULL, '1.2.13', NULL, '2019-05-19 10:39:52', NULL, 1968, 137),
(23, NULL, NULL, '', NULL, '2019-05-19 10:39:52', NULL, 1969, 137),
(24, NULL, NULL, NULL, NULL, '0000-00-00 00:00:00', NULL, 1970, 137),
(25, NULL, NULL, 'upgrade', NULL, '2019-05-19 10:39:52', NULL, 1971, 137),
(26, NULL, NULL, 'admin', NULL, '2019-05-19 10:39:52', NULL, 1972, 137),
(20, NULL, NULL, NULL, NULL, '2019-05-19 04:39:52', NULL, 1973, 138),
(21, NULL, NULL, 'Upgrade core file: admin/controller/responses/design/blocks_manager.php', NULL, '2019-05-19 10:39:52', NULL, 1974, 138),
(22, NULL, NULL, '1.2.13', NULL, '2019-05-19 10:39:52', NULL, 1975, 138),
(23, NULL, NULL, '', NULL, '2019-05-19 10:39:52', NULL, 1976, 138),
(24, NULL, NULL, NULL, NULL, '0000-00-00 00:00:00', NULL, 1977, 138),
(25, NULL, NULL, 'upgrade', NULL, '2019-05-19 10:39:52', NULL, 1978, 138),
(26, NULL, NULL, 'admin', NULL, '2019-05-19 10:39:52', NULL, 1979, 138),
(20, NULL, NULL, NULL, NULL, '2019-05-19 04:39:52', NULL, 1980, 139),
(21, NULL, NULL, 'Upgrade core file: admin/controller/responses/error/ajaxerror.php', NULL, '2019-05-19 10:39:52', NULL, 1981, 139),
(22, NULL, NULL, '1.2.13', NULL, '2019-05-19 10:39:52', NULL, 1982, 139),
(23, NULL, NULL, '', NULL, '2019-05-19 10:39:52', NULL, 1983, 139),
(24, NULL, NULL, NULL, NULL, '0000-00-00 00:00:00', NULL, 1984, 139),
(25, NULL, NULL, 'upgrade', NULL, '2019-05-19 10:39:52', NULL, 1985, 139),
(26, NULL, NULL, 'admin', NULL, '2019-05-19 10:39:52', NULL, 1986, 139),
(20, NULL, NULL, NULL, NULL, '2019-05-19 04:39:52', NULL, 1987, 140),
(21, NULL, NULL, 'Upgrade core file: admin/controller/responses/listing_grid/customer.php', NULL, '2019-05-19 10:39:52', NULL, 1988, 140),
(22, NULL, NULL, '1.2.13', NULL, '2019-05-19 10:39:52', NULL, 1989, 140),
(23, NULL, NULL, '', NULL, '2019-05-19 10:39:52', NULL, 1990, 140),
(24, NULL, NULL, NULL, NULL, '0000-00-00 00:00:00', NULL, 1991, 140),
(25, NULL, NULL, 'upgrade', NULL, '2019-05-19 10:39:52', NULL, 1992, 140),
(26, NULL, NULL, 'admin', NULL, '2019-05-19 10:39:52', NULL, 1993, 140),
(20, NULL, NULL, NULL, NULL, '2019-05-19 04:39:52', NULL, 1994, 141),
(21, NULL, NULL, 'Upgrade core file: admin/controller/responses/listing_grid/customer_transaction.php', NULL, '2019-05-19 10:39:52', NULL, 1995, 141),
(22, NULL, NULL, '1.2.13', NULL, '2019-05-19 10:39:52', NULL, 1996, 141),
(23, NULL, NULL, '', NULL, '2019-05-19 10:39:52', NULL, 1997, 141),
(24, NULL, NULL, NULL, NULL, '0000-00-00 00:00:00', NULL, 1998, 141),
(25, NULL, NULL, 'upgrade', NULL, '2019-05-19 10:39:52', NULL, 1999, 141),
(26, NULL, NULL, 'admin', NULL, '2019-05-19 10:39:52', NULL, 2000, 141),
(20, NULL, NULL, NULL, NULL, '2019-05-19 04:39:52', NULL, 2001, 142),
(21, NULL, NULL, 'Upgrade core file: admin/controller/responses/listing_grid/extension.php', NULL, '2019-05-19 10:39:52', NULL, 2002, 142),
(22, NULL, NULL, '1.2.13', NULL, '2019-05-19 10:39:52', NULL, 2003, 142),
(23, NULL, NULL, '', NULL, '2019-05-19 10:39:52', NULL, 2004, 142),
(24, NULL, NULL, NULL, NULL, '0000-00-00 00:00:00', NULL, 2005, 142),
(25, NULL, NULL, 'upgrade', NULL, '2019-05-19 10:39:52', NULL, 2006, 142),
(26, NULL, NULL, 'admin', NULL, '2019-05-19 10:39:52', NULL, 2007, 142),
(20, NULL, NULL, NULL, NULL, '2019-05-19 04:39:52', NULL, 2008, 143),
(21, NULL, NULL, 'Upgrade core file: admin/controller/responses/listing_grid/menu.php', NULL, '2019-05-19 10:39:52', NULL, 2009, 143),
(22, NULL, NULL, '1.2.13', NULL, '2019-05-19 10:39:52', NULL, 2010, 143),
(23, NULL, NULL, '', NULL, '2019-05-19 10:39:52', NULL, 2011, 143),
(24, NULL, NULL, NULL, NULL, '0000-00-00 00:00:00', NULL, 2012, 143),
(25, NULL, NULL, 'upgrade', NULL, '2019-05-19 10:39:52', NULL, 2013, 143),
(26, NULL, NULL, 'admin', NULL, '2019-05-19 10:39:52', NULL, 2014, 143),
(20, NULL, NULL, NULL, NULL, '2019-05-19 04:39:52', NULL, 2015, 144),
(21, NULL, NULL, 'Upgrade core file: admin/controller/responses/listing_grid/message_grid.php', NULL, '2019-05-19 10:39:52', NULL, 2016, 144),
(22, NULL, NULL, '1.2.13', NULL, '2019-05-19 10:39:52', NULL, 2017, 144),
(23, NULL, NULL, '', NULL, '2019-05-19 10:39:52', NULL, 2018, 144),
(24, NULL, NULL, NULL, NULL, '0000-00-00 00:00:00', NULL, 2019, 144),
(25, NULL, NULL, 'upgrade', NULL, '2019-05-19 10:39:52', NULL, 2020, 144),
(26, NULL, NULL, 'admin', NULL, '2019-05-19 10:39:52', NULL, 2021, 144),
(20, NULL, NULL, NULL, NULL, '2019-05-19 04:39:52', NULL, 2022, 145),
(21, NULL, NULL, 'Upgrade core file: admin/controller/responses/listing_grid/order.php', NULL, '2019-05-19 10:39:52', NULL, 2023, 145),
(22, NULL, NULL, '1.2.13', NULL, '2019-05-19 10:39:52', NULL, 2024, 145),
(23, NULL, NULL, '', NULL, '2019-05-19 10:39:52', NULL, 2025, 145),
(24, NULL, NULL, NULL, NULL, '0000-00-00 00:00:00', NULL, 2026, 145),
(25, NULL, NULL, 'upgrade', NULL, '2019-05-19 10:39:52', NULL, 2027, 145),
(26, NULL, NULL, 'admin', NULL, '2019-05-19 10:39:52', NULL, 2028, 145),
(20, NULL, NULL, NULL, NULL, '2019-05-19 04:39:52', NULL, 2029, 146),
(21, NULL, NULL, 'Upgrade core file: admin/controller/responses/product/product.php', NULL, '2019-05-19 10:39:52', NULL, 2030, 146),
(22, NULL, NULL, '1.2.13', NULL, '2019-05-19 10:39:52', NULL, 2031, 146),
(23, NULL, NULL, '', NULL, '2019-05-19 10:39:52', NULL, 2032, 146),
(24, NULL, NULL, NULL, NULL, '0000-00-00 00:00:00', NULL, 2033, 146),
(25, NULL, NULL, 'upgrade', NULL, '2019-05-19 10:39:52', NULL, 2034, 146),
(26, NULL, NULL, 'admin', NULL, '2019-05-19 10:39:52', NULL, 2035, 146),
(20, NULL, NULL, NULL, NULL, '2019-05-19 04:39:52', NULL, 2036, 147),
(21, NULL, NULL, 'Upgrade core file: admin/controller/responses/setting/setting_quick_form.php', NULL, '2019-05-19 10:39:52', NULL, 2037, 147),
(22, NULL, NULL, '1.2.13', NULL, '2019-05-19 10:39:52', NULL, 2038, 147),
(23, NULL, NULL, '', NULL, '2019-05-19 10:39:52', NULL, 2039, 147),
(24, NULL, NULL, NULL, NULL, '0000-00-00 00:00:00', NULL, 2040, 147),
(25, NULL, NULL, 'upgrade', NULL, '2019-05-19 10:39:52', NULL, 2041, 147),
(26, NULL, NULL, 'admin', NULL, '2019-05-19 10:39:52', NULL, 2042, 147),
(20, NULL, NULL, NULL, NULL, '2019-05-19 04:39:52', NULL, 2043, 148),
(21, NULL, NULL, 'Upgrade core file: admin/language/english/catalog/files.xml', NULL, '2019-05-19 10:39:52', NULL, 2044, 148),
(22, NULL, NULL, '1.2.13', NULL, '2019-05-19 10:39:52', NULL, 2045, 148),
(23, NULL, NULL, '', NULL, '2019-05-19 10:39:52', NULL, 2046, 148),
(24, NULL, NULL, NULL, NULL, '0000-00-00 00:00:00', NULL, 2047, 148),
(25, NULL, NULL, 'upgrade', NULL, '2019-05-19 10:39:52', NULL, 2048, 148),
(26, NULL, NULL, 'admin', NULL, '2019-05-19 10:39:52', NULL, 2049, 148),
(20, NULL, NULL, NULL, NULL, '2019-05-19 04:39:52', NULL, 2050, 149),
(21, NULL, NULL, 'Upgrade core file: admin/language/english/common/header.xml', NULL, '2019-05-19 10:39:52', NULL, 2051, 149),
(22, NULL, NULL, '1.2.13', NULL, '2019-05-19 10:39:52', NULL, 2052, 149),
(23, NULL, NULL, '', NULL, '2019-05-19 10:39:52', NULL, 2053, 149),
(24, NULL, NULL, NULL, NULL, '0000-00-00 00:00:00', NULL, 2054, 149),
(25, NULL, NULL, 'upgrade', NULL, '2019-05-19 10:39:52', NULL, 2055, 149),
(26, NULL, NULL, 'admin', NULL, '2019-05-19 10:39:52', NULL, 2056, 149),
(20, NULL, NULL, NULL, NULL, '2019-05-19 04:39:52', NULL, 2057, 150),
(21, NULL, NULL, 'Upgrade core file: admin/language/english/common/login.xml', NULL, '2019-05-19 10:39:52', NULL, 2058, 150),
(22, NULL, NULL, '1.2.13', NULL, '2019-05-19 10:39:52', NULL, 2059, 150),
(23, NULL, NULL, '', NULL, '2019-05-19 10:39:52', NULL, 2060, 150),
(24, NULL, NULL, NULL, NULL, '0000-00-00 00:00:00', NULL, 2061, 150),
(25, NULL, NULL, 'upgrade', NULL, '2019-05-19 10:39:52', NULL, 2062, 150),
(26, NULL, NULL, 'admin', NULL, '2019-05-19 10:39:52', NULL, 2063, 150),
(20, NULL, NULL, NULL, NULL, '2019-05-19 04:39:52', NULL, 2064, 151),
(21, NULL, NULL, 'Upgrade core file: admin/language/english/english.xml', NULL, '2019-05-19 10:39:52', NULL, 2065, 151),
(22, NULL, NULL, '1.2.13', NULL, '2019-05-19 10:39:52', NULL, 2066, 151),
(23, NULL, NULL, '', NULL, '2019-05-19 10:39:52', NULL, 2067, 151),
(24, NULL, NULL, NULL, NULL, '0000-00-00 00:00:00', NULL, 2068, 151),
(25, NULL, NULL, 'upgrade', NULL, '2019-05-19 10:39:52', NULL, 2069, 151),
(26, NULL, NULL, 'admin', NULL, '2019-05-19 10:39:52', NULL, 2070, 151),
(20, NULL, NULL, NULL, NULL, '2019-05-19 04:39:52', NULL, 2071, 152),
(21, NULL, NULL, 'Upgrade core file: admin/language/english/extension/extensions.xml', NULL, '2019-05-19 10:39:52', NULL, 2072, 152),
(22, NULL, NULL, '1.2.13', NULL, '2019-05-19 10:39:52', NULL, 2073, 152),
(23, NULL, NULL, '', NULL, '2019-05-19 10:39:52', NULL, 2074, 152),
(24, NULL, NULL, NULL, NULL, '0000-00-00 00:00:00', NULL, 2075, 152),
(25, NULL, NULL, 'upgrade', NULL, '2019-05-19 10:39:52', NULL, 2076, 152),
(26, NULL, NULL, 'admin', NULL, '2019-05-19 10:39:52', NULL, 2077, 152),
(20, NULL, NULL, NULL, NULL, '2019-05-19 04:39:52', NULL, 2078, 153),
(21, NULL, NULL, 'Upgrade core file: admin/language/english/sale/customer.xml', NULL, '2019-05-19 10:39:52', NULL, 2079, 153),
(22, NULL, NULL, '1.2.13', NULL, '2019-05-19 10:39:52', NULL, 2080, 153),
(23, NULL, NULL, '', NULL, '2019-05-19 10:39:52', NULL, 2081, 153),
(24, NULL, NULL, NULL, NULL, '0000-00-00 00:00:00', NULL, 2082, 153),
(25, NULL, NULL, 'upgrade', NULL, '2019-05-19 10:39:52', NULL, 2083, 153),
(26, NULL, NULL, 'admin', NULL, '2019-05-19 10:39:52', NULL, 2084, 153),
(20, NULL, NULL, NULL, NULL, '2019-05-19 04:39:52', NULL, 2085, 154),
(21, NULL, NULL, 'Upgrade core file: admin/model/catalog/download.php', NULL, '2019-05-19 10:39:52', NULL, 2086, 154),
(22, NULL, NULL, '1.2.13', NULL, '2019-05-19 10:39:52', NULL, 2087, 154),
(23, NULL, NULL, '', NULL, '2019-05-19 10:39:52', NULL, 2088, 154),
(24, NULL, NULL, NULL, NULL, '0000-00-00 00:00:00', NULL, 2089, 154),
(25, NULL, NULL, 'upgrade', NULL, '2019-05-19 10:39:52', NULL, 2090, 154),
(26, NULL, NULL, 'admin', NULL, '2019-05-19 10:39:52', NULL, 2091, 154),
(20, NULL, NULL, NULL, NULL, '2019-05-19 04:39:52', NULL, 2092, 155),
(21, NULL, NULL, 'Upgrade core file: admin/model/catalog/product.php', NULL, '2019-05-19 10:39:52', NULL, 2093, 155),
(22, NULL, NULL, '1.2.13', NULL, '2019-05-19 10:39:52', NULL, 2094, 155),
(23, NULL, NULL, '', NULL, '2019-05-19 10:39:52', NULL, 2095, 155),
(24, NULL, NULL, NULL, NULL, '0000-00-00 00:00:00', NULL, 2096, 155),
(25, NULL, NULL, 'upgrade', NULL, '2019-05-19 10:39:52', NULL, 2097, 155),
(26, NULL, NULL, 'admin', NULL, '2019-05-19 10:39:52', NULL, 2098, 155),
(20, NULL, NULL, NULL, NULL, '2019-05-19 04:39:52', NULL, 2099, 156),
(21, NULL, NULL, 'Upgrade core file: admin/model/localisation/country.php', NULL, '2019-05-19 10:39:52', NULL, 2100, 156),
(22, NULL, NULL, '1.2.13', NULL, '2019-05-19 10:39:52', NULL, 2101, 156),
(23, NULL, NULL, '', NULL, '2019-05-19 10:39:52', NULL, 2102, 156),
(24, NULL, NULL, NULL, NULL, '0000-00-00 00:00:00', NULL, 2103, 156),
(25, NULL, NULL, 'upgrade', NULL, '2019-05-19 10:39:52', NULL, 2104, 156),
(26, NULL, NULL, 'admin', NULL, '2019-05-19 10:39:52', NULL, 2105, 156),
(20, NULL, NULL, NULL, NULL, '2019-05-19 04:39:52', NULL, 2106, 157),
(21, NULL, NULL, 'Upgrade core file: admin/model/localisation/currency.php', NULL, '2019-05-19 10:39:52', NULL, 2107, 157),
(22, NULL, NULL, '1.2.13', NULL, '2019-05-19 10:39:52', NULL, 2108, 157),
(23, NULL, NULL, '', NULL, '2019-05-19 10:39:52', NULL, 2109, 157),
(24, NULL, NULL, NULL, NULL, '0000-00-00 00:00:00', NULL, 2110, 157),
(25, NULL, NULL, 'upgrade', NULL, '2019-05-19 10:39:52', NULL, 2111, 157),
(26, NULL, NULL, 'admin', NULL, '2019-05-19 10:39:52', NULL, 2112, 157),
(20, NULL, NULL, NULL, NULL, '2019-05-19 04:39:52', NULL, 2113, 158),
(21, NULL, NULL, 'Upgrade core file: admin/model/localisation/language.php', NULL, '2019-05-19 10:39:52', NULL, 2114, 158),
(22, NULL, NULL, '1.2.13', NULL, '2019-05-19 10:39:52', NULL, 2115, 158),
(23, NULL, NULL, '', NULL, '2019-05-19 10:39:52', NULL, 2116, 158),
(24, NULL, NULL, NULL, NULL, '0000-00-00 00:00:00', NULL, 2117, 158),
(25, NULL, NULL, 'upgrade', NULL, '2019-05-19 10:39:52', NULL, 2118, 158),
(26, NULL, NULL, 'admin', NULL, '2019-05-19 10:39:52', NULL, 2119, 158),
(20, NULL, NULL, NULL, NULL, '2019-05-19 04:39:52', NULL, 2120, 159),
(21, NULL, NULL, 'Upgrade core file: admin/model/localisation/zone.php', NULL, '2019-05-19 10:39:52', NULL, 2121, 159),
(22, NULL, NULL, '1.2.13', NULL, '2019-05-19 10:39:52', NULL, 2122, 159),
(23, NULL, NULL, '', NULL, '2019-05-19 10:39:52', NULL, 2123, 159),
(24, NULL, NULL, NULL, NULL, '0000-00-00 00:00:00', NULL, 2124, 159),
(25, NULL, NULL, 'upgrade', NULL, '2019-05-19 10:39:52', NULL, 2125, 159),
(26, NULL, NULL, 'admin', NULL, '2019-05-19 10:39:52', NULL, 2126, 159),
(20, NULL, NULL, NULL, NULL, '2019-05-19 04:39:52', NULL, 2127, 160),
(21, NULL, NULL, 'Upgrade core file: admin/model/sale/customer.php', NULL, '2019-05-19 10:39:52', NULL, 2128, 160),
(22, NULL, NULL, '1.2.13', NULL, '2019-05-19 10:39:52', NULL, 2129, 160),
(23, NULL, NULL, '', NULL, '2019-05-19 10:39:52', NULL, 2130, 160),
(24, NULL, NULL, NULL, NULL, '0000-00-00 00:00:00', NULL, 2131, 160),
(25, NULL, NULL, 'upgrade', NULL, '2019-05-19 10:39:52', NULL, 2132, 160),
(26, NULL, NULL, 'admin', NULL, '2019-05-19 10:39:52', NULL, 2133, 160),
(20, NULL, NULL, NULL, NULL, '2019-05-19 04:39:52', NULL, 2134, 161),
(21, NULL, NULL, 'Upgrade core file: admin/model/sale/order.php', NULL, '2019-05-19 10:39:52', NULL, 2135, 161),
(22, NULL, NULL, '1.2.13', NULL, '2019-05-19 10:39:52', NULL, 2136, 161),
(23, NULL, NULL, '', NULL, '2019-05-19 10:39:52', NULL, 2137, 161),
(24, NULL, NULL, NULL, NULL, '0000-00-00 00:00:00', NULL, 2138, 161),
(25, NULL, NULL, 'upgrade', NULL, '2019-05-19 10:39:52', NULL, 2139, 161),
(26, NULL, NULL, 'admin', NULL, '2019-05-19 10:39:52', NULL, 2140, 161),
(20, NULL, NULL, NULL, NULL, '2019-05-19 04:39:52', NULL, 2141, 162),
(21, NULL, NULL, 'Upgrade core file: admin/model/setting/extension.php', NULL, '2019-05-19 10:39:52', NULL, 2142, 162),
(22, NULL, NULL, '1.2.13', NULL, '2019-05-19 10:39:52', NULL, 2143, 162),
(23, NULL, NULL, '', NULL, '2019-05-19 10:39:52', NULL, 2144, 162),
(24, NULL, NULL, NULL, NULL, '0000-00-00 00:00:00', NULL, 2145, 162),
(25, NULL, NULL, 'upgrade', NULL, '2019-05-19 10:39:52', NULL, 2146, 162),
(26, NULL, NULL, 'admin', NULL, '2019-05-19 10:39:52', NULL, 2147, 162),
(20, NULL, NULL, NULL, NULL, '2019-05-19 04:39:52', NULL, 2148, 163),
(21, NULL, NULL, 'Upgrade core file: admin/model/tool/global_search.php', NULL, '2019-05-19 10:39:52', NULL, 2149, 163),
(22, NULL, NULL, '1.2.13', NULL, '2019-05-19 10:39:52', NULL, 2150, 163),
(23, NULL, NULL, '', NULL, '2019-05-19 10:39:52', NULL, 2151, 163),
(24, NULL, NULL, NULL, NULL, '0000-00-00 00:00:00', NULL, 2152, 163),
(25, NULL, NULL, 'upgrade', NULL, '2019-05-19 10:39:52', NULL, 2153, 163),
(26, NULL, NULL, 'admin', NULL, '2019-05-19 10:39:52', NULL, 2154, 163),
(20, NULL, NULL, NULL, NULL, '2019-05-19 04:39:52', NULL, 2155, 164),
(21, NULL, NULL, 'Upgrade core file: admin/model/tool/import_process.php', NULL, '2019-05-19 10:39:52', NULL, 2156, 164),
(22, NULL, NULL, '1.2.13', NULL, '2019-05-19 10:39:52', NULL, 2157, 164),
(23, NULL, NULL, '', NULL, '2019-05-19 10:39:52', NULL, 2158, 164),
(24, NULL, NULL, NULL, NULL, '0000-00-00 00:00:00', NULL, 2159, 164),
(25, NULL, NULL, 'upgrade', NULL, '2019-05-19 10:39:52', NULL, 2160, 164),
(26, NULL, NULL, 'admin', NULL, '2019-05-19 10:39:52', NULL, 2161, 164),
(20, NULL, NULL, NULL, NULL, '2019-05-19 04:39:52', NULL, 2162, 165),
(21, NULL, NULL, 'Upgrade core file: admin/model/tool/mp_api.php', NULL, '2019-05-19 10:39:52', NULL, 2163, 165),
(22, NULL, NULL, '1.2.13', NULL, '2019-05-19 10:39:52', NULL, 2164, 165),
(23, NULL, NULL, '', NULL, '2019-05-19 10:39:52', NULL, 2165, 165),
(24, NULL, NULL, NULL, NULL, '0000-00-00 00:00:00', NULL, 2166, 165),
(25, NULL, NULL, 'upgrade', NULL, '2019-05-19 10:39:52', NULL, 2167, 165),
(26, NULL, NULL, 'admin', NULL, '2019-05-19 10:39:52', NULL, 2168, 165),
(20, NULL, NULL, NULL, NULL, '2019-05-19 04:39:52', NULL, 2169, 166),
(21, NULL, NULL, 'Upgrade core file: admin/view/default/javascript/general.js', NULL, '2019-05-19 10:39:52', NULL, 2170, 166),
(22, NULL, NULL, '1.2.13', NULL, '2019-05-19 10:39:52', NULL, 2171, 166),
(23, NULL, NULL, '', NULL, '2019-05-19 10:39:52', NULL, 2172, 166),
(24, NULL, NULL, NULL, NULL, '0000-00-00 00:00:00', NULL, 2173, 166),
(25, NULL, NULL, 'upgrade', NULL, '2019-05-19 10:39:52', NULL, 2174, 166),
(26, NULL, NULL, 'admin', NULL, '2019-05-19 10:39:52', NULL, 2175, 166),
(20, NULL, NULL, NULL, NULL, '2019-05-19 04:39:52', NULL, 2176, 167),
(21, NULL, NULL, 'Upgrade core file: admin/view/default/javascript/tinymce/jquery.tinymce.min.js', NULL, '2019-05-19 10:39:52', NULL, 2177, 167),
(22, NULL, NULL, '1.2.13', NULL, '2019-05-19 10:39:52', NULL, 2178, 167),
(23, NULL, NULL, '', NULL, '2019-05-19 10:39:52', NULL, 2179, 167),
(24, NULL, NULL, NULL, NULL, '0000-00-00 00:00:00', NULL, 2180, 167),
(25, NULL, NULL, 'upgrade', NULL, '2019-05-19 10:39:52', NULL, 2181, 167),
(26, NULL, NULL, 'admin', NULL, '2019-05-19 10:39:52', NULL, 2182, 167),
(20, NULL, NULL, NULL, NULL, '2019-05-19 04:39:52', NULL, 2183, 168),
(21, NULL, NULL, 'Upgrade core file: admin/view/default/javascript/tinymce/license.txt', NULL, '2019-05-19 10:39:52', NULL, 2184, 168),
(22, NULL, NULL, '1.2.13', NULL, '2019-05-19 10:39:52', NULL, 2185, 168),
(23, NULL, NULL, '', NULL, '2019-05-19 10:39:52', NULL, 2186, 168),
(24, NULL, NULL, NULL, NULL, '0000-00-00 00:00:00', NULL, 2187, 168),
(25, NULL, NULL, 'upgrade', NULL, '2019-05-19 10:39:52', NULL, 2188, 168),
(26, NULL, NULL, 'admin', NULL, '2019-05-19 10:39:52', NULL, 2189, 168),
(20, NULL, NULL, NULL, NULL, '2019-05-19 04:39:52', NULL, 2190, 169),
(21, NULL, NULL, 'Upgrade core file: admin/view/default/javascript/tinymce/plugins/advlist/plugin.min.js', NULL, '2019-05-19 10:39:52', NULL, 2191, 169),
(22, NULL, NULL, '1.2.13', NULL, '2019-05-19 10:39:52', NULL, 2192, 169),
(23, NULL, NULL, '', NULL, '2019-05-19 10:39:52', NULL, 2193, 169);
INSERT INTO `ab1l_dataset_values` (`dataset_column_id`, `value_integer`, `value_float`, `value_varchar`, `value_text`, `value_timestamp`, `value_boolean`, `value_sort_order`, `row_id`) VALUES
(24, NULL, NULL, NULL, NULL, '0000-00-00 00:00:00', NULL, 2194, 169),
(25, NULL, NULL, 'upgrade', NULL, '2019-05-19 10:39:52', NULL, 2195, 169),
(26, NULL, NULL, 'admin', NULL, '2019-05-19 10:39:52', NULL, 2196, 169),
(20, NULL, NULL, NULL, NULL, '2019-05-19 04:39:52', NULL, 2197, 170),
(21, NULL, NULL, 'Upgrade core file: admin/view/default/javascript/tinymce/plugins/anchor/plugin.min.js', NULL, '2019-05-19 10:39:52', NULL, 2198, 170),
(22, NULL, NULL, '1.2.13', NULL, '2019-05-19 10:39:52', NULL, 2199, 170),
(23, NULL, NULL, '', NULL, '2019-05-19 10:39:52', NULL, 2200, 170),
(24, NULL, NULL, NULL, NULL, '0000-00-00 00:00:00', NULL, 2201, 170),
(25, NULL, NULL, 'upgrade', NULL, '2019-05-19 10:39:52', NULL, 2202, 170),
(26, NULL, NULL, 'admin', NULL, '2019-05-19 10:39:52', NULL, 2203, 170),
(20, NULL, NULL, NULL, NULL, '2019-05-19 04:39:52', NULL, 2204, 171),
(21, NULL, NULL, 'Upgrade core file: admin/view/default/javascript/tinymce/plugins/autolink/plugin.min.js', NULL, '2019-05-19 10:39:52', NULL, 2205, 171),
(22, NULL, NULL, '1.2.13', NULL, '2019-05-19 10:39:52', NULL, 2206, 171),
(23, NULL, NULL, '', NULL, '2019-05-19 10:39:52', NULL, 2207, 171),
(24, NULL, NULL, NULL, NULL, '0000-00-00 00:00:00', NULL, 2208, 171),
(25, NULL, NULL, 'upgrade', NULL, '2019-05-19 10:39:52', NULL, 2209, 171),
(26, NULL, NULL, 'admin', NULL, '2019-05-19 10:39:52', NULL, 2210, 171),
(20, NULL, NULL, NULL, NULL, '2019-05-19 04:39:52', NULL, 2211, 172),
(21, NULL, NULL, 'Upgrade core file: admin/view/default/javascript/tinymce/plugins/autoresize/plugin.min.js', NULL, '2019-05-19 10:39:52', NULL, 2212, 172),
(22, NULL, NULL, '1.2.13', NULL, '2019-05-19 10:39:52', NULL, 2213, 172),
(23, NULL, NULL, '', NULL, '2019-05-19 10:39:52', NULL, 2214, 172),
(24, NULL, NULL, NULL, NULL, '0000-00-00 00:00:00', NULL, 2215, 172),
(25, NULL, NULL, 'upgrade', NULL, '2019-05-19 10:39:52', NULL, 2216, 172),
(26, NULL, NULL, 'admin', NULL, '2019-05-19 10:39:52', NULL, 2217, 172),
(20, NULL, NULL, NULL, NULL, '2019-05-19 04:39:52', NULL, 2218, 173),
(21, NULL, NULL, 'Upgrade core file: admin/view/default/javascript/tinymce/plugins/autosave/plugin.min.js', NULL, '2019-05-19 10:39:52', NULL, 2219, 173),
(22, NULL, NULL, '1.2.13', NULL, '2019-05-19 10:39:52', NULL, 2220, 173),
(23, NULL, NULL, '', NULL, '2019-05-19 10:39:52', NULL, 2221, 173),
(24, NULL, NULL, NULL, NULL, '0000-00-00 00:00:00', NULL, 2222, 173),
(25, NULL, NULL, 'upgrade', NULL, '2019-05-19 10:39:52', NULL, 2223, 173),
(26, NULL, NULL, 'admin', NULL, '2019-05-19 10:39:52', NULL, 2224, 173),
(20, NULL, NULL, NULL, NULL, '2019-05-19 04:39:52', NULL, 2225, 174),
(21, NULL, NULL, 'Upgrade core file: admin/view/default/javascript/tinymce/plugins/bbcode/plugin.min.js', NULL, '2019-05-19 10:39:52', NULL, 2226, 174),
(22, NULL, NULL, '1.2.13', NULL, '2019-05-19 10:39:52', NULL, 2227, 174),
(23, NULL, NULL, '', NULL, '2019-05-19 10:39:52', NULL, 2228, 174),
(24, NULL, NULL, NULL, NULL, '0000-00-00 00:00:00', NULL, 2229, 174),
(25, NULL, NULL, 'upgrade', NULL, '2019-05-19 10:39:52', NULL, 2230, 174),
(26, NULL, NULL, 'admin', NULL, '2019-05-19 10:39:52', NULL, 2231, 174),
(20, NULL, NULL, NULL, NULL, '2019-05-19 04:39:52', NULL, 2232, 175),
(21, NULL, NULL, 'Upgrade core file: admin/view/default/javascript/tinymce/plugins/charmap/plugin.min.js', NULL, '2019-05-19 10:39:52', NULL, 2233, 175),
(22, NULL, NULL, '1.2.13', NULL, '2019-05-19 10:39:52', NULL, 2234, 175),
(23, NULL, NULL, '', NULL, '2019-05-19 10:39:52', NULL, 2235, 175),
(24, NULL, NULL, NULL, NULL, '0000-00-00 00:00:00', NULL, 2236, 175),
(25, NULL, NULL, 'upgrade', NULL, '2019-05-19 10:39:52', NULL, 2237, 175),
(26, NULL, NULL, 'admin', NULL, '2019-05-19 10:39:52', NULL, 2238, 175),
(20, NULL, NULL, NULL, NULL, '2019-05-19 04:39:52', NULL, 2239, 176),
(21, NULL, NULL, 'Upgrade core file: admin/view/default/javascript/tinymce/plugins/code/plugin.min.js', NULL, '2019-05-19 10:39:52', NULL, 2240, 176),
(22, NULL, NULL, '1.2.13', NULL, '2019-05-19 10:39:52', NULL, 2241, 176),
(23, NULL, NULL, '', NULL, '2019-05-19 10:39:52', NULL, 2242, 176),
(24, NULL, NULL, NULL, NULL, '0000-00-00 00:00:00', NULL, 2243, 176),
(25, NULL, NULL, 'upgrade', NULL, '2019-05-19 10:39:52', NULL, 2244, 176),
(26, NULL, NULL, 'admin', NULL, '2019-05-19 10:39:52', NULL, 2245, 176),
(20, NULL, NULL, NULL, NULL, '2019-05-19 04:39:52', NULL, 2246, 177),
(21, NULL, NULL, 'Upgrade core file: admin/view/default/javascript/tinymce/plugins/codesample/css/prism.css', NULL, '2019-05-19 10:39:52', NULL, 2247, 177),
(22, NULL, NULL, '1.2.13', NULL, '2019-05-19 10:39:52', NULL, 2248, 177),
(23, NULL, NULL, '', NULL, '2019-05-19 10:39:52', NULL, 2249, 177),
(24, NULL, NULL, NULL, NULL, '0000-00-00 00:00:00', NULL, 2250, 177),
(25, NULL, NULL, 'upgrade', NULL, '2019-05-19 10:39:52', NULL, 2251, 177),
(26, NULL, NULL, 'admin', NULL, '2019-05-19 10:39:52', NULL, 2252, 177),
(20, NULL, NULL, NULL, NULL, '2019-05-19 04:39:52', NULL, 2253, 178),
(21, NULL, NULL, 'Upgrade core file: admin/view/default/javascript/tinymce/plugins/codesample/plugin.min.js', NULL, '2019-05-19 10:39:52', NULL, 2254, 178),
(22, NULL, NULL, '1.2.13', NULL, '2019-05-19 10:39:52', NULL, 2255, 178),
(23, NULL, NULL, '', NULL, '2019-05-19 10:39:52', NULL, 2256, 178),
(24, NULL, NULL, NULL, NULL, '0000-00-00 00:00:00', NULL, 2257, 178),
(25, NULL, NULL, 'upgrade', NULL, '2019-05-19 10:39:52', NULL, 2258, 178),
(26, NULL, NULL, 'admin', NULL, '2019-05-19 10:39:52', NULL, 2259, 178),
(20, NULL, NULL, NULL, NULL, '2019-05-19 04:39:52', NULL, 2260, 179),
(21, NULL, NULL, 'Upgrade core file: admin/view/default/javascript/tinymce/plugins/colorpicker/plugin.min.js', NULL, '2019-05-19 10:39:52', NULL, 2261, 179),
(22, NULL, NULL, '1.2.13', NULL, '2019-05-19 10:39:52', NULL, 2262, 179),
(23, NULL, NULL, '', NULL, '2019-05-19 10:39:52', NULL, 2263, 179),
(24, NULL, NULL, NULL, NULL, '0000-00-00 00:00:00', NULL, 2264, 179),
(25, NULL, NULL, 'upgrade', NULL, '2019-05-19 10:39:52', NULL, 2265, 179),
(26, NULL, NULL, 'admin', NULL, '2019-05-19 10:39:52', NULL, 2266, 179),
(20, NULL, NULL, NULL, NULL, '2019-05-19 04:39:52', NULL, 2267, 180),
(21, NULL, NULL, 'Upgrade core file: admin/view/default/javascript/tinymce/plugins/contextmenu/plugin.min.js', NULL, '2019-05-19 10:39:52', NULL, 2268, 180),
(22, NULL, NULL, '1.2.13', NULL, '2019-05-19 10:39:52', NULL, 2269, 180),
(23, NULL, NULL, '', NULL, '2019-05-19 10:39:52', NULL, 2270, 180),
(24, NULL, NULL, NULL, NULL, '0000-00-00 00:00:00', NULL, 2271, 180),
(25, NULL, NULL, 'upgrade', NULL, '2019-05-19 10:39:52', NULL, 2272, 180),
(26, NULL, NULL, 'admin', NULL, '2019-05-19 10:39:52', NULL, 2273, 180),
(20, NULL, NULL, NULL, NULL, '2019-05-19 04:39:52', NULL, 2274, 181),
(21, NULL, NULL, 'Upgrade core file: admin/view/default/javascript/tinymce/plugins/directionality/plugin.min.js', NULL, '2019-05-19 10:39:52', NULL, 2275, 181),
(22, NULL, NULL, '1.2.13', NULL, '2019-05-19 10:39:52', NULL, 2276, 181),
(23, NULL, NULL, '', NULL, '2019-05-19 10:39:52', NULL, 2277, 181),
(24, NULL, NULL, NULL, NULL, '0000-00-00 00:00:00', NULL, 2278, 181),
(25, NULL, NULL, 'upgrade', NULL, '2019-05-19 10:39:52', NULL, 2279, 181),
(26, NULL, NULL, 'admin', NULL, '2019-05-19 10:39:52', NULL, 2280, 181),
(20, NULL, NULL, NULL, NULL, '2019-05-19 04:39:52', NULL, 2281, 182),
(21, NULL, NULL, 'Upgrade core file: admin/view/default/javascript/tinymce/plugins/emoticons/plugin.min.js', NULL, '2019-05-19 10:39:52', NULL, 2282, 182),
(22, NULL, NULL, '1.2.13', NULL, '2019-05-19 10:39:52', NULL, 2283, 182),
(23, NULL, NULL, '', NULL, '2019-05-19 10:39:52', NULL, 2284, 182),
(24, NULL, NULL, NULL, NULL, '0000-00-00 00:00:00', NULL, 2285, 182),
(25, NULL, NULL, 'upgrade', NULL, '2019-05-19 10:39:52', NULL, 2286, 182),
(26, NULL, NULL, 'admin', NULL, '2019-05-19 10:39:52', NULL, 2287, 182),
(20, NULL, NULL, NULL, NULL, '2019-05-19 04:39:52', NULL, 2288, 183),
(21, NULL, NULL, 'Upgrade core file: admin/view/default/javascript/tinymce/plugins/fullpage/plugin.min.js', NULL, '2019-05-19 10:39:52', NULL, 2289, 183),
(22, NULL, NULL, '1.2.13', NULL, '2019-05-19 10:39:52', NULL, 2290, 183),
(23, NULL, NULL, '', NULL, '2019-05-19 10:39:52', NULL, 2291, 183),
(24, NULL, NULL, NULL, NULL, '0000-00-00 00:00:00', NULL, 2292, 183),
(25, NULL, NULL, 'upgrade', NULL, '2019-05-19 10:39:52', NULL, 2293, 183),
(26, NULL, NULL, 'admin', NULL, '2019-05-19 10:39:52', NULL, 2294, 183),
(20, NULL, NULL, NULL, NULL, '2019-05-19 04:39:52', NULL, 2295, 184),
(21, NULL, NULL, 'Upgrade core file: admin/view/default/javascript/tinymce/plugins/fullscreen/plugin.min.js', NULL, '2019-05-19 10:39:52', NULL, 2296, 184),
(22, NULL, NULL, '1.2.13', NULL, '2019-05-19 10:39:52', NULL, 2297, 184),
(23, NULL, NULL, '', NULL, '2019-05-19 10:39:52', NULL, 2298, 184),
(24, NULL, NULL, NULL, NULL, '0000-00-00 00:00:00', NULL, 2299, 184),
(25, NULL, NULL, 'upgrade', NULL, '2019-05-19 10:39:52', NULL, 2300, 184),
(26, NULL, NULL, 'admin', NULL, '2019-05-19 10:39:52', NULL, 2301, 184),
(20, NULL, NULL, NULL, NULL, '2019-05-19 04:39:52', NULL, 2302, 185),
(21, NULL, NULL, 'Upgrade core file: admin/view/default/javascript/tinymce/plugins/help/img/logo.png', NULL, '2019-05-19 10:39:52', NULL, 2303, 185),
(22, NULL, NULL, '1.2.13', NULL, '2019-05-19 10:39:52', NULL, 2304, 185),
(23, NULL, NULL, '', NULL, '2019-05-19 10:39:52', NULL, 2305, 185),
(24, NULL, NULL, NULL, NULL, '0000-00-00 00:00:00', NULL, 2306, 185),
(25, NULL, NULL, 'upgrade', NULL, '2019-05-19 10:39:52', NULL, 2307, 185),
(26, NULL, NULL, 'admin', NULL, '2019-05-19 10:39:52', NULL, 2308, 185),
(20, NULL, NULL, NULL, NULL, '2019-05-19 04:39:52', NULL, 2309, 186),
(21, NULL, NULL, 'Upgrade core file: admin/view/default/javascript/tinymce/plugins/help/plugin.min.js', NULL, '2019-05-19 10:39:52', NULL, 2310, 186),
(22, NULL, NULL, '1.2.13', NULL, '2019-05-19 10:39:52', NULL, 2311, 186),
(23, NULL, NULL, '', NULL, '2019-05-19 10:39:52', NULL, 2312, 186),
(24, NULL, NULL, NULL, NULL, '0000-00-00 00:00:00', NULL, 2313, 186),
(25, NULL, NULL, 'upgrade', NULL, '2019-05-19 10:39:52', NULL, 2314, 186),
(26, NULL, NULL, 'admin', NULL, '2019-05-19 10:39:52', NULL, 2315, 186),
(20, NULL, NULL, NULL, NULL, '2019-05-19 04:39:52', NULL, 2316, 187),
(21, NULL, NULL, 'Upgrade core file: admin/view/default/javascript/tinymce/plugins/hr/plugin.min.js', NULL, '2019-05-19 10:39:52', NULL, 2317, 187),
(22, NULL, NULL, '1.2.13', NULL, '2019-05-19 10:39:52', NULL, 2318, 187),
(23, NULL, NULL, '', NULL, '2019-05-19 10:39:52', NULL, 2319, 187),
(24, NULL, NULL, NULL, NULL, '0000-00-00 00:00:00', NULL, 2320, 187),
(25, NULL, NULL, 'upgrade', NULL, '2019-05-19 10:39:52', NULL, 2321, 187),
(26, NULL, NULL, 'admin', NULL, '2019-05-19 10:39:52', NULL, 2322, 187),
(20, NULL, NULL, NULL, NULL, '2019-05-19 04:39:52', NULL, 2323, 188),
(21, NULL, NULL, 'Upgrade core file: admin/view/default/javascript/tinymce/plugins/image/plugin.min.js', NULL, '2019-05-19 10:39:52', NULL, 2324, 188),
(22, NULL, NULL, '1.2.13', NULL, '2019-05-19 10:39:52', NULL, 2325, 188),
(23, NULL, NULL, '', NULL, '2019-05-19 10:39:52', NULL, 2326, 188),
(24, NULL, NULL, NULL, NULL, '0000-00-00 00:00:00', NULL, 2327, 188),
(25, NULL, NULL, 'upgrade', NULL, '2019-05-19 10:39:52', NULL, 2328, 188),
(26, NULL, NULL, 'admin', NULL, '2019-05-19 10:39:52', NULL, 2329, 188),
(20, NULL, NULL, NULL, NULL, '2019-05-19 04:39:52', NULL, 2330, 189),
(21, NULL, NULL, 'Upgrade core file: admin/view/default/javascript/tinymce/plugins/imagetools/plugin.min.js', NULL, '2019-05-19 10:39:52', NULL, 2331, 189),
(22, NULL, NULL, '1.2.13', NULL, '2019-05-19 10:39:52', NULL, 2332, 189),
(23, NULL, NULL, '', NULL, '2019-05-19 10:39:52', NULL, 2333, 189),
(24, NULL, NULL, NULL, NULL, '0000-00-00 00:00:00', NULL, 2334, 189),
(25, NULL, NULL, 'upgrade', NULL, '2019-05-19 10:39:52', NULL, 2335, 189),
(26, NULL, NULL, 'admin', NULL, '2019-05-19 10:39:52', NULL, 2336, 189),
(20, NULL, NULL, NULL, NULL, '2019-05-19 04:39:52', NULL, 2337, 190),
(21, NULL, NULL, 'Upgrade core file: admin/view/default/javascript/tinymce/plugins/importcss/plugin.min.js', NULL, '2019-05-19 10:39:52', NULL, 2338, 190),
(22, NULL, NULL, '1.2.13', NULL, '2019-05-19 10:39:52', NULL, 2339, 190),
(23, NULL, NULL, '', NULL, '2019-05-19 10:39:52', NULL, 2340, 190),
(24, NULL, NULL, NULL, NULL, '0000-00-00 00:00:00', NULL, 2341, 190),
(25, NULL, NULL, 'upgrade', NULL, '2019-05-19 10:39:52', NULL, 2342, 190),
(26, NULL, NULL, 'admin', NULL, '2019-05-19 10:39:52', NULL, 2343, 190),
(20, NULL, NULL, NULL, NULL, '2019-05-19 04:39:52', NULL, 2344, 191),
(21, NULL, NULL, 'Upgrade core file: admin/view/default/javascript/tinymce/plugins/insertdatetime/plugin.min.js', NULL, '2019-05-19 10:39:52', NULL, 2345, 191),
(22, NULL, NULL, '1.2.13', NULL, '2019-05-19 10:39:52', NULL, 2346, 191),
(23, NULL, NULL, '', NULL, '2019-05-19 10:39:52', NULL, 2347, 191),
(24, NULL, NULL, NULL, NULL, '0000-00-00 00:00:00', NULL, 2348, 191),
(25, NULL, NULL, 'upgrade', NULL, '2019-05-19 10:39:52', NULL, 2349, 191),
(26, NULL, NULL, 'admin', NULL, '2019-05-19 10:39:52', NULL, 2350, 191),
(20, NULL, NULL, NULL, NULL, '2019-05-19 04:39:52', NULL, 2351, 192),
(21, NULL, NULL, 'Upgrade core file: admin/view/default/javascript/tinymce/plugins/legacyoutput/plugin.min.js', NULL, '2019-05-19 10:39:52', NULL, 2352, 192),
(22, NULL, NULL, '1.2.13', NULL, '2019-05-19 10:39:52', NULL, 2353, 192),
(23, NULL, NULL, '', NULL, '2019-05-19 10:39:52', NULL, 2354, 192),
(24, NULL, NULL, NULL, NULL, '0000-00-00 00:00:00', NULL, 2355, 192),
(25, NULL, NULL, 'upgrade', NULL, '2019-05-19 10:39:52', NULL, 2356, 192),
(26, NULL, NULL, 'admin', NULL, '2019-05-19 10:39:52', NULL, 2357, 192),
(20, NULL, NULL, NULL, NULL, '2019-05-19 04:39:52', NULL, 2358, 193),
(21, NULL, NULL, 'Upgrade core file: admin/view/default/javascript/tinymce/plugins/link/plugin.min.js', NULL, '2019-05-19 10:39:52', NULL, 2359, 193),
(22, NULL, NULL, '1.2.13', NULL, '2019-05-19 10:39:52', NULL, 2360, 193),
(23, NULL, NULL, '', NULL, '2019-05-19 10:39:52', NULL, 2361, 193),
(24, NULL, NULL, NULL, NULL, '0000-00-00 00:00:00', NULL, 2362, 193),
(25, NULL, NULL, 'upgrade', NULL, '2019-05-19 10:39:52', NULL, 2363, 193),
(26, NULL, NULL, 'admin', NULL, '2019-05-19 10:39:52', NULL, 2364, 193),
(20, NULL, NULL, NULL, NULL, '2019-05-19 04:39:52', NULL, 2365, 194),
(21, NULL, NULL, 'Upgrade core file: admin/view/default/javascript/tinymce/plugins/lists/plugin.min.js', NULL, '2019-05-19 10:39:52', NULL, 2366, 194),
(22, NULL, NULL, '1.2.13', NULL, '2019-05-19 10:39:52', NULL, 2367, 194),
(23, NULL, NULL, '', NULL, '2019-05-19 10:39:52', NULL, 2368, 194),
(24, NULL, NULL, NULL, NULL, '0000-00-00 00:00:00', NULL, 2369, 194),
(25, NULL, NULL, 'upgrade', NULL, '2019-05-19 10:39:52', NULL, 2370, 194),
(26, NULL, NULL, 'admin', NULL, '2019-05-19 10:39:52', NULL, 2371, 194),
(20, NULL, NULL, NULL, NULL, '2019-05-19 04:39:52', NULL, 2372, 195),
(21, NULL, NULL, 'Upgrade core file: admin/view/default/javascript/tinymce/plugins/media/plugin.min.js', NULL, '2019-05-19 10:39:52', NULL, 2373, 195),
(22, NULL, NULL, '1.2.13', NULL, '2019-05-19 10:39:52', NULL, 2374, 195),
(23, NULL, NULL, '', NULL, '2019-05-19 10:39:52', NULL, 2375, 195),
(24, NULL, NULL, NULL, NULL, '0000-00-00 00:00:00', NULL, 2376, 195),
(25, NULL, NULL, 'upgrade', NULL, '2019-05-19 10:39:52', NULL, 2377, 195),
(26, NULL, NULL, 'admin', NULL, '2019-05-19 10:39:52', NULL, 2378, 195),
(20, NULL, NULL, NULL, NULL, '2019-05-19 04:39:52', NULL, 2379, 196),
(21, NULL, NULL, 'Upgrade core file: admin/view/default/javascript/tinymce/plugins/nonbreaking/plugin.min.js', NULL, '2019-05-19 10:39:52', NULL, 2380, 196),
(22, NULL, NULL, '1.2.13', NULL, '2019-05-19 10:39:52', NULL, 2381, 196),
(23, NULL, NULL, '', NULL, '2019-05-19 10:39:52', NULL, 2382, 196),
(24, NULL, NULL, NULL, NULL, '0000-00-00 00:00:00', NULL, 2383, 196),
(25, NULL, NULL, 'upgrade', NULL, '2019-05-19 10:39:52', NULL, 2384, 196),
(26, NULL, NULL, 'admin', NULL, '2019-05-19 10:39:52', NULL, 2385, 196),
(20, NULL, NULL, NULL, NULL, '2019-05-19 04:39:52', NULL, 2386, 197),
(21, NULL, NULL, 'Upgrade core file: admin/view/default/javascript/tinymce/plugins/noneditable/plugin.min.js', NULL, '2019-05-19 10:39:52', NULL, 2387, 197),
(22, NULL, NULL, '1.2.13', NULL, '2019-05-19 10:39:52', NULL, 2388, 197),
(23, NULL, NULL, '', NULL, '2019-05-19 10:39:52', NULL, 2389, 197),
(24, NULL, NULL, NULL, NULL, '0000-00-00 00:00:00', NULL, 2390, 197),
(25, NULL, NULL, 'upgrade', NULL, '2019-05-19 10:39:52', NULL, 2391, 197),
(26, NULL, NULL, 'admin', NULL, '2019-05-19 10:39:52', NULL, 2392, 197),
(20, NULL, NULL, NULL, NULL, '2019-05-19 04:39:52', NULL, 2393, 198),
(21, NULL, NULL, 'Upgrade core file: admin/view/default/javascript/tinymce/plugins/pagebreak/plugin.min.js', NULL, '2019-05-19 10:39:52', NULL, 2394, 198),
(22, NULL, NULL, '1.2.13', NULL, '2019-05-19 10:39:52', NULL, 2395, 198),
(23, NULL, NULL, '', NULL, '2019-05-19 10:39:52', NULL, 2396, 198),
(24, NULL, NULL, NULL, NULL, '0000-00-00 00:00:00', NULL, 2397, 198),
(25, NULL, NULL, 'upgrade', NULL, '2019-05-19 10:39:52', NULL, 2398, 198),
(26, NULL, NULL, 'admin', NULL, '2019-05-19 10:39:52', NULL, 2399, 198),
(20, NULL, NULL, NULL, NULL, '2019-05-19 04:39:52', NULL, 2400, 199),
(21, NULL, NULL, 'Upgrade core file: admin/view/default/javascript/tinymce/plugins/paste/plugin.min.js', NULL, '2019-05-19 10:39:52', NULL, 2401, 199),
(22, NULL, NULL, '1.2.13', NULL, '2019-05-19 10:39:52', NULL, 2402, 199),
(23, NULL, NULL, '', NULL, '2019-05-19 10:39:52', NULL, 2403, 199),
(24, NULL, NULL, NULL, NULL, '0000-00-00 00:00:00', NULL, 2404, 199),
(25, NULL, NULL, 'upgrade', NULL, '2019-05-19 10:39:52', NULL, 2405, 199),
(26, NULL, NULL, 'admin', NULL, '2019-05-19 10:39:52', NULL, 2406, 199),
(20, NULL, NULL, NULL, NULL, '2019-05-19 04:39:52', NULL, 2407, 200),
(21, NULL, NULL, 'Upgrade core file: admin/view/default/javascript/tinymce/plugins/preview/plugin.min.js', NULL, '2019-05-19 10:39:52', NULL, 2408, 200),
(22, NULL, NULL, '1.2.13', NULL, '2019-05-19 10:39:52', NULL, 2409, 200),
(23, NULL, NULL, '', NULL, '2019-05-19 10:39:52', NULL, 2410, 200),
(24, NULL, NULL, NULL, NULL, '0000-00-00 00:00:00', NULL, 2411, 200),
(25, NULL, NULL, 'upgrade', NULL, '2019-05-19 10:39:52', NULL, 2412, 200),
(26, NULL, NULL, 'admin', NULL, '2019-05-19 10:39:52', NULL, 2413, 200),
(20, NULL, NULL, NULL, NULL, '2019-05-19 04:39:52', NULL, 2414, 201),
(21, NULL, NULL, 'Upgrade core file: admin/view/default/javascript/tinymce/plugins/print/plugin.min.js', NULL, '2019-05-19 10:39:52', NULL, 2415, 201),
(22, NULL, NULL, '1.2.13', NULL, '2019-05-19 10:39:52', NULL, 2416, 201),
(23, NULL, NULL, '', NULL, '2019-05-19 10:39:52', NULL, 2417, 201),
(24, NULL, NULL, NULL, NULL, '0000-00-00 00:00:00', NULL, 2418, 201),
(25, NULL, NULL, 'upgrade', NULL, '2019-05-19 10:39:52', NULL, 2419, 201),
(26, NULL, NULL, 'admin', NULL, '2019-05-19 10:39:52', NULL, 2420, 201),
(20, NULL, NULL, NULL, NULL, '2019-05-19 04:39:52', NULL, 2421, 202),
(21, NULL, NULL, 'Upgrade core file: admin/view/default/javascript/tinymce/plugins/save/plugin.min.js', NULL, '2019-05-19 10:39:52', NULL, 2422, 202),
(22, NULL, NULL, '1.2.13', NULL, '2019-05-19 10:39:52', NULL, 2423, 202),
(23, NULL, NULL, '', NULL, '2019-05-19 10:39:52', NULL, 2424, 202),
(24, NULL, NULL, NULL, NULL, '0000-00-00 00:00:00', NULL, 2425, 202),
(25, NULL, NULL, 'upgrade', NULL, '2019-05-19 10:39:52', NULL, 2426, 202),
(26, NULL, NULL, 'admin', NULL, '2019-05-19 10:39:52', NULL, 2427, 202),
(20, NULL, NULL, NULL, NULL, '2019-05-19 04:39:52', NULL, 2428, 203),
(21, NULL, NULL, 'Upgrade core file: admin/view/default/javascript/tinymce/plugins/searchreplace/plugin.min.js', NULL, '2019-05-19 10:39:52', NULL, 2429, 203),
(22, NULL, NULL, '1.2.13', NULL, '2019-05-19 10:39:52', NULL, 2430, 203),
(23, NULL, NULL, '', NULL, '2019-05-19 10:39:52', NULL, 2431, 203),
(24, NULL, NULL, NULL, NULL, '0000-00-00 00:00:00', NULL, 2432, 203),
(25, NULL, NULL, 'upgrade', NULL, '2019-05-19 10:39:52', NULL, 2433, 203),
(26, NULL, NULL, 'admin', NULL, '2019-05-19 10:39:52', NULL, 2434, 203),
(20, NULL, NULL, NULL, NULL, '2019-05-19 04:39:52', NULL, 2435, 204),
(21, NULL, NULL, 'Upgrade core file: admin/view/default/javascript/tinymce/plugins/spellchecker/plugin.min.js', NULL, '2019-05-19 10:39:52', NULL, 2436, 204),
(22, NULL, NULL, '1.2.13', NULL, '2019-05-19 10:39:52', NULL, 2437, 204),
(23, NULL, NULL, '', NULL, '2019-05-19 10:39:52', NULL, 2438, 204),
(24, NULL, NULL, NULL, NULL, '0000-00-00 00:00:00', NULL, 2439, 204),
(25, NULL, NULL, 'upgrade', NULL, '2019-05-19 10:39:52', NULL, 2440, 204),
(26, NULL, NULL, 'admin', NULL, '2019-05-19 10:39:52', NULL, 2441, 204),
(20, NULL, NULL, NULL, NULL, '2019-05-19 04:39:52', NULL, 2442, 205),
(21, NULL, NULL, 'Upgrade core file: admin/view/default/javascript/tinymce/plugins/tabfocus/plugin.min.js', NULL, '2019-05-19 10:39:52', NULL, 2443, 205),
(22, NULL, NULL, '1.2.13', NULL, '2019-05-19 10:39:52', NULL, 2444, 205),
(23, NULL, NULL, '', NULL, '2019-05-19 10:39:52', NULL, 2445, 205),
(24, NULL, NULL, NULL, NULL, '0000-00-00 00:00:00', NULL, 2446, 205),
(25, NULL, NULL, 'upgrade', NULL, '2019-05-19 10:39:52', NULL, 2447, 205),
(26, NULL, NULL, 'admin', NULL, '2019-05-19 10:39:52', NULL, 2448, 205),
(20, NULL, NULL, NULL, NULL, '2019-05-19 04:39:52', NULL, 2449, 206),
(21, NULL, NULL, 'Upgrade core file: admin/view/default/javascript/tinymce/plugins/table/plugin.min.js', NULL, '2019-05-19 10:39:52', NULL, 2450, 206),
(22, NULL, NULL, '1.2.13', NULL, '2019-05-19 10:39:52', NULL, 2451, 206),
(23, NULL, NULL, '', NULL, '2019-05-19 10:39:52', NULL, 2452, 206),
(24, NULL, NULL, NULL, NULL, '0000-00-00 00:00:00', NULL, 2453, 206),
(25, NULL, NULL, 'upgrade', NULL, '2019-05-19 10:39:52', NULL, 2454, 206),
(26, NULL, NULL, 'admin', NULL, '2019-05-19 10:39:52', NULL, 2455, 206),
(20, NULL, NULL, NULL, NULL, '2019-05-19 04:39:52', NULL, 2456, 207),
(21, NULL, NULL, 'Upgrade core file: admin/view/default/javascript/tinymce/plugins/template/plugin.min.js', NULL, '2019-05-19 10:39:52', NULL, 2457, 207),
(22, NULL, NULL, '1.2.13', NULL, '2019-05-19 10:39:52', NULL, 2458, 207),
(23, NULL, NULL, '', NULL, '2019-05-19 10:39:52', NULL, 2459, 207),
(24, NULL, NULL, NULL, NULL, '0000-00-00 00:00:00', NULL, 2460, 207),
(25, NULL, NULL, 'upgrade', NULL, '2019-05-19 10:39:52', NULL, 2461, 207),
(26, NULL, NULL, 'admin', NULL, '2019-05-19 10:39:52', NULL, 2462, 207),
(20, NULL, NULL, NULL, NULL, '2019-05-19 04:39:52', NULL, 2463, 208),
(21, NULL, NULL, 'Upgrade core file: admin/view/default/javascript/tinymce/plugins/textcolor/plugin.min.js', NULL, '2019-05-19 10:39:52', NULL, 2464, 208),
(22, NULL, NULL, '1.2.13', NULL, '2019-05-19 10:39:52', NULL, 2465, 208),
(23, NULL, NULL, '', NULL, '2019-05-19 10:39:52', NULL, 2466, 208),
(24, NULL, NULL, NULL, NULL, '0000-00-00 00:00:00', NULL, 2467, 208),
(25, NULL, NULL, 'upgrade', NULL, '2019-05-19 10:39:52', NULL, 2468, 208),
(26, NULL, NULL, 'admin', NULL, '2019-05-19 10:39:52', NULL, 2469, 208),
(20, NULL, NULL, NULL, NULL, '2019-05-19 04:39:52', NULL, 2470, 209),
(21, NULL, NULL, 'Upgrade core file: admin/view/default/javascript/tinymce/plugins/textpattern/plugin.min.js', NULL, '2019-05-19 10:39:52', NULL, 2471, 209),
(22, NULL, NULL, '1.2.13', NULL, '2019-05-19 10:39:52', NULL, 2472, 209),
(23, NULL, NULL, '', NULL, '2019-05-19 10:39:52', NULL, 2473, 209),
(24, NULL, NULL, NULL, NULL, '0000-00-00 00:00:00', NULL, 2474, 209),
(25, NULL, NULL, 'upgrade', NULL, '2019-05-19 10:39:52', NULL, 2475, 209),
(26, NULL, NULL, 'admin', NULL, '2019-05-19 10:39:52', NULL, 2476, 209),
(20, NULL, NULL, NULL, NULL, '2019-05-19 04:39:52', NULL, 2477, 210),
(21, NULL, NULL, 'Upgrade core file: admin/view/default/javascript/tinymce/plugins/toc/plugin.min.js', NULL, '2019-05-19 10:39:52', NULL, 2478, 210),
(22, NULL, NULL, '1.2.13', NULL, '2019-05-19 10:39:52', NULL, 2479, 210),
(23, NULL, NULL, '', NULL, '2019-05-19 10:39:52', NULL, 2480, 210),
(24, NULL, NULL, NULL, NULL, '0000-00-00 00:00:00', NULL, 2481, 210),
(25, NULL, NULL, 'upgrade', NULL, '2019-05-19 10:39:52', NULL, 2482, 210),
(26, NULL, NULL, 'admin', NULL, '2019-05-19 10:39:52', NULL, 2483, 210),
(20, NULL, NULL, NULL, NULL, '2019-05-19 04:39:52', NULL, 2484, 211),
(21, NULL, NULL, 'Upgrade core file: admin/view/default/javascript/tinymce/plugins/visualblocks/css/visualblocks.css', NULL, '2019-05-19 10:39:52', NULL, 2485, 211),
(22, NULL, NULL, '1.2.13', NULL, '2019-05-19 10:39:52', NULL, 2486, 211),
(23, NULL, NULL, '', NULL, '2019-05-19 10:39:52', NULL, 2487, 211),
(24, NULL, NULL, NULL, NULL, '0000-00-00 00:00:00', NULL, 2488, 211),
(25, NULL, NULL, 'upgrade', NULL, '2019-05-19 10:39:52', NULL, 2489, 211),
(26, NULL, NULL, 'admin', NULL, '2019-05-19 10:39:52', NULL, 2490, 211),
(20, NULL, NULL, NULL, NULL, '2019-05-19 04:39:52', NULL, 2491, 212),
(21, NULL, NULL, 'Upgrade core file: admin/view/default/javascript/tinymce/plugins/visualblocks/plugin.min.js', NULL, '2019-05-19 10:39:52', NULL, 2492, 212),
(22, NULL, NULL, '1.2.13', NULL, '2019-05-19 10:39:52', NULL, 2493, 212),
(23, NULL, NULL, '', NULL, '2019-05-19 10:39:52', NULL, 2494, 212),
(24, NULL, NULL, NULL, NULL, '0000-00-00 00:00:00', NULL, 2495, 212),
(25, NULL, NULL, 'upgrade', NULL, '2019-05-19 10:39:52', NULL, 2496, 212),
(26, NULL, NULL, 'admin', NULL, '2019-05-19 10:39:52', NULL, 2497, 212),
(20, NULL, NULL, NULL, NULL, '2019-05-19 04:39:52', NULL, 2498, 213),
(21, NULL, NULL, 'Upgrade core file: admin/view/default/javascript/tinymce/plugins/visualchars/plugin.min.js', NULL, '2019-05-19 10:39:52', NULL, 2499, 213),
(22, NULL, NULL, '1.2.13', NULL, '2019-05-19 10:39:52', NULL, 2500, 213),
(23, NULL, NULL, '', NULL, '2019-05-19 10:39:52', NULL, 2501, 213),
(24, NULL, NULL, NULL, NULL, '0000-00-00 00:00:00', NULL, 2502, 213),
(25, NULL, NULL, 'upgrade', NULL, '2019-05-19 10:39:52', NULL, 2503, 213),
(26, NULL, NULL, 'admin', NULL, '2019-05-19 10:39:52', NULL, 2504, 213),
(20, NULL, NULL, NULL, NULL, '2019-05-19 04:39:52', NULL, 2505, 214),
(21, NULL, NULL, 'Upgrade core file: admin/view/default/javascript/tinymce/plugins/wordcount/plugin.min.js', NULL, '2019-05-19 10:39:52', NULL, 2506, 214),
(22, NULL, NULL, '1.2.13', NULL, '2019-05-19 10:39:52', NULL, 2507, 214),
(23, NULL, NULL, '', NULL, '2019-05-19 10:39:52', NULL, 2508, 214),
(24, NULL, NULL, NULL, NULL, '0000-00-00 00:00:00', NULL, 2509, 214),
(25, NULL, NULL, 'upgrade', NULL, '2019-05-19 10:39:52', NULL, 2510, 214),
(26, NULL, NULL, 'admin', NULL, '2019-05-19 10:39:52', NULL, 2511, 214),
(20, NULL, NULL, NULL, NULL, '2019-05-19 04:39:52', NULL, 2512, 215),
(21, NULL, NULL, 'Upgrade core file: admin/view/default/javascript/tinymce/skins/lightgray/content.inline.min.css', NULL, '2019-05-19 10:39:52', NULL, 2513, 215),
(22, NULL, NULL, '1.2.13', NULL, '2019-05-19 10:39:52', NULL, 2514, 215),
(23, NULL, NULL, '', NULL, '2019-05-19 10:39:52', NULL, 2515, 215),
(24, NULL, NULL, NULL, NULL, '0000-00-00 00:00:00', NULL, 2516, 215),
(25, NULL, NULL, 'upgrade', NULL, '2019-05-19 10:39:52', NULL, 2517, 215),
(26, NULL, NULL, 'admin', NULL, '2019-05-19 10:39:52', NULL, 2518, 215),
(20, NULL, NULL, NULL, NULL, '2019-05-19 04:39:52', NULL, 2519, 216),
(21, NULL, NULL, 'Upgrade core file: admin/view/default/javascript/tinymce/skins/lightgray/content.min.css', NULL, '2019-05-19 10:39:52', NULL, 2520, 216),
(22, NULL, NULL, '1.2.13', NULL, '2019-05-19 10:39:52', NULL, 2521, 216),
(23, NULL, NULL, '', NULL, '2019-05-19 10:39:52', NULL, 2522, 216),
(24, NULL, NULL, NULL, NULL, '0000-00-00 00:00:00', NULL, 2523, 216),
(25, NULL, NULL, 'upgrade', NULL, '2019-05-19 10:39:52', NULL, 2524, 216),
(26, NULL, NULL, 'admin', NULL, '2019-05-19 10:39:52', NULL, 2525, 216),
(20, NULL, NULL, NULL, NULL, '2019-05-19 04:39:52', NULL, 2526, 217),
(21, NULL, NULL, 'Upgrade core file: admin/view/default/javascript/tinymce/skins/lightgray/content.mobile.min.css', NULL, '2019-05-19 10:39:52', NULL, 2527, 217),
(22, NULL, NULL, '1.2.13', NULL, '2019-05-19 10:39:52', NULL, 2528, 217),
(23, NULL, NULL, '', NULL, '2019-05-19 10:39:52', NULL, 2529, 217),
(24, NULL, NULL, NULL, NULL, '0000-00-00 00:00:00', NULL, 2530, 217),
(25, NULL, NULL, 'upgrade', NULL, '2019-05-19 10:39:52', NULL, 2531, 217),
(26, NULL, NULL, 'admin', NULL, '2019-05-19 10:39:52', NULL, 2532, 217),
(20, NULL, NULL, NULL, NULL, '2019-05-19 04:39:52', NULL, 2533, 218),
(21, NULL, NULL, 'Upgrade core file: admin/view/default/javascript/tinymce/skins/lightgray/fonts/tinymce-mobile.woff', NULL, '2019-05-19 10:39:52', NULL, 2534, 218),
(22, NULL, NULL, '1.2.13', NULL, '2019-05-19 10:39:52', NULL, 2535, 218),
(23, NULL, NULL, '', NULL, '2019-05-19 10:39:52', NULL, 2536, 218),
(24, NULL, NULL, NULL, NULL, '0000-00-00 00:00:00', NULL, 2537, 218),
(25, NULL, NULL, 'upgrade', NULL, '2019-05-19 10:39:52', NULL, 2538, 218),
(26, NULL, NULL, 'admin', NULL, '2019-05-19 10:39:52', NULL, 2539, 218),
(20, NULL, NULL, NULL, NULL, '2019-05-19 04:39:52', NULL, 2540, 219),
(21, NULL, NULL, 'Upgrade core file: admin/view/default/javascript/tinymce/skins/lightgray/fonts/tinymce-small.svg', NULL, '2019-05-19 10:39:52', NULL, 2541, 219),
(22, NULL, NULL, '1.2.13', NULL, '2019-05-19 10:39:52', NULL, 2542, 219),
(23, NULL, NULL, '', NULL, '2019-05-19 10:39:52', NULL, 2543, 219),
(24, NULL, NULL, NULL, NULL, '0000-00-00 00:00:00', NULL, 2544, 219),
(25, NULL, NULL, 'upgrade', NULL, '2019-05-19 10:39:52', NULL, 2545, 219),
(26, NULL, NULL, 'admin', NULL, '2019-05-19 10:39:52', NULL, 2546, 219),
(20, NULL, NULL, NULL, NULL, '2019-05-19 04:39:52', NULL, 2547, 220),
(21, NULL, NULL, 'Upgrade core file: admin/view/default/javascript/tinymce/skins/lightgray/fonts/tinymce.eot', NULL, '2019-05-19 10:39:52', NULL, 2548, 220),
(22, NULL, NULL, '1.2.13', NULL, '2019-05-19 10:39:52', NULL, 2549, 220),
(23, NULL, NULL, '', NULL, '2019-05-19 10:39:52', NULL, 2550, 220),
(24, NULL, NULL, NULL, NULL, '0000-00-00 00:00:00', NULL, 2551, 220),
(25, NULL, NULL, 'upgrade', NULL, '2019-05-19 10:39:52', NULL, 2552, 220),
(26, NULL, NULL, 'admin', NULL, '2019-05-19 10:39:52', NULL, 2553, 220),
(20, NULL, NULL, NULL, NULL, '2019-05-19 04:39:52', NULL, 2554, 221),
(21, NULL, NULL, 'Upgrade core file: admin/view/default/javascript/tinymce/skins/lightgray/fonts/tinymce.svg', NULL, '2019-05-19 10:39:52', NULL, 2555, 221),
(22, NULL, NULL, '1.2.13', NULL, '2019-05-19 10:39:52', NULL, 2556, 221),
(23, NULL, NULL, '', NULL, '2019-05-19 10:39:52', NULL, 2557, 221),
(24, NULL, NULL, NULL, NULL, '0000-00-00 00:00:00', NULL, 2558, 221),
(25, NULL, NULL, 'upgrade', NULL, '2019-05-19 10:39:52', NULL, 2559, 221),
(26, NULL, NULL, 'admin', NULL, '2019-05-19 10:39:52', NULL, 2560, 221),
(20, NULL, NULL, NULL, NULL, '2019-05-19 04:39:52', NULL, 2561, 222),
(21, NULL, NULL, 'Upgrade core file: admin/view/default/javascript/tinymce/skins/lightgray/fonts/tinymce.ttf', NULL, '2019-05-19 10:39:52', NULL, 2562, 222),
(22, NULL, NULL, '1.2.13', NULL, '2019-05-19 10:39:52', NULL, 2563, 222),
(23, NULL, NULL, '', NULL, '2019-05-19 10:39:52', NULL, 2564, 222),
(24, NULL, NULL, NULL, NULL, '0000-00-00 00:00:00', NULL, 2565, 222),
(25, NULL, NULL, 'upgrade', NULL, '2019-05-19 10:39:52', NULL, 2566, 222),
(26, NULL, NULL, 'admin', NULL, '2019-05-19 10:39:52', NULL, 2567, 222),
(20, NULL, NULL, NULL, NULL, '2019-05-19 04:39:52', NULL, 2568, 223),
(21, NULL, NULL, 'Upgrade core file: admin/view/default/javascript/tinymce/skins/lightgray/fonts/tinymce.woff', NULL, '2019-05-19 10:39:52', NULL, 2569, 223),
(22, NULL, NULL, '1.2.13', NULL, '2019-05-19 10:39:52', NULL, 2570, 223),
(23, NULL, NULL, '', NULL, '2019-05-19 10:39:52', NULL, 2571, 223),
(24, NULL, NULL, NULL, NULL, '0000-00-00 00:00:00', NULL, 2572, 223),
(25, NULL, NULL, 'upgrade', NULL, '2019-05-19 10:39:52', NULL, 2573, 223),
(26, NULL, NULL, 'admin', NULL, '2019-05-19 10:39:52', NULL, 2574, 223),
(20, NULL, NULL, NULL, NULL, '2019-05-19 04:39:52', NULL, 2575, 224),
(21, NULL, NULL, 'Upgrade core file: admin/view/default/javascript/tinymce/skins/lightgray/skin.min.css', NULL, '2019-05-19 10:39:52', NULL, 2576, 224),
(22, NULL, NULL, '1.2.13', NULL, '2019-05-19 10:39:52', NULL, 2577, 224),
(23, NULL, NULL, '', NULL, '2019-05-19 10:39:52', NULL, 2578, 224),
(24, NULL, NULL, NULL, NULL, '0000-00-00 00:00:00', NULL, 2579, 224),
(25, NULL, NULL, 'upgrade', NULL, '2019-05-19 10:39:52', NULL, 2580, 224),
(26, NULL, NULL, 'admin', NULL, '2019-05-19 10:39:52', NULL, 2581, 224),
(20, NULL, NULL, NULL, NULL, '2019-05-19 04:39:52', NULL, 2582, 225),
(21, NULL, NULL, 'Upgrade core file: admin/view/default/javascript/tinymce/skins/lightgray/skin.mobile.min.css', NULL, '2019-05-19 10:39:52', NULL, 2583, 225),
(22, NULL, NULL, '1.2.13', NULL, '2019-05-19 10:39:52', NULL, 2584, 225),
(23, NULL, NULL, '', NULL, '2019-05-19 10:39:52', NULL, 2585, 225),
(24, NULL, NULL, NULL, NULL, '0000-00-00 00:00:00', NULL, 2586, 225),
(25, NULL, NULL, 'upgrade', NULL, '2019-05-19 10:39:52', NULL, 2587, 225),
(26, NULL, NULL, 'admin', NULL, '2019-05-19 10:39:52', NULL, 2588, 225),
(20, NULL, NULL, NULL, NULL, '2019-05-19 04:39:52', NULL, 2589, 226),
(21, NULL, NULL, 'Upgrade core file: admin/view/default/javascript/tinymce/themes/inlite/theme.min.js', NULL, '2019-05-19 10:39:52', NULL, 2590, 226),
(22, NULL, NULL, '1.2.13', NULL, '2019-05-19 10:39:52', NULL, 2591, 226),
(23, NULL, NULL, '', NULL, '2019-05-19 10:39:52', NULL, 2592, 226),
(24, NULL, NULL, NULL, NULL, '0000-00-00 00:00:00', NULL, 2593, 226),
(25, NULL, NULL, 'upgrade', NULL, '2019-05-19 10:39:52', NULL, 2594, 226),
(26, NULL, NULL, 'admin', NULL, '2019-05-19 10:39:52', NULL, 2595, 226),
(20, NULL, NULL, NULL, NULL, '2019-05-19 04:39:52', NULL, 2596, 227),
(21, NULL, NULL, 'Upgrade core file: admin/view/default/javascript/tinymce/themes/mobile/theme.min.js', NULL, '2019-05-19 10:39:52', NULL, 2597, 227),
(22, NULL, NULL, '1.2.13', NULL, '2019-05-19 10:39:52', NULL, 2598, 227),
(23, NULL, NULL, '', NULL, '2019-05-19 10:39:52', NULL, 2599, 227),
(24, NULL, NULL, NULL, NULL, '0000-00-00 00:00:00', NULL, 2600, 227),
(25, NULL, NULL, 'upgrade', NULL, '2019-05-19 10:39:52', NULL, 2601, 227),
(26, NULL, NULL, 'admin', NULL, '2019-05-19 10:39:52', NULL, 2602, 227),
(20, NULL, NULL, NULL, NULL, '2019-05-19 04:39:52', NULL, 2603, 228),
(21, NULL, NULL, 'Upgrade core file: admin/view/default/javascript/tinymce/themes/modern/theme.min.js', NULL, '2019-05-19 10:39:52', NULL, 2604, 228),
(22, NULL, NULL, '1.2.13', NULL, '2019-05-19 10:39:52', NULL, 2605, 228),
(23, NULL, NULL, '', NULL, '2019-05-19 10:39:52', NULL, 2606, 228),
(24, NULL, NULL, NULL, NULL, '0000-00-00 00:00:00', NULL, 2607, 228),
(25, NULL, NULL, 'upgrade', NULL, '2019-05-19 10:39:52', NULL, 2608, 228),
(26, NULL, NULL, 'admin', NULL, '2019-05-19 10:39:52', NULL, 2609, 228),
(20, NULL, NULL, NULL, NULL, '2019-05-19 04:39:52', NULL, 2610, 229),
(21, NULL, NULL, 'Upgrade core file: admin/view/default/javascript/tinymce/tinymce.min.js', NULL, '2019-05-19 10:39:52', NULL, 2611, 229),
(22, NULL, NULL, '1.2.13', NULL, '2019-05-19 10:39:52', NULL, 2612, 229),
(23, NULL, NULL, '', NULL, '2019-05-19 10:39:52', NULL, 2613, 229),
(24, NULL, NULL, NULL, NULL, '0000-00-00 00:00:00', NULL, 2614, 229),
(25, NULL, NULL, 'upgrade', NULL, '2019-05-19 10:39:52', NULL, 2615, 229),
(26, NULL, NULL, 'admin', NULL, '2019-05-19 10:39:52', NULL, 2616, 229),
(20, NULL, NULL, NULL, NULL, '2019-05-19 04:39:52', NULL, 2617, 230),
(21, NULL, NULL, 'Upgrade core file: admin/view/default/template/common/head.tpl', NULL, '2019-05-19 10:39:52', NULL, 2618, 230),
(22, NULL, NULL, '1.2.13', NULL, '2019-05-19 10:39:52', NULL, 2619, 230),
(23, NULL, NULL, '', NULL, '2019-05-19 10:39:52', NULL, 2620, 230),
(24, NULL, NULL, NULL, NULL, '0000-00-00 00:00:00', NULL, 2621, 230),
(25, NULL, NULL, 'upgrade', NULL, '2019-05-19 10:39:52', NULL, 2622, 230),
(26, NULL, NULL, 'admin', NULL, '2019-05-19 10:39:52', NULL, 2623, 230),
(20, NULL, NULL, NULL, NULL, '2019-05-19 04:39:52', NULL, 2624, 231),
(21, NULL, NULL, 'Upgrade core file: admin/view/default/template/common/header.tpl', NULL, '2019-05-19 10:39:52', NULL, 2625, 231),
(22, NULL, NULL, '1.2.13', NULL, '2019-05-19 10:39:52', NULL, 2626, 231),
(23, NULL, NULL, '', NULL, '2019-05-19 10:39:52', NULL, 2627, 231),
(24, NULL, NULL, NULL, NULL, '0000-00-00 00:00:00', NULL, 2628, 231),
(25, NULL, NULL, 'upgrade', NULL, '2019-05-19 10:39:52', NULL, 2629, 231),
(26, NULL, NULL, 'admin', NULL, '2019-05-19 10:39:52', NULL, 2630, 231),
(20, NULL, NULL, NULL, NULL, '2019-05-19 04:39:52', NULL, 2631, 232),
(21, NULL, NULL, 'Upgrade core file: admin/view/default/template/common/listing_grid.tpl', NULL, '2019-05-19 10:39:52', NULL, 2632, 232),
(22, NULL, NULL, '1.2.13', NULL, '2019-05-19 10:39:52', NULL, 2633, 232),
(23, NULL, NULL, '', NULL, '2019-05-19 10:39:52', NULL, 2634, 232),
(24, NULL, NULL, NULL, NULL, '0000-00-00 00:00:00', NULL, 2635, 232),
(25, NULL, NULL, 'upgrade', NULL, '2019-05-19 10:39:52', NULL, 2636, 232),
(26, NULL, NULL, 'admin', NULL, '2019-05-19 10:39:52', NULL, 2637, 232),
(20, NULL, NULL, NULL, NULL, '2019-05-19 04:39:52', NULL, 2638, 233),
(21, NULL, NULL, 'Upgrade core file: admin/view/default/template/form/countries_zones.tpl', NULL, '2019-05-19 10:39:52', NULL, 2639, 233),
(22, NULL, NULL, '1.2.13', NULL, '2019-05-19 10:39:52', NULL, 2640, 233),
(23, NULL, NULL, '', NULL, '2019-05-19 10:39:52', NULL, 2641, 233),
(24, NULL, NULL, NULL, NULL, '0000-00-00 00:00:00', NULL, 2642, 233),
(25, NULL, NULL, 'upgrade', NULL, '2019-05-19 10:39:52', NULL, 2643, 233),
(26, NULL, NULL, 'admin', NULL, '2019-05-19 10:39:52', NULL, 2644, 233),
(20, NULL, NULL, NULL, NULL, '2019-05-19 04:39:52', NULL, 2645, 234),
(21, NULL, NULL, 'Upgrade core file: admin/view/default/template/pages/catalog/product_files.tpl', NULL, '2019-05-19 10:39:52', NULL, 2646, 234),
(22, NULL, NULL, '1.2.13', NULL, '2019-05-19 10:39:52', NULL, 2647, 234),
(23, NULL, NULL, '', NULL, '2019-05-19 10:39:52', NULL, 2648, 234),
(24, NULL, NULL, NULL, NULL, '0000-00-00 00:00:00', NULL, 2649, 234),
(25, NULL, NULL, 'upgrade', NULL, '2019-05-19 10:39:52', NULL, 2650, 234),
(26, NULL, NULL, 'admin', NULL, '2019-05-19 10:39:52', NULL, 2651, 234),
(20, NULL, NULL, NULL, NULL, '2019-05-19 04:39:52', NULL, 2652, 235),
(21, NULL, NULL, 'Upgrade core file: admin/view/default/template/pages/catalog/product_options.tpl', NULL, '2019-05-19 10:39:52', NULL, 2653, 235),
(22, NULL, NULL, '1.2.13', NULL, '2019-05-19 10:39:52', NULL, 2654, 235),
(23, NULL, NULL, '', NULL, '2019-05-19 10:39:52', NULL, 2655, 235),
(24, NULL, NULL, NULL, NULL, '0000-00-00 00:00:00', NULL, 2656, 235),
(25, NULL, NULL, 'upgrade', NULL, '2019-05-19 10:39:52', NULL, 2657, 235),
(26, NULL, NULL, 'admin', NULL, '2019-05-19 10:39:52', NULL, 2658, 235),
(20, NULL, NULL, NULL, NULL, '2019-05-19 04:39:52', NULL, 2659, 236),
(21, NULL, NULL, 'Upgrade core file: admin/view/default/template/pages/design/template_edit.tpl', NULL, '2019-05-19 10:39:52', NULL, 2660, 236),
(22, NULL, NULL, '1.2.13', NULL, '2019-05-19 10:39:52', NULL, 2661, 236),
(23, NULL, NULL, '', NULL, '2019-05-19 10:39:52', NULL, 2662, 236),
(24, NULL, NULL, NULL, NULL, '0000-00-00 00:00:00', NULL, 2663, 236),
(25, NULL, NULL, 'upgrade', NULL, '2019-05-19 10:39:52', NULL, 2664, 236),
(26, NULL, NULL, 'admin', NULL, '2019-05-19 10:39:52', NULL, 2665, 236),
(20, NULL, NULL, NULL, NULL, '2019-05-19 04:39:52', NULL, 2666, 237),
(21, NULL, NULL, 'Upgrade core file: admin/view/default/template/pages/extension/extension_tabs.tpl', NULL, '2019-05-19 10:39:52', NULL, 2667, 237),
(22, NULL, NULL, '1.2.13', NULL, '2019-05-19 10:39:52', NULL, 2668, 237),
(23, NULL, NULL, '', NULL, '2019-05-19 10:39:52', NULL, 2669, 237),
(24, NULL, NULL, NULL, NULL, '0000-00-00 00:00:00', NULL, 2670, 237),
(25, NULL, NULL, 'upgrade', NULL, '2019-05-19 10:39:52', NULL, 2671, 237),
(26, NULL, NULL, 'admin', NULL, '2019-05-19 10:39:52', NULL, 2672, 237),
(20, NULL, NULL, NULL, NULL, '2019-05-19 04:39:52', NULL, 2673, 238),
(21, NULL, NULL, 'Upgrade core file: admin/view/default/template/pages/extension/extensions_edit.tpl', NULL, '2019-05-19 10:39:52', NULL, 2674, 238),
(22, NULL, NULL, '1.2.13', NULL, '2019-05-19 10:39:52', NULL, 2675, 238),
(23, NULL, NULL, '', NULL, '2019-05-19 10:39:52', NULL, 2676, 238),
(24, NULL, NULL, NULL, NULL, '0000-00-00 00:00:00', NULL, 2677, 238),
(25, NULL, NULL, 'upgrade', NULL, '2019-05-19 10:39:52', NULL, 2678, 238),
(26, NULL, NULL, 'admin', NULL, '2019-05-19 10:39:52', NULL, 2679, 238),
(20, NULL, NULL, NULL, NULL, '2019-05-19 04:39:52', NULL, 2680, 239),
(21, NULL, NULL, 'Upgrade core file: admin/view/default/template/pages/sale/order_details.tpl', NULL, '2019-05-19 10:39:52', NULL, 2681, 239),
(22, NULL, NULL, '1.2.13', NULL, '2019-05-19 10:39:52', NULL, 2682, 239),
(23, NULL, NULL, '', NULL, '2019-05-19 10:39:52', NULL, 2683, 239),
(24, NULL, NULL, NULL, NULL, '0000-00-00 00:00:00', NULL, 2684, 239),
(25, NULL, NULL, 'upgrade', NULL, '2019-05-19 10:39:52', NULL, 2685, 239),
(26, NULL, NULL, 'admin', NULL, '2019-05-19 10:39:52', NULL, 2686, 239),
(20, NULL, NULL, NULL, NULL, '2019-05-19 04:39:52', NULL, 2687, 240),
(21, NULL, NULL, 'Upgrade core file: admin/view/default/template/pages/tool/error_log.tpl', NULL, '2019-05-19 10:39:52', NULL, 2688, 240),
(22, NULL, NULL, '1.2.13', NULL, '2019-05-19 10:39:52', NULL, 2689, 240),
(23, NULL, NULL, '', NULL, '2019-05-19 10:39:52', NULL, 2690, 240),
(24, NULL, NULL, NULL, NULL, '0000-00-00 00:00:00', NULL, 2691, 240),
(25, NULL, NULL, 'upgrade', NULL, '2019-05-19 10:39:52', NULL, 2692, 240),
(26, NULL, NULL, 'admin', NULL, '2019-05-19 10:39:52', NULL, 2693, 240),
(20, NULL, NULL, NULL, NULL, '2019-05-19 04:39:52', NULL, 2694, 241),
(21, NULL, NULL, 'Upgrade core file: admin/view/default/template/pages/tool/global_search.tpl', NULL, '2019-05-19 10:39:52', NULL, 2695, 241),
(22, NULL, NULL, '1.2.13', NULL, '2019-05-19 10:39:52', NULL, 2696, 241),
(23, NULL, NULL, '', NULL, '2019-05-19 10:39:52', NULL, 2697, 241),
(24, NULL, NULL, NULL, NULL, '0000-00-00 00:00:00', NULL, 2698, 241),
(25, NULL, NULL, 'upgrade', NULL, '2019-05-19 10:39:52', NULL, 2699, 241),
(26, NULL, NULL, 'admin', NULL, '2019-05-19 10:39:52', NULL, 2700, 241),
(20, NULL, NULL, NULL, NULL, '2019-05-19 04:39:52', NULL, 2701, 242),
(21, NULL, NULL, 'Upgrade core file: admin/view/default/template/responses/common/resource_library.tpl', NULL, '2019-05-19 10:39:52', NULL, 2702, 242),
(22, NULL, NULL, '1.2.13', NULL, '2019-05-19 10:39:52', NULL, 2703, 242),
(23, NULL, NULL, '', NULL, '2019-05-19 10:39:52', NULL, 2704, 242),
(24, NULL, NULL, NULL, NULL, '0000-00-00 00:00:00', NULL, 2705, 242),
(25, NULL, NULL, 'upgrade', NULL, '2019-05-19 10:39:52', NULL, 2706, 242),
(26, NULL, NULL, 'admin', NULL, '2019-05-19 10:39:52', NULL, 2707, 242),
(20, NULL, NULL, NULL, NULL, '2019-05-19 04:39:52', NULL, 2708, 243),
(21, NULL, NULL, 'Upgrade core file: admin/view/default/template/responses/common/resource_library_scripts.tpl', NULL, '2019-05-19 10:39:52', NULL, 2709, 243),
(22, NULL, NULL, '1.2.13', NULL, '2019-05-19 10:39:52', NULL, 2710, 243),
(23, NULL, NULL, '', NULL, '2019-05-19 10:39:52', NULL, 2711, 243),
(24, NULL, NULL, NULL, NULL, '0000-00-00 00:00:00', NULL, 2712, 243),
(25, NULL, NULL, 'upgrade', NULL, '2019-05-19 10:39:52', NULL, 2713, 243),
(26, NULL, NULL, 'admin', NULL, '2019-05-19 10:39:52', NULL, 2714, 243),
(20, NULL, NULL, NULL, NULL, '2019-05-19 04:39:52', NULL, 2715, 244),
(21, NULL, NULL, 'Upgrade core file: admin/view/default/template/responses/setting/offer1.tpl', NULL, '2019-05-19 10:39:52', NULL, 2716, 244),
(22, NULL, NULL, '1.2.13', NULL, '2019-05-19 10:39:52', NULL, 2717, 244),
(23, NULL, NULL, '', NULL, '2019-05-19 10:39:52', NULL, 2718, 244),
(24, NULL, NULL, NULL, NULL, '0000-00-00 00:00:00', NULL, 2719, 244),
(25, NULL, NULL, 'upgrade', NULL, '2019-05-19 10:39:52', NULL, 2720, 244),
(26, NULL, NULL, 'admin', NULL, '2019-05-19 10:39:52', NULL, 2721, 244),
(20, NULL, NULL, NULL, NULL, '2019-05-19 04:39:52', NULL, 2722, 245),
(21, NULL, NULL, 'Upgrade core file: admin/view/default/template/responses/setting/offer2.tpl', NULL, '2019-05-19 10:39:52', NULL, 2723, 245),
(22, NULL, NULL, '1.2.13', NULL, '2019-05-19 10:39:52', NULL, 2724, 245),
(23, NULL, NULL, '', NULL, '2019-05-19 10:39:52', NULL, 2725, 245),
(24, NULL, NULL, NULL, NULL, '0000-00-00 00:00:00', NULL, 2726, 245),
(25, NULL, NULL, 'upgrade', NULL, '2019-05-19 10:39:52', NULL, 2727, 245),
(26, NULL, NULL, 'admin', NULL, '2019-05-19 10:39:52', NULL, 2728, 245),
(20, NULL, NULL, NULL, NULL, '2019-05-19 04:39:52', NULL, 2729, 246),
(21, NULL, NULL, 'Upgrade core file: admin/view/default/template/responses/setting/quick_start.tpl', NULL, '2019-05-19 10:39:52', NULL, 2730, 246),
(22, NULL, NULL, '1.2.13', NULL, '2019-05-19 10:39:52', NULL, 2731, 246),
(23, NULL, NULL, '', NULL, '2019-05-19 10:39:52', NULL, 2732, 246),
(24, NULL, NULL, NULL, NULL, '0000-00-00 00:00:00', NULL, 2733, 246),
(25, NULL, NULL, 'upgrade', NULL, '2019-05-19 10:39:52', NULL, 2734, 246),
(26, NULL, NULL, 'admin', NULL, '2019-05-19 10:39:52', NULL, 2735, 246),
(20, NULL, NULL, NULL, NULL, '2019-05-19 04:39:52', NULL, 2736, 247),
(21, NULL, NULL, 'Upgrade core file: admin/view/default/template/responses/setting/quick_start_js.tpl', NULL, '2019-05-19 10:39:52', NULL, 2737, 247),
(22, NULL, NULL, '1.2.13', NULL, '2019-05-19 10:39:52', NULL, 2738, 247),
(23, NULL, NULL, '', NULL, '2019-05-19 10:39:52', NULL, 2739, 247),
(24, NULL, NULL, NULL, NULL, '0000-00-00 00:00:00', NULL, 2740, 247),
(25, NULL, NULL, 'upgrade', NULL, '2019-05-19 10:39:52', NULL, 2741, 247),
(26, NULL, NULL, 'admin', NULL, '2019-05-19 10:39:52', NULL, 2742, 247),
(20, NULL, NULL, NULL, NULL, '2019-05-19 04:39:52', NULL, 2743, 248),
(21, NULL, NULL, 'Upgrade core file: admin/view/default/template/responses/viewport/modal/sale/order_details.tpl', NULL, '2019-05-19 10:39:52', NULL, 2744, 248),
(22, NULL, NULL, '1.2.13', NULL, '2019-05-19 10:39:52', NULL, 2745, 248),
(23, NULL, NULL, '', NULL, '2019-05-19 10:39:52', NULL, 2746, 248),
(24, NULL, NULL, NULL, NULL, '0000-00-00 00:00:00', NULL, 2747, 248),
(25, NULL, NULL, 'upgrade', NULL, '2019-05-19 10:39:52', NULL, 2748, 248),
(26, NULL, NULL, 'admin', NULL, '2019-05-19 10:39:52', NULL, 2749, 248),
(20, NULL, NULL, NULL, NULL, '2019-05-19 04:39:52', NULL, 2750, 249),
(21, NULL, NULL, 'Upgrade core file: core/cache/file.php', NULL, '2019-05-19 10:39:52', NULL, 2751, 249),
(22, NULL, NULL, '1.2.13', NULL, '2019-05-19 10:39:52', NULL, 2752, 249),
(23, NULL, NULL, '', NULL, '2019-05-19 10:39:52', NULL, 2753, 249),
(24, NULL, NULL, NULL, NULL, '0000-00-00 00:00:00', NULL, 2754, 249),
(25, NULL, NULL, 'upgrade', NULL, '2019-05-19 10:39:52', NULL, 2755, 249),
(26, NULL, NULL, 'admin', NULL, '2019-05-19 10:39:52', NULL, 2756, 249),
(20, NULL, NULL, NULL, NULL, '2019-05-19 04:39:52', NULL, 2757, 250),
(21, NULL, NULL, 'Upgrade core file: core/engine/attribute.php', NULL, '2019-05-19 10:39:52', NULL, 2758, 250),
(22, NULL, NULL, '1.2.13', NULL, '2019-05-19 10:39:52', NULL, 2759, 250),
(23, NULL, NULL, '', NULL, '2019-05-19 10:39:52', NULL, 2760, 250),
(24, NULL, NULL, NULL, NULL, '0000-00-00 00:00:00', NULL, 2761, 250),
(25, NULL, NULL, 'upgrade', NULL, '2019-05-19 10:39:52', NULL, 2762, 250),
(26, NULL, NULL, 'admin', NULL, '2019-05-19 10:39:52', NULL, 2763, 250),
(20, NULL, NULL, NULL, NULL, '2019-05-19 04:39:52', NULL, 2764, 251),
(21, NULL, NULL, 'Upgrade core file: core/engine/controller.php', NULL, '2019-05-19 10:39:52', NULL, 2765, 251),
(22, NULL, NULL, '1.2.13', NULL, '2019-05-19 10:39:52', NULL, 2766, 251),
(23, NULL, NULL, '', NULL, '2019-05-19 10:39:52', NULL, 2767, 251),
(24, NULL, NULL, NULL, NULL, '0000-00-00 00:00:00', NULL, 2768, 251),
(25, NULL, NULL, 'upgrade', NULL, '2019-05-19 10:39:52', NULL, 2769, 251),
(26, NULL, NULL, 'admin', NULL, '2019-05-19 10:39:52', NULL, 2770, 251),
(20, NULL, NULL, NULL, NULL, '2019-05-19 04:39:52', NULL, 2771, 252),
(21, NULL, NULL, 'Upgrade core file: core/engine/dispatcher.php', NULL, '2019-05-19 10:39:52', NULL, 2772, 252),
(22, NULL, NULL, '1.2.13', NULL, '2019-05-19 10:39:52', NULL, 2773, 252),
(23, NULL, NULL, '', NULL, '2019-05-19 10:39:52', NULL, 2774, 252),
(24, NULL, NULL, NULL, NULL, '0000-00-00 00:00:00', NULL, 2775, 252),
(25, NULL, NULL, 'upgrade', NULL, '2019-05-19 10:39:52', NULL, 2776, 252),
(26, NULL, NULL, 'admin', NULL, '2019-05-19 10:39:52', NULL, 2777, 252),
(20, NULL, NULL, NULL, NULL, '2019-05-19 04:39:52', NULL, 2778, 253),
(21, NULL, NULL, 'Upgrade core file: core/engine/extensions.php', NULL, '2019-05-19 10:39:52', NULL, 2779, 253),
(22, NULL, NULL, '1.2.13', NULL, '2019-05-19 10:39:52', NULL, 2780, 253),
(23, NULL, NULL, '', NULL, '2019-05-19 10:39:52', NULL, 2781, 253),
(24, NULL, NULL, NULL, NULL, '0000-00-00 00:00:00', NULL, 2782, 253),
(25, NULL, NULL, 'upgrade', NULL, '2019-05-19 10:39:52', NULL, 2783, 253),
(26, NULL, NULL, 'admin', NULL, '2019-05-19 10:39:52', NULL, 2784, 253),
(20, NULL, NULL, NULL, NULL, '2019-05-19 04:39:52', NULL, 2785, 254),
(21, NULL, NULL, 'Upgrade core file: core/engine/html.php', NULL, '2019-05-19 10:39:52', NULL, 2786, 254),
(22, NULL, NULL, '1.2.13', NULL, '2019-05-19 10:39:52', NULL, 2787, 254),
(23, NULL, NULL, '', NULL, '2019-05-19 10:39:52', NULL, 2788, 254),
(24, NULL, NULL, NULL, NULL, '0000-00-00 00:00:00', NULL, 2789, 254),
(25, NULL, NULL, 'upgrade', NULL, '2019-05-19 10:39:52', NULL, 2790, 254),
(26, NULL, NULL, 'admin', NULL, '2019-05-19 10:39:52', NULL, 2791, 254),
(20, NULL, NULL, NULL, NULL, '2019-05-19 04:39:52', NULL, 2792, 255),
(21, NULL, NULL, 'Upgrade core file: core/engine/language.php', NULL, '2019-05-19 10:39:52', NULL, 2793, 255),
(22, NULL, NULL, '1.2.13', NULL, '2019-05-19 10:39:52', NULL, 2794, 255),
(23, NULL, NULL, '', NULL, '2019-05-19 10:39:52', NULL, 2795, 255),
(24, NULL, NULL, NULL, NULL, '0000-00-00 00:00:00', NULL, 2796, 255),
(25, NULL, NULL, 'upgrade', NULL, '2019-05-19 10:39:52', NULL, 2797, 255),
(26, NULL, NULL, 'admin', NULL, '2019-05-19 10:39:52', NULL, 2798, 255),
(20, NULL, NULL, NULL, NULL, '2019-05-19 04:39:52', NULL, 2799, 256),
(21, NULL, NULL, 'Upgrade core file: core/engine/resources.php', NULL, '2019-05-19 10:39:52', NULL, 2800, 256),
(22, NULL, NULL, '1.2.13', NULL, '2019-05-19 10:39:52', NULL, 2801, 256),
(23, NULL, NULL, '', NULL, '2019-05-19 10:39:52', NULL, 2802, 256),
(24, NULL, NULL, NULL, NULL, '0000-00-00 00:00:00', NULL, 2803, 256),
(25, NULL, NULL, 'upgrade', NULL, '2019-05-19 10:39:52', NULL, 2804, 256),
(26, NULL, NULL, 'admin', NULL, '2019-05-19 10:39:52', NULL, 2805, 256),
(20, NULL, NULL, NULL, NULL, '2019-05-19 04:39:52', NULL, 2806, 257),
(21, NULL, NULL, 'Upgrade core file: core/engine/router.php', NULL, '2019-05-19 10:39:52', NULL, 2807, 257),
(22, NULL, NULL, '1.2.13', NULL, '2019-05-19 10:39:52', NULL, 2808, 257),
(23, NULL, NULL, '', NULL, '2019-05-19 10:39:52', NULL, 2809, 257),
(24, NULL, NULL, NULL, NULL, '0000-00-00 00:00:00', NULL, 2810, 257);
INSERT INTO `ab1l_dataset_values` (`dataset_column_id`, `value_integer`, `value_float`, `value_varchar`, `value_text`, `value_timestamp`, `value_boolean`, `value_sort_order`, `row_id`) VALUES
(25, NULL, NULL, 'upgrade', NULL, '2019-05-19 10:39:52', NULL, 2811, 257),
(26, NULL, NULL, 'admin', NULL, '2019-05-19 10:39:52', NULL, 2812, 257),
(20, NULL, NULL, NULL, NULL, '2019-05-19 04:39:52', NULL, 2813, 258),
(21, NULL, NULL, 'Upgrade core file: core/engine/view.php', NULL, '2019-05-19 10:39:52', NULL, 2814, 258),
(22, NULL, NULL, '1.2.13', NULL, '2019-05-19 10:39:52', NULL, 2815, 258),
(23, NULL, NULL, '', NULL, '2019-05-19 10:39:52', NULL, 2816, 258),
(24, NULL, NULL, NULL, NULL, '0000-00-00 00:00:00', NULL, 2817, 258),
(25, NULL, NULL, 'upgrade', NULL, '2019-05-19 10:39:52', NULL, 2818, 258),
(26, NULL, NULL, 'admin', NULL, '2019-05-19 10:39:52', NULL, 2819, 258),
(20, NULL, NULL, NULL, NULL, '2019-05-19 04:39:52', NULL, 2820, 259),
(21, NULL, NULL, 'Upgrade core file: core/extension/shipping/config_bottom.xml', NULL, '2019-05-19 10:39:52', NULL, 2821, 259),
(22, NULL, NULL, '1.2.13', NULL, '2019-05-19 10:39:52', NULL, 2822, 259),
(23, NULL, NULL, '', NULL, '2019-05-19 10:39:52', NULL, 2823, 259),
(24, NULL, NULL, NULL, NULL, '0000-00-00 00:00:00', NULL, 2824, 259),
(25, NULL, NULL, 'upgrade', NULL, '2019-05-19 10:39:52', NULL, 2825, 259),
(26, NULL, NULL, 'admin', NULL, '2019-05-19 10:39:52', NULL, 2826, 259),
(20, NULL, NULL, NULL, NULL, '2019-05-19 04:39:52', NULL, 2827, 260),
(21, NULL, NULL, 'Upgrade core file: core/helper/utils.php', NULL, '2019-05-19 10:39:52', NULL, 2828, 260),
(22, NULL, NULL, '1.2.13', NULL, '2019-05-19 10:39:52', NULL, 2829, 260),
(23, NULL, NULL, '', NULL, '2019-05-19 10:39:52', NULL, 2830, 260),
(24, NULL, NULL, NULL, NULL, '0000-00-00 00:00:00', NULL, 2831, 260),
(25, NULL, NULL, 'upgrade', NULL, '2019-05-19 10:39:52', NULL, 2832, 260),
(26, NULL, NULL, 'admin', NULL, '2019-05-19 10:39:52', NULL, 2833, 260),
(20, NULL, NULL, NULL, NULL, '2019-05-19 04:39:52', NULL, 2834, 261),
(21, NULL, NULL, 'Upgrade core file: core/init.php', NULL, '2019-05-19 10:39:52', NULL, 2835, 261),
(22, NULL, NULL, '1.2.13', NULL, '2019-05-19 10:39:52', NULL, 2836, 261),
(23, NULL, NULL, '', NULL, '2019-05-19 10:39:52', NULL, 2837, 261),
(24, NULL, NULL, NULL, NULL, '0000-00-00 00:00:00', NULL, 2838, 261),
(25, NULL, NULL, 'upgrade', NULL, '2019-05-19 10:39:52', NULL, 2839, 261),
(26, NULL, NULL, 'admin', NULL, '2019-05-19 10:39:52', NULL, 2840, 261),
(20, NULL, NULL, NULL, NULL, '2019-05-19 04:39:52', NULL, 2841, 262),
(21, NULL, NULL, 'Upgrade core file: core/lib/admin_commands.php', NULL, '2019-05-19 10:39:52', NULL, 2842, 262),
(22, NULL, NULL, '1.2.13', NULL, '2019-05-19 10:39:52', NULL, 2843, 262),
(23, NULL, NULL, '', NULL, '2019-05-19 10:39:52', NULL, 2844, 262),
(24, NULL, NULL, NULL, NULL, '0000-00-00 00:00:00', NULL, 2845, 262),
(25, NULL, NULL, 'upgrade', NULL, '2019-05-19 10:39:52', NULL, 2846, 262),
(26, NULL, NULL, 'admin', NULL, '2019-05-19 10:39:52', NULL, 2847, 262),
(20, NULL, NULL, NULL, NULL, '2019-05-19 04:39:52', NULL, 2848, 263),
(21, NULL, NULL, 'Upgrade core file: core/lib/config.php', NULL, '2019-05-19 10:39:52', NULL, 2849, 263),
(22, NULL, NULL, '1.2.13', NULL, '2019-05-19 10:39:52', NULL, 2850, 263),
(23, NULL, NULL, '', NULL, '2019-05-19 10:39:52', NULL, 2851, 263),
(24, NULL, NULL, NULL, NULL, '0000-00-00 00:00:00', NULL, 2852, 263),
(25, NULL, NULL, 'upgrade', NULL, '2019-05-19 10:39:52', NULL, 2853, 263),
(26, NULL, NULL, 'admin', NULL, '2019-05-19 10:39:52', NULL, 2854, 263),
(20, NULL, NULL, NULL, NULL, '2019-05-19 04:39:52', NULL, 2855, 264),
(21, NULL, NULL, 'Upgrade core file: core/lib/currency.php', NULL, '2019-05-19 10:39:52', NULL, 2856, 264),
(22, NULL, NULL, '1.2.13', NULL, '2019-05-19 10:39:52', NULL, 2857, 264),
(23, NULL, NULL, '', NULL, '2019-05-19 10:39:52', NULL, 2858, 264),
(24, NULL, NULL, NULL, NULL, '0000-00-00 00:00:00', NULL, 2859, 264),
(25, NULL, NULL, 'upgrade', NULL, '2019-05-19 10:39:52', NULL, 2860, 264),
(26, NULL, NULL, 'admin', NULL, '2019-05-19 10:39:52', NULL, 2861, 264),
(20, NULL, NULL, NULL, NULL, '2019-05-19 04:39:52', NULL, 2862, 265),
(21, NULL, NULL, 'Upgrade core file: core/lib/debug.php', NULL, '2019-05-19 10:39:52', NULL, 2863, 265),
(22, NULL, NULL, '1.2.13', NULL, '2019-05-19 10:39:52', NULL, 2864, 265),
(23, NULL, NULL, '', NULL, '2019-05-19 10:39:52', NULL, 2865, 265),
(24, NULL, NULL, NULL, NULL, '0000-00-00 00:00:00', NULL, 2866, 265),
(25, NULL, NULL, 'upgrade', NULL, '2019-05-19 10:39:52', NULL, 2867, 265),
(26, NULL, NULL, 'admin', NULL, '2019-05-19 10:39:52', NULL, 2868, 265),
(20, NULL, NULL, NULL, NULL, '2019-05-19 04:39:52', NULL, 2869, 266),
(21, NULL, NULL, 'Upgrade core file: core/lib/encryption.php', NULL, '2019-05-19 10:39:52', NULL, 2870, 266),
(22, NULL, NULL, '1.2.13', NULL, '2019-05-19 10:39:52', NULL, 2871, 266),
(23, NULL, NULL, '', NULL, '2019-05-19 10:39:52', NULL, 2872, 266),
(24, NULL, NULL, NULL, NULL, '0000-00-00 00:00:00', NULL, 2873, 266),
(25, NULL, NULL, 'upgrade', NULL, '2019-05-19 10:39:52', NULL, 2874, 266),
(26, NULL, NULL, 'admin', NULL, '2019-05-19 10:39:52', NULL, 2875, 266),
(20, NULL, NULL, NULL, NULL, '2019-05-19 04:39:52', NULL, 2876, 267),
(21, NULL, NULL, 'Upgrade core file: core/lib/error.php', NULL, '2019-05-19 10:39:52', NULL, 2877, 267),
(22, NULL, NULL, '1.2.13', NULL, '2019-05-19 10:39:52', NULL, 2878, 267),
(23, NULL, NULL, '', NULL, '2019-05-19 10:39:52', NULL, 2879, 267),
(24, NULL, NULL, NULL, NULL, '0000-00-00 00:00:00', NULL, 2880, 267),
(25, NULL, NULL, 'upgrade', NULL, '2019-05-19 10:39:52', NULL, 2881, 267),
(26, NULL, NULL, 'admin', NULL, '2019-05-19 10:39:52', NULL, 2882, 267),
(20, NULL, NULL, NULL, NULL, '2019-05-19 04:39:52', NULL, 2883, 268),
(21, NULL, NULL, 'Upgrade core file: core/lib/exceptions.php', NULL, '2019-05-19 10:39:52', NULL, 2884, 268),
(22, NULL, NULL, '1.2.13', NULL, '2019-05-19 10:39:52', NULL, 2885, 268),
(23, NULL, NULL, '', NULL, '2019-05-19 10:39:52', NULL, 2886, 268),
(24, NULL, NULL, NULL, NULL, '0000-00-00 00:00:00', NULL, 2887, 268),
(25, NULL, NULL, 'upgrade', NULL, '2019-05-19 10:39:52', NULL, 2888, 268),
(26, NULL, NULL, 'admin', NULL, '2019-05-19 10:39:52', NULL, 2889, 268),
(20, NULL, NULL, NULL, NULL, '2019-05-19 04:39:52', NULL, 2890, 269),
(21, NULL, NULL, 'Upgrade core file: core/lib/extension_manager.php', NULL, '2019-05-19 10:39:52', NULL, 2891, 269),
(22, NULL, NULL, '1.2.13', NULL, '2019-05-19 10:39:52', NULL, 2892, 269),
(23, NULL, NULL, '', NULL, '2019-05-19 10:39:52', NULL, 2893, 269),
(24, NULL, NULL, NULL, NULL, '0000-00-00 00:00:00', NULL, 2894, 269),
(25, NULL, NULL, 'upgrade', NULL, '2019-05-19 10:39:52', NULL, 2895, 269),
(26, NULL, NULL, 'admin', NULL, '2019-05-19 10:39:52', NULL, 2896, 269),
(20, NULL, NULL, NULL, NULL, '2019-05-19 04:39:52', NULL, 2897, 270),
(21, NULL, NULL, 'Upgrade core file: core/lib/filter.php', NULL, '2019-05-19 10:39:52', NULL, 2898, 270),
(22, NULL, NULL, '1.2.13', NULL, '2019-05-19 10:39:52', NULL, 2899, 270),
(23, NULL, NULL, '', NULL, '2019-05-19 10:39:52', NULL, 2900, 270),
(24, NULL, NULL, NULL, NULL, '0000-00-00 00:00:00', NULL, 2901, 270),
(25, NULL, NULL, 'upgrade', NULL, '2019-05-19 10:39:52', NULL, 2902, 270),
(26, NULL, NULL, 'admin', NULL, '2019-05-19 10:39:52', NULL, 2903, 270),
(20, NULL, NULL, NULL, NULL, '2019-05-19 04:39:52', NULL, 2904, 271),
(21, NULL, NULL, 'Upgrade core file: core/lib/im.php', NULL, '2019-05-19 10:39:52', NULL, 2905, 271),
(22, NULL, NULL, '1.2.13', NULL, '2019-05-19 10:39:52', NULL, 2906, 271),
(23, NULL, NULL, '', NULL, '2019-05-19 10:39:52', NULL, 2907, 271),
(24, NULL, NULL, NULL, NULL, '0000-00-00 00:00:00', NULL, 2908, 271),
(25, NULL, NULL, 'upgrade', NULL, '2019-05-19 10:39:52', NULL, 2909, 271),
(26, NULL, NULL, 'admin', NULL, '2019-05-19 10:39:52', NULL, 2910, 271),
(20, NULL, NULL, NULL, NULL, '2019-05-19 04:39:52', NULL, 2911, 272),
(21, NULL, NULL, 'Upgrade core file: core/lib/layout_manager.php', NULL, '2019-05-19 10:39:52', NULL, 2912, 272),
(22, NULL, NULL, '1.2.13', NULL, '2019-05-19 10:39:52', NULL, 2913, 272),
(23, NULL, NULL, '', NULL, '2019-05-19 10:39:52', NULL, 2914, 272),
(24, NULL, NULL, NULL, NULL, '0000-00-00 00:00:00', NULL, 2915, 272),
(25, NULL, NULL, 'upgrade', NULL, '2019-05-19 10:39:52', NULL, 2916, 272),
(26, NULL, NULL, 'admin', NULL, '2019-05-19 10:39:52', NULL, 2917, 272),
(20, NULL, NULL, NULL, NULL, '2019-05-19 04:39:52', NULL, 2918, 273),
(21, NULL, NULL, 'Upgrade core file: core/lib/order.php', NULL, '2019-05-19 10:39:52', NULL, 2919, 273),
(22, NULL, NULL, '1.2.13', NULL, '2019-05-19 10:39:52', NULL, 2920, 273),
(23, NULL, NULL, '', NULL, '2019-05-19 10:39:52', NULL, 2921, 273),
(24, NULL, NULL, NULL, NULL, '0000-00-00 00:00:00', NULL, 2922, 273),
(25, NULL, NULL, 'upgrade', NULL, '2019-05-19 10:39:52', NULL, 2923, 273),
(26, NULL, NULL, 'admin', NULL, '2019-05-19 10:39:52', NULL, 2924, 273),
(20, NULL, NULL, NULL, NULL, '2019-05-19 04:39:52', NULL, 2925, 274),
(21, NULL, NULL, 'Upgrade core file: core/lib/package_manager.php', NULL, '2019-05-19 10:39:52', NULL, 2926, 274),
(22, NULL, NULL, '1.2.13', NULL, '2019-05-19 10:39:52', NULL, 2927, 274),
(23, NULL, NULL, '', NULL, '2019-05-19 10:39:52', NULL, 2928, 274),
(24, NULL, NULL, NULL, NULL, '0000-00-00 00:00:00', NULL, 2929, 274),
(25, NULL, NULL, 'upgrade', NULL, '2019-05-19 10:39:52', NULL, 2930, 274),
(26, NULL, NULL, 'admin', NULL, '2019-05-19 10:39:52', NULL, 2931, 274),
(20, NULL, NULL, NULL, NULL, '2019-05-19 04:39:52', NULL, 2932, 275),
(21, NULL, NULL, 'Upgrade core file: core/lib/request.php', NULL, '2019-05-19 10:39:52', NULL, 2933, 275),
(22, NULL, NULL, '1.2.13', NULL, '2019-05-19 10:39:52', NULL, 2934, 275),
(23, NULL, NULL, '', NULL, '2019-05-19 10:39:52', NULL, 2935, 275),
(24, NULL, NULL, NULL, NULL, '0000-00-00 00:00:00', NULL, 2936, 275),
(25, NULL, NULL, 'upgrade', NULL, '2019-05-19 10:39:52', NULL, 2937, 275),
(26, NULL, NULL, 'admin', NULL, '2019-05-19 10:39:52', NULL, 2938, 275),
(20, NULL, NULL, NULL, NULL, '2019-05-19 04:39:52', NULL, 2939, 276),
(21, NULL, NULL, 'Upgrade core file: core/lib/resource_upload.php', NULL, '2019-05-19 10:39:52', NULL, 2940, 276),
(22, NULL, NULL, '1.2.13', NULL, '2019-05-19 10:39:52', NULL, 2941, 276),
(23, NULL, NULL, '', NULL, '2019-05-19 10:39:52', NULL, 2942, 276),
(24, NULL, NULL, NULL, NULL, '0000-00-00 00:00:00', NULL, 2943, 276),
(25, NULL, NULL, 'upgrade', NULL, '2019-05-19 10:39:52', NULL, 2944, 276),
(26, NULL, NULL, 'admin', NULL, '2019-05-19 10:39:52', NULL, 2945, 276),
(20, NULL, NULL, NULL, NULL, '2019-05-19 04:39:52', NULL, 2946, 277),
(21, NULL, NULL, 'Upgrade core file: core/lib/session.php', NULL, '2019-05-19 10:39:52', NULL, 2947, 277),
(22, NULL, NULL, '1.2.13', NULL, '2019-05-19 10:39:52', NULL, 2948, 277),
(23, NULL, NULL, '', NULL, '2019-05-19 10:39:52', NULL, 2949, 277),
(24, NULL, NULL, NULL, NULL, '0000-00-00 00:00:00', NULL, 2950, 277),
(25, NULL, NULL, 'upgrade', NULL, '2019-05-19 10:39:52', NULL, 2951, 277),
(26, NULL, NULL, 'admin', NULL, '2019-05-19 10:39:52', NULL, 2952, 277),
(20, NULL, NULL, NULL, NULL, '2019-05-19 04:39:52', NULL, 2953, 278),
(21, NULL, NULL, 'Upgrade core file: core/lib/user.php', NULL, '2019-05-19 10:39:52', NULL, 2954, 278),
(22, NULL, NULL, '1.2.13', NULL, '2019-05-19 10:39:52', NULL, 2955, 278),
(23, NULL, NULL, '', NULL, '2019-05-19 10:39:52', NULL, 2956, 278),
(24, NULL, NULL, NULL, NULL, '0000-00-00 00:00:00', NULL, 2957, 278),
(25, NULL, NULL, 'upgrade', NULL, '2019-05-19 10:39:52', NULL, 2958, 278),
(26, NULL, NULL, 'admin', NULL, '2019-05-19 10:39:52', NULL, 2959, 278),
(20, NULL, NULL, NULL, NULL, '2019-05-19 04:39:52', NULL, 2960, 279),
(21, NULL, NULL, 'Upgrade core file: core/version.php', NULL, '2019-05-19 10:39:52', NULL, 2961, 279),
(22, NULL, NULL, '1.2.13', NULL, '2019-05-19 10:39:52', NULL, 2962, 279),
(23, NULL, NULL, '', NULL, '2019-05-19 10:39:52', NULL, 2963, 279),
(24, NULL, NULL, NULL, NULL, '0000-00-00 00:00:00', NULL, 2964, 279),
(25, NULL, NULL, 'upgrade', NULL, '2019-05-19 10:39:52', NULL, 2965, 279),
(26, NULL, NULL, 'admin', NULL, '2019-05-19 10:39:52', NULL, 2966, 279),
(20, NULL, NULL, NULL, NULL, '2019-05-19 04:39:52', NULL, 2967, 280),
(21, NULL, NULL, 'Upgrade core file: extensions/avatax_integration/admin/controller/pages/catalog/avatax_integration.php', NULL, '2019-05-19 10:39:52', NULL, 2968, 280),
(22, NULL, NULL, '1.2.13', NULL, '2019-05-19 10:39:52', NULL, 2969, 280),
(23, NULL, NULL, '', NULL, '2019-05-19 10:39:52', NULL, 2970, 280),
(24, NULL, NULL, NULL, NULL, '0000-00-00 00:00:00', NULL, 2971, 280),
(25, NULL, NULL, 'upgrade', NULL, '2019-05-19 10:39:52', NULL, 2972, 280),
(26, NULL, NULL, 'admin', NULL, '2019-05-19 10:39:52', NULL, 2973, 280),
(20, NULL, NULL, NULL, NULL, '2019-05-19 04:39:52', NULL, 2974, 281),
(21, NULL, NULL, 'Upgrade core file: extensions/avatax_integration/admin/controller/pages/sale/avatax_customer_data.php', NULL, '2019-05-19 10:39:52', NULL, 2975, 281),
(22, NULL, NULL, '1.2.13', NULL, '2019-05-19 10:39:52', NULL, 2976, 281),
(23, NULL, NULL, '', NULL, '2019-05-19 10:39:52', NULL, 2977, 281),
(24, NULL, NULL, NULL, NULL, '0000-00-00 00:00:00', NULL, 2978, 281),
(25, NULL, NULL, 'upgrade', NULL, '2019-05-19 10:39:52', NULL, 2979, 281),
(26, NULL, NULL, 'admin', NULL, '2019-05-19 10:39:52', NULL, 2980, 281),
(20, NULL, NULL, NULL, NULL, '2019-05-19 04:39:52', NULL, 2981, 282),
(21, NULL, NULL, 'Upgrade core file: extensions/avatax_integration/admin/controller/pages/total/avatax_integration_total.php', NULL, '2019-05-19 10:39:52', NULL, 2982, 282),
(22, NULL, NULL, '1.2.13', NULL, '2019-05-19 10:39:52', NULL, 2983, 282),
(23, NULL, NULL, '', NULL, '2019-05-19 10:39:52', NULL, 2984, 282),
(24, NULL, NULL, NULL, NULL, '0000-00-00 00:00:00', NULL, 2985, 282),
(25, NULL, NULL, 'upgrade', NULL, '2019-05-19 10:39:52', NULL, 2986, 282),
(26, NULL, NULL, 'admin', NULL, '2019-05-19 10:39:52', NULL, 2987, 282),
(20, NULL, NULL, NULL, NULL, '2019-05-19 04:39:52', NULL, 2988, 283),
(21, NULL, NULL, 'Upgrade core file: extensions/avatax_integration/admin/controller/responses/extension/avatax_integration.php', NULL, '2019-05-19 10:39:52', NULL, 2989, 283),
(22, NULL, NULL, '1.2.13', NULL, '2019-05-19 10:39:52', NULL, 2990, 283),
(23, NULL, NULL, '', NULL, '2019-05-19 10:39:52', NULL, 2991, 283),
(24, NULL, NULL, NULL, NULL, '0000-00-00 00:00:00', NULL, 2992, 283),
(25, NULL, NULL, 'upgrade', NULL, '2019-05-19 10:39:52', NULL, 2993, 283),
(26, NULL, NULL, 'admin', NULL, '2019-05-19 10:39:52', NULL, 2994, 283),
(20, NULL, NULL, NULL, NULL, '2019-05-19 04:39:52', NULL, 2995, 284),
(21, NULL, NULL, 'Upgrade core file: extensions/avatax_integration/admin/language/english/avatax_integration/avatax_integration.xml', NULL, '2019-05-19 10:39:52', NULL, 2996, 284),
(22, NULL, NULL, '1.2.13', NULL, '2019-05-19 10:39:52', NULL, 2997, 284),
(23, NULL, NULL, '', NULL, '2019-05-19 10:39:52', NULL, 2998, 284),
(24, NULL, NULL, NULL, NULL, '0000-00-00 00:00:00', NULL, 2999, 284),
(25, NULL, NULL, 'upgrade', NULL, '2019-05-19 10:39:52', NULL, 3000, 284),
(26, NULL, NULL, 'admin', NULL, '2019-05-19 10:39:52', NULL, 3001, 284),
(20, NULL, NULL, NULL, NULL, '2019-05-19 04:39:52', NULL, 3002, 285),
(21, NULL, NULL, 'Upgrade core file: extensions/avatax_integration/admin/model/extension/avatax_integration.php', NULL, '2019-05-19 10:39:52', NULL, 3003, 285),
(22, NULL, NULL, '1.2.13', NULL, '2019-05-19 10:39:52', NULL, 3004, 285),
(23, NULL, NULL, '', NULL, '2019-05-19 10:39:52', NULL, 3005, 285),
(24, NULL, NULL, NULL, NULL, '0000-00-00 00:00:00', NULL, 3006, 285),
(25, NULL, NULL, 'upgrade', NULL, '2019-05-19 10:39:52', NULL, 3007, 285),
(26, NULL, NULL, 'admin', NULL, '2019-05-19 10:39:52', NULL, 3008, 285),
(20, NULL, NULL, NULL, NULL, '2019-05-19 04:39:52', NULL, 3009, 286),
(21, NULL, NULL, 'Upgrade core file: extensions/avatax_integration/admin/view/default/template/pages/avatax_integration/avatax_integration_form.tpl', NULL, '2019-05-19 10:39:52', NULL, 3010, 286),
(22, NULL, NULL, '1.2.13', NULL, '2019-05-19 10:39:52', NULL, 3011, 286),
(23, NULL, NULL, '', NULL, '2019-05-19 10:39:52', NULL, 3012, 286),
(24, NULL, NULL, NULL, NULL, '0000-00-00 00:00:00', NULL, 3013, 286),
(25, NULL, NULL, 'upgrade', NULL, '2019-05-19 10:39:52', NULL, 3014, 286),
(26, NULL, NULL, 'admin', NULL, '2019-05-19 10:39:52', NULL, 3015, 286),
(20, NULL, NULL, NULL, NULL, '2019-05-19 04:39:52', NULL, 3016, 287),
(21, NULL, NULL, 'Upgrade core file: extensions/avatax_integration/admin/view/default/template/pages/avatax_integration/tabs.tpl', NULL, '2019-05-19 10:39:52', NULL, 3017, 287),
(22, NULL, NULL, '1.2.13', NULL, '2019-05-19 10:39:52', NULL, 3018, 287),
(23, NULL, NULL, '', NULL, '2019-05-19 10:39:52', NULL, 3019, 287),
(24, NULL, NULL, NULL, NULL, '0000-00-00 00:00:00', NULL, 3020, 287),
(25, NULL, NULL, 'upgrade', NULL, '2019-05-19 10:39:52', NULL, 3021, 287),
(26, NULL, NULL, 'admin', NULL, '2019-05-19 10:39:52', NULL, 3022, 287),
(20, NULL, NULL, NULL, NULL, '2019-05-19 04:39:52', NULL, 3023, 288),
(21, NULL, NULL, 'Upgrade core file: extensions/avatax_integration/admin/view/default/template/pages/extension/avatax_integration_settings.tpl', NULL, '2019-05-19 10:39:52', NULL, 3024, 288),
(22, NULL, NULL, '1.2.13', NULL, '2019-05-19 10:39:52', NULL, 3025, 288),
(23, NULL, NULL, '', NULL, '2019-05-19 10:39:52', NULL, 3026, 288),
(24, NULL, NULL, NULL, NULL, '0000-00-00 00:00:00', NULL, 3027, 288),
(25, NULL, NULL, 'upgrade', NULL, '2019-05-19 10:39:52', NULL, 3028, 288),
(26, NULL, NULL, 'admin', NULL, '2019-05-19 10:39:52', NULL, 3029, 288),
(20, NULL, NULL, NULL, NULL, '2019-05-19 04:39:52', NULL, 3030, 289),
(21, NULL, NULL, 'Upgrade core file: extensions/avatax_integration/admin/view/default/template/pages/extension/avatax_integration_shipping_taxcodes.tpl', NULL, '2019-05-19 10:39:52', NULL, 3031, 289),
(22, NULL, NULL, '1.2.13', NULL, '2019-05-19 10:39:52', NULL, 3032, 289),
(23, NULL, NULL, '', NULL, '2019-05-19 10:39:52', NULL, 3033, 289),
(24, NULL, NULL, NULL, NULL, '0000-00-00 00:00:00', NULL, 3034, 289),
(25, NULL, NULL, 'upgrade', NULL, '2019-05-19 10:39:52', NULL, 3035, 289),
(26, NULL, NULL, 'admin', NULL, '2019-05-19 10:39:52', NULL, 3036, 289),
(20, NULL, NULL, NULL, NULL, '2019-05-19 04:39:52', NULL, 3037, 290),
(21, NULL, NULL, 'Upgrade core file: extensions/avatax_integration/admin/view/default/template/pages/sale/avatax_customer_form.tpl', NULL, '2019-05-19 10:39:52', NULL, 3038, 290),
(22, NULL, NULL, '1.2.13', NULL, '2019-05-19 10:39:52', NULL, 3039, 290),
(23, NULL, NULL, '', NULL, '2019-05-19 10:39:52', NULL, 3040, 290),
(24, NULL, NULL, NULL, NULL, '0000-00-00 00:00:00', NULL, 3041, 290),
(25, NULL, NULL, 'upgrade', NULL, '2019-05-19 10:39:52', NULL, 3042, 290),
(26, NULL, NULL, 'admin', NULL, '2019-05-19 10:39:52', NULL, 3043, 290),
(20, NULL, NULL, NULL, NULL, '2019-05-19 04:39:52', NULL, 3044, 291),
(21, NULL, NULL, 'Upgrade core file: extensions/avatax_integration/config.xml', NULL, '2019-05-19 10:39:52', NULL, 3045, 291),
(22, NULL, NULL, '1.2.13', NULL, '2019-05-19 10:39:52', NULL, 3046, 291),
(23, NULL, NULL, '', NULL, '2019-05-19 10:39:52', NULL, 3047, 291),
(24, NULL, NULL, NULL, NULL, '0000-00-00 00:00:00', NULL, 3048, 291),
(25, NULL, NULL, 'upgrade', NULL, '2019-05-19 10:39:52', NULL, 3049, 291),
(26, NULL, NULL, 'admin', NULL, '2019-05-19 10:39:52', NULL, 3050, 291),
(20, NULL, NULL, NULL, NULL, '2019-05-19 04:39:52', NULL, 3051, 292),
(21, NULL, NULL, 'Upgrade core file: extensions/avatax_integration/core/avatax_integration.php', NULL, '2019-05-19 10:39:52', NULL, 3052, 292),
(22, NULL, NULL, '1.2.13', NULL, '2019-05-19 10:39:52', NULL, 3053, 292),
(23, NULL, NULL, '', NULL, '2019-05-19 10:39:52', NULL, 3054, 292),
(24, NULL, NULL, NULL, NULL, '0000-00-00 00:00:00', NULL, 3055, 292),
(25, NULL, NULL, 'upgrade', NULL, '2019-05-19 10:39:52', NULL, 3056, 292),
(26, NULL, NULL, 'admin', NULL, '2019-05-19 10:39:52', NULL, 3057, 292),
(20, NULL, NULL, NULL, NULL, '2019-05-19 04:39:52', NULL, 3058, 293),
(21, NULL, NULL, 'Upgrade core file: extensions/avatax_integration/core/composer.json', NULL, '2019-05-19 10:39:52', NULL, 3059, 293),
(22, NULL, NULL, '1.2.13', NULL, '2019-05-19 10:39:52', NULL, 3060, 293),
(23, NULL, NULL, '', NULL, '2019-05-19 10:39:52', NULL, 3061, 293),
(24, NULL, NULL, NULL, NULL, '0000-00-00 00:00:00', NULL, 3062, 293),
(25, NULL, NULL, 'upgrade', NULL, '2019-05-19 10:39:52', NULL, 3063, 293),
(26, NULL, NULL, 'admin', NULL, '2019-05-19 10:39:52', NULL, 3064, 293),
(20, NULL, NULL, NULL, NULL, '2019-05-19 04:39:52', NULL, 3065, 294),
(21, NULL, NULL, 'Upgrade core file: extensions/avatax_integration/core/composer.lock', NULL, '2019-05-19 10:39:52', NULL, 3066, 294),
(22, NULL, NULL, '1.2.13', NULL, '2019-05-19 10:39:52', NULL, 3067, 294),
(23, NULL, NULL, '', NULL, '2019-05-19 10:39:52', NULL, 3068, 294),
(24, NULL, NULL, NULL, NULL, '0000-00-00 00:00:00', NULL, 3069, 294),
(25, NULL, NULL, 'upgrade', NULL, '2019-05-19 10:39:52', NULL, 3070, 294),
(26, NULL, NULL, 'admin', NULL, '2019-05-19 10:39:52', NULL, 3071, 294),
(20, NULL, NULL, NULL, NULL, '2019-05-19 04:39:52', NULL, 3072, 295),
(21, NULL, NULL, 'Upgrade core file: extensions/avatax_integration/core/composer.phar', NULL, '2019-05-19 10:39:52', NULL, 3073, 295),
(22, NULL, NULL, '1.2.13', NULL, '2019-05-19 10:39:52', NULL, 3074, 295),
(23, NULL, NULL, '', NULL, '2019-05-19 10:39:52', NULL, 3075, 295),
(24, NULL, NULL, NULL, NULL, '0000-00-00 00:00:00', NULL, 3076, 295),
(25, NULL, NULL, 'upgrade', NULL, '2019-05-19 10:39:52', NULL, 3077, 295),
(26, NULL, NULL, 'admin', NULL, '2019-05-19 10:39:52', NULL, 3078, 295),
(20, NULL, NULL, NULL, NULL, '2019-05-19 04:39:52', NULL, 3079, 296),
(21, NULL, NULL, 'Upgrade core file: extensions/avatax_integration/core/lib/order.php', NULL, '2019-05-19 10:39:52', NULL, 3080, 296),
(22, NULL, NULL, '1.2.13', NULL, '2019-05-19 10:39:52', NULL, 3081, 296),
(23, NULL, NULL, '', NULL, '2019-05-19 10:39:52', NULL, 3082, 296),
(24, NULL, NULL, NULL, NULL, '0000-00-00 00:00:00', NULL, 3083, 296),
(25, NULL, NULL, 'upgrade', NULL, '2019-05-19 10:39:52', NULL, 3084, 296),
(26, NULL, NULL, 'admin', NULL, '2019-05-19 10:39:52', NULL, 3085, 296),
(20, NULL, NULL, NULL, NULL, '2019-05-19 04:39:52', NULL, 3086, 297),
(21, NULL, NULL, 'Upgrade core file: extensions/avatax_integration/core/vendor/autoload.php', NULL, '2019-05-19 10:39:52', NULL, 3087, 297),
(22, NULL, NULL, '1.2.13', NULL, '2019-05-19 10:39:52', NULL, 3088, 297),
(23, NULL, NULL, '', NULL, '2019-05-19 10:39:52', NULL, 3089, 297),
(24, NULL, NULL, NULL, NULL, '0000-00-00 00:00:00', NULL, 3090, 297),
(25, NULL, NULL, 'upgrade', NULL, '2019-05-19 10:39:52', NULL, 3091, 297),
(26, NULL, NULL, 'admin', NULL, '2019-05-19 10:39:52', NULL, 3092, 297),
(20, NULL, NULL, NULL, NULL, '2019-05-19 04:39:52', NULL, 3093, 298),
(21, NULL, NULL, 'Upgrade core file: extensions/avatax_integration/core/vendor/avalara/avatax/.gitignore', NULL, '2019-05-19 10:39:52', NULL, 3094, 298),
(22, NULL, NULL, '1.2.13', NULL, '2019-05-19 10:39:52', NULL, 3095, 298),
(23, NULL, NULL, '', NULL, '2019-05-19 10:39:52', NULL, 3096, 298),
(24, NULL, NULL, NULL, NULL, '0000-00-00 00:00:00', NULL, 3097, 298),
(25, NULL, NULL, 'upgrade', NULL, '2019-05-19 10:39:52', NULL, 3098, 298),
(26, NULL, NULL, 'admin', NULL, '2019-05-19 10:39:52', NULL, 3099, 298),
(20, NULL, NULL, NULL, NULL, '2019-05-19 04:39:52', NULL, 3100, 299),
(21, NULL, NULL, 'Upgrade core file: extensions/avatax_integration/core/vendor/avalara/avatax/LICENSE', NULL, '2019-05-19 10:39:52', NULL, 3101, 299),
(22, NULL, NULL, '1.2.13', NULL, '2019-05-19 10:39:52', NULL, 3102, 299),
(23, NULL, NULL, '', NULL, '2019-05-19 10:39:52', NULL, 3103, 299),
(24, NULL, NULL, NULL, NULL, '0000-00-00 00:00:00', NULL, 3104, 299),
(25, NULL, NULL, 'upgrade', NULL, '2019-05-19 10:39:52', NULL, 3105, 299),
(26, NULL, NULL, 'admin', NULL, '2019-05-19 10:39:52', NULL, 3106, 299),
(20, NULL, NULL, NULL, NULL, '2019-05-19 04:39:52', NULL, 3107, 300),
(21, NULL, NULL, 'Upgrade core file: extensions/avatax_integration/core/vendor/avalara/avatax/README.md', NULL, '2019-05-19 10:39:52', NULL, 3108, 300),
(22, NULL, NULL, '1.2.13', NULL, '2019-05-19 10:39:52', NULL, 3109, 300),
(23, NULL, NULL, '', NULL, '2019-05-19 10:39:52', NULL, 3110, 300),
(24, NULL, NULL, NULL, NULL, '0000-00-00 00:00:00', NULL, 3111, 300),
(25, NULL, NULL, 'upgrade', NULL, '2019-05-19 10:39:52', NULL, 3112, 300),
(26, NULL, NULL, 'admin', NULL, '2019-05-19 10:39:52', NULL, 3113, 300),
(20, NULL, NULL, NULL, NULL, '2019-05-19 04:39:52', NULL, 3114, 301),
(21, NULL, NULL, 'Upgrade core file: extensions/avatax_integration/core/vendor/avalara/avatax/Samples/CancelTaxTest.php', NULL, '2019-05-19 10:39:52', NULL, 3115, 301),
(22, NULL, NULL, '1.2.13', NULL, '2019-05-19 10:39:52', NULL, 3116, 301),
(23, NULL, NULL, '', NULL, '2019-05-19 10:39:52', NULL, 3117, 301),
(24, NULL, NULL, NULL, NULL, '0000-00-00 00:00:00', NULL, 3118, 301),
(25, NULL, NULL, 'upgrade', NULL, '2019-05-19 10:39:52', NULL, 3119, 301),
(26, NULL, NULL, 'admin', NULL, '2019-05-19 10:39:52', NULL, 3120, 301),
(20, NULL, NULL, NULL, NULL, '2019-05-19 04:39:52', NULL, 3121, 302),
(21, NULL, NULL, 'Upgrade core file: extensions/avatax_integration/core/vendor/avalara/avatax/Samples/EstimateTaxTest.php', NULL, '2019-05-19 10:39:52', NULL, 3122, 302),
(22, NULL, NULL, '1.2.13', NULL, '2019-05-19 10:39:52', NULL, 3123, 302),
(23, NULL, NULL, '', NULL, '2019-05-19 10:39:52', NULL, 3124, 302),
(24, NULL, NULL, NULL, NULL, '0000-00-00 00:00:00', NULL, 3125, 302),
(25, NULL, NULL, 'upgrade', NULL, '2019-05-19 10:39:52', NULL, 3126, 302),
(26, NULL, NULL, 'admin', NULL, '2019-05-19 10:39:52', NULL, 3127, 302),
(20, NULL, NULL, NULL, NULL, '2019-05-19 04:39:52', NULL, 3128, 303),
(21, NULL, NULL, 'Upgrade core file: extensions/avatax_integration/core/vendor/avalara/avatax/Samples/GetTaxTest.php', NULL, '2019-05-19 10:39:52', NULL, 3129, 303),
(22, NULL, NULL, '1.2.13', NULL, '2019-05-19 10:39:52', NULL, 3130, 303),
(23, NULL, NULL, '', NULL, '2019-05-19 10:39:52', NULL, 3131, 303),
(24, NULL, NULL, NULL, NULL, '0000-00-00 00:00:00', NULL, 3132, 303),
(25, NULL, NULL, 'upgrade', NULL, '2019-05-19 10:39:52', NULL, 3133, 303),
(26, NULL, NULL, 'admin', NULL, '2019-05-19 10:39:52', NULL, 3134, 303),
(20, NULL, NULL, NULL, NULL, '2019-05-19 04:39:52', NULL, 3135, 304),
(21, NULL, NULL, 'Upgrade core file: extensions/avatax_integration/core/vendor/avalara/avatax/Samples/PingTest.php', NULL, '2019-05-19 10:39:52', NULL, 3136, 304),
(22, NULL, NULL, '1.2.13', NULL, '2019-05-19 10:39:52', NULL, 3137, 304),
(23, NULL, NULL, '', NULL, '2019-05-19 10:39:52', NULL, 3138, 304),
(24, NULL, NULL, NULL, NULL, '0000-00-00 00:00:00', NULL, 3139, 304),
(25, NULL, NULL, 'upgrade', NULL, '2019-05-19 10:39:52', NULL, 3140, 304),
(26, NULL, NULL, 'admin', NULL, '2019-05-19 10:39:52', NULL, 3141, 304),
(20, NULL, NULL, NULL, NULL, '2019-05-19 04:39:52', NULL, 3142, 305),
(21, NULL, NULL, 'Upgrade core file: extensions/avatax_integration/core/vendor/avalara/avatax/Samples/ValidateAddressTest.php', NULL, '2019-05-19 10:39:52', NULL, 3143, 305),
(22, NULL, NULL, '1.2.13', NULL, '2019-05-19 10:39:52', NULL, 3144, 305),
(23, NULL, NULL, '', NULL, '2019-05-19 10:39:52', NULL, 3145, 305),
(24, NULL, NULL, NULL, NULL, '0000-00-00 00:00:00', NULL, 3146, 305),
(25, NULL, NULL, 'upgrade', NULL, '2019-05-19 10:39:52', NULL, 3147, 305),
(26, NULL, NULL, 'admin', NULL, '2019-05-19 10:39:52', NULL, 3148, 305),
(20, NULL, NULL, NULL, NULL, '2019-05-19 04:39:52', NULL, 3149, 306),
(21, NULL, NULL, 'Upgrade core file: extensions/avatax_integration/core/vendor/avalara/avatax/Samples/configuration.php', NULL, '2019-05-19 10:39:52', NULL, 3150, 306),
(22, NULL, NULL, '1.2.13', NULL, '2019-05-19 10:39:52', NULL, 3151, 306),
(23, NULL, NULL, '', NULL, '2019-05-19 10:39:52', NULL, 3152, 306),
(24, NULL, NULL, NULL, NULL, '0000-00-00 00:00:00', NULL, 3153, 306),
(25, NULL, NULL, 'upgrade', NULL, '2019-05-19 10:39:52', NULL, 3154, 306),
(26, NULL, NULL, 'admin', NULL, '2019-05-19 10:39:52', NULL, 3155, 306),
(20, NULL, NULL, NULL, NULL, '2019-05-19 04:39:52', NULL, 3156, 307),
(21, NULL, NULL, 'Upgrade core file: extensions/avatax_integration/core/vendor/avalara/avatax/composer.json', NULL, '2019-05-19 10:39:52', NULL, 3157, 307),
(22, NULL, NULL, '1.2.13', NULL, '2019-05-19 10:39:52', NULL, 3158, 307),
(23, NULL, NULL, '', NULL, '2019-05-19 10:39:52', NULL, 3159, 307),
(24, NULL, NULL, NULL, NULL, '0000-00-00 00:00:00', NULL, 3160, 307),
(25, NULL, NULL, 'upgrade', NULL, '2019-05-19 10:39:52', NULL, 3161, 307),
(26, NULL, NULL, 'admin', NULL, '2019-05-19 10:39:52', NULL, 3162, 307),
(20, NULL, NULL, NULL, NULL, '2019-05-19 04:39:52', NULL, 3163, 308),
(21, NULL, NULL, 'Upgrade core file: extensions/avatax_integration/core/vendor/avalara/avatax/src/AvaTax/Address.php', NULL, '2019-05-19 10:39:52', NULL, 3164, 308),
(22, NULL, NULL, '1.2.13', NULL, '2019-05-19 10:39:52', NULL, 3165, 308),
(23, NULL, NULL, '', NULL, '2019-05-19 10:39:52', NULL, 3166, 308),
(24, NULL, NULL, NULL, NULL, '0000-00-00 00:00:00', NULL, 3167, 308),
(25, NULL, NULL, 'upgrade', NULL, '2019-05-19 10:39:52', NULL, 3168, 308),
(26, NULL, NULL, 'admin', NULL, '2019-05-19 10:39:52', NULL, 3169, 308),
(20, NULL, NULL, NULL, NULL, '2019-05-19 04:39:52', NULL, 3170, 309),
(21, NULL, NULL, 'Upgrade core file: extensions/avatax_integration/core/vendor/avalara/avatax/src/AvaTax/AddressServiceRest.php', NULL, '2019-05-19 10:39:52', NULL, 3171, 309),
(22, NULL, NULL, '1.2.13', NULL, '2019-05-19 10:39:52', NULL, 3172, 309),
(23, NULL, NULL, '', NULL, '2019-05-19 10:39:52', NULL, 3173, 309),
(24, NULL, NULL, NULL, NULL, '0000-00-00 00:00:00', NULL, 3174, 309),
(25, NULL, NULL, 'upgrade', NULL, '2019-05-19 10:39:52', NULL, 3175, 309),
(26, NULL, NULL, 'admin', NULL, '2019-05-19 10:39:52', NULL, 3176, 309),
(20, NULL, NULL, NULL, NULL, '2019-05-19 04:39:52', NULL, 3177, 310),
(21, NULL, NULL, 'Upgrade core file: extensions/avatax_integration/core/vendor/avalara/avatax/src/AvaTax/AddressType.php', NULL, '2019-05-19 10:39:52', NULL, 3178, 310),
(22, NULL, NULL, '1.2.13', NULL, '2019-05-19 10:39:52', NULL, 3179, 310),
(23, NULL, NULL, '', NULL, '2019-05-19 10:39:52', NULL, 3180, 310),
(24, NULL, NULL, NULL, NULL, '0000-00-00 00:00:00', NULL, 3181, 310),
(25, NULL, NULL, 'upgrade', NULL, '2019-05-19 10:39:52', NULL, 3182, 310),
(26, NULL, NULL, 'admin', NULL, '2019-05-19 10:39:52', NULL, 3183, 310),
(20, NULL, NULL, NULL, NULL, '2019-05-19 04:39:52', NULL, 3184, 311),
(21, NULL, NULL, 'Upgrade core file: extensions/avatax_integration/core/vendor/avalara/avatax/src/AvaTax/AvaFunctions.php', NULL, '2019-05-19 10:39:52', NULL, 3185, 311),
(22, NULL, NULL, '1.2.13', NULL, '2019-05-19 10:39:52', NULL, 3186, 311),
(23, NULL, NULL, '', NULL, '2019-05-19 10:39:52', NULL, 3187, 311),
(24, NULL, NULL, NULL, NULL, '0000-00-00 00:00:00', NULL, 3188, 311),
(25, NULL, NULL, 'upgrade', NULL, '2019-05-19 10:39:52', NULL, 3189, 311),
(26, NULL, NULL, 'admin', NULL, '2019-05-19 10:39:52', NULL, 3190, 311),
(20, NULL, NULL, NULL, NULL, '2019-05-19 04:39:52', NULL, 3191, 312),
(21, NULL, NULL, 'Upgrade core file: extensions/avatax_integration/core/vendor/avalara/avatax/src/AvaTax/BaseResult.php', NULL, '2019-05-19 10:39:52', NULL, 3192, 312),
(22, NULL, NULL, '1.2.13', NULL, '2019-05-19 10:39:52', NULL, 3193, 312),
(23, NULL, NULL, '', NULL, '2019-05-19 10:39:52', NULL, 3194, 312),
(24, NULL, NULL, NULL, NULL, '0000-00-00 00:00:00', NULL, 3195, 312),
(25, NULL, NULL, 'upgrade', NULL, '2019-05-19 10:39:52', NULL, 3196, 312),
(26, NULL, NULL, 'admin', NULL, '2019-05-19 10:39:52', NULL, 3197, 312),
(20, NULL, NULL, NULL, NULL, '2019-05-19 04:39:52', NULL, 3198, 313),
(21, NULL, NULL, 'Upgrade core file: extensions/avatax_integration/core/vendor/avalara/avatax/src/AvaTax/CancelCode.php', NULL, '2019-05-19 10:39:52', NULL, 3199, 313),
(22, NULL, NULL, '1.2.13', NULL, '2019-05-19 10:39:52', NULL, 3200, 313),
(23, NULL, NULL, '', NULL, '2019-05-19 10:39:52', NULL, 3201, 313),
(24, NULL, NULL, NULL, NULL, '0000-00-00 00:00:00', NULL, 3202, 313),
(25, NULL, NULL, 'upgrade', NULL, '2019-05-19 10:39:52', NULL, 3203, 313),
(26, NULL, NULL, 'admin', NULL, '2019-05-19 10:39:52', NULL, 3204, 313),
(20, NULL, NULL, NULL, NULL, '2019-05-19 04:39:52', NULL, 3205, 314),
(21, NULL, NULL, 'Upgrade core file: extensions/avatax_integration/core/vendor/avalara/avatax/src/AvaTax/CancelTaxRequest.php', NULL, '2019-05-19 10:39:52', NULL, 3206, 314),
(22, NULL, NULL, '1.2.13', NULL, '2019-05-19 10:39:52', NULL, 3207, 314),
(23, NULL, NULL, '', NULL, '2019-05-19 10:39:52', NULL, 3208, 314),
(24, NULL, NULL, NULL, NULL, '0000-00-00 00:00:00', NULL, 3209, 314),
(25, NULL, NULL, 'upgrade', NULL, '2019-05-19 10:39:52', NULL, 3210, 314),
(26, NULL, NULL, 'admin', NULL, '2019-05-19 10:39:52', NULL, 3211, 314),
(20, NULL, NULL, NULL, NULL, '2019-05-19 04:39:52', NULL, 3212, 315),
(21, NULL, NULL, 'Upgrade core file: extensions/avatax_integration/core/vendor/avalara/avatax/src/AvaTax/CancelTaxResult.php', NULL, '2019-05-19 10:39:52', NULL, 3213, 315),
(22, NULL, NULL, '1.2.13', NULL, '2019-05-19 10:39:52', NULL, 3214, 315),
(23, NULL, NULL, '', NULL, '2019-05-19 10:39:52', NULL, 3215, 315),
(24, NULL, NULL, NULL, NULL, '0000-00-00 00:00:00', NULL, 3216, 315),
(25, NULL, NULL, 'upgrade', NULL, '2019-05-19 10:39:52', NULL, 3217, 315),
(26, NULL, NULL, 'admin', NULL, '2019-05-19 10:39:52', NULL, 3218, 315),
(20, NULL, NULL, NULL, NULL, '2019-05-19 04:39:52', NULL, 3219, 316),
(21, NULL, NULL, 'Upgrade core file: extensions/avatax_integration/core/vendor/avalara/avatax/src/AvaTax/DetailLevel.php', NULL, '2019-05-19 10:39:52', NULL, 3220, 316),
(22, NULL, NULL, '1.2.13', NULL, '2019-05-19 10:39:52', NULL, 3221, 316),
(23, NULL, NULL, '', NULL, '2019-05-19 10:39:52', NULL, 3222, 316),
(24, NULL, NULL, NULL, NULL, '0000-00-00 00:00:00', NULL, 3223, 316),
(25, NULL, NULL, 'upgrade', NULL, '2019-05-19 10:39:52', NULL, 3224, 316),
(26, NULL, NULL, 'admin', NULL, '2019-05-19 10:39:52', NULL, 3225, 316),
(20, NULL, NULL, NULL, NULL, '2019-05-19 04:39:52', NULL, 3226, 317),
(21, NULL, NULL, 'Upgrade core file: extensions/avatax_integration/core/vendor/avalara/avatax/src/AvaTax/DocumentType.php', NULL, '2019-05-19 10:39:52', NULL, 3227, 317),
(22, NULL, NULL, '1.2.13', NULL, '2019-05-19 10:39:52', NULL, 3228, 317),
(23, NULL, NULL, '', NULL, '2019-05-19 10:39:52', NULL, 3229, 317),
(24, NULL, NULL, NULL, NULL, '0000-00-00 00:00:00', NULL, 3230, 317),
(25, NULL, NULL, 'upgrade', NULL, '2019-05-19 10:39:52', NULL, 3231, 317),
(26, NULL, NULL, 'admin', NULL, '2019-05-19 10:39:52', NULL, 3232, 317),
(20, NULL, NULL, NULL, NULL, '2019-05-19 04:39:52', NULL, 3233, 318),
(21, NULL, NULL, 'Upgrade core file: extensions/avatax_integration/core/vendor/avalara/avatax/src/AvaTax/Enum.php', NULL, '2019-05-19 10:39:52', NULL, 3234, 318),
(22, NULL, NULL, '1.2.13', NULL, '2019-05-19 10:39:52', NULL, 3235, 318),
(23, NULL, NULL, '', NULL, '2019-05-19 10:39:52', NULL, 3236, 318),
(24, NULL, NULL, NULL, NULL, '0000-00-00 00:00:00', NULL, 3237, 318),
(25, NULL, NULL, 'upgrade', NULL, '2019-05-19 10:39:52', NULL, 3238, 318),
(26, NULL, NULL, 'admin', NULL, '2019-05-19 10:39:52', NULL, 3239, 318),
(20, NULL, NULL, NULL, NULL, '2019-05-19 04:39:52', NULL, 3240, 319),
(21, NULL, NULL, 'Upgrade core file: extensions/avatax_integration/core/vendor/avalara/avatax/src/AvaTax/EstimateTaxRequest.php', NULL, '2019-05-19 10:39:52', NULL, 3241, 319),
(22, NULL, NULL, '1.2.13', NULL, '2019-05-19 10:39:52', NULL, 3242, 319),
(23, NULL, NULL, '', NULL, '2019-05-19 10:39:52', NULL, 3243, 319),
(24, NULL, NULL, NULL, NULL, '0000-00-00 00:00:00', NULL, 3244, 319),
(25, NULL, NULL, 'upgrade', NULL, '2019-05-19 10:39:52', NULL, 3245, 319),
(26, NULL, NULL, 'admin', NULL, '2019-05-19 10:39:52', NULL, 3246, 319),
(20, NULL, NULL, NULL, NULL, '2019-05-19 04:39:52', NULL, 3247, 320),
(21, NULL, NULL, 'Upgrade core file: extensions/avatax_integration/core/vendor/avalara/avatax/src/AvaTax/EstimateTaxResult.php', NULL, '2019-05-19 10:39:52', NULL, 3248, 320),
(22, NULL, NULL, '1.2.13', NULL, '2019-05-19 10:39:52', NULL, 3249, 320),
(23, NULL, NULL, '', NULL, '2019-05-19 10:39:52', NULL, 3250, 320),
(24, NULL, NULL, NULL, NULL, '0000-00-00 00:00:00', NULL, 3251, 320),
(25, NULL, NULL, 'upgrade', NULL, '2019-05-19 10:39:52', NULL, 3252, 320),
(26, NULL, NULL, 'admin', NULL, '2019-05-19 10:39:52', NULL, 3253, 320),
(20, NULL, NULL, NULL, NULL, '2019-05-19 04:39:52', NULL, 3254, 321),
(21, NULL, NULL, 'Upgrade core file: extensions/avatax_integration/core/vendor/avalara/avatax/src/AvaTax/GetTaxRequest.php', NULL, '2019-05-19 10:39:52', NULL, 3255, 321),
(22, NULL, NULL, '1.2.13', NULL, '2019-05-19 10:39:52', NULL, 3256, 321),
(23, NULL, NULL, '', NULL, '2019-05-19 10:39:52', NULL, 3257, 321),
(24, NULL, NULL, NULL, NULL, '0000-00-00 00:00:00', NULL, 3258, 321),
(25, NULL, NULL, 'upgrade', NULL, '2019-05-19 10:39:52', NULL, 3259, 321),
(26, NULL, NULL, 'admin', NULL, '2019-05-19 10:39:52', NULL, 3260, 321),
(20, NULL, NULL, NULL, NULL, '2019-05-19 04:39:52', NULL, 3261, 322),
(21, NULL, NULL, 'Upgrade core file: extensions/avatax_integration/core/vendor/avalara/avatax/src/AvaTax/GetTaxResult.php', NULL, '2019-05-19 10:39:52', NULL, 3262, 322),
(22, NULL, NULL, '1.2.13', NULL, '2019-05-19 10:39:52', NULL, 3263, 322),
(23, NULL, NULL, '', NULL, '2019-05-19 10:39:52', NULL, 3264, 322),
(24, NULL, NULL, NULL, NULL, '0000-00-00 00:00:00', NULL, 3265, 322),
(25, NULL, NULL, 'upgrade', NULL, '2019-05-19 10:39:52', NULL, 3266, 322),
(26, NULL, NULL, 'admin', NULL, '2019-05-19 10:39:52', NULL, 3267, 322),
(20, NULL, NULL, NULL, NULL, '2019-05-19 04:39:52', NULL, 3268, 323),
(21, NULL, NULL, 'Upgrade core file: extensions/avatax_integration/core/vendor/avalara/avatax/src/AvaTax/JsonSerializable.php', NULL, '2019-05-19 10:39:52', NULL, 3269, 323),
(22, NULL, NULL, '1.2.13', NULL, '2019-05-19 10:39:52', NULL, 3270, 323),
(23, NULL, NULL, '', NULL, '2019-05-19 10:39:52', NULL, 3271, 323),
(24, NULL, NULL, NULL, NULL, '0000-00-00 00:00:00', NULL, 3272, 323),
(25, NULL, NULL, 'upgrade', NULL, '2019-05-19 10:39:52', NULL, 3273, 323),
(26, NULL, NULL, 'admin', NULL, '2019-05-19 10:39:52', NULL, 3274, 323),
(20, NULL, NULL, NULL, NULL, '2019-05-19 04:39:52', NULL, 3275, 324),
(21, NULL, NULL, 'Upgrade core file: extensions/avatax_integration/core/vendor/avalara/avatax/src/AvaTax/JurisdictionType.php', NULL, '2019-05-19 10:39:52', NULL, 3276, 324),
(22, NULL, NULL, '1.2.13', NULL, '2019-05-19 10:39:52', NULL, 3277, 324),
(23, NULL, NULL, '', NULL, '2019-05-19 10:39:52', NULL, 3278, 324),
(24, NULL, NULL, NULL, NULL, '0000-00-00 00:00:00', NULL, 3279, 324),
(25, NULL, NULL, 'upgrade', NULL, '2019-05-19 10:39:52', NULL, 3280, 324),
(26, NULL, NULL, 'admin', NULL, '2019-05-19 10:39:52', NULL, 3281, 324),
(20, NULL, NULL, NULL, NULL, '2019-05-19 04:39:52', NULL, 3282, 325),
(21, NULL, NULL, 'Upgrade core file: extensions/avatax_integration/core/vendor/avalara/avatax/src/AvaTax/Line.php', NULL, '2019-05-19 10:39:52', NULL, 3283, 325),
(22, NULL, NULL, '1.2.13', NULL, '2019-05-19 10:39:52', NULL, 3284, 325),
(23, NULL, NULL, '', NULL, '2019-05-19 10:39:52', NULL, 3285, 325),
(24, NULL, NULL, NULL, NULL, '0000-00-00 00:00:00', NULL, 3286, 325),
(25, NULL, NULL, 'upgrade', NULL, '2019-05-19 10:39:52', NULL, 3287, 325),
(26, NULL, NULL, 'admin', NULL, '2019-05-19 10:39:52', NULL, 3288, 325),
(20, NULL, NULL, NULL, NULL, '2019-05-19 04:39:52', NULL, 3289, 326),
(21, NULL, NULL, 'Upgrade core file: extensions/avatax_integration/core/vendor/avalara/avatax/src/AvaTax/Message.php', NULL, '2019-05-19 10:39:52', NULL, 3290, 326),
(22, NULL, NULL, '1.2.13', NULL, '2019-05-19 10:39:52', NULL, 3291, 326),
(23, NULL, NULL, '', NULL, '2019-05-19 10:39:52', NULL, 3292, 326),
(24, NULL, NULL, NULL, NULL, '0000-00-00 00:00:00', NULL, 3293, 326),
(25, NULL, NULL, 'upgrade', NULL, '2019-05-19 10:39:52', NULL, 3294, 326),
(26, NULL, NULL, 'admin', NULL, '2019-05-19 10:39:52', NULL, 3295, 326),
(20, NULL, NULL, NULL, NULL, '2019-05-19 04:39:52', NULL, 3296, 327),
(21, NULL, NULL, 'Upgrade core file: extensions/avatax_integration/core/vendor/avalara/avatax/src/AvaTax/SeverityLevel.php', NULL, '2019-05-19 10:39:52', NULL, 3297, 327),
(22, NULL, NULL, '1.2.13', NULL, '2019-05-19 10:39:52', NULL, 3298, 327),
(23, NULL, NULL, '', NULL, '2019-05-19 10:39:52', NULL, 3299, 327),
(24, NULL, NULL, NULL, NULL, '0000-00-00 00:00:00', NULL, 3300, 327),
(25, NULL, NULL, 'upgrade', NULL, '2019-05-19 10:39:52', NULL, 3301, 327),
(26, NULL, NULL, 'admin', NULL, '2019-05-19 10:39:52', NULL, 3302, 327),
(20, NULL, NULL, NULL, NULL, '2019-05-19 04:39:52', NULL, 3303, 328),
(21, NULL, NULL, 'Upgrade core file: extensions/avatax_integration/core/vendor/avalara/avatax/src/AvaTax/TaxDetail.php', NULL, '2019-05-19 10:39:52', NULL, 3304, 328),
(22, NULL, NULL, '1.2.13', NULL, '2019-05-19 10:39:52', NULL, 3305, 328),
(23, NULL, NULL, '', NULL, '2019-05-19 10:39:52', NULL, 3306, 328),
(24, NULL, NULL, NULL, NULL, '0000-00-00 00:00:00', NULL, 3307, 328),
(25, NULL, NULL, 'upgrade', NULL, '2019-05-19 10:39:52', NULL, 3308, 328),
(26, NULL, NULL, 'admin', NULL, '2019-05-19 10:39:52', NULL, 3309, 328),
(20, NULL, NULL, NULL, NULL, '2019-05-19 04:39:52', NULL, 3310, 329),
(21, NULL, NULL, 'Upgrade core file: extensions/avatax_integration/core/vendor/avalara/avatax/src/AvaTax/TaxLine.php', NULL, '2019-05-19 10:39:52', NULL, 3311, 329),
(22, NULL, NULL, '1.2.13', NULL, '2019-05-19 10:39:52', NULL, 3312, 329),
(23, NULL, NULL, '', NULL, '2019-05-19 10:39:52', NULL, 3313, 329),
(24, NULL, NULL, NULL, NULL, '0000-00-00 00:00:00', NULL, 3314, 329),
(25, NULL, NULL, 'upgrade', NULL, '2019-05-19 10:39:52', NULL, 3315, 329),
(26, NULL, NULL, 'admin', NULL, '2019-05-19 10:39:52', NULL, 3316, 329),
(20, NULL, NULL, NULL, NULL, '2019-05-19 04:39:52', NULL, 3317, 330),
(21, NULL, NULL, 'Upgrade core file: extensions/avatax_integration/core/vendor/avalara/avatax/src/AvaTax/TaxOverride.php', NULL, '2019-05-19 10:39:52', NULL, 3318, 330),
(22, NULL, NULL, '1.2.13', NULL, '2019-05-19 10:39:52', NULL, 3319, 330),
(23, NULL, NULL, '', NULL, '2019-05-19 10:39:52', NULL, 3320, 330),
(24, NULL, NULL, NULL, NULL, '0000-00-00 00:00:00', NULL, 3321, 330),
(25, NULL, NULL, 'upgrade', NULL, '2019-05-19 10:39:52', NULL, 3322, 330),
(26, NULL, NULL, 'admin', NULL, '2019-05-19 10:39:52', NULL, 3323, 330),
(20, NULL, NULL, NULL, NULL, '2019-05-19 04:39:52', NULL, 3324, 331),
(21, NULL, NULL, 'Upgrade core file: extensions/avatax_integration/core/vendor/avalara/avatax/src/AvaTax/TaxOverrideType.php', NULL, '2019-05-19 10:39:52', NULL, 3325, 331),
(22, NULL, NULL, '1.2.13', NULL, '2019-05-19 10:39:52', NULL, 3326, 331),
(23, NULL, NULL, '', NULL, '2019-05-19 10:39:52', NULL, 3327, 331),
(24, NULL, NULL, NULL, NULL, '0000-00-00 00:00:00', NULL, 3328, 331),
(25, NULL, NULL, 'upgrade', NULL, '2019-05-19 10:39:52', NULL, 3329, 331),
(26, NULL, NULL, 'admin', NULL, '2019-05-19 10:39:52', NULL, 3330, 331),
(20, NULL, NULL, NULL, NULL, '2019-05-19 04:39:52', NULL, 3331, 332),
(21, NULL, NULL, 'Upgrade core file: extensions/avatax_integration/core/vendor/avalara/avatax/src/AvaTax/TaxServiceRest.php', NULL, '2019-05-19 10:39:52', NULL, 3332, 332),
(22, NULL, NULL, '1.2.13', NULL, '2019-05-19 10:39:52', NULL, 3333, 332),
(23, NULL, NULL, '', NULL, '2019-05-19 10:39:52', NULL, 3334, 332),
(24, NULL, NULL, NULL, NULL, '0000-00-00 00:00:00', NULL, 3335, 332),
(25, NULL, NULL, 'upgrade', NULL, '2019-05-19 10:39:52', NULL, 3336, 332),
(26, NULL, NULL, 'admin', NULL, '2019-05-19 10:39:52', NULL, 3337, 332),
(20, NULL, NULL, NULL, NULL, '2019-05-19 04:39:52', NULL, 3338, 333),
(21, NULL, NULL, 'Upgrade core file: extensions/avatax_integration/core/vendor/avalara/avatax/src/AvaTax/ValidAddress.php', NULL, '2019-05-19 10:39:52', NULL, 3339, 333),
(22, NULL, NULL, '1.2.13', NULL, '2019-05-19 10:39:52', NULL, 3340, 333),
(23, NULL, NULL, '', NULL, '2019-05-19 10:39:52', NULL, 3341, 333),
(24, NULL, NULL, NULL, NULL, '0000-00-00 00:00:00', NULL, 3342, 333),
(25, NULL, NULL, 'upgrade', NULL, '2019-05-19 10:39:52', NULL, 3343, 333),
(26, NULL, NULL, 'admin', NULL, '2019-05-19 10:39:52', NULL, 3344, 333),
(20, NULL, NULL, NULL, NULL, '2019-05-19 04:39:52', NULL, 3345, 334),
(21, NULL, NULL, 'Upgrade core file: extensions/avatax_integration/core/vendor/avalara/avatax/src/AvaTax/ValidateRequest.php', NULL, '2019-05-19 10:39:52', NULL, 3346, 334),
(22, NULL, NULL, '1.2.13', NULL, '2019-05-19 10:39:52', NULL, 3347, 334),
(23, NULL, NULL, '', NULL, '2019-05-19 10:39:52', NULL, 3348, 334),
(24, NULL, NULL, NULL, NULL, '0000-00-00 00:00:00', NULL, 3349, 334),
(25, NULL, NULL, 'upgrade', NULL, '2019-05-19 10:39:52', NULL, 3350, 334),
(26, NULL, NULL, 'admin', NULL, '2019-05-19 10:39:52', NULL, 3351, 334),
(20, NULL, NULL, NULL, NULL, '2019-05-19 04:39:52', NULL, 3352, 335),
(21, NULL, NULL, 'Upgrade core file: extensions/avatax_integration/core/vendor/avalara/avatax/src/AvaTax/ValidateResult.php', NULL, '2019-05-19 10:39:52', NULL, 3353, 335),
(22, NULL, NULL, '1.2.13', NULL, '2019-05-19 10:39:52', NULL, 3354, 335),
(23, NULL, NULL, '', NULL, '2019-05-19 10:39:52', NULL, 3355, 335),
(24, NULL, NULL, NULL, NULL, '0000-00-00 00:00:00', NULL, 3356, 335),
(25, NULL, NULL, 'upgrade', NULL, '2019-05-19 10:39:52', NULL, 3357, 335),
(26, NULL, NULL, 'admin', NULL, '2019-05-19 10:39:52', NULL, 3358, 335),
(20, NULL, NULL, NULL, NULL, '2019-05-19 04:39:52', NULL, 3359, 336),
(21, NULL, NULL, 'Upgrade core file: extensions/avatax_integration/core/vendor/composer/ClassLoader.php', NULL, '2019-05-19 10:39:52', NULL, 3360, 336),
(22, NULL, NULL, '1.2.13', NULL, '2019-05-19 10:39:52', NULL, 3361, 336),
(23, NULL, NULL, '', NULL, '2019-05-19 10:39:52', NULL, 3362, 336),
(24, NULL, NULL, NULL, NULL, '0000-00-00 00:00:00', NULL, 3363, 336),
(25, NULL, NULL, 'upgrade', NULL, '2019-05-19 10:39:52', NULL, 3364, 336),
(26, NULL, NULL, 'admin', NULL, '2019-05-19 10:39:52', NULL, 3365, 336),
(20, NULL, NULL, NULL, NULL, '2019-05-19 04:39:52', NULL, 3366, 337),
(21, NULL, NULL, 'Upgrade core file: extensions/avatax_integration/core/vendor/composer/LICENSE', NULL, '2019-05-19 10:39:52', NULL, 3367, 337),
(22, NULL, NULL, '1.2.13', NULL, '2019-05-19 10:39:52', NULL, 3368, 337),
(23, NULL, NULL, '', NULL, '2019-05-19 10:39:52', NULL, 3369, 337),
(24, NULL, NULL, NULL, NULL, '0000-00-00 00:00:00', NULL, 3370, 337),
(25, NULL, NULL, 'upgrade', NULL, '2019-05-19 10:39:52', NULL, 3371, 337),
(26, NULL, NULL, 'admin', NULL, '2019-05-19 10:39:52', NULL, 3372, 337),
(20, NULL, NULL, NULL, NULL, '2019-05-19 04:39:52', NULL, 3373, 338),
(21, NULL, NULL, 'Upgrade core file: extensions/avatax_integration/core/vendor/composer/autoload_classmap.php', NULL, '2019-05-19 10:39:52', NULL, 3374, 338),
(22, NULL, NULL, '1.2.13', NULL, '2019-05-19 10:39:52', NULL, 3375, 338),
(23, NULL, NULL, '', NULL, '2019-05-19 10:39:52', NULL, 3376, 338),
(24, NULL, NULL, NULL, NULL, '0000-00-00 00:00:00', NULL, 3377, 338),
(25, NULL, NULL, 'upgrade', NULL, '2019-05-19 10:39:52', NULL, 3378, 338),
(26, NULL, NULL, 'admin', NULL, '2019-05-19 10:39:52', NULL, 3379, 338),
(20, NULL, NULL, NULL, NULL, '2019-05-19 04:39:52', NULL, 3380, 339),
(21, NULL, NULL, 'Upgrade core file: extensions/avatax_integration/core/vendor/composer/autoload_namespaces.php', NULL, '2019-05-19 10:39:52', NULL, 3381, 339),
(22, NULL, NULL, '1.2.13', NULL, '2019-05-19 10:39:52', NULL, 3382, 339),
(23, NULL, NULL, '', NULL, '2019-05-19 10:39:52', NULL, 3383, 339),
(24, NULL, NULL, NULL, NULL, '0000-00-00 00:00:00', NULL, 3384, 339),
(25, NULL, NULL, 'upgrade', NULL, '2019-05-19 10:39:52', NULL, 3385, 339),
(26, NULL, NULL, 'admin', NULL, '2019-05-19 10:39:52', NULL, 3386, 339),
(20, NULL, NULL, NULL, NULL, '2019-05-19 04:39:52', NULL, 3387, 340),
(21, NULL, NULL, 'Upgrade core file: extensions/avatax_integration/core/vendor/composer/autoload_psr4.php', NULL, '2019-05-19 10:39:52', NULL, 3388, 340),
(22, NULL, NULL, '1.2.13', NULL, '2019-05-19 10:39:52', NULL, 3389, 340),
(23, NULL, NULL, '', NULL, '2019-05-19 10:39:52', NULL, 3390, 340),
(24, NULL, NULL, NULL, NULL, '0000-00-00 00:00:00', NULL, 3391, 340),
(25, NULL, NULL, 'upgrade', NULL, '2019-05-19 10:39:52', NULL, 3392, 340),
(26, NULL, NULL, 'admin', NULL, '2019-05-19 10:39:52', NULL, 3393, 340),
(20, NULL, NULL, NULL, NULL, '2019-05-19 04:39:52', NULL, 3394, 341),
(21, NULL, NULL, 'Upgrade core file: extensions/avatax_integration/core/vendor/composer/autoload_real.php', NULL, '2019-05-19 10:39:52', NULL, 3395, 341),
(22, NULL, NULL, '1.2.13', NULL, '2019-05-19 10:39:52', NULL, 3396, 341),
(23, NULL, NULL, '', NULL, '2019-05-19 10:39:52', NULL, 3397, 341),
(24, NULL, NULL, NULL, NULL, '0000-00-00 00:00:00', NULL, 3398, 341),
(25, NULL, NULL, 'upgrade', NULL, '2019-05-19 10:39:52', NULL, 3399, 341),
(26, NULL, NULL, 'admin', NULL, '2019-05-19 10:39:52', NULL, 3400, 341),
(20, NULL, NULL, NULL, NULL, '2019-05-19 04:39:52', NULL, 3401, 342),
(21, NULL, NULL, 'Upgrade core file: extensions/avatax_integration/core/vendor/composer/installed.json', NULL, '2019-05-19 10:39:52', NULL, 3402, 342),
(22, NULL, NULL, '1.2.13', NULL, '2019-05-19 10:39:52', NULL, 3403, 342),
(23, NULL, NULL, '', NULL, '2019-05-19 10:39:52', NULL, 3404, 342),
(24, NULL, NULL, NULL, NULL, '0000-00-00 00:00:00', NULL, 3405, 342),
(25, NULL, NULL, 'upgrade', NULL, '2019-05-19 10:39:52', NULL, 3406, 342),
(26, NULL, NULL, 'admin', NULL, '2019-05-19 10:39:52', NULL, 3407, 342),
(20, NULL, NULL, NULL, NULL, '2019-05-19 04:39:52', NULL, 3408, 343),
(21, NULL, NULL, 'Upgrade core file: extensions/avatax_integration/help.txt', NULL, '2019-05-19 10:39:52', NULL, 3409, 343),
(22, NULL, NULL, '1.2.13', NULL, '2019-05-19 10:39:52', NULL, 3410, 343),
(23, NULL, NULL, '', NULL, '2019-05-19 10:39:52', NULL, 3411, 343),
(24, NULL, NULL, NULL, NULL, '0000-00-00 00:00:00', NULL, 3412, 343),
(25, NULL, NULL, 'upgrade', NULL, '2019-05-19 10:39:52', NULL, 3413, 343),
(26, NULL, NULL, 'admin', NULL, '2019-05-19 10:39:52', NULL, 3414, 343),
(20, NULL, NULL, NULL, NULL, '2019-05-19 04:39:52', NULL, 3415, 344),
(21, NULL, NULL, 'Upgrade core file: extensions/avatax_integration/image/icon.png', NULL, '2019-05-19 10:39:52', NULL, 3416, 344),
(22, NULL, NULL, '1.2.13', NULL, '2019-05-19 10:39:52', NULL, 3417, 344),
(23, NULL, NULL, '', NULL, '2019-05-19 10:39:52', NULL, 3418, 344),
(24, NULL, NULL, NULL, NULL, '0000-00-00 00:00:00', NULL, 3419, 344),
(25, NULL, NULL, 'upgrade', NULL, '2019-05-19 10:39:52', NULL, 3420, 344),
(26, NULL, NULL, 'admin', NULL, '2019-05-19 10:39:52', NULL, 3421, 344),
(20, NULL, NULL, NULL, NULL, '2019-05-19 04:39:52', NULL, 3422, 345),
(21, NULL, NULL, 'Upgrade core file: extensions/avatax_integration/install.php', NULL, '2019-05-19 10:39:52', NULL, 3423, 345),
(22, NULL, NULL, '1.2.13', NULL, '2019-05-19 10:39:52', NULL, 3424, 345),
(23, NULL, NULL, '', NULL, '2019-05-19 10:39:52', NULL, 3425, 345);
