INSERT INTO `ab1l_language_definitions` (`language_definition_id`, `language_id`, `section`, `block`, `language_key`, `language_value`, `date_added`, `date_modified`) VALUES
(5712, 2, 1, 'sale_customer', 'error_loginname', 'Login name must be alphanumeric only and between 5 and 64 characters!', '2017-10-11 21:04:12', '2017-10-11 21:04:12'),
(5713, 2, 1, 'sale_customer', 'error_loginname_notunique', 'This login name is not available. Try different login name!', '2017-10-11 21:04:12', '2017-10-11 21:04:12'),
(5714, 2, 1, 'sale_customer', 'error_firstname', 'First Name must be between 1 and 32 characters!', '2017-10-11 21:04:12', '2017-10-11 21:04:12'),
(5715, 2, 1, 'sale_customer', 'error_lastname', 'Last Name must be between 1 and 32 characters!', '2017-10-11 21:04:12', '2017-10-11 21:04:12'),
(5716, 2, 1, 'sale_customer', 'error_email', 'E-Mail Address does not appear to be valid!', '2017-10-11 21:04:12', '2017-10-11 21:04:12'),
(5717, 2, 1, 'sale_customer', 'error_telephone', 'Telephone must be between 3 and 32 characters!', '2017-10-11 21:04:12', '2017-10-11 21:04:12'),
(5718, 2, 1, 'sale_customer', 'error_password', 'Password must be between 3 and 20 characters!', '2017-10-11 21:04:12', '2017-10-11 21:04:12'),
(5719, 2, 1, 'sale_customer', 'error_confirm', 'Password and password confirmation do not match!', '2017-10-11 21:04:12', '2017-10-11 21:04:12'),
(5720, 2, 1, 'sale_customer', 'error_address_firstname', 'First Name must be between 1 and 32 characters!', '2017-10-11 21:04:12', '2017-10-11 21:04:12'),
(5721, 2, 1, 'sale_customer', 'error_address_lastname', 'Last Name must be between 1 and 32 characters!', '2017-10-11 21:04:12', '2017-10-11 21:04:12'),
(5722, 2, 1, 'sale_customer', 'error_address_1', 'Address must be between 3 and 128 characters!', '2017-10-11 21:04:12', '2017-10-11 21:04:12'),
(5723, 2, 1, 'sale_customer', 'error_city', 'City must be between 3 and 128 characters!', '2017-10-11 21:04:12', '2017-10-11 21:04:12'),
(5724, 2, 1, 'sale_customer', 'error_country', 'Please select a country!', '2017-10-11 21:04:12', '2017-10-11 21:04:12'),
(5725, 2, 1, 'sale_customer', 'error_zone', 'Please select a region / state!', '2017-10-11 21:04:12', '2017-10-11 21:04:12'),
(5726, 2, 1, 'sale_customer', 'text_select_approved', '- Select Approved -', '2017-10-11 21:04:12', '2017-10-11 21:04:12'),
(5727, 2, 1, 'sale_customer', 'text_select_group', '- Select Group -', '2017-10-11 21:04:12', '2017-10-11 21:04:12'),
(5728, 2, 1, 'sale_customer', 'tab_customer_details', 'Customer details', '2017-10-11 21:04:12', '2017-10-11 21:04:12'),
(5729, 2, 1, 'sale_customer', 'tab_transactions', 'Transactions', '2017-10-11 21:04:12', '2017-10-11 21:04:12'),
(5730, 2, 1, 'sale_customer', 'heading_title_transactions', 'Customer\'s transactions', '2017-10-11 21:04:12', '2017-10-11 21:04:12'),
(5731, 2, 1, 'sale_customer', 'column_create_date', 'Date Created', '2017-10-11 21:04:12', '2017-10-11 21:04:12'),
(5732, 2, 1, 'sale_customer', 'column_created_by', 'Created By', '2017-10-11 21:04:12', '2017-10-11 21:04:12'),
(5733, 2, 1, 'sale_customer', 'column_debit', 'Debit', '2017-10-11 21:04:12', '2017-10-11 21:04:12'),
(5734, 2, 1, 'sale_customer', 'column_credit', 'Credit', '2017-10-11 21:04:12', '2017-10-11 21:04:12'),
(5735, 2, 1, 'sale_customer', 'column_transaction_type', 'Transaction Type', '2017-10-11 21:04:12', '2017-10-11 21:04:12'),
(5736, 2, 1, 'sale_customer', 'text_balance', 'Balance:', '2017-10-11 21:04:12', '2017-10-11 21:04:12'),
(5737, 2, 1, 'sale_customer', 'text_last_login', 'Last Log-in:', '2017-10-11 21:04:12', '2017-10-11 21:04:12'),
(5738, 2, 1, 'sale_customer', 'text_never', 'Never', '2017-10-11 21:04:12', '2017-10-11 21:04:12'),
(5739, 2, 1, 'sale_customer', 'popup_title_info', 'Transaction information', '2017-10-11 21:04:12', '2017-10-11 21:04:12'),
(5740, 2, 1, 'sale_customer', 'popup_title_insert', 'Insert New Transaction', '2017-10-11 21:04:12', '2017-10-11 21:04:12'),
(5741, 2, 1, 'sale_customer', 'entry_credit', 'Credit (increase balance)', '2017-10-11 21:04:12', '2017-10-11 21:04:12'),
(5742, 2, 1, 'sale_customer', 'entry_debit', 'Debit (decrease balance)', '2017-10-11 21:04:12', '2017-10-11 21:04:12'),
(5743, 2, 1, 'sale_customer', 'entry_transaction_type', 'Transaction Type: ', '2017-10-11 21:04:12', '2017-10-11 21:04:12'),
(5744, 2, 1, 'sale_customer', 'entry_other_type', 'Add New Custom Transaction Type: ', '2017-10-11 21:04:12', '2017-10-11 21:04:12'),
(5745, 2, 1, 'sale_customer', 'text_other_type_placeholder', 'type new name here ', '2017-10-11 21:04:12', '2017-10-11 21:04:12'),
(5746, 2, 1, 'sale_customer', 'text_option_other_type', 'Other... ', '2017-10-11 21:04:12', '2017-10-11 21:04:12'),
(5747, 2, 1, 'sale_customer', 'entry_transaction_description', 'Description (for customer):', '2017-10-11 21:04:12', '2017-10-11 21:04:12'),
(5748, 2, 1, 'sale_customer', 'entry_transaction_comment', 'Comment (for internal use):', '2017-10-11 21:04:12', '2017-10-11 21:04:12'),
(5749, 2, 1, 'sale_customer', 'entry_update_date', 'Update Date:', '2017-10-11 21:04:12', '2017-10-11 21:04:12'),
(5750, 2, 1, 'sale_customer', 'entry_create_date', 'Create Date:', '2017-10-11 21:04:12', '2017-10-11 21:04:12'),
(5751, 2, 1, 'sale_customer', 'error_transaction_type', 'Error: Please fill transaction type form field.', '2017-10-11 21:04:12', '2017-10-11 21:04:12'),
(5752, 2, 1, 'sale_customer', 'error_empty_debit_credit', 'Error: Please fill debit or credit value for customer transaction.', '2017-10-11 21:04:12', '2017-10-11 21:04:12'),
(5753, 2, 1, 'sale_customer', 'text_transaction_success', 'Success: You have modified transaction!', '2017-10-11 21:04:12', '2017-10-11 21:04:12'),
(5754, 2, 1, 'sale_customer', 'text_edit_address', 'Edit Address', '2017-10-11 21:04:12', '2017-10-11 21:04:12'),
(5755, 2, 1, 'sale_customer', 'entry_default', 'Default Address:', '2017-10-11 21:04:12', '2017-10-11 21:04:12'),
(5756, 2, 1, 'sale_customer', 'error_delete_default', 'Error: Default address cannot be deleted!', '2017-10-11 21:04:12', '2017-10-11 21:04:12'),
(5757, 2, 1, 'sale_customer', 'error_delete_last', 'Error: you must have at least one address!', '2017-10-11 21:04:12', '2017-10-11 21:04:12'),
(5758, 2, 1, 'sale_customer', 'entry_date_added', 'Date Added:', '2017-10-11 21:04:12', '2017-10-11 21:04:12'),
(5759, 2, 1, 'sale_customer', 'entry_date_modified', 'Date Modified:', '2017-10-11 21:04:12', '2017-10-11 21:04:12'),
(5760, 2, 1, 'sale_customer', 'warning_actonbehalf_additional_store', 'To act on behalf of customer in additional store you should to login into another store\'s admin side. Continue?', '2017-10-11 21:04:12', '2017-10-11 21:04:12'),
(5761, 2, 1, 'sale_customer', 'entry_notify', 'Notify Customer:', '2017-10-11 21:04:12', '2017-10-11 21:04:12'),
(5762, 2, 1, 'sale_customer', 'text_transaction_notification_subject', 'New transaction has been posted to your %s account', '2017-10-11 21:04:12', '2017-10-11 21:04:12'),
(5763, 2, 1, 'sale_customer', 'text_transaction_notification_message', 'New transaction has been posted to your %s account in the amount of %s. For more details, login to %s account', '2017-10-11 21:04:12', '2017-10-11 21:04:12'),
(5764, 2, 1, 'sale_customer', 'text_total_order', 'Total Orders:', '2017-10-11 21:04:12', '2017-10-11 21:04:12'),
(5765, 2, 1, 'mail_customer', 'text_subject', '%s - Your Account has been activated!', '2017-10-11 21:06:59', '2017-10-11 21:06:59'),
(5766, 2, 1, 'mail_customer', 'text_welcome', 'স্বাগতম এবং নিবন্ধন করার জন্য আপনাকে ধন্যবাদ  %s!', '2017-10-11 21:06:59', '2017-10-12 21:54:49'),
(5767, 2, 1, 'mail_customer', 'text_login', 'Your account has now been created and you can log in by using your email address and password by visiting our website or at the following URL:', '2017-10-11 21:06:59', '2017-10-11 21:06:59'),
(5768, 2, 1, 'mail_customer', 'text_services', 'Once you logging in, you will be able to access, your wishlist, order history, printing invoices and editing your account information.', '2017-10-11 21:06:59', '2017-10-11 21:06:59'),
(5769, 2, 1, 'mail_customer', 'text_thanks', 'Thank you,', '2017-10-11 21:06:59', '2017-10-11 21:06:59'),
(5770, 2, 0, 'default_flat_rate_shipping_default_flat_rate_shipping', 'text_title', 'Flat Rate', '2017-10-11 21:08:38', '2017-10-11 21:08:38'),
(5771, 2, 0, 'default_flat_rate_shipping_default_flat_rate_shipping', 'text_description', 'Flat Shipping Rate', '2017-10-11 21:08:38', '2017-10-11 21:08:38'),
(5772, 2, 0, 'checkout_payment', 'heading_title', 'Payment Information', '2017-10-11 21:08:39', '2017-10-11 21:08:39'),
(5773, 2, 0, 'checkout_payment', 'text_basket', 'Basket', '2017-10-11 21:08:39', '2017-10-11 21:08:39'),
(5774, 2, 0, 'checkout_payment', 'entry_shipping', 'Shipping', '2017-10-11 21:08:39', '2017-10-11 21:08:39'),
(5775, 2, 0, 'checkout_payment', 'entry_payment', 'Payment', '2017-10-11 21:08:39', '2017-10-11 21:08:39'),
(5776, 2, 0, 'checkout_payment', 'text_payment_to', 'Please choose from your address book where you would like the invoice sent.', '2017-10-11 21:08:39', '2017-10-11 21:08:39'),
(5777, 2, 0, 'checkout_payment', 'text_payment_address', 'Payment Address', '2017-10-11 21:08:39', '2017-10-11 21:08:39'),
(5778, 2, 0, 'checkout_payment', 'text_payment_method', 'Payment Method', '2017-10-11 21:08:39', '2017-10-11 21:08:39'),
(5779, 2, 0, 'checkout_payment', 'text_payment_methods', 'Please select the preferred payment method to use on this order.', '2017-10-11 21:08:39', '2017-10-11 21:08:39'),
(5780, 2, 0, 'checkout_payment', 'text_comments', 'Add Comments About Your Order', '2017-10-11 21:08:39', '2017-10-11 21:08:39'),
(5781, 2, 0, 'checkout_payment', 'text_agree', 'I have read and agree to the', '2017-10-11 21:08:39', '2017-10-11 21:08:39'),
(5782, 2, 0, 'checkout_payment', 'text_coupon', 'Enter your code and click \"Apply Coupon\" and to see your discount instantly applied to your order.', '2017-10-11 21:08:39', '2017-10-11 21:08:39'),
(5783, 2, 0, 'checkout_payment', 'text_success', 'Success: Your coupon discount has been applied!', '2017-10-11 21:08:39', '2017-10-11 21:08:39'),
(5784, 2, 0, 'checkout_payment', 'text_coupon_removal', 'Success: Coupon has been removed!', '2017-10-11 21:08:39', '2017-10-11 21:08:39'),
(5785, 2, 0, 'checkout_payment', 'entry_coupon', 'Coupon:', '2017-10-11 21:08:39', '2017-10-11 21:08:39'),
(5786, 2, 0, 'checkout_payment', 'error_payment', 'Error: Payment method required!', '2017-10-11 21:08:39', '2017-10-11 21:08:39'),
(5787, 2, 0, 'checkout_payment', 'error_agree', 'Error: You must agree to the %s!', '2017-10-11 21:08:39', '2017-10-11 21:08:39'),
(5788, 2, 0, 'checkout_payment', 'error_coupon', 'Error: Coupon is either invalid, expired or reached it\'s usage limit!', '2017-10-11 21:08:39', '2017-10-11 21:08:39'),
(5789, 2, 0, 'default_cod_default_cod', 'text_title', 'Cash On Delivery', '2017-10-11 21:08:39', '2017-10-11 21:08:39'),
(5790, 2, 0, 'default_cod_default_cod', 'text_note', 'Payment needs to be established upon delivery or pickup of the product', '2017-10-11 21:08:39', '2017-10-11 21:08:39'),
(5791, 2, 0, 'default_cod_default_cod', 'text_wait', 'Please wait!', '2017-10-11 21:08:39', '2017-10-11 21:08:39'),
(5792, 2, 0, 'checkout_confirm', 'heading_title', 'Checkout Confirmation', '2017-10-11 21:08:39', '2017-10-11 21:08:39'),
(5793, 2, 0, 'checkout_confirm', 'text_basket', 'Basket', '2017-10-11 21:08:39', '2017-10-11 21:08:39'),
(5794, 2, 0, 'checkout_confirm', 'text_edit_basket', 'Edit Cart', '2017-10-11 21:08:39', '2017-10-11 21:08:39'),
(5795, 2, 0, 'checkout_confirm', 'text_accept_agree', 'By clicking Confirm Order, you accept and agree to all terms of', '2017-10-11 21:08:39', '2017-10-11 21:08:39'),
(5796, 2, 0, 'checkout_confirm', 'text_cart_items', 'Items in your cart', '2017-10-11 21:08:39', '2017-10-11 21:08:39'),
(5797, 2, 0, 'checkout_confirm', 'text_shipping', 'Shipping', '2017-10-11 21:08:39', '2017-10-11 21:08:39'),
(5798, 2, 0, 'checkout_confirm', 'text_edit_shipping', 'Edit Shipping', '2017-10-11 21:08:39', '2017-10-11 21:08:39'),
(5799, 2, 0, 'checkout_confirm', 'text_payment', 'Payment', '2017-10-11 21:08:39', '2017-10-11 21:08:39'),
(5800, 2, 0, 'checkout_confirm', 'text_edit_payment', 'Edit Payment', '2017-10-11 21:08:39', '2017-10-11 21:08:39'),
(5801, 2, 0, 'checkout_confirm', 'text_guest_step_1', 'Guest Checkout - Step 1', '2017-10-11 21:08:39', '2017-10-11 21:08:39'),
(5802, 2, 0, 'checkout_confirm', 'text_guest_step_2', 'Guest Checkout - Step 2', '2017-10-11 21:08:39', '2017-10-11 21:08:39'),
(5803, 2, 0, 'checkout_confirm', 'text_confirm', 'Confirm', '2017-10-11 21:08:39', '2017-10-11 21:08:39'),
(5804, 2, 0, 'checkout_confirm', 'text_shipping_address', 'Shipping Address', '2017-10-11 21:08:39', '2017-10-11 21:08:39'),
(5805, 2, 0, 'checkout_confirm', 'text_shipping_method', 'Shipping Method', '2017-10-11 21:08:39', '2017-10-11 21:08:39'),
(5806, 2, 0, 'checkout_confirm', 'text_payment_address', 'Payment Address', '2017-10-11 21:08:39', '2017-10-11 21:08:39'),
(5807, 2, 0, 'checkout_confirm', 'text_payment_method', 'Payment Method', '2017-10-11 21:08:39', '2017-10-11 21:08:39'),
(5808, 2, 0, 'checkout_confirm', 'text_change', 'Change', '2017-10-11 21:08:39', '2017-10-11 21:08:39'),
(5809, 2, 0, 'checkout_confirm', 'text_comment', 'Your Comments', '2017-10-11 21:08:39', '2017-10-11 21:08:39'),
(5810, 2, 0, 'checkout_confirm', 'text_discount', 'Discount Coupon', '2017-10-11 21:08:39', '2017-10-11 21:08:39'),
(5811, 2, 0, 'checkout_confirm', 'column_product', 'Product', '2017-10-11 21:08:39', '2017-10-11 21:08:39'),
(5812, 2, 0, 'checkout_confirm', 'column_model', 'Model', '2017-10-11 21:08:39', '2017-10-11 21:08:39'),
(5813, 2, 0, 'checkout_confirm', 'column_quantity', 'Quantity', '2017-10-11 21:08:39', '2017-10-11 21:08:39'),
(5814, 2, 0, 'checkout_confirm', 'column_price', 'Price', '2017-10-11 21:08:39', '2017-10-11 21:08:39'),
(5815, 2, 0, 'checkout_confirm', 'column_total', 'Total', '2017-10-11 21:08:39', '2017-10-11 21:08:39'),
(5816, 2, 0, 'checkout_confirm', 'text_add_coupon', 'Edit Coupon', '2017-10-11 21:08:39', '2017-10-11 21:08:39'),
(5817, 2, 0, 'blocks_order_summary', 'heading_title', 'Order Summary', '2017-10-11 21:08:39', '2017-10-11 21:08:39'),
(5818, 2, 0, 'blocks_order_summary', 'text_subtotal', 'Sub-Total:', '2017-10-11 21:08:39', '2017-10-11 21:08:39'),
(5819, 2, 0, 'blocks_order_summary', 'text_empty', '0 items', '2017-10-11 21:08:39', '2017-10-11 21:08:39'),
(5820, 2, 0, 'blocks_order_summary', 'text_confirm', 'Confirm?', '2017-10-11 21:08:39', '2017-10-11 21:08:39'),
(5821, 2, 0, 'blocks_order_summary', 'text_remove', 'Remove', '2017-10-11 21:08:39', '2017-10-11 21:08:39'),
(5822, 2, 0, 'blocks_order_summary', 'text_view', 'View Cart', '2017-10-11 21:08:39', '2017-10-11 21:08:39'),
(5823, 2, 0, 'blocks_order_summary', 'text_checkout', 'Checkout', '2017-10-11 21:08:39', '2017-10-11 21:08:39'),
(5824, 2, 0, 'blocks_order_summary', 'text_items', 'Items', '2017-10-11 21:08:39', '2017-10-11 21:08:39'),
(5825, 2, 0, 'mail_order_confirm', 'text_subject', '%s - Order %s', '2017-10-11 21:08:49', '2017-10-11 21:08:49'),
(5826, 2, 0, 'mail_order_confirm', 'text_greeting', 'Thank you for your interest in %s products. Your order has been received and will be processed after payment is confirmed.', '2017-10-11 21:08:49', '2017-10-11 21:08:49'),
(5827, 2, 0, 'mail_order_confirm', 'text_received', 'You have received an order.', '2017-10-11 21:08:49', '2017-10-11 21:08:49'),
(5828, 2, 0, 'mail_order_confirm', 'text_order_detail', 'Order Details', '2017-10-11 21:08:49', '2017-10-11 21:08:49'),
(5829, 2, 0, 'mail_order_confirm', 'text_order_id', 'Order ID:', '2017-10-11 21:08:49', '2017-10-11 21:08:49'),
(5830, 2, 0, 'mail_order_confirm', 'text_date_added', 'Date Ordered:', '2017-10-11 21:08:49', '2017-10-11 21:08:49'),
(5831, 2, 0, 'mail_order_confirm', 'text_order_status', 'Order Status:', '2017-10-11 21:08:49', '2017-10-11 21:08:49'),
(5832, 2, 0, 'mail_order_confirm', 'text_invoice', 'To view your order click on the link below:', '2017-10-11 21:08:49', '2017-10-11 21:08:49'),
(5833, 2, 0, 'mail_order_confirm', 'text_shipping_method', 'Shipping Method:', '2017-10-11 21:08:49', '2017-10-11 21:08:49'),
(5834, 2, 0, 'mail_order_confirm', 'text_payment_method', 'Payment Method:', '2017-10-11 21:08:49', '2017-10-11 21:08:49'),
(5835, 2, 0, 'mail_order_confirm', 'text_shipping_address', 'Shipping Address', '2017-10-11 21:08:49', '2017-10-11 21:08:49'),
(5836, 2, 0, 'mail_order_confirm', 'text_payment_address', 'Payment Address', '2017-10-11 21:08:49', '2017-10-11 21:08:49'),
(5837, 2, 0, 'mail_order_confirm', 'text_email', 'Email:', '2017-10-11 21:08:49', '2017-10-11 21:08:49'),
(5838, 2, 0, 'mail_order_confirm', 'text_telephone', 'Telephone:', '2017-10-11 21:08:49', '2017-10-11 21:08:49'),
(5839, 2, 0, 'mail_order_confirm', 'text_mobile_phone', 'Mobile Phone:', '2017-10-11 21:08:49', '2017-10-11 21:08:49'),
(5840, 2, 0, 'mail_order_confirm', 'text_fax', 'Fax:', '2017-10-11 21:08:49', '2017-10-11 21:08:49'),
(5841, 2, 0, 'mail_order_confirm', 'text_ip', 'IP Address:', '2017-10-11 21:08:49', '2017-10-11 21:08:49'),
(5842, 2, 0, 'mail_order_confirm', 'text_product', 'Products:', '2017-10-11 21:08:49', '2017-10-11 21:08:49'),
(5843, 2, 0, 'mail_order_confirm', 'text_total', 'Totals:', '2017-10-11 21:08:49', '2017-10-11 21:08:49'),
(5844, 2, 0, 'mail_order_confirm', 'text_download', 'Once your payment has been confirmed you can click on the link below to access your downloadable products:', '2017-10-11 21:08:49', '2017-10-11 21:08:49'),
(5845, 2, 0, 'mail_order_confirm', 'text_comment', 'The comments for your order are:', '2017-10-11 21:08:49', '2017-10-11 21:08:49'),
(5846, 2, 0, 'mail_order_confirm', 'text_footer', 'Please reply to this email if you have any questions.', '2017-10-11 21:08:49', '2017-10-11 21:08:49'),
(5847, 2, 0, 'mail_order_confirm', 'text_powered_by', 'পরিচালনায়', '2017-10-11 21:08:49', '2017-10-13 01:38:43'),
(5848, 2, 0, 'mail_order_confirm', 'text_new_order', 'New Order - #', '2017-10-11 21:08:49', '2017-10-11 21:08:49'),
(5849, 2, 0, 'mail_order_confirm', 'text_new_order_text', 'Customer %s added new order', '2017-10-11 21:08:49', '2017-10-11 21:08:49'),
(5850, 2, 0, 'mail_order_confirm', 'column_product', 'পণ্যসমূহ', '2017-10-11 21:08:49', '2017-10-13 01:39:39'),
(5851, 2, 0, 'mail_order_confirm', 'column_model', 'মডেল', '2017-10-11 21:08:49', '2017-10-13 01:39:54'),
(5852, 2, 0, 'mail_order_confirm', 'column_quantity', 'Quantity', '2017-10-11 21:08:49', '2017-10-11 21:08:49'),
(5853, 2, 0, 'mail_order_confirm', 'column_price', 'Price', '2017-10-11 21:08:49', '2017-10-11 21:08:49'),
(5854, 2, 0, 'mail_order_confirm', 'column_total', 'সর্বমোট', '2017-10-11 21:08:49', '2017-10-13 01:37:54'),
(5855, 2, 0, 'checkout_success', 'heading_title', 'Your Order Has Been Processed!', '2017-10-11 21:08:50', '2017-10-11 21:08:50'),
(5856, 2, 0, 'checkout_success', 'text_message_account', '<p>Your order #%s has been created!</p>\n			<p>You can view your order details by going to the <a href=\"%s\">invoice page</a>.</p>\n			<p>Please direct any questions you have to the <a href=\"%s\">store owner</a>.</p>\n			<p>Thank you for shopping with us!</p>', '2017-10-11 21:08:50', '2017-10-11 21:08:50'),
(5857, 2, 0, 'checkout_success', 'text_message_guest', '<p>Your order has been successfully processed!</p>\n			<p>You can view your order details by going to the <a href=\"%s\">invoice page</a>.</p>\n			<p>Please direct any questions you have to the <a href=\"%s\">store owner</a>.</p>\n			<p>Thank you for shopping with us!</p>', '2017-10-11 21:08:50', '2017-10-11 21:08:50'),
(5858, 2, 0, 'checkout_success', 'text_basket', 'Basket', '2017-10-11 21:08:50', '2017-10-11 21:08:50'),
(5859, 2, 0, 'checkout_success', 'text_shipping', 'Shipping', '2017-10-11 21:08:50', '2017-10-11 21:08:50'),
(5860, 2, 0, 'checkout_success', 'text_payment', 'Payment', '2017-10-11 21:08:50', '2017-10-11 21:08:50'),
(5861, 2, 0, 'checkout_success', 'text_guest', 'Guest Checkout', '2017-10-11 21:08:50', '2017-10-11 21:08:50'),
(5862, 2, 0, 'checkout_success', 'text_confirm', 'Confirm', '2017-10-11 21:08:50', '2017-10-11 21:08:50'),
(5863, 2, 0, 'checkout_success', 'text_success', 'Success', '2017-10-11 21:08:50', '2017-10-11 21:08:50'),
(5864, 2, 0, 'checkout_success', 'text_message_failed_order', 'Oops! We have experienced some issue with your transaction. Your order will be verified manually by administrator.', '2017-10-11 21:08:50', '2017-10-11 21:08:50'),
(5865, 2, 0, 'checkout_success', 'text_title_failed_order_to_admin', 'Failed order #%s', '2017-10-11 21:08:50', '2017-10-11 21:08:50'),
(5866, 2, 0, 'checkout_success', 'text_message_failed_order_to_admin', 'Failed or missing response from payment verification. Manual verification is required!', '2017-10-11 21:08:50', '2017-10-11 21:08:50'),
(5867, 2, 0, 'account_invoice', 'heading_title', 'Order Details', '2017-10-11 21:09:06', '2017-10-11 21:09:06'),
(5868, 2, 0, 'account_invoice', 'text_account', 'Account', '2017-10-11 21:09:06', '2017-10-11 21:09:06'),
(5869, 2, 0, 'account_invoice', 'text_history', 'Order History', '2017-10-11 21:09:06', '2017-10-11 21:09:06'),
(5870, 2, 0, 'account_invoice', 'text_invoice', 'Invoice', '2017-10-11 21:09:06', '2017-10-11 21:09:06'),
(5871, 2, 0, 'account_invoice', 'text_invoice_id', 'Invoice ID', '2017-10-11 21:09:06', '2017-10-11 21:09:06'),
(5872, 2, 0, 'account_invoice', 'text_order_id', 'Order ID', '2017-10-11 21:09:06', '2017-10-11 21:09:06'),
(5873, 2, 0, 'account_invoice', 'text_email', 'E-Mail', '2017-10-11 21:09:06', '2017-10-11 21:09:06'),
(5874, 2, 0, 'account_invoice', 'text_telephone', 'Telephone', '2017-10-11 21:09:06', '2017-10-11 21:09:06'),
(5875, 2, 0, 'account_invoice', 'text_mobile_phone', 'Mobile Phone:', '2017-10-11 21:09:06', '2017-10-11 21:09:06'),
(5876, 2, 0, 'account_invoice', 'text_fax', 'Fax', '2017-10-11 21:09:06', '2017-10-11 21:09:06'),
(5877, 2, 0, 'account_invoice', 'text_shipping_address', 'Shipping Address', '2017-10-11 21:09:06', '2017-10-11 21:09:06'),
(5878, 2, 0, 'account_invoice', 'text_shipping_method', 'Shipping Method', '2017-10-11 21:09:06', '2017-10-11 21:09:06'),
(5879, 2, 0, 'account_invoice', 'text_payment_address', 'Payment Address', '2017-10-11 21:09:06', '2017-10-11 21:09:06'),
(5880, 2, 0, 'account_invoice', 'text_payment_method', 'Payment Method', '2017-10-11 21:09:06', '2017-10-11 21:09:06'),
(5881, 2, 0, 'account_invoice', 'text_order_history', 'Order History', '2017-10-11 21:09:06', '2017-10-11 21:09:06'),
(5882, 2, 0, 'account_invoice', 'text_product', 'Product', '2017-10-11 21:09:06', '2017-10-11 21:09:06'),
(5883, 2, 0, 'account_invoice', 'text_model', 'Model', '2017-10-11 21:09:06', '2017-10-11 21:09:06'),
(5884, 2, 0, 'account_invoice', 'text_quantity', 'Quantity', '2017-10-11 21:09:06', '2017-10-11 21:09:06'),
(5885, 2, 0, 'account_invoice', 'text_price', 'Unit Price', '2017-10-11 21:09:06', '2017-10-11 21:09:06'),
(5886, 2, 0, 'account_invoice', 'text_total', 'Total', '2017-10-11 21:09:06', '2017-10-11 21:09:06'),
(5887, 2, 0, 'account_invoice', 'text_comment', 'Order Comments', '2017-10-11 21:09:06', '2017-10-11 21:09:06'),
(5888, 2, 0, 'account_invoice', 'text_image', 'Image', '2017-10-11 21:09:06', '2017-10-11 21:09:06'),
(5889, 2, 0, 'account_invoice', 'text_error', 'The order you have requested could not be found!', '2017-10-11 21:09:06', '2017-10-11 21:09:06'),
(5890, 2, 0, 'account_invoice', 'column_date_added', 'Date Added', '2017-10-11 21:09:06', '2017-10-11 21:09:06'),
(5891, 2, 0, 'account_invoice', 'column_status', 'Status', '2017-10-11 21:09:06', '2017-10-11 21:09:06'),
(5892, 2, 0, 'account_invoice', 'column_comment', 'Customer\'s order comment', '2017-10-11 21:09:06', '2017-10-11 21:09:06'),
(5893, 2, 0, 'account_invoice', 'text_order_cancelation', 'Request Cancellation of Order', '2017-10-11 21:09:06', '2017-10-11 21:09:06'),
(5894, 2, 0, 'account_invoice', 'text_request_cancellation_from_customer', 'Request an Order cancellation from Customer ', '2017-10-11 21:09:06', '2017-10-11 21:09:06'),
(5895, 2, 0, 'account_invoice', 'text_order_cancelation_confirm', 'Your cancellation request may not be made in some cases, for example, when the goods have been shipped. Continue?', '2017-10-11 21:09:06', '2017-10-11 21:09:06'),
(5896, 2, 0, 'account_invoice', 'text_order_cancelation_success', 'Order cancellation request has been submitted', '2017-10-11 21:09:06', '2017-10-11 21:09:06'),
(5897, 2, 0, 'account_invoice', 'text_order_cancelation_message_title', 'Order #%s cancellation request', '2017-10-11 21:09:06', '2017-10-11 21:09:06'),
(5898, 2, 0, 'account_invoice', 'text_order_cancelation_message_body', 'Customer %s has requested order cancellation for order #%s . To review go to %s', '2017-10-11 21:09:06', '2017-10-11 21:09:06'),
(5899, 2, 0, 'account_invoice', 'error_email', 'E-Mail Address does not appear to be valid!', '2017-10-11 21:09:06', '2017-10-11 21:09:06'),
(5900, 2, 0, 'account_invoice', 'error_order_id', 'Order ID is required field!', '2017-10-11 21:09:06', '2017-10-11 21:09:06'),
(5901, 2, 0, 'account_history', 'heading_title', 'My Order History', '2017-10-11 21:09:07', '2017-10-11 21:09:07'),
(5902, 2, 0, 'account_history', 'text_account', 'Account', '2017-10-11 21:09:07', '2017-10-11 21:09:07'),
(5903, 2, 0, 'account_history', 'text_history', 'Order History', '2017-10-11 21:09:07', '2017-10-11 21:09:07'),
(5904, 2, 0, 'account_history', 'text_order', 'Order ID:', '2017-10-11 21:09:07', '2017-10-11 21:09:07'),
(5905, 2, 0, 'account_history', 'text_status', 'Status:', '2017-10-11 21:09:07', '2017-10-11 21:09:07'),
(5906, 2, 0, 'account_history', 'text_date_added', 'Date Added:', '2017-10-11 21:09:07', '2017-10-11 21:09:07'),
(5907, 2, 0, 'account_history', 'text_customer', 'Customer:', '2017-10-11 21:09:07', '2017-10-11 21:09:07'),
(5908, 2, 0, 'account_history', 'text_products', 'Products:', '2017-10-11 21:09:07', '2017-10-11 21:09:07'),
(5909, 2, 0, 'account_history', 'text_total', 'Total:', '2017-10-11 21:09:07', '2017-10-11 21:09:07'),
(5910, 2, 0, 'account_history', 'text_error', 'You have not made any previous orders!', '2017-10-11 21:09:07', '2017-10-11 21:09:07'),
(5911, 2, 0, 'account_address', 'heading_title', 'ঠিকানা বই', '2017-10-11 21:09:32', '2017-10-12 22:31:55'),
(5912, 2, 0, 'account_address', 'text_account', 'অ্যাকাউন্ট', '2017-10-11 21:09:32', '2017-10-12 22:32:12'),
(5913, 2, 0, 'account_address', 'text_address_book', 'ঠিকানা বই এন্ট্রি', '2017-10-11 21:09:32', '2017-10-12 22:35:32'),
(5914, 2, 0, 'account_address', 'text_edit_address', 'ঠিকানা আপডেট করুন', '2017-10-11 21:09:32', '2017-10-12 22:36:12'),
(5915, 2, 0, 'account_address', 'text_insert', 'আপনার ঠিকানা সফলভাবে জমা হয়েছে', '2017-10-11 21:09:32', '2017-10-12 22:37:42'),
(5916, 2, 0, 'account_address', 'text_update', 'আপনার ঠিকানা সফলভাবে আপডেট করা হয়েছে', '2017-10-11 21:09:32', '2017-10-12 22:38:03'),
(5917, 2, 0, 'account_address', 'text_delete', 'আপনার ঠিকানা সফলভাবে মুছে ফেলা হয়েছে', '2017-10-11 21:09:32', '2017-10-12 22:38:19'),
(5918, 2, 0, 'account_address', 'entry_firstname', 'প্রথম নাম:', '2017-10-11 21:09:32', '2017-10-12 22:38:35'),
(5919, 2, 0, 'account_address', 'entry_lastname', 'নামের শেষাংশ:', '2017-10-11 21:09:32', '2017-10-12 22:38:51'),
(5920, 2, 0, 'account_address', 'entry_company', 'কোম্পানি:', '2017-10-11 21:09:32', '2017-10-12 22:43:55'),
(5921, 2, 0, 'account_address', 'entry_address_1', 'ঠিকানা ১:', '2017-10-11 21:09:32', '2017-11-06 21:51:49'),
(5922, 2, 0, 'account_address', 'entry_address_2', 'ঠিকানা ২:', '2017-10-11 21:09:32', '2017-10-12 22:47:06'),
(5923, 2, 0, 'account_address', 'entry_postcode', 'জিপ / পোস্ট কোড:', '2017-10-11 21:09:32', '2017-10-12 22:46:49'),
(5924, 2, 0, 'account_address', 'entry_city', 'শহর:', '2017-10-11 21:09:32', '2017-10-12 22:45:31'),
(5925, 2, 0, 'account_address', 'error_postcode', 'জিপ / ডাক কোড ২ এবং 10 অক্ষরের মধ্যে হতে হবে!', '2017-10-11 21:09:32', '2017-10-12 22:45:16'),
(5926, 2, 0, 'account_address', 'entry_country', 'দেশ:', '2017-10-11 21:09:32', '2018-04-25 19:58:18'),
(5927, 2, 0, 'account_address', 'entry_zone', 'বিভাগ / রাজ্য :', '2017-10-11 21:09:32', '2017-11-06 22:44:46'),
(5928, 2, 0, 'account_address', 'entry_default', 'ডিফল্ট ঠিকানা:', '2017-10-11 21:09:32', '2017-10-12 22:48:26'),
(5929, 2, 0, 'account_address', 'error_delete', 'ত্রুটি: আপনার অন্তত একটি ঠিকানা থাকতে হবে !', '2017-10-11 21:09:32', '2017-10-12 22:51:23'),
(5930, 2, 0, 'account_address', 'error_default', 'ত্রুটি: আপনি আপনার ডিফল্ট ঠিকানা মুছে ফেলতে পারবেন না !', '2017-10-11 21:09:32', '2017-10-12 22:51:49'),
(5931, 2, 0, 'account_address', 'error_firstname', 'প্রথম নাম 1 এবং 32 অক্ষরের মধ্যে হতে হবে !', '2017-10-11 21:09:32', '2017-10-12 22:52:12'),
(5932, 2, 0, 'account_address', 'error_lastname', 'শেষ নাম 1 এবং 32 অক্ষরের মধ্যে হতে হবে !', '2017-10-11 21:09:32', '2017-10-12 22:52:34'),
(5933, 2, 0, 'account_address', 'error_address_1', 'ঠিকানা 3 এবং 128 অক্ষরের মধ্যে হতে হবে !', '2017-10-11 21:09:32', '2017-10-12 22:53:00'),
(5934, 2, 0, 'account_address', 'error_city', 'শহরের 3 এবং 128 অক্ষরের মধ্যে থাকা আবশ্যক !', '2017-10-11 21:09:32', '2017-10-12 22:50:55'),
(5935, 2, 0, 'account_address', 'error_country', 'দয়া করে একটি দেশ নির্বাচন করুন !', '2017-10-11 21:09:32', '2017-10-12 22:50:34'),
(5936, 2, 0, 'account_address', 'error_zone', 'একটি অঞ্চল / রাজ্য নির্বাচন করুন !', '2017-10-11 21:09:32', '2017-10-12 22:49:44'),
(5937, 2, 0, 'account_download', 'heading_title', 'Account Downloads', '2017-10-11 21:09:45', '2017-10-11 21:09:45'),
(5938, 2, 0, 'account_download', 'text_account', 'Account', '2017-10-11 21:09:45', '2017-10-11 21:09:45'),
(5939, 2, 0, 'account_download', 'text_downloads', 'Downloads', '2017-10-11 21:09:45', '2017-10-11 21:09:45'),
(5940, 2, 0, 'account_download', 'text_order', 'Order ID:', '2017-10-11 21:09:45', '2017-10-11 21:09:45'),
(5941, 2, 0, 'account_download', 'text_date_added', 'Date Added:', '2017-10-11 21:09:45', '2017-10-11 21:09:45'),
(5942, 2, 0, 'account_download', 'text_date_purchased', 'Date Purchased:', '2017-10-11 21:09:45', '2017-10-11 21:09:45'),
(5943, 2, 0, 'account_download', 'text_name', 'Name:', '2017-10-11 21:09:45', '2017-10-11 21:09:45'),
(5944, 2, 0, 'account_download', 'text_remaining', 'Remaining:', '2017-10-11 21:09:45', '2017-10-11 21:09:45'),
(5945, 2, 0, 'account_download', 'text_size', 'Size:', '2017-10-11 21:09:45', '2017-10-11 21:09:45'),
(5946, 2, 0, 'account_download', 'text_download', 'Download', '2017-10-11 21:09:45', '2017-10-11 21:09:45'),
(5947, 2, 0, 'account_download', 'text_error', 'You have not made any previous downloadable orders!', '2017-10-11 21:09:45', '2017-10-11 21:09:45'),
(5948, 2, 0, 'account_download', 'text_expire_date', 'Expire Date:', '2017-10-11 21:09:45', '2017-10-11 21:09:45'),
(5949, 2, 0, 'account_download', 'text_expired', 'Expired', '2017-10-11 21:09:45', '2017-10-11 21:09:45'),
(5950, 2, 0, 'account_download', 'text_pending', 'Pending', '2017-10-11 21:09:45', '2017-10-11 21:09:45'),
(5951, 2, 0, 'account_download', 'text_unavailable', 'Unavailable', '2017-10-11 21:09:45', '2017-10-11 21:09:45'),
(5952, 2, 0, 'account_download', 'text_reached_limit', 'Reached Limit', '2017-10-11 21:09:45', '2017-10-11 21:09:45'),
(5953, 2, 0, 'account_download', 'error_download_not_exists', 'Requested file does not exists!', '2017-10-11 21:09:45', '2017-10-11 21:09:45'),
(5954, 2, 1, 'setting_setting', 'heading_title', 'Settings', '2017-10-11 21:10:36', '2017-10-11 21:10:36'),
(5955, 2, 1, 'setting_setting', 'column_store_alias', 'Store', '2017-10-11 21:10:36', '2017-10-11 21:10:36'),
(5956, 2, 1, 'setting_setting', 'column_group', 'Group', '2017-10-11 21:10:36', '2017-10-11 21:10:36'),
(5957, 2, 1, 'setting_setting', 'column_key', 'Key', '2017-10-11 21:10:36', '2017-10-11 21:10:36'),
(5958, 2, 1, 'setting_setting', 'column_value', 'Value', '2017-10-11 21:10:36', '2017-10-11 21:10:36'),
(5959, 2, 1, 'setting_setting', 'text_success', 'Success: You have successfully saved your settings!', '2017-10-11 21:10:36', '2017-10-11 21:10:36'),
(5960, 2, 1, 'setting_setting', 'text_image_manager', 'Image Manager', '2017-10-11 21:10:36', '2017-10-11 21:10:36'),
(5961, 2, 1, 'setting_setting', 'text_select_group', '- Select Group -', '2017-10-11 21:10:36', '2017-10-11 21:10:36'),
(5962, 2, 1, 'setting_setting', 'text_default', 'Default', '2017-10-11 21:10:36', '2017-10-11 21:10:36'),
(5963, 2, 1, 'setting_setting', 'text_edit_store_settings', 'Edit Settings:', '2017-10-11 21:10:36', '2017-10-11 21:10:36'),
(5964, 2, 1, 'setting_setting', 'text_edit_template_settings', 'Edit Template Settings:', '2017-10-11 21:10:36', '2017-10-11 21:10:36'),
(5965, 2, 1, 'setting_setting', 'text_common_template_settings', 'Template Selection', '2017-10-11 21:10:36', '2017-10-11 21:10:36'),
(5966, 2, 1, 'setting_setting', 'text_edit_store', 'Edit Store', '2017-10-11 21:10:36', '2017-10-11 21:10:36'),
(5967, 2, 1, 'setting_setting', 'text_mail', 'Mail', '2017-10-11 21:10:36', '2017-10-11 21:10:36'),
(5968, 2, 1, 'setting_setting', 'text_smtp', 'SMTP', '2017-10-11 21:10:36', '2017-10-11 21:10:36'),
(5969, 2, 1, 'setting_setting', 'tab_all', 'All', '2017-10-11 21:10:36', '2017-10-11 21:10:36'),
(5970, 2, 1, 'setting_setting', 'entry_name', 'Store Name:', '2017-10-11 21:10:36', '2017-10-11 21:10:36'),
(5971, 2, 1, 'setting_setting', 'entry_url', 'Store URL:<br /><span class=\"help\">Include the full URL to your store. Make sure to add \'/\' at the end. Example: http://www.yourdomain.com/path/</span>', '2017-10-11 21:10:36', '2017-10-11 21:10:36'),
(5972, 2, 1, 'setting_setting', 'entry_owner', 'Store Owner:', '2017-10-11 21:10:36', '2017-10-11 21:10:36'),
(5973, 2, 1, 'setting_setting', 'entry_address', 'Address:', '2017-10-11 21:10:36', '2017-10-11 21:10:36'),
(5974, 2, 1, 'setting_setting', 'entry_email', 'E-Mail:', '2017-10-11 21:10:36', '2017-10-11 21:10:36'),
(5975, 2, 1, 'setting_setting', 'entry_alert_emails', 'Additional Alert E-Mails:<br /><span class=\"help\">Any additional emails you want to receive the alert email, in addition to the main store email. (comma separated)</span>', '2017-10-11 21:10:36', '2017-10-11 21:10:36'),
(5976, 2, 1, 'setting_setting', 'entry_telephone', 'Telephone:', '2017-10-11 21:10:36', '2017-10-11 21:10:36'),
(5977, 2, 1, 'setting_setting', 'entry_fax', 'Fax:', '2017-10-11 21:10:36', '2017-10-11 21:10:36'),
(5978, 2, 1, 'setting_setting', 'entry_title', 'Title:<br /><span class=\"help\">This is displayed in storefront browser title</span>', '2017-10-11 21:10:36', '2017-10-11 21:10:36'),
(5979, 2, 1, 'setting_setting', 'entry_meta_description', 'Meta Tag Description:<br /><span class=\"help\">Storefront main page meta tag description</span>', '2017-10-11 21:10:36', '2017-10-11 21:10:36'),
(5980, 2, 1, 'setting_setting', 'entry_meta_keywords', 'Meta Keywords:<br /><span class=\"help\">Storefront main page meta tag keywords (comma separated)</span>', '2017-10-11 21:10:36', '2017-10-11 21:10:36'),
(5981, 2, 1, 'setting_setting', 'entry_description', 'Welcome Message:', '2017-10-11 21:10:36', '2017-10-11 21:10:36'),
(5982, 2, 1, 'setting_setting', 'entry_template', 'Template:<span class=\"help\">Storefront template. This can be main or extension template</span>', '2017-10-11 21:10:36', '2017-10-11 21:10:36'),
(5983, 2, 1, 'setting_setting', 'entry_admin_template', 'Control Panel Template:', '2017-10-11 21:10:36', '2017-10-11 21:10:36'),
(5984, 2, 1, 'setting_setting', 'entry_country', 'দেশ:', '2017-10-11 21:10:36', '2018-04-25 19:58:20'),
(5985, 2, 1, 'setting_setting', 'entry_zone', 'বিভাগ / রাজ্য:', '2017-10-11 21:10:36', '2017-11-06 21:59:20'),
(5986, 2, 1, 'setting_setting', 'entry_language', 'Storefront Language:', '2017-10-11 21:10:36', '2017-10-11 21:10:36'),
(5987, 2, 1, 'setting_setting', 'entry_admin_language', 'Administration Language: <span class=\"help\">NOTE: works if no user preferred language is found in the browser</span>', '2017-10-11 21:10:36', '2017-10-11 21:10:36'),
(5988, 2, 1, 'setting_setting', 'entry_currency', 'Base Currency:<span class=\"help\">This is a base currency for all stores. Do not change if you do not understand what will happen. Warning: Changing of base currency will not change your base prices for products. You will need to review and adjust all the prices if needed. Base currency exchange rate will be set to 1.00 and all other currencies exchange rates will be adjusted in respect to new base currency.</span>', '2017-10-11 21:10:36', '2017-10-11 21:10:36'),
(5989, 2, 1, 'setting_setting', 'entry_currency_auto', 'Auto Update Currency:<br /><span class=\"help\">Set your store to automatically update currencies daily. Yahoo server is used.</span>', '2017-10-11 21:10:36', '2017-10-11 21:10:36'),
(5990, 2, 1, 'setting_setting', 'entry_weight_class', 'Weight Class:', '2017-10-11 21:10:36', '2017-10-11 21:10:36'),
(5991, 2, 1, 'setting_setting', 'entry_length_class', 'Length Class:', '2017-10-11 21:10:36', '2017-10-11 21:10:36'),
(5992, 2, 1, 'setting_setting', 'entry_auto_translate_status', 'Autotranslate Status:<br /><span class=\"help\">This enabled translation of missing text definitions or language specific data if text values are missing for used language.</span>', '2017-10-11 21:10:36', '2017-10-11 21:10:36'),
(5993, 2, 1, 'setting_setting', 'entry_translate_src_lang_code', 'Source language for translation:<br /><span class=\"help\">Select source language to be used for autotranslation.</span>', '2017-10-11 21:10:36', '2017-10-11 21:10:36'),
(5994, 2, 1, 'setting_setting', 'entry_translate_method', 'Text Translation Method:<br /><span class=\"help\">Select method you want to use for translation. Default method is a straight copy of source language text</span>', '2017-10-11 21:10:36', '2017-10-11 21:10:36'),
(5995, 2, 1, 'setting_setting', 'entry_translate_override_existing', 'Override if source language text was changed:<br /><span class=\"help\">If set, text in all languages will be replaced with new translation if source language text is edited. NOTE: Can cause many translations.</span>', '2017-10-11 21:10:36', '2017-10-11 21:10:36'),
(5996, 2, 1, 'setting_setting', 'entry_warn_lang_text_missing', 'Warn for missing language text:<br /><span class=\"help\">Get warning message if missing language text is detected.</span>', '2017-10-11 21:10:36', '2017-10-11 21:10:36'),
(5997, 2, 1, 'setting_setting', 'entry_tax', 'Display Prices With Tax:', '2017-10-11 21:10:36', '2017-10-11 21:10:36'),
(5998, 2, 1, 'setting_setting', 'entry_tax_store', 'Default Store Tax Rate:', '2017-10-11 21:10:36', '2017-10-11 21:10:36'),
(5999, 2, 1, 'setting_setting', 'entry_tax_store_0', 'No Tax', '2017-10-11 21:10:36', '2017-10-11 21:10:36'),
(6000, 2, 1, 'setting_setting', 'entry_tax_store_1', 'Store Default Zone', '2017-10-11 21:10:36', '2017-10-11 21:10:36'),
(6001, 2, 1, 'setting_setting', 'entry_tax_customer', 'Use Customer Tax Address:', '2017-10-11 21:10:36', '2017-10-11 21:10:36'),
(6002, 2, 1, 'setting_setting', 'entry_tax_customer_0', 'Shipping Address', '2017-10-11 21:10:36', '2017-10-11 21:10:36'),
(6003, 2, 1, 'setting_setting', 'entry_tax_customer_1', 'Billing Address', '2017-10-11 21:10:36', '2017-10-11 21:10:36'),
(6004, 2, 1, 'setting_setting', 'entry_invoice', 'Invoice Start No.:<br /><span class=\"help\">Set the starting number the invoices will begin from.</span>', '2017-10-11 21:10:36', '2017-10-11 21:10:36'),
(6005, 2, 1, 'setting_setting', 'entry_invoice_prefix', 'Invoice Prefix:<br /><span class=\"help\">Set the invoice prefix e.g. IN/001</span>', '2017-10-11 21:10:36', '2017-10-11 21:10:36'),
(6006, 2, 1, 'setting_setting', 'entry_customer_group', 'Customer Group:<br /><span class=\"help\">Default customer group.</span>', '2017-10-11 21:10:36', '2017-10-11 21:10:36'),
(6007, 2, 1, 'setting_setting', 'entry_customer_price', 'Login Display Prices:<br /><span class=\"help\">Show prices even if customer is not logged in.</span>', '2017-10-11 21:10:36', '2017-10-11 21:10:36'),
(6008, 2, 1, 'setting_setting', 'entry_customer_approval', 'Approve New Customers:<br /><span class=\"help\">Don\'t allow new customer to login until their account has been approved.</span>', '2017-10-11 21:10:36', '2017-10-11 21:10:36'),
(6009, 2, 1, 'setting_setting', 'entry_prevent_email_as_login', 'Require Login Name:<br /><span class=\"help\">To improve security, require customers to create unique login name instead of using email address as login name. If set to ON, existing customers will be asked to create new login name at the first login. If OFF, login name is set as customer email address.</span>', '2017-10-11 21:10:36', '2017-10-11 21:10:36'),
(6010, 2, 1, 'setting_setting', 'entry_guest_checkout', 'Guest Checkout:<br /><span class=\"help\">Allow customers to checkout without creating an account. This will not be available when a downloadable product is in the shopping cart.</span>', '2017-10-11 21:10:36', '2017-10-11 21:10:36'),
(6011, 2, 1, 'setting_setting', 'entry_account', 'Account Terms:<br /><span class=\"help\">Forces people to agree to terms before an account can be created.</span>', '2017-10-11 21:10:36', '2017-10-11 21:10:36'),
(6012, 2, 1, 'setting_setting', 'entry_checkout', 'Checkout Terms:<br /><span class=\"help\">Forces people to agree to terms before an a customer can checkout.</span>', '2017-10-11 21:10:36', '2017-10-11 21:10:36'),
(6013, 2, 1, 'setting_setting', 'entry_order_status', 'Order Status:<br /><span class=\"help\">Set the default order status when an order is processed.</span>', '2017-10-11 21:10:36', '2017-10-11 21:10:36'),
(6014, 2, 1, 'setting_setting', 'entry_customer_cancelation_order_status', 'Allow Customer to Cancel Order on Status:', '2017-10-11 21:10:36', '2017-10-11 21:10:36'),
(6015, 2, 1, 'setting_setting', 'entry_stock_display', 'Display Stock Quantity:<br /><span class=\"help\">Display stock quantity on the product page.</span>', '2017-10-11 21:10:36', '2017-10-11 21:10:36'),
(6016, 2, 1, 'setting_setting', 'entry_nostock_autodisable', 'No Stock Auto Disable:<br /><span class=\"help\">Disable your product or option value for view if stock drops to 0. Message notification will be send </span>', '2017-10-11 21:10:36', '2017-10-11 21:10:36'),
(6017, 2, 1, 'setting_setting', 'entry_stock_checkout', 'Default Stock Checkout:<br /><span class=\"help\">Set default setting to allow customers checkout even if the products are out of stock</span>', '2017-10-11 21:10:36', '2017-10-11 21:10:36'),
(6018, 2, 1, 'setting_setting', 'entry_stock_status', 'Default Pre-Order Stock Status:<br /><span class=\"help\">Default setting for Pre-order status message for product. Used on product edit page.</span>', '2017-10-11 21:10:36', '2017-10-11 21:10:36'),
(6019, 2, 1, 'setting_setting', 'entry_logo', 'Store Logo:', '2017-10-11 21:10:36', '2017-10-11 21:10:36'),
(6020, 2, 1, 'setting_setting', 'entry_mail_logo', 'Email Logo:', '2017-10-11 21:10:36', '2017-10-11 21:10:36'),
(6021, 2, 1, 'setting_setting', 'entry_icon', 'Icon:<br /><span class=\"help\">The icon can be a PNG or ICON type that is 16px x 16px.</span>', '2017-10-11 21:10:36', '2017-10-11 21:10:36'),
(6022, 2, 1, 'setting_setting', 'entry_width', 'Width:', '2017-10-11 21:10:36', '2017-10-11 21:10:36'),
(6023, 2, 1, 'setting_setting', 'entry_height', 'Height:', '2017-10-11 21:10:36', '2017-10-11 21:10:36'),
(6024, 2, 1, 'setting_setting', 'entry_image_thumb', 'Product Image Thumb Size:', '2017-10-11 21:10:36', '2017-10-11 21:10:36'),
(6025, 2, 1, 'setting_setting', 'entry_image_thumb_width', 'Product Image Thumb Width:', '2017-10-11 21:10:36', '2017-10-11 21:10:36'),
(6026, 2, 1, 'setting_setting', 'entry_image_thumb_height', 'Product Image Thumb Height:', '2017-10-11 21:10:36', '2017-10-11 21:10:36'),
(6027, 2, 1, 'setting_setting', 'entry_image_popup', 'Product Image Popup Size:', '2017-10-11 21:10:36', '2017-10-11 21:10:36'),
(6028, 2, 1, 'setting_setting', 'entry_image_popup_width', 'Large Window Preview Width:', '2017-10-11 21:10:36', '2017-10-11 21:10:36'),
(6029, 2, 1, 'setting_setting', 'entry_image_popup_height', 'Large Window Preview Height:', '2017-10-11 21:10:36', '2017-10-11 21:10:36'),
(6030, 2, 1, 'setting_setting', 'entry_image_category', 'Category List Size:', '2017-10-11 21:10:36', '2017-10-11 21:10:36'),
(6031, 2, 1, 'setting_setting', 'entry_image_category_width', 'Category List Width:', '2017-10-11 21:10:36', '2017-10-11 21:10:36'),
(6032, 2, 1, 'setting_setting', 'entry_image_category_height', 'Category List Height:', '2017-10-11 21:10:36', '2017-10-11 21:10:36'),
(6033, 2, 1, 'setting_setting', 'entry_image_manufacturer_width', 'Brand Icon List Width:', '2017-10-11 21:10:36', '2017-10-11 21:10:36'),
(6034, 2, 1, 'setting_setting', 'entry_image_manufacturer_height', 'Brand Icon List Height:', '2017-10-11 21:10:36', '2017-10-11 21:10:36'),
(6035, 2, 1, 'setting_setting', 'entry_image_product', 'Product List Size:', '2017-10-11 21:10:36', '2017-10-11 21:10:36'),
(6036, 2, 1, 'setting_setting', 'entry_image_product_height', 'Product List Height:<br /><span class=\"help\">This is to control height of a preview image in the listing pages of admin and other places in the storefront. Note, this setting is shared between admin and default storefront template.</span>', '2017-10-11 21:10:36', '2017-10-11 21:10:36'),
(6037, 2, 1, 'setting_setting', 'entry_image_product_width', 'Product List Width:<br /><span class=\"help\">This is to control width of a preview image in the listing pages of admin and other places in the storefront. Note, this setting is shared between admin and default storefront template.</span>', '2017-10-11 21:10:36', '2017-10-11 21:10:36'),
(6038, 2, 1, 'setting_setting', 'entry_image_additional', 'Additional Product Image Size:', '2017-10-11 21:10:36', '2017-10-11 21:10:36'),
(6039, 2, 1, 'setting_setting', 'entry_image_additional_width', 'Additional Product Image Width:', '2017-10-11 21:10:36', '2017-10-11 21:10:36'),
(6040, 2, 1, 'setting_setting', 'entry_image_additional_height', 'Additional Product Image Height:', '2017-10-11 21:10:36', '2017-10-11 21:10:36'),
(6041, 2, 1, 'setting_setting', 'entry_image_related', 'Related Product Image Size:', '2017-10-11 21:10:36', '2017-10-11 21:10:36'),
(6042, 2, 1, 'setting_setting', 'entry_image_related_width', 'Related Product Image Width:', '2017-10-11 21:10:36', '2017-10-11 21:10:36'),
(6043, 2, 1, 'setting_setting', 'entry_image_related_height', 'Related Product Image Height:', '2017-10-11 21:10:36', '2017-10-11 21:10:36'),
(6044, 2, 1, 'setting_setting', 'entry_image_cart', 'Cart Image Size:', '2017-10-11 21:10:36', '2017-10-11 21:10:36'),
(6045, 2, 1, 'setting_setting', 'entry_image_cart_width', 'Cart Image Width:', '2017-10-11 21:10:36', '2017-10-11 21:10:36'),
(6046, 2, 1, 'setting_setting', 'entry_image_cart_height', 'Cart Image Height:', '2017-10-11 21:10:36', '2017-10-11 21:10:36'),
(6047, 2, 1, 'setting_setting', 'entry_image_grid', 'Grid Image Size:', '2017-10-11 21:10:36', '2017-10-11 21:10:36'),
(6048, 2, 1, 'setting_setting', 'entry_image_grid_width', 'Grid Image Width:<br /><span class=\"help\">This is to control width of a very small preview image in the listing grids of admin and other places in the storefront. Note, this setting is shared between admin and default storefront template.</span>', '2017-10-11 21:10:36', '2017-10-11 21:10:36'),
(6049, 2, 1, 'setting_setting', 'entry_image_grid_height', 'Grid Image Height:<br /><span class=\"help\">This is to control height of a very small preview image in the listing grids of admin and other places in the storefront. Note, this setting is shared between admin and default storefront template.</span>', '2017-10-11 21:10:36', '2017-10-11 21:10:36'),
(6050, 2, 1, 'setting_setting', 'entry_alert_mail', 'Alert Mail:<br /><span class=\"help\">Send a email to the store owner when a new order is created.</span>', '2017-10-11 21:10:36', '2017-10-11 21:10:36'),
(6051, 2, 1, 'setting_setting', 'entry_download', 'Allow Downloads:', '2017-10-11 21:10:36', '2017-10-11 21:10:36'),
(6052, 2, 1, 'setting_setting', 'entry_download_status', 'Download Order Status:<br /><span class=\"help\">Set the order status the customers order must reach before they are allowed to access their downloadable products.</span>', '2017-10-11 21:10:36', '2017-10-11 21:10:36'),
(6053, 2, 1, 'setting_setting', 'entry_mail_protocol', 'Mail Protocol:<span class=\"help\">Mail: Default server mail server will be used. Make sure it is configured and able to send email with PHP mail.', '2017-10-11 21:10:36', '2017-10-11 21:10:36'),
(6054, 2, 1, 'setting_setting', 'entry_mail_parameter', 'Mail Parameters:<span class=\"help\">When using \'Mail\', additional mail parameters can be added here (e.g. \"-femail@storeaddress.com\".', '2017-10-11 21:10:36', '2017-10-11 21:10:36'),
(6055, 2, 1, 'setting_setting', 'entry_smtp_host', 'SMTP Host:<br /><span class=\"help\">Use ssl://smtp.yourdomain.com for secure smtp connection', '2017-10-11 21:10:36', '2017-10-11 21:10:36'),
(6056, 2, 1, 'setting_setting', 'entry_smtp_username', 'SMTP Username:', '2017-10-11 21:10:36', '2017-10-11 21:10:36'),
(6057, 2, 1, 'setting_setting', 'entry_smtp_password', 'SMTP Password:', '2017-10-11 21:10:36', '2017-10-11 21:10:36'),
(6058, 2, 1, 'setting_setting', 'entry_smtp_port', 'SMTP Port:', '2017-10-11 21:10:36', '2017-10-11 21:10:36'),
(6059, 2, 1, 'setting_setting', 'entry_smtp_timeout', 'SMTP Timeout:', '2017-10-11 21:10:36', '2017-10-11 21:10:36'),
(6060, 2, 1, 'setting_setting', 'entry_ssl', 'Use SSL:<br /><span class=\"help\">To use SSL check with your host if a SSL certificate is installed.</span>', '2017-10-11 21:10:36', '2017-10-11 21:10:36'),
(6061, 2, 1, 'setting_setting', 'entry_session_ttl', 'Control Panel Session Expiration:<br /><span class=\"help\">This value controls time interval in minutes before you will be asked to login again due to no activity.</span>', '2017-10-11 21:10:36', '2017-10-11 21:10:36'),
(6062, 2, 1, 'setting_setting', 'entry_encryption', 'Encryption Key:<br /><span class=\"help\">Setting migrated to config file starting in v1.2.1.</span>', '2017-10-11 21:10:36', '2017-10-11 21:10:36'),
(6063, 2, 1, 'setting_setting', 'entry_seo_url', 'Use SEO URL\'s:<br /><span class=\"help\">To use SEO URL\'s apache module mod-rewrite must be installed and you need to rename the htaccess.txt to .htaccess. Note: If abantecart not installed in the root of domain must be changed rewriteBase rule inside .htaccess file.</span>', '2017-10-11 21:10:36', '2017-10-11 21:10:36');
INSERT INTO `ab1l_language_definitions` (`language_definition_id`, `language_id`, `section`, `block`, `language_key`, `language_value`, `date_added`, `date_modified`) VALUES
(6064, 2, 1, 'setting_setting', 'entry_retina_enable', 'Generate high-res (retina) images:<br /><span class=\"help\">To use this apache module mod-rewrite must be installed and you need to rename the htaccess.txt to .htaccess. Note: If abantecart not installed in the root of domain must be changed rewriteBase rule inside .htaccess file. <br>After enabling should clear the cache images. </span>', '2017-10-11 21:10:36', '2017-10-11 21:10:36'),
(6065, 2, 1, 'setting_setting', 'entry_image_quality', 'Jpeg Images Compression Level', '2017-10-11 21:10:36', '2017-10-11 21:10:36'),
(6066, 2, 1, 'setting_setting', 'entry_compression', 'Output Compression Level:<br /><span class=\"help\">GZIP for more efficient transfer to requesting clients. Compression level must be between 0 - 9</span>', '2017-10-11 21:10:36', '2017-10-11 21:10:36'),
(6067, 2, 1, 'setting_setting', 'entry_error_display', 'Display Errors:<br /><span class=\"help\">Set to yes if you want to see the exceptions and errors</span>', '2017-10-11 21:10:36', '2017-10-11 21:10:36'),
(6068, 2, 1, 'setting_setting', 'entry_error_log', 'Log Errors:<br /><span class=\"help\">Set to yes if you want to save the exceptions and errors to the log</span>', '2017-10-11 21:10:36', '2017-10-11 21:10:36'),
(6069, 2, 1, 'setting_setting', 'entry_enable_reviews', 'Enable Reviews:<br /><span class=\"help\"></span>', '2017-10-11 21:10:36', '2017-10-11 21:10:36'),
(6070, 2, 1, 'setting_setting', 'entry_cache_enable', 'Cache enabled:<br /><span class=\"help\">Please be careful when disable caching. Cached pages will not be re-created and site might start loading slow. </span>', '2017-10-11 21:10:36', '2017-10-11 21:10:36'),
(6071, 2, 1, 'setting_setting', 'text_setting_cache_drivers', ' Currently using cache <b>%s</b> driver. Other drivers available for configuration are <i>%s</i> ', '2017-10-11 21:10:36', '2017-10-11 21:10:36'),
(6072, 2, 1, 'setting_setting', 'entry_storefront_api_status', 'Storefront API status:', '2017-10-11 21:10:36', '2017-10-11 21:10:36'),
(6073, 2, 1, 'setting_setting', 'entry_storefront_api_key', 'Storefront API Key:<br /><span class=\"help\">Set this key to provide restricted (more secure) access to storefront API.</span>', '2017-10-11 21:10:36', '2017-10-11 21:10:36'),
(6074, 2, 1, 'setting_setting', 'entry_storefront_api_stock_check', 'Storefront API Stock Access:<br /><span class=\"help\">Enable if you allow storefront API to check stock availability</span>', '2017-10-11 21:10:36', '2017-10-11 21:10:36'),
(6075, 2, 1, 'setting_setting', 'entry_admin_api_status', 'Admin API status:', '2017-10-11 21:10:36', '2017-10-11 21:10:36'),
(6076, 2, 1, 'setting_setting', 'entry_admin_api_key', 'Admin API Key:<br /><span class=\"help\">Set this key to provide restricted (more secure) access to admin API.</span>', '2017-10-11 21:10:36', '2017-10-11 21:10:36'),
(6077, 2, 1, 'setting_setting', 'entry_admin_access_ip_list', 'Admin API Access IPs:<br /><span class=\"help\">Provide list of IPs (comma separated) that will be allowed to access admin API. Other IPs will be blocked</span>', '2017-10-11 21:10:36', '2017-10-11 21:10:36'),
(6078, 2, 1, 'setting_setting', 'entry_upload_max_size', 'Resource Library Upload Max File Size, kB', '2017-10-11 21:10:36', '2017-10-11 21:10:36'),
(6079, 2, 1, 'setting_setting', 'entry_debug', 'Show Debug Info:<br /><span class=\"help\">Set this ON if you want to see the execution details and show debug details.</span>', '2017-10-11 21:10:36', '2017-10-11 21:10:36'),
(6080, 2, 1, 'setting_setting', 'entry_debug_0', 'Off', '2017-10-11 21:10:36', '2017-10-11 21:10:36'),
(6081, 2, 1, 'setting_setting', 'entry_debug_1', 'Show', '2017-10-11 21:10:36', '2017-10-11 21:10:36'),
(6082, 2, 1, 'setting_setting', 'entry_debug_2', 'Log', '2017-10-11 21:10:36', '2017-10-11 21:10:36'),
(6083, 2, 1, 'setting_setting', 'entry_debug_level', 'Debug Level:<br /><span class=\"help\">Select the depth of the details you need to see in the debug output.</span>', '2017-10-11 21:10:36', '2017-10-11 21:10:36'),
(6084, 2, 1, 'setting_setting', 'entry_debug_level_0', 'Level 0 - no logs , only exception errors ', '2017-10-11 21:10:36', '2017-10-11 21:10:36'),
(6085, 2, 1, 'setting_setting', 'entry_debug_level_1', 'Level 1 - errors and warnings', '2017-10-11 21:10:36', '2017-10-11 21:10:36'),
(6086, 2, 1, 'setting_setting', 'entry_debug_level_2', 'Level 2 - #1 + mysql site load, php file execution time and page elements load time ', '2017-10-11 21:10:36', '2017-10-11 21:10:36'),
(6087, 2, 1, 'setting_setting', 'entry_debug_level_3', 'Level 3 - #2 + basic logs and stack of execution', '2017-10-11 21:10:36', '2017-10-11 21:10:36'),
(6088, 2, 1, 'setting_setting', 'entry_debug_level_4', 'Level 4 - #3 + dump mysql statements ', '2017-10-11 21:10:36', '2017-10-11 21:10:36'),
(6089, 2, 1, 'setting_setting', 'entry_debug_level_5', 'Level 5 - #4 + intermediate variable ', '2017-10-11 21:10:36', '2017-10-11 21:10:36'),
(6090, 2, 1, 'setting_setting', 'entry_template_debug', 'Template debug:<br /><span class=\"help\">Enable this setting if you need to check issues with template in storefront and control panel.</span>', '2017-10-11 21:10:36', '2017-10-11 21:10:36'),
(6091, 2, 1, 'setting_setting', 'entry_error_filename', 'Error Log Filename:<br /><span class=\"help\">This is a file where errors are saved.</span>', '2017-10-11 21:10:36', '2017-10-11 21:10:36'),
(6092, 2, 1, 'setting_setting', 'entry_shipping_session', 'Use Shipping Session:<br /><span class=\"help\">Saves shipping quotes to session to avoid re-quoting unnecessarily. Quotes will only be re-quoted if cart or address is changed.</span>', '2017-10-11 21:10:36', '2017-10-11 21:10:36'),
(6093, 2, 1, 'setting_setting', 'entry_catalog_limit', 'Default Items per Page (Storefront):<br /><span class=\"help\">Sets how many storefront items are shown per page (products, categories, etc)</span>', '2017-10-11 21:10:36', '2017-10-11 21:10:36'),
(6094, 2, 1, 'setting_setting', 'entry_admin_limit', 'Default Items per Page (Admin):<br /><span class=\"help\">Sets how many admin items are shown per page in listing grids (orders, customers, etc)</span>', '2017-10-11 21:10:36', '2017-10-11 21:10:36'),
(6095, 2, 1, 'setting_setting', 'entry_bestseller_limit', 'Number of Items In Bestseller Block ', '2017-10-11 21:10:36', '2017-10-11 21:10:36'),
(6096, 2, 1, 'setting_setting', 'entry_featured_limit', 'Number of Items In Featured Block ', '2017-10-11 21:10:36', '2017-10-11 21:10:36'),
(6097, 2, 1, 'setting_setting', 'entry_latest_limit', 'Number of Items In Latest Block ', '2017-10-11 21:10:36', '2017-10-11 21:10:36'),
(6098, 2, 1, 'setting_setting', 'entry_special_limit', 'Number of Items In Special Block ', '2017-10-11 21:10:36', '2017-10-11 21:10:36'),
(6099, 2, 1, 'setting_setting', 'entry_cart_weight', 'Display Weight on Cart Page:<br /><span class=\"help\">Show the cart weight on the cart page</span>', '2017-10-11 21:10:36', '2017-10-11 21:10:36'),
(6100, 2, 1, 'setting_setting', 'entry_reviews', 'Allow Reviews:<br /><span class=\"help\">Enable/Disable new review entry and display of existing reviews</span>', '2017-10-11 21:10:36', '2017-10-11 21:10:36'),
(6101, 2, 1, 'setting_setting', 'entry_maintenance', 'Maintenance Mode:<br /><span class=\"help\">Prevents customers from browsing your store. They will instead see a maintenance message. If logged in as admin, you will see the store as normal.</span>', '2017-10-11 21:10:36', '2017-10-11 21:10:36'),
(6102, 2, 1, 'setting_setting', 'entry_voicecontrol', 'Voice Control:<br /><span class=\"help\">Enable admin voice control to activate voice commands feature. Currently only supported in Chrome version 25 or later.</span>', '2017-10-11 21:10:36', '2017-10-11 21:10:36'),
(6103, 2, 1, 'setting_setting', 'entry_help_links', 'Help Links:<br /><span class=\"help\">If you want to see Help Icons and links to Tellbd E-Commerce site. This will help you learn about features and how to use them. If you advanced user and do not want to see these help icons, you can disable.</span>', '2017-10-11 21:10:36', '2018-11-22 11:54:38'),
(6104, 2, 1, 'setting_setting', 'entry_show_tree_data', 'Enable Tree Grid:<br /><span class=\"help\">Enables admin grids to show parent/children types in one grid listing. NOTE: Pagination and multi-actions are disabled for these grids</span>', '2017-10-11 21:10:36', '2017-10-11 21:10:36'),
(6105, 2, 1, 'setting_setting', 'entry_cart_ajax', 'Same Page Add To Cart:<br /><span class=\"help\">This will enable AJAX add to cart feature. Product can be added to cart without redirecting to cart page</span>', '2017-10-11 21:10:36', '2017-10-11 21:10:36'),
(6106, 2, 1, 'setting_setting', 'entry_storefront_width', 'Storefront Site Width:<br /><span class=\"help\">Example: 100% or 1000px </span>', '2017-10-11 21:10:36', '2017-10-11 21:10:36'),
(6107, 2, 1, 'setting_setting', 'entry_admin_width', 'Admin Site Width:<br /><span class=\"help\">Example: 100% or 1000px </span>', '2017-10-11 21:10:36', '2017-10-11 21:10:36'),
(6108, 2, 1, 'setting_setting', 'entry_total_order_maximum', 'Maximum order amount allowed:<br /><span class=\"help\">Prevent checkout with large order sub-total amounts. 0 = NO LIMIT</span>', '2017-10-11 21:10:36', '2017-10-11 21:10:36'),
(6109, 2, 1, 'setting_setting', 'entry_total_order_minimum', 'Minimum order amount:<br /><span class=\"help\">Prevent checkout if order sub-total does not reach minimum amount set. 0 = NO MINIMUM</span>', '2017-10-11 21:10:36', '2017-10-11 21:10:36'),
(6110, 2, 1, 'setting_setting', 'entry_system_check', 'System Check:<br /><span class=\"help\">Enable this setting if you want to check your system condition in respect to Tellbd E-Commerce functionality. System issues effecting Tellbd E-Commerce will be reported as messages visible in admin.</span>', '2017-10-11 21:10:36', '2018-11-22 11:55:18'),
(6111, 2, 1, 'setting_setting', 'button_add_store', 'New Store', '2017-10-11 21:10:36', '2017-10-11 21:10:36'),
(6112, 2, 1, 'setting_setting', 'error_permission', 'Warning: You do not have permission to modify settings!', '2017-10-11 21:10:36', '2017-10-11 21:10:36'),
(6113, 2, 1, 'setting_setting', 'error_loginname', 'Login name must be alphanumeric only and between 5 and 64 characters!', '2017-10-11 21:10:36', '2017-10-11 21:10:36'),
(6114, 2, 1, 'setting_setting', 'error_loginname_notunique', 'This login name is not available. Try different login name!', '2017-10-11 21:10:36', '2017-10-11 21:10:36'),
(6115, 2, 1, 'setting_setting', 'error_name', 'Store Name must be between 2 and 32 characters!', '2017-10-11 21:10:36', '2017-10-11 21:10:36'),
(6116, 2, 1, 'setting_setting', 'error_url', 'Valid Store URL required!', '2017-10-11 21:10:36', '2017-10-11 21:10:36'),
(6117, 2, 1, 'setting_setting', 'error_title', 'Title must be between 2 and 32 characters!', '2017-10-11 21:10:36', '2017-10-11 21:10:36'),
(6118, 2, 1, 'setting_setting', 'error_owner', 'Store Owner must be between 2 and 64 characters!', '2017-10-11 21:10:36', '2017-10-11 21:10:36'),
(6119, 2, 1, 'setting_setting', 'error_address', 'Store Address must be between 10 and 256 characters!', '2017-10-11 21:10:36', '2017-10-11 21:10:36'),
(6120, 2, 1, 'setting_setting', 'error_email', 'E-Mail Address does not appear to be valid!', '2017-10-11 21:10:36', '2017-10-11 21:10:36'),
(6121, 2, 1, 'setting_setting', 'error_telephone', 'Telephone must be between 2 and 32 characters!', '2017-10-11 21:10:36', '2017-10-11 21:10:36'),
(6122, 2, 1, 'setting_setting', 'error_image_thumb', 'Product Image Thumb Size dimensions required!', '2017-10-11 21:10:36', '2017-10-11 21:10:36'),
(6123, 2, 1, 'setting_setting', 'error_image_popup', 'Product Image Popup Size dimensions required!', '2017-10-11 21:10:36', '2017-10-11 21:10:36'),
(6124, 2, 1, 'setting_setting', 'error_image_category', 'Category List Size dimensions required!', '2017-10-11 21:10:36', '2017-10-11 21:10:36'),
(6125, 2, 1, 'setting_setting', 'error_image_manufacturer', 'Brand Icon List Size dimensions required!', '2017-10-11 21:10:36', '2017-10-11 21:10:36'),
(6126, 2, 1, 'setting_setting', 'error_image_product', 'Product List Size dimensions required!', '2017-10-11 21:10:36', '2017-10-11 21:10:36'),
(6127, 2, 1, 'setting_setting', 'error_image_additional', 'Additional Product Image Size dimensions required!', '2017-10-11 21:10:36', '2017-10-11 21:10:36'),
(6128, 2, 1, 'setting_setting', 'error_image_related', 'Related Product Image Size dimensions required!', '2017-10-11 21:10:36', '2017-10-11 21:10:36'),
(6129, 2, 1, 'setting_setting', 'error_image_cart', 'Cart Image Size dimensions required!', '2017-10-11 21:10:36', '2017-10-11 21:10:36'),
(6130, 2, 1, 'setting_setting', 'error_image_grid', 'Grid Image Size dimensions required!', '2017-10-11 21:10:36', '2017-10-11 21:10:36'),
(6131, 2, 1, 'setting_setting', 'error_error_filename', 'Error Log Filename required!', '2017-10-11 21:10:36', '2017-10-11 21:10:36'),
(6132, 2, 1, 'setting_setting', 'error_required_data', 'Required Data has not been entered. Check for field errors!', '2017-10-11 21:10:36', '2017-10-11 21:10:36'),
(6133, 2, 1, 'setting_setting', 'error_uploaded_image', 'Uploaded file %s is not image or broken!', '2017-10-11 21:10:36', '2017-10-11 21:10:36'),
(6134, 2, 1, 'setting_setting', 'error_limit', 'Limit required!', '2017-10-11 21:10:36', '2017-10-11 21:10:36'),
(6135, 2, 1, 'setting_setting', 'text_front', 'Store Front', '2017-10-11 21:10:36', '2017-10-11 21:10:36'),
(6136, 2, 1, 'setting_setting', 'text_admin', 'Admin', '2017-10-11 21:10:36', '2017-10-11 21:10:36'),
(6137, 2, 1, 'setting_setting', 'error_mail', 'Please fill required fields for smtp-protocol!', '2017-10-11 21:10:36', '2017-10-11 21:10:36'),
(6138, 2, 1, 'setting_setting', 'text_sorting_sort_order_asc', 'Product\'s Sort Order Low &gt; High', '2017-10-11 21:10:36', '2017-10-11 21:10:36'),
(6139, 2, 1, 'setting_setting', 'text_sorting_name_asc', 'Name A - Z', '2017-10-11 21:10:36', '2017-10-11 21:10:36'),
(6140, 2, 1, 'setting_setting', 'text_sorting_name_desc', 'Name Z - A', '2017-10-11 21:10:36', '2017-10-11 21:10:36'),
(6141, 2, 1, 'setting_setting', 'text_sorting_price_asc', 'Price Low &gt; High', '2017-10-11 21:10:36', '2017-10-11 21:10:36'),
(6142, 2, 1, 'setting_setting', 'text_sorting_price_desc', 'Price High &gt; Low', '2017-10-11 21:10:36', '2017-10-11 21:10:36'),
(6143, 2, 1, 'setting_setting', 'text_sorting_rating_asc', 'Rating Lowest', '2017-10-11 21:10:36', '2017-10-11 21:10:36'),
(6144, 2, 1, 'setting_setting', 'text_sorting_rating_desc', 'Rating Highest', '2017-10-11 21:10:36', '2017-10-11 21:10:36'),
(6145, 2, 1, 'setting_setting', 'text_sorting_date_asc', 'Date Old &gt; New', '2017-10-11 21:10:36', '2017-10-11 21:10:36'),
(6146, 2, 1, 'setting_setting', 'text_sorting_date_desc', 'Date New &gt; Old', '2017-10-11 21:10:36', '2017-10-11 21:10:36'),
(6147, 2, 1, 'setting_setting', 'entry_product_default_sort_order', 'Sort Products as default by:', '2017-10-11 21:10:36', '2017-10-11 21:10:36'),
(6148, 2, 1, 'setting_setting', 'entry_zero_customer_balance', 'Show Zero Customer Balance:<br /><span class=\"help\">Note: Enable/disable display of balance message if customer account balance is 0</span>', '2017-10-11 21:10:36', '2017-10-11 21:10:36'),
(6149, 2, 1, 'setting_setting', 'entry_shipping_tax_estimate', 'Shipping and Tax Estimate:<br /><span class=\"help\">Allow customers to get quick shipping and tax estimate in the shopping cart.</span>', '2017-10-11 21:10:36', '2017-10-11 21:10:36'),
(6150, 2, 1, 'setting_setting', 'entry_coupon_on_cart_page', 'Coupon on shopping cart page:<br /><span class=\"help\">Allow customers to enter coupon code and see discount in the shopping cart.</span>', '2017-10-11 21:10:36', '2017-10-11 21:10:36'),
(6151, 2, 1, 'setting_setting', 'entry_google_analytics', 'Google Analytics Account Number:<br /><span class=\"help\">Add your <a href=\"https://support.google.com/analytics/answer/1032385?hl=en&ref_topic=1008082\" target=\"_blank\">Google Analytics Account Number</a> to enable site activity tracking. This also enables ecommerce activity tracking. You must enable ecommerce tracking in google on the profile settings page for your website</span>', '2017-10-11 21:10:36', '2017-10-11 21:10:36'),
(6152, 2, 1, 'setting_setting', 'entry_ssl_url', 'Secure Store URL:<br /><span class=\"help\">Include the full SSL URL(HTTPS) to your store. Make sure to add \'/\' at the end. Example: https://www.yourdomain.com/path/</span>', '2017-10-11 21:10:36', '2017-10-11 21:10:36'),
(6153, 2, 1, 'setting_setting', 'error_ssl_url', 'Valid Secure URL required!', '2017-10-11 21:10:36', '2017-10-11 21:10:36'),
(6154, 2, 1, 'setting_setting', 'entry_customer_email_activation', 'Email Activation for New Customers:<br /><span class=\"help\">Don\'t allow new customer to login until their account has been confirmed by activation link sent via email. For this to work, make sure \"Approve New Customers\" is set to OFF.</span>', '2017-10-11 21:10:36', '2017-10-11 21:10:36'),
(6155, 2, 1, 'setting_setting', 'text_clone_template', 'Clone Template With Tellbd E-Commerce Developer Tools', '2017-10-11 21:10:36', '2017-10-12 23:45:26'),
(6156, 2, 1, 'setting_setting', 'text_set_template', 'Set this template for the storefront', '2017-10-11 21:10:36', '2017-10-11 21:10:36'),
(6157, 2, 1, 'setting_setting', 'entry_embed_status', 'Enable Storefront Embed:', '2017-10-11 21:10:36', '2017-10-11 21:10:36'),
(6158, 2, 1, 'setting_setting', 'entry_embed_click_action', 'Embed Click Action:', '2017-10-11 21:10:36', '2017-10-11 21:10:36'),
(6159, 2, 1, 'setting_setting', 'text_embed_click_action_modal', 'Same page Modal Dialog', '2017-10-11 21:10:36', '2017-10-11 21:10:36'),
(6160, 2, 1, 'setting_setting', 'text_embed_click_action_new_window', 'Open new page in new tab', '2017-10-11 21:10:36', '2017-10-11 21:10:36'),
(6161, 2, 1, 'setting_setting', 'text_embed_click_action_same_window', 'Open new page in same window', '2017-10-11 21:10:36', '2017-10-11 21:10:36'),
(6162, 2, 1, 'setting_setting', 'entry_account_create_captcha', 'Captcha on create account form :<br /><span class=\"help\">Prevent spam/robot account creation with enabling human verification captcha</span>', '2017-10-11 21:10:36', '2017-10-11 21:10:36'),
(6163, 2, 1, 'setting_setting', 'entry_recaptcha_site_key', 'Google reCAPTCHA Site Key:<br /><span class=\"help\">Add <a href=\"https://www.google.com/recaptcha\" target=\"_blank\">Google reCAPTCHA v2</a> to help your visitors with better captcha entry. If you enable reCAPTCHA site/secret keys, Google reCAPTCHA v2 will be activated instead of default Tellbd E-Commerce captcha image</span>', '2017-10-11 21:10:36', '2018-11-22 11:55:39'),
(6164, 2, 1, 'setting_setting', 'entry_recaptcha_secret_key', 'Google reCAPTCHA Secret Key:<br /><span class=\"help\">Add <a href=\"https://www.google.com/recaptcha\" target=\"_blank\">Google reCAPTCHA v2</a> to help your visitors with better captcha entry. If you enable reCAPTCHA site/secret keys, Google reCAPTCHA v2 will be activated instead of default AbanteCart captcha image</span>', '2017-10-11 21:10:36', '2017-10-11 21:10:36'),
(6165, 2, 1, 'setting_setting', 'text_setting_php_exceed', 'This value can not exceed your php.ini directive %s (<=%s)', '2017-10-11 21:10:36', '2017-10-11 21:10:36'),
(6166, 2, 1, 'setting_setting', 'entry_start_order_id', 'Order Start No.:<br /><span class=\"help\">Set the starting number the orders will begin from.</span>', '2017-10-11 21:10:36', '2017-10-11 21:10:36'),
(6167, 2, 1, 'setting_setting', 'error_start_order_id', 'Order start number must be a numeric!', '2017-10-11 21:10:36', '2017-10-11 21:10:36'),
(6168, 2, 1, 'setting_setting', 'error_starting_invoice_id', 'Invoice start number must be a numeric!', '2017-10-11 21:10:36', '2017-10-11 21:10:36'),
(6169, 2, 1, 'setting_setting', 'entry_expire_order_days', 'Incomplete Order Expiration:<br /><span class=\"help\">This value controls time interval in days before incomplete orders will be deleted. Empty value means that no orders will be to deleted.</span>', '2017-10-11 21:10:36', '2017-10-11 21:10:36'),
(6170, 2, 1, 'setting_setting', 'error_expire_order_days', 'Incomplete Order Expiration value must be a numeric!', '2017-10-11 21:10:36', '2017-10-11 21:10:36'),
(6171, 2, 1, 'setting_setting', 'text_storefront', 'Storefront', '2017-10-11 21:10:36', '2017-10-11 21:10:36'),
(6172, 2, 1, 'setting_setting', 'text_im_driver', 'Driver', '2017-10-11 21:10:36', '2017-10-11 21:10:36'),
(6173, 2, 1, 'setting_setting', 'text_im_protocol', 'IM Protocol', '2017-10-11 21:10:36', '2017-10-11 21:10:36'),
(6174, 2, 1, 'setting_setting', 'entry_sms_driver', 'SMS Provider', '2017-10-11 21:10:36', '2017-10-11 21:10:36'),
(6175, 2, 1, 'setting_setting', 'entry_sms_driver_tooltip', 'Select an extension for SMS service provider', '2017-10-11 21:10:36', '2017-10-11 21:10:36'),
(6176, 2, 1, 'setting_setting', 'entry_storefront_status_tooltip', 'Enable SMS for customers', '2017-10-11 21:10:36', '2017-10-11 21:10:36'),
(6177, 2, 1, 'setting_setting', 'entry_admin_status_tooltip', 'Enable SMS for administrators', '2017-10-11 21:10:36', '2017-10-11 21:10:36'),
(6178, 2, 1, 'setting_setting', 'text_no_driver', ' No IM Driver Found', '2017-10-11 21:10:36', '2017-10-11 21:10:36'),
(6179, 2, 1, 'setting_setting', 'text_im_settings_attention', 'These settings are for instant messages sent automatically during AbanteCart events in storefront and admin. ', '2017-10-11 21:10:36', '2017-10-11 21:10:36'),
(6180, 2, 1, 'setting_setting', 'entry_html_cache', 'HTML Cache:<br /><span class=\"help\">Enabled HTML pages and blocks caching to get better speed for your pages. This is additional caching to regular data caching enabled in system/config.php file</span>', '2017-10-11 21:10:36', '2017-10-11 21:10:36'),
(6181, 2, 1, 'setting_setting', 'entry_task_api_key', 'Tasks API Key:<br/><span class=\"help\">This is a secret key to allow AbanteCart to run scheduled processes from the browser with /task.php file. If not set, tasks will not run via browser.<br/>NOTE: This API Key is not required for running tasks command line.</span>', '2017-10-11 21:10:36', '2017-10-11 21:10:36'),
(6182, 2, 1, 'setting_setting', 'entry_duplicate_contact_us', 'Duplicate Contact Enquiries to Messages', '2017-10-11 21:10:36', '2017-10-11 21:10:36'),
(6183, 2, 1, 'common_resource_library', 'heading_title', 'Resource Library', '2017-10-11 21:10:36', '2017-10-11 21:10:36'),
(6184, 2, 1, 'common_resource_library', 'view_title', 'View Object Resources', '2017-10-11 21:10:36', '2017-10-11 21:10:36'),
(6185, 2, 1, 'common_resource_library', 'confirm_title', 'Confirm resource(s) delete', '2017-10-11 21:10:36', '2017-10-11 21:10:36'),
(6186, 2, 1, 'common_resource_library', 'text_confirm_delete', 'Some resources might be included in the text. We can not check this automatically.  Delete?', '2017-10-11 21:10:36', '2017-10-11 21:10:36'),
(6187, 2, 1, 'common_resource_library', 'text_cant_delete_title', 'Resource(s) delete', '2017-10-11 21:10:36', '2017-10-11 21:10:36'),
(6188, 2, 1, 'common_resource_library', 'text_cant_delete', 'Cant delete resource(s) because one or more resources is linked to object', '2017-10-11 21:10:36', '2017-10-11 21:10:36'),
(6189, 2, 1, 'common_resource_library', 'text_edit_resource', 'Edit Resource', '2017-10-11 21:10:36', '2017-10-11 21:10:36'),
(6190, 2, 1, 'common_resource_library', 'text_resource_details', 'Resource Details', '2017-10-11 21:10:36', '2017-10-11 21:10:36'),
(6191, 2, 1, 'common_resource_library', 'text_mapped_to', 'Linked To', '2017-10-11 21:10:36', '2017-10-11 21:10:36'),
(6192, 2, 1, 'common_resource_library', 'text_products', 'Products', '2017-10-11 21:10:36', '2017-10-11 21:10:36'),
(6193, 2, 1, 'common_resource_library', 'text_add_file', 'Add Resource File', '2017-10-11 21:10:36', '2017-10-11 21:10:36'),
(6194, 2, 1, 'common_resource_library', 'text_add_code', 'Add Resource HTML', '2017-10-11 21:10:36', '2017-10-11 21:10:36'),
(6195, 2, 1, 'common_resource_library', 'text_add_files', 'Add files...', '2017-10-11 21:10:36', '2017-10-11 21:10:36'),
(6196, 2, 1, 'common_resource_library', 'text_upload_files', 'Upload files', '2017-10-11 21:10:36', '2017-10-11 21:10:36'),
(6197, 2, 1, 'common_resource_library', 'text_drag', 'or Drag them here to start upload', '2017-10-11 21:10:36', '2017-10-11 21:10:36'),
(6198, 2, 1, 'common_resource_library', 'text_start_upload', 'Start upload', '2017-10-11 21:10:36', '2017-10-11 21:10:36'),
(6199, 2, 1, 'common_resource_library', 'text_cancel_upload', 'Cancel upload', '2017-10-11 21:10:36', '2017-10-11 21:10:36'),
(6200, 2, 1, 'common_resource_library', 'text_start', 'Start', '2017-10-11 21:10:36', '2017-10-11 21:10:36'),
(6201, 2, 1, 'common_resource_library', 'text_cancel', 'Cancel', '2017-10-11 21:10:36', '2017-10-11 21:10:36'),
(6202, 2, 1, 'common_resource_library', 'text_save_sort_order', 'Save Sort Order', '2017-10-11 21:10:36', '2017-10-11 21:10:36'),
(6203, 2, 1, 'common_resource_library', 'text_error', 'Error', '2017-10-11 21:10:36', '2017-10-11 21:10:36'),
(6204, 2, 1, 'common_resource_library', 'text_delete_files', 'Delete files', '2017-10-11 21:10:36', '2017-10-11 21:10:36'),
(6205, 2, 1, 'common_resource_library', 'text_search', 'search', '2017-10-11 21:10:36', '2017-10-11 21:10:36'),
(6206, 2, 1, 'common_resource_library', 'text_type', 'Type', '2017-10-11 21:10:36', '2017-10-11 21:10:36'),
(6207, 2, 1, 'common_resource_library', 'text_language', 'Language', '2017-10-11 21:10:36', '2017-10-11 21:10:36'),
(6208, 2, 1, 'common_resource_library', 'text_resource_code', 'Resource HTML', '2017-10-11 21:10:36', '2017-10-11 21:10:36'),
(6209, 2, 1, 'common_resource_library', 'text_name', 'Name', '2017-10-11 21:10:36', '2017-10-11 21:10:36'),
(6210, 2, 1, 'common_resource_library', 'text_title', 'Title', '2017-10-11 21:10:36', '2017-10-11 21:10:36'),
(6211, 2, 1, 'common_resource_library', 'text_description', 'Description', '2017-10-11 21:10:36', '2017-10-11 21:10:36'),
(6212, 2, 1, 'common_resource_library', 'text_uploaded', 'Success: Resource has been uploaded!', '2017-10-11 21:10:36', '2017-10-11 21:10:36'),
(6213, 2, 1, 'common_resource_library', 'text_add', 'Add', '2017-10-11 21:10:36', '2017-10-11 21:10:36'),
(6214, 2, 1, 'common_resource_library', 'text_edit', 'Edit', '2017-10-11 21:10:36', '2017-10-11 21:10:36'),
(6215, 2, 1, 'common_resource_library', 'text_map', 'Link to Object', '2017-10-11 21:10:36', '2017-10-11 21:10:36'),
(6216, 2, 1, 'common_resource_library', 'text_map_to', 'Link to %s', '2017-10-11 21:10:36', '2017-10-11 21:10:36'),
(6217, 2, 1, 'common_resource_library', 'text_unmap', 'Unlink from Object', '2017-10-11 21:10:36', '2017-10-11 21:10:36'),
(6218, 2, 1, 'common_resource_library', 'text_unmap_from', 'Unlink from %s', '2017-10-11 21:10:36', '2017-10-11 21:10:36'),
(6219, 2, 1, 'common_resource_library', 'text_success_unmap', 'Success: Resource has been unlinked.', '2017-10-11 21:10:36', '2017-10-11 21:10:36'),
(6220, 2, 1, 'common_resource_library', 'text_file_delete', 'Resource has been deleted!', '2017-10-11 21:10:36', '2017-10-11 21:10:36'),
(6221, 2, 1, 'common_resource_library', 'text_delete', 'Success: Your Resource has been deleted!', '2017-10-11 21:10:36', '2017-10-11 21:10:36'),
(6222, 2, 1, 'common_resource_library', 'error_file_type', 'Warning: Incorrect file type!', '2017-10-11 21:10:36', '2017-10-11 21:10:36'),
(6223, 2, 1, 'common_resource_library', 'error_file_size', 'Warning: File to big please keep below 300kb and no more than 1000px height or width!', '2017-10-11 21:10:36', '2017-10-11 21:10:36'),
(6224, 2, 1, 'common_resource_library', 'error_maxFileSize', 'File is too big', '2017-10-11 21:10:36', '2017-10-11 21:10:36'),
(6225, 2, 1, 'common_resource_library', 'error_minFileSize', 'File is too small', '2017-10-11 21:10:36', '2017-10-11 21:10:36'),
(6226, 2, 1, 'common_resource_library', 'error_acceptFileTypes', 'Filetype not allowed', '2017-10-11 21:10:36', '2017-10-11 21:10:36'),
(6227, 2, 1, 'common_resource_library', 'error_maxNumberOfFiles', 'Max number of files exceeded', '2017-10-11 21:10:36', '2017-10-11 21:10:36'),
(6228, 2, 1, 'common_resource_library', 'error_uploadedBytes', 'Uploaded bytes exceed file size', '2017-10-11 21:10:36', '2017-10-11 21:10:36'),
(6229, 2, 1, 'common_resource_library', 'error_emptyResult', 'Empty file upload result. Possibly file is corrupted or too big. File size limited to 16MB. If file size is less than limit please check php settings for upload_max_filesize & post_max_size  ', '2017-10-11 21:10:36', '2017-10-11 21:10:36'),
(6230, 2, 1, 'common_resource_library', 'error_1', 'File exceeds upload_max_filesize (php.ini directive)', '2017-10-11 21:10:36', '2017-10-11 21:10:36'),
(6231, 2, 1, 'common_resource_library', 'error_2', 'File exceeds MAX_FILE_SIZE (HTML form directive)', '2017-10-11 21:10:36', '2017-10-11 21:10:36'),
(6232, 2, 1, 'common_resource_library', 'error_3', 'File was only partially uploaded', '2017-10-11 21:10:36', '2017-10-11 21:10:36'),
(6233, 2, 1, 'common_resource_library', 'error_4', 'No File was uploaded', '2017-10-11 21:10:36', '2017-10-11 21:10:36'),
(6234, 2, 1, 'common_resource_library', 'error_5', 'Missing a temporary folder', '2017-10-11 21:10:36', '2017-10-11 21:10:36'),
(6235, 2, 1, 'common_resource_library', 'error_6', 'Failed to write file to disk', '2017-10-11 21:10:36', '2017-10-11 21:10:36'),
(6236, 2, 1, 'common_resource_library', 'error_7', 'File upload stopped by extension', '2017-10-11 21:10:36', '2017-10-11 21:10:36'),
(6237, 2, 1, 'common_resource_library', 'error_uploaded', 'Warning: File could not be uploaded for an unknown reason!', '2017-10-11 21:10:36', '2017-10-11 21:10:36'),
(6238, 2, 1, 'common_resource_library', 'error_no_type', 'Please select resource type', '2017-10-11 21:10:36', '2017-10-11 21:10:36'),
(6239, 2, 1, 'common_resource_library', 'error_required_data', 'Required Data has not been entered', '2017-10-11 21:10:36', '2017-10-11 21:10:36'),
(6240, 2, 1, 'common_resource_library', 'error_not_added', 'Resource not added. Please check error log for more info', '2017-10-11 21:10:36', '2017-10-11 21:10:36'),
(6241, 2, 1, 'common_resource_library', 'error_ajax', 'Load data error. Please check error log for more info', '2017-10-11 21:10:36', '2017-10-11 21:10:36'),
(6242, 2, 1, 'common_resource_library', 'error_permission', 'Warning: Permission Denied!', '2017-10-11 21:10:36', '2017-10-11 21:10:36'),
(6243, 2, 1, 'common_resource_library', 'error_name', 'Error: Name field is required!', '2017-10-11 21:10:36', '2017-10-11 21:10:36'),
(6244, 2, 1, 'common_resource_library', 'button_delete', 'Delete', '2017-10-11 21:10:36', '2017-10-11 21:10:36'),
(6245, 2, 1, 'common_resource_library', 'button_add', 'Add Resource', '2017-10-11 21:10:36', '2017-10-11 21:10:36'),
(6246, 2, 1, 'common_resource_library', 'button_done', 'Done', '2017-10-11 21:10:36', '2017-10-11 21:10:36'),
(6247, 2, 1, 'common_resource_library', 'button_select', 'Select Resources', '2017-10-11 21:10:36', '2017-10-11 21:10:36'),
(6248, 2, 1, 'common_resource_library', 'text_with_selected', 'With selected:', '2017-10-11 21:10:36', '2017-10-11 21:10:36'),
(6249, 2, 1, 'common_resource_library', 'text_success', 'Resource successfully updated', '2017-10-11 21:10:36', '2017-10-11 21:10:36'),
(6250, 2, 1, 'common_resource_library', 'text_map_success', 'Resource successfully linked', '2017-10-11 21:10:36', '2017-10-11 21:10:36'),
(6251, 2, 1, 'common_resource_library', 'text_no_resources', 'No resources available', '2017-10-11 21:10:36', '2017-10-11 21:10:36'),
(6252, 2, 1, 'common_resource_library', 'text_preview', 'Preview/Download', '2017-10-11 21:10:36', '2017-10-11 21:10:36'),
(6253, 2, 1, 'common_resource_library', 'error_file size', 'Attention: Maximum size of file for upload is %s. You can increase this value in php.ini.', '2017-10-11 21:10:36', '2017-10-11 21:10:36'),
(6254, 2, 1, 'common_resource_library', 'text_product_option_value', 'Product options value', '2017-10-11 21:10:36', '2017-10-11 21:10:36'),
(6255, 2, 1, 'common_resource_library', 'text_categories', 'Categories', '2017-10-11 21:10:36', '2017-10-11 21:10:36'),
(6256, 2, 1, 'common_resource_library', 'text_manufacturers', 'Manufacturers', '2017-10-11 21:10:36', '2017-10-11 21:10:36'),
(6257, 2, 1, 'common_resource_library', 'error_delete', 'Cannot delete resource linked to multiple objects', '2017-10-11 21:10:36', '2017-10-11 21:10:36'),
(6258, 2, 1, 'common_resource_library', 'error_unmap', 'Cannot unlink resource. Object wasn\'t set.', '2017-10-11 21:10:36', '2017-10-11 21:10:36'),
(6259, 2, 1, 'common_resource_library', 'text_replace_file', 'Replace File', '2017-10-11 21:10:36', '2017-10-11 21:10:36'),
(6260, 2, 1, 'common_resource_library', 'error_not_replaced', 'File Replacement Error. ID required!', '2017-10-11 21:10:36', '2017-10-11 21:10:36'),
(6261, 2, 1, 'common_resource_library', 'error_not_exists', 'File Replacement Error. Resource does not exists!', '2017-10-11 21:10:36', '2017-10-11 21:10:36'),
(6262, 2, 1, 'common_resource_library', 'error_cannot_move', 'Error: Cannot move file %s to resources directory.', '2017-10-11 21:10:36', '2017-10-11 21:10:36'),
(6263, 2, 1, 'common_resource_library', 'button_save_n_apply', 'Save and Apply', '2017-10-11 21:10:36', '2017-10-11 21:10:36'),
(6264, 2, 1, 'common_resource_library', 'text_image_size', 'Image size:', '2017-10-11 21:10:36', '2017-10-11 21:10:36'),
(6265, 2, 1, 'common_resource_library', 'text_file_size', 'File size:', '2017-10-11 21:10:36', '2017-10-11 21:10:36'),
(6266, 2, 1, 'common_resource_library', 'text_file_mime', 'MIME:', '2017-10-11 21:10:36', '2017-10-11 21:10:36'),
(6267, 2, 1, 'common_resource_library', 'text_file_path', 'File location:', '2017-10-11 21:10:36', '2017-10-11 21:10:36'),
(6268, 2, 1, 'common_resource_library', 'text_file_url', 'Resource URL:', '2017-10-11 21:10:36', '2017-10-11 21:10:36'),
(6269, 2, 1, 'common_resource_library', 'text_sorting_date_asc', 'Date Old &gt; New', '2017-10-11 21:10:36', '2017-10-11 21:10:36'),
(6270, 2, 1, 'common_resource_library', 'text_sorting_date_desc', 'Date New &gt; Old', '2017-10-11 21:10:36', '2017-10-11 21:10:36'),
(6271, 2, 1, 'common_resource_library', 'text_sorting_name_asc', 'Name A - Z', '2017-10-11 21:10:36', '2017-10-11 21:10:36'),
(6272, 2, 1, 'common_resource_library', 'text_sorting_name_desc', 'Name Z - A', '2017-10-11 21:10:36', '2017-10-11 21:10:36'),
(6273, 2, 1, 'common_resource_library', 'text_sorting_asc', 'Sort Order Low &gt; High', '2017-10-11 21:10:36', '2017-10-11 21:10:36'),
(6274, 2, 1, 'common_resource_library', 'text_sorting_desc', 'Sort Order High &gt; Low', '2017-10-11 21:10:36', '2017-10-11 21:10:36'),
(6275, 2, 1, 'common_quick_start', 'text_quick_start', 'Quick Start Wizard', '2017-10-11 21:10:36', '2017-10-11 21:10:36'),
(6276, 2, 1, 'common_quick_start', 'text_quick_start_note', '    	Welcome to E1brand administration.<br />    	This is a wizard to help you quickly set up your shopping cart with most common settings.		<br />    ', '2017-10-11 21:10:36', '2017-10-12 21:54:20'),
(6277, 2, 1, 'common_quick_start', 'text_quick_start_general', '    	Below are most common general settings. \n    	More settings are available <a href=\"%s\" target=\"_new_admin\"><i class=\"fa fa-link fa-fw\"></i></a>\n    ', '2017-10-11 21:10:36', '2017-10-11 21:10:36'),
(6278, 2, 1, 'common_quick_start', 'text_quick_start_details', '    	Below are most common settings about your store. \n    	More settings are available <a href=\"%s\" target=\"_new_admin\"><i class=\"fa fa-link fa-fw\"></i></a>\n    ', '2017-10-11 21:10:36', '2017-10-11 21:10:36'),
(6279, 2, 1, 'common_quick_start', 'text_quick_start_checkout', '    	Below are most common settings for checkout process. \n    	More settings are available <a href=\"%s\" target=\"_new_admin\"><i class=\"fa fa-link fa-fw\"></i></a>\n    ', '2017-10-11 21:10:36', '2017-10-11 21:10:36'),
(6280, 2, 1, 'common_quick_start', 'text_quick_start_appearance', '    	Below are most common settings for storefront appearance. \n    	More settings are available <a href=\"%s\" target=\"_new_admin\"><i class=\"fa fa-link fa-fw\"></i></a>\n    ', '2017-10-11 21:10:36', '2017-10-11 21:10:36'),
(6281, 2, 1, 'common_quick_start', 'text_quick_start_mail', '    	Below are most common settings to enable email. If you use external email server (google, etc) to send emails, you need to use SMTP option. For emails to be sent from this server use Mail option. \n    	More settings are available <a href=\"%s\" target=\"_new_admin\"><i class=\"fa fa-link fa-fw\"></i></a>\n    ', '2017-10-11 21:10:36', '2017-10-11 21:10:36'),
(6282, 2, 1, 'common_quick_start', 'text_quick_start_last', '    	Bellow you can select desired payments and shipping methods, additional languages and many other features to extend your eCommerce functionality.    	Remember to check a selection of extensions on <a href=\"#admin#rt=extension/extensions_store\" target=\"_extension\">Tellbd E-Commerce software marketplace</a> offered by community of professional developers.    ', '2017-10-11 21:10:36', '2018-11-22 12:50:20'),
(6283, 2, 1, 'common_quick_start', 'text_quick_start_last_footer', '    	You have completed quick starter wizard. <br /><br /> \n    	You can locate all the settings <a href=\"%s\">this link <i class=\"fa fa-link fa-fw\"></i></a>\n    ', '2017-10-11 21:10:36', '2017-10-11 21:10:36'),
(6284, 2, 1, 'common_quick_start', 'payments_selection', '    <div class=\"info alert alert-info\">\n    <i class=\"fa fa-money fa-fw\"></i> Select your payment methods.\n    </div>\n    <div class=\"row\">\n	    <div class=\"col-sm-3 h5 center\">\n	        <a href=\"#admin#rt=extension/extensions/install&extension=default_stripe\" target=\"_extension\">\n	        <img src=\"extensions/default_stripe/image/icon.png\"><br>Install Stripe</a>\n	    </div>\n	    <div class=\"col-sm-3 h5 center\">\n	        <a href=\"#admin#rt=extension/extensions/install&extension=default_pp_standart\" target=\"_extension\">\n	        <img src=\"extensions/default_pp_standart/image/icon.png\"><br>Install Paypal</a>\n	    </div>\n	    <div class=\"col-sm-3 h5 center\">\n	        <a href=\"#admin#rt=extension/extensions/install&extension=default_payza\" target=\"_extension\">\n	        <img src=\"extensions/default_payza/image/icon.png\"><br>Install Payza</a>\n	    </div>\n	    <div class=\"col-sm-3 h5 center\">\n	        <a href=\"#admin#rt=extension/extensions/payment\" target=\"_extension\">\n	        <img src=\"admin/view/default/image/default_extension.png\"><br>More Payments</a>\n	    </div>\n    </div>\n    ', '2017-10-11 21:10:36', '2017-10-11 21:10:36'),
(6285, 2, 1, 'common_quick_start', 'shipping_selection', '    <div class=\"info alert alert-info\">\n    <i class=\"fa fa-truck fa-fw\"></i> Select your shipping methods.\n    </div>\n    <div class=\"row\">\n	    <div class=\"col-sm-3 h5 center\">\n	        <a href=\"#admin#rt=extension/extensions/install&extension=default_free_shipping\" target=\"_extension\">\n	        <img src=\"extensions/default_free_shipping/image/icon.png\"><br>Free shipping</a>\n	    </div>\n	    <div class=\"col-sm-3 h5 center\">\n	        <a href=\"#admin#rt=extension/extensions/install&extension=default_fedex\" target=\"_extension\">\n	        <img src=\"extensions/default_fedex/image/icon.png\"><br>Fedex</a>\n	    </div>\n	    <div class=\"col-sm-3 h5 center\">\n	        <a href=\"#admin#rt=extension/extensions/install&extension=default_ups\" target=\"_extension\">\n	        <img src=\"extensions/default_ups/image/icon.png\"><br>UPS</a>\n	    </div>\n	    <div class=\"col-sm-3 h5 center\">\n	        <a href=\"#admin#rt=extension/extensions/shipping\" target=\"_extension\">\n	        <img src=\"admin/view/default/image/default_extension.png\"><br>More Shippings</a>\n	    </div>\n    </div>\n    ', '2017-10-11 21:10:36', '2017-10-11 21:10:36'),
(6286, 2, 1, 'common_quick_start', 'language_selection', '    <div class=\"info alert alert-info\">\n    <i class=\"fa fa-language fa-fw\"></i> Select additional languages.\n    </div>\n    <div class=\"row\">\n	    <div class=\"col-sm-3 h5 center\">\n	        <a href=\"#admin#rt=extension/extensions/install&extension=default_italian\" target=\"_extension\">\n	        <img src=\"extensions/default_italian/image/icon.png\"><br>Italian</a>\n	    </div>\n	    <div class=\"col-sm-3 h5 center\">\n	        <a href=\"#admin#rt=extension/extensions/install&extension=default_spanish\" target=\"_extension\">\n	        <img src=\"extensions/default_spanish/image/icon.png\"><br>Spanish</a>\n	    </div>\n	    <div class=\"col-sm-3 h5 center\">\n	        <a href=\"#admin#rt=extension/extensions/install&extension=default_russian\" target=\"_extension\">\n	        <img src=\"extensions/default_russian/image/icon.png\"><br>Russian</a>\n	    </div>\n	    <div class=\"col-sm-3 h5 center\">\n	        <a href=\"#admin#rt=extension/extensions_store&category_id=67&sidx=date_modified\" target=\"_extension\">\n	        <img src=\"admin/view/default/image/default_extension.png\"><br>More Languages</a>\n	    </div>\n    </div>\n    ', '2017-10-11 21:10:36', '2017-10-11 21:10:36'),
(6287, 2, 1, 'common_quick_start', 'more_extensions', '    <div class=\"info alert alert-info\">\n    <i class=\"fa fa-puzzle-piece fa-fw\"></i> More extensions on AbanteCart marketplace.\n    </div>\n    <div class=\"row center\">\n		<div class=\"btn-group center\">\n		    <a class=\"btn btn-primary\" href=\"#admin#rt=extension/extensions_store\" target=\"_extension\">\n		    	<i class=\"fa fa-cloud-download fa-fw\"></i> Extensions Marketplace\n		    </a>\n		</div>\n    </div>\n    ', '2017-10-11 21:10:36', '2017-10-11 21:10:36'),
(6288, 2, 1, 'design_layout', 'heading_title', 'Layout &amp; Blocks Manager', '2017-10-11 21:10:52', '2017-10-11 21:10:52'),
(6289, 2, 1, 'design_layout', 'text_select_template', 'Select template: ', '2017-10-11 21:10:52', '2017-10-11 21:10:52'),
(6290, 2, 1, 'design_layout', 'text_delete_success', 'Success: Page Layout has been removed!', '2017-10-11 21:10:52', '2017-10-11 21:10:52'),
(6291, 2, 1, 'design_layout', 'text_delete_restricted', 'Error: Page Layout is restricted and can not be removed!', '2017-10-11 21:10:52', '2017-10-11 21:10:52'),
(6292, 2, 1, 'design_layout', 'text_success', 'Success: You have modified layout &amp; blocks!', '2017-10-11 21:10:52', '2017-10-11 21:10:52'),
(6293, 2, 1, 'design_layout', 'text_preview_generated', 'Preview Generated!', '2017-10-11 21:10:52', '2017-10-11 21:10:52'),
(6294, 2, 1, 'design_layout', 'text_click_here', 'Click here', '2017-10-11 21:10:52', '2017-10-11 21:10:52'),
(6295, 2, 1, 'design_blocks', 'heading_title', 'Blocks', '2017-10-11 21:10:52', '2017-10-11 21:10:52'),
(6296, 2, 1, 'design_blocks', 'text_delete', 'delete block', '2017-10-11 21:10:52', '2017-10-11 21:10:52'),
(6297, 2, 1, 'design_blocks', 'text_edit', 'edit block', '2017-10-11 21:10:52', '2017-10-11 21:10:52'),
(6298, 2, 1, 'design_blocks', 'text_enable', 'Enable/Disable', '2017-10-11 21:10:52', '2017-10-11 21:10:52'),
(6299, 2, 1, 'design_blocks', 'text_details', 'Details', '2017-10-11 21:10:52', '2017-10-11 21:10:52'),
(6300, 2, 1, 'design_blocks', 'text_create', 'Create block', '2017-10-11 21:10:52', '2017-10-11 21:10:52'),
(6301, 2, 1, 'design_blocks', 'text_success', 'Success: You have modified block!', '2017-10-11 21:10:52', '2017-10-11 21:10:52'),
(6302, 2, 1, 'design_blocks', 'column_block_id', 'ID', '2017-10-11 21:10:52', '2017-10-11 21:10:52'),
(6303, 2, 1, 'design_blocks', 'column_block_txt_id', ' Unique Text ID ', '2017-10-11 21:10:52', '2017-10-11 21:10:52'),
(6304, 2, 1, 'design_blocks', 'column_block_name', 'Name', '2017-10-11 21:10:52', '2017-10-11 21:10:52'),
(6305, 2, 1, 'design_blocks', 'column_date_added', 'Date Added', '2017-10-11 21:10:52', '2017-10-11 21:10:52'),
(6306, 2, 1, 'design_blocks', 'column_block_type', ' Type ', '2017-10-11 21:10:52', '2017-10-11 21:10:52'),
(6307, 2, 1, 'design_blocks', 'column_action', ' Action ', '2017-10-11 21:10:52', '2017-10-11 21:10:52'),
(6308, 2, 1, 'design_blocks', 'column_sort_order', ' Sort Order ', '2017-10-11 21:10:52', '2017-10-11 21:10:52'),
(6309, 2, 1, 'design_blocks', 'column_image', ' Image ', '2017-10-11 21:10:52', '2017-10-11 21:10:52'),
(6310, 2, 1, 'design_blocks', 'entry_block_status', ' Status ', '2017-10-11 21:10:52', '2017-10-11 21:10:52'),
(6311, 2, 1, 'design_blocks', 'entry_block_status_note', ' Note: You need to add this block in the <a style=\"text-decoration: underline; font-weight: bold;\" href=\"#admin#rt=design/layout\">LAYOUT</a> on desired page to see it working ', '2017-10-11 21:10:52', '2017-10-11 21:10:52'),
(6312, 2, 1, 'design_blocks', 'entry_block_type', ' Custom Block Type ', '2017-10-11 21:10:52', '2017-10-11 21:10:52'),
(6313, 2, 1, 'design_blocks', 'entry_block_name', ' Custom Block Name ', '2017-10-11 21:10:52', '2017-10-11 21:10:52'),
(6314, 2, 1, 'design_blocks', 'entry_block_wrapper', ' Use block wrapper (appearance) ', '2017-10-11 21:10:52', '2017-10-11 21:10:52'),
(6315, 2, 1, 'design_blocks', 'entry_block_framed', ' Use block\'s frame ', '2017-10-11 21:10:52', '2017-10-11 21:10:52'),
(6316, 2, 1, 'design_blocks', 'entry_block_title', ' Custom Block Title ', '2017-10-11 21:10:52', '2017-10-11 21:10:52'),
(6317, 2, 1, 'design_blocks', 'entry_block_description', ' Custom Block description <p>Note: internal use only </p> ', '2017-10-11 21:10:52', '2017-10-11 21:10:52'),
(6318, 2, 1, 'design_blocks', 'entry_block_content', ' Custom Block content ', '2017-10-11 21:10:52', '2017-10-11 21:10:52'),
(6319, 2, 1, 'design_blocks', 'entry_listing_datasource', ' Listing Data Source ', '2017-10-11 21:10:52', '2017-10-11 21:10:52'),
(6320, 2, 1, 'design_blocks', 'text_delete_confirm', ' Confirm to delete block? ', '2017-10-11 21:10:52', '2017-10-11 21:10:52'),
(6321, 2, 1, 'design_blocks', 'error_empty', 'Please Fill All Required Fields!', '2017-10-11 21:10:52', '2017-10-11 21:10:52'),
(6322, 2, 1, 'design_blocks', 'error_delete', 'Can\'t delete because this block is in use. Please visit Layout section. ', '2017-10-11 21:10:52', '2017-10-11 21:10:52'),
(6323, 2, 1, 'design_blocks', 'error_text_status', 'Can\'t change status because this block is not in use. Please visit Layout section. ', '2017-10-11 21:10:52', '2017-10-11 21:10:52'),
(6324, 2, 1, 'design_blocks', 'text_success_deleted', 'Success: You have deleted custom block!', '2017-10-11 21:10:52', '2017-10-11 21:10:52'),
(6325, 2, 1, 'design_blocks', 'entry_data_source', 'Data Source:', '2017-10-11 21:10:52', '2017-10-11 21:10:52'),
(6326, 2, 1, 'design_blocks', 'entry_limit', 'Limit:', '2017-10-11 21:10:52', '2017-10-11 21:10:52'),
(6327, 2, 1, 'design_blocks', 'text_listing_auto', 'Auto listing', '2017-10-11 21:10:52', '2017-10-11 21:10:52'),
(6328, 2, 1, 'design_blocks', 'text_listing_manual', 'Custom listing', '2017-10-11 21:10:52', '2017-10-11 21:10:52'),
(6329, 2, 1, 'design_blocks', 'text_select_listing', '--- select data listing source ---', '2017-10-11 21:10:52', '2017-10-11 21:10:52'),
(6330, 2, 1, 'design_blocks', 'text_products_special', 'Special Offers', '2017-10-11 21:10:52', '2017-10-11 21:10:52'),
(6331, 2, 1, 'design_blocks', 'text_products_popular', 'Popular Products', '2017-10-11 21:10:52', '2017-10-11 21:10:52'),
(6332, 2, 1, 'design_blocks', 'text_categories', 'Categories', '2017-10-11 21:10:52', '2017-10-11 21:10:52'),
(6333, 2, 1, 'design_blocks', 'text_manufacturers', 'Manufacturers', '2017-10-11 21:10:52', '2017-10-11 21:10:52'),
(6334, 2, 1, 'design_blocks', 'text_featured', 'Featured Products', '2017-10-11 21:10:52', '2017-10-11 21:10:52'),
(6335, 2, 1, 'design_blocks', 'text_latest', 'Latest Products', '2017-10-11 21:10:52', '2017-10-11 21:10:52'),
(6336, 2, 1, 'design_blocks', 'text_bestsellers', 'Bestsellers Products', '2017-10-11 21:10:52', '2017-10-11 21:10:52'),
(6337, 2, 1, 'design_blocks', 'text_media', 'Media', '2017-10-11 21:10:52', '2017-10-11 21:10:52'),
(6338, 2, 1, 'design_blocks', 'entry_resource_type', 'Media Type:', '2017-10-11 21:10:52', '2017-10-11 21:10:52'),
(6339, 2, 1, 'design_blocks', 'text_custom_products', 'Custom Products', '2017-10-11 21:10:52', '2017-10-11 21:10:52'),
(6340, 2, 1, 'design_blocks', 'text_custom_categories', 'Custom Categories', '2017-10-11 21:10:52', '2017-10-11 21:10:52'),
(6341, 2, 1, 'design_blocks', 'text_custom_manufacturers', 'Custom Manufacturers', '2017-10-11 21:10:52', '2017-10-11 21:10:52'),
(6342, 2, 1, 'design_blocks', 'text_html_block', 'HTML', '2017-10-11 21:10:52', '2017-10-11 21:10:52'),
(6343, 2, 1, 'design_blocks', 'text_listing_block', 'Data Listing', '2017-10-11 21:10:52', '2017-10-11 21:10:52'),
(6344, 2, 1, 'design_blocks', 'text_selected', ' Selected items: ', '2017-10-11 21:10:52', '2017-10-11 21:10:52'),
(6345, 2, 1, 'design_blocks', 'text_data_listed', ' Data to be listed ', '2017-10-11 21:10:52', '2017-10-11 21:10:52'),
(6346, 2, 1, 'design_blocks', 'text_save_edit', ' Add / Edit ', '2017-10-11 21:10:52', '2017-10-11 21:10:52'),
(6347, 2, 1, 'design_blocks', 'text_apply', ' Apply selection ', '2017-10-11 21:10:52', '2017-10-11 21:10:52'),
(6348, 2, 1, 'design_blocks', 'text_block_id', ' Block ID ', '2017-10-11 21:10:52', '2017-10-11 21:10:52'),
(6349, 2, 1, 'design_blocks', 'text_block_txt_id', ' Block Text ID ', '2017-10-11 21:10:52', '2017-10-11 21:10:52'),
(6350, 2, 1, 'design_blocks', 'text_controller', ' Controller ', '2017-10-11 21:10:52', '2017-10-11 21:10:52'),
(6351, 2, 1, 'design_blocks', 'text_templates', ' Block Templates ', '2017-10-11 21:10:52', '2017-10-11 21:10:52'),
(6352, 2, 1, 'design_blocks', 'text_block_date_added', ' Block Creation Date ', '2017-10-11 21:10:52', '2017-10-11 21:10:52'),
(6353, 2, 1, 'design_blocks', 'text_layouts', ' Used in layouts ', '2017-10-11 21:10:52', '2017-10-11 21:10:52'),
(6354, 2, 1, 'design_blocks', 'text_block_info', ' Information About Custom Block ', '2017-10-11 21:10:52', '2017-10-11 21:10:52'),
(6355, 2, 1, 'design_blocks', 'text_add_block', 'Adding block to section', '2017-10-11 21:10:52', '2017-10-11 21:10:52'),
(6356, 2, 1, 'design_blocks', 'text_available_block', 'Available Blocks', '2017-10-11 21:10:52', '2017-10-11 21:10:52');

INSERT INTO `ab1l_language_definitions` (`language_definition_id`, `language_id`, `section`, `block`, `language_key`, `language_value`, `date_added`, `date_modified`) VALUES
(6696, 2, 1, 'default_ups_default_ups', 'entry_origin', 'Shipping Origin Code:<span class=\"help\">What origin point should be used (this setting affects only what UPS product names are shown to the user)</span>', '2017-10-11 21:38:52', '2017-10-11 21:38:52'),
(6697, 2, 1, 'default_ups_default_ups', 'entry_city', 'Origin City:<span class=\"help\">Enter the name of the origin city.</span>', '2017-10-11 21:38:52', '2017-10-11 21:38:52'),
(6698, 2, 1, 'default_ups_default_ups', 'entry_state', 'Origin State/Province:<span class=\"help\">Enter the two-letter code for your origin state/province.</span>', '2017-10-11 21:38:52', '2017-10-11 21:38:52'),
(6699, 2, 1, 'default_ups_default_ups', 'entry_country', 'Origin Country:<span class=\"help\">Enter the two-letter code for your origin country.</span>', '2017-10-11 21:38:52', '2017-10-11 21:38:52'),
(6700, 2, 1, 'default_ups_default_ups', 'entry_postcode', 'Origin Zip/Postal Code:<span class=\"help\">Enter your origin zip/postalcode.</span>', '2017-10-11 21:38:52', '2017-10-11 21:38:52'),
(6701, 2, 1, 'default_ups_default_ups', 'entry_test', 'Test Mode:<span class=\"help\">Use this module in Test (YES) or Production mode (NO)?</span>', '2017-10-11 21:38:52', '2017-10-11 21:38:52'),
(6702, 2, 1, 'default_ups_default_ups', 'entry_quote_type', 'Quote Type:<span class=\"help\">Quote for Residential or Commercial Delivery.</span>', '2017-10-11 21:38:52', '2017-10-11 21:38:52'),
(6703, 2, 1, 'default_ups_default_ups', 'entry_service', 'Services:<span class=\"help\">Select the UPS services to be offered.</span>', '2017-10-11 21:38:52', '2017-10-11 21:38:52'),
(6704, 2, 1, 'default_ups_default_ups', 'entry_display_weight', 'Display Delivery Weight:<br /><span class=\"help\">Do you want to display the shipping weight? (e.g. Delivery Weight : 2.7674 Kg\'s)</span>', '2017-10-11 21:38:52', '2017-10-11 21:38:52'),
(6705, 2, 1, 'default_ups_default_ups', 'entry_weight_code', 'Weight Code:<br /><span class=\"help\">Allowed kgs or lbs. Make sure you match the weight class with the UPS accepted weight code.</span>', '2017-10-11 21:38:52', '2017-10-11 21:38:52'),
(6706, 2, 1, 'default_ups_default_ups', 'entry_weight_class', 'Weight Class:<span class=\"help\">Set to kilograms or pounds.</span>', '2017-10-11 21:38:52', '2017-10-11 21:38:52'),
(6707, 2, 1, 'default_ups_default_ups', 'entry_length_class', 'Length Class:<span class=\"help\">inches or centimeters</span>', '2017-10-11 21:38:52', '2017-10-11 21:38:52'),
(6708, 2, 1, 'default_ups_default_ups', 'entry_dimensions', 'Dimensions (L x W x H), inches:<span class=\"help\">This is assumed to be your average packing box size. Individual item dimensions are not supported at this time so you must enter average dimensions like 5x5x5.</span>', '2017-10-11 21:38:52', '2017-10-11 21:38:52'),
(6709, 2, 1, 'default_ups_default_ups', 'entry_tax', 'Tax Class:', '2017-10-11 21:38:52', '2017-10-11 21:38:52'),
(6710, 2, 1, 'default_ups_default_ups', 'entry_location', 'Location:', '2017-10-11 21:38:52', '2017-10-11 21:38:52'),
(6711, 2, 1, 'default_ups_default_ups', 'error_permission', 'Warning: You do not have permission to modify UPS (US) shipping!', '2017-10-11 21:38:52', '2017-10-11 21:38:52'),
(6712, 2, 1, 'default_ups_default_ups', 'error_key', 'Access Key Required!', '2017-10-11 21:38:52', '2017-10-11 21:38:52'),
(6713, 2, 1, 'default_ups_default_ups', 'error_username', 'Username Required!', '2017-10-11 21:38:52', '2017-10-11 21:38:52'),
(6714, 2, 1, 'default_ups_default_ups', 'error_password', 'Password Required!', '2017-10-11 21:38:52', '2017-10-11 21:38:52'),
(6715, 2, 1, 'default_ups_default_ups', 'error_city', 'Origin City!', '2017-10-11 21:38:52', '2017-10-11 21:38:52'),
(6716, 2, 1, 'default_ups_default_ups', 'error_state', 'Origin State/Province Required!', '2017-10-11 21:38:52', '2017-10-11 21:38:52'),
(6717, 2, 1, 'default_ups_default_ups', 'error_country', 'Origin Country Required!', '2017-10-11 21:38:52', '2017-10-11 21:38:52'),
(6718, 2, 1, 'default_ups_default_ups', 'error_dimensions', 'All Dimensions Required!', '2017-10-11 21:38:52', '2017-10-11 21:38:52'),
(6719, 2, 1, 'default_pp_standart_default_pp_standart', 'default_pp_standart_name', 'PayPal', '2017-10-11 21:40:06', '2017-10-11 21:40:06'),
(6720, 2, 1, 'default_pp_standart_default_pp_standart', 'text_success', 'Success: You have modified PayPal account details!', '2017-10-11 21:40:06', '2017-10-11 21:40:06'),
(6721, 2, 1, 'default_pp_standart_default_pp_standart', 'text_pp_standard', '<a onclick=\"window.open(\'https://www.paypal.com/uk/mrb/pal=W9TBB5DTD6QJW\');\"><img src=\"admin/view/default/image/payment/paypal.png\" alt=\"PayPal\" title=\"PayPal\" style=\"border: 1px solid #EEEEEE;\" /></a>', '2017-10-11 21:40:06', '2017-10-11 21:40:06'),
(6722, 2, 1, 'default_pp_standart_default_pp_standart', 'default_pp_standart_email', 'Your PayPal Email Address:', '2017-10-11 21:40:06', '2017-10-11 21:40:06'),
(6723, 2, 1, 'default_pp_standart_default_pp_standart', 'default_pp_standart_test', 'Sandbox (Test) Mode:<br /><span class=\"help\">Use the live or testing (sandbox) gateway server to process transactions?</span>', '2017-10-11 21:40:06', '2017-10-11 21:40:06'),
(6724, 2, 1, 'default_pp_standart_default_pp_standart', 'default_pp_standart_test_1', ' Yes ', '2017-10-11 21:40:06', '2017-10-11 21:40:06'),
(6725, 2, 1, 'default_pp_standart_default_pp_standart', 'default_pp_standart_test_0', ' No ', '2017-10-11 21:40:06', '2017-10-11 21:40:06'),
(6726, 2, 1, 'default_pp_standart_default_pp_standart', 'default_pp_standart_transaction', 'Transaction Method:<br /><span class=\"help\">PayPal transaction to run at customer\'s checkout before order status is set. Authorization only or capture.</span>', '2017-10-11 21:40:06', '2017-10-11 21:40:06'),
(6727, 2, 1, 'default_pp_standart_default_pp_standart', 'default_pp_standart_transaction_0', ' Authorization ', '2017-10-11 21:40:06', '2017-10-11 21:40:06'),
(6728, 2, 1, 'default_pp_standart_default_pp_standart', 'default_pp_standart_transaction_1', ' Sale ', '2017-10-11 21:40:06', '2017-10-11 21:40:06'),
(6729, 2, 1, 'default_pp_standart_default_pp_standart', 'default_pp_standart_order_status_id', 'Order Status:<br /><span class=\"help\">Order status to be set after customer\'s order finished based on set Transaction Method</span>', '2017-10-11 21:40:06', '2017-10-11 21:40:06'),
(6730, 2, 1, 'default_pp_standart_default_pp_standart', 'default_pp_standart_location_id', 'Location:<br /><span class=\"help\">Restrict to allow only selected locations to use this payment method.</span>', '2017-10-11 21:40:06', '2017-10-11 21:40:06'),
(6731, 2, 1, 'default_pp_standart_default_pp_standart', 'default_pp_standart_location_id_0', 'All Locations', '2017-10-11 21:40:06', '2017-10-11 21:40:06'),
(6732, 2, 1, 'default_pp_standart_default_pp_standart', 'button_signup', 'Sign Up Now', '2017-10-11 21:40:06', '2017-10-11 21:40:06'),
(6733, 2, 1, 'default_pp_standart_default_pp_standart', 'text_confirm_email', 'Re-enter Your PayPal Email Address:', '2017-10-11 21:40:06', '2017-10-11 21:40:06'),
(6734, 2, 1, 'default_pp_standart_default_pp_standart', 'text_signup_account_note', '<b>Don\'t have a PayPal account?</b> To use PayPal Payments Standard, you need a PayPal Business Account. Once you\'re signed up, enter your PayPal email address below to start accepting payments.', '2017-10-11 21:40:06', '2017-10-11 21:40:06'),
(6735, 2, 1, 'default_pp_standart_default_pp_standart', 'text_customize_checkout_page', 'Customize Checkout Page', '2017-10-11 21:40:06', '2017-10-11 21:40:06'),
(6736, 2, 1, 'default_pp_standart_default_pp_standart', 'default_pp_standart_custom_logo_preview', 'Company Logo Preview', '2017-10-11 21:40:06', '2017-10-11 21:40:06'),
(6737, 2, 1, 'default_pp_standart_default_pp_standart', 'default_pp_standart_custom_logo', 'Add Company Logo:<span class=\"help\">Enter local path or URL to your company logo file. The logo may be a JPG, PNG, or GIF up to 190 pixels wide by 60 pixels high. This logo will appear as the header of your PayPal checkout page. </span>', '2017-10-11 21:40:06', '2017-10-11 21:40:06'),
(6738, 2, 1, 'default_pp_standart_default_pp_standart', 'default_pp_standart_cartbordercolor', 'Enter a Background Color HEX-Code:<span class=\"help\">It\'s recommended that the background color represent your brand. This color that\'s in your logo or that complements logo colors. Alternatively, neutral colors like black, white or gray will also create a professional look.<br> For ex. #FFF00F</span>', '2017-10-11 21:40:06', '2017-10-11 21:40:06'),
(6739, 2, 1, 'default_pp_standart_default_pp_standart', 'error_confirm_email', 'PayPal email addresses do not match.', '2017-10-11 21:40:06', '2017-10-11 21:40:06'),
(6740, 2, 1, 'default_pp_standart_default_pp_standart', 'text_paypal_email_note', 'To start accepting payments, enter your PayPal email address. In order for you to receive payments, this email address must be the same one you use when signing into your PayPal account.', '2017-10-11 21:40:06', '2017-10-11 21:40:06'),
(6741, 2, 1, 'default_pp_standart_default_pp_standart', 'heading_required_settings', 'Required to accept payment', '2017-10-11 21:40:06', '2017-10-11 21:40:06'),
(6742, 2, 1, 'default_pp_standart_default_pp_standart', 'heading_optional_settings', 'Optional Settings', '2017-10-11 21:40:06', '2017-10-11 21:40:06'),
(6743, 2, 1, 'default_pp_standart_default_pp_standart', 'default_pp_standart_order_status_id_1', 'Pending', '2017-10-11 21:40:06', '2017-10-11 21:40:06'),
(6744, 2, 1, 'default_pp_standart_default_pp_standart', 'default_pp_standart_order_status_id_2', 'Processing', '2017-10-11 21:40:06', '2017-10-11 21:40:06'),
(6745, 2, 1, 'default_pp_standart_default_pp_standart', 'default_pp_standart_order_status_id_5', 'Complete', '2017-10-11 21:40:06', '2017-10-11 21:40:06'),
(6746, 2, 1, 'default_pp_standart_default_pp_standart', 'default_pp_standart_note', 'Note: you can to enable Auto return option for your Paypal Account. <a href=\"https://www.paypal.com/cgi-bin/webscr?cmd=p/mer/express_return_summary-outside\" target=\"_blank\">See details</a>. You return URL is #storefront#rt=checkout/success', '2017-10-11 21:40:06', '2017-10-11 21:40:06'),
(6747, 2, 1, 'default_payza_default_payza', 'default_payza_name', 'Payza IPN', '2017-10-11 21:40:29', '2017-10-11 21:40:29'),
(6748, 2, 1, 'default_payza_default_payza', 'text_payment', 'Payment', '2017-10-11 21:40:29', '2017-10-11 21:40:29'),
(6749, 2, 1, 'default_payza_default_payza', 'default_payza_note', 'With this extension you can use Payza IPN v1 system to accept payments from your customers.<br> \n<br>Don\'t forget to setup and enable IPN in your <a href=\"https://secure.payza.com/?8dYDuHG0dFxqAh3PEXvZiu%2fblIIczM5Th75CF6Csm0Q%3d\" target=\"_new\">Payza account</a> to use this extension.\n<br><br>Your Alert URL is <h4>#storefront#rt=extension/default_payza/callback</h4>\n		 ', '2017-10-11 21:40:29', '2017-10-11 21:40:29'),
(6750, 2, 1, 'default_payza_default_payza', 'text_success', 'Success: You have modified Payza account details!', '2017-10-11 21:40:29', '2017-10-11 21:40:29'),
(6751, 2, 1, 'default_payza_default_payza', 'default_payza_merchant', 'Merchant ID:', '2017-10-11 21:40:29', '2017-10-11 21:40:29'),
(6752, 2, 1, 'default_payza_default_payza', 'default_payza_security', 'Security Code:', '2017-10-11 21:40:29', '2017-10-11 21:40:29'),
(6753, 2, 1, 'default_payza_default_payza', 'default_payza_test_mode', 'Test Mode:', '2017-10-11 21:40:29', '2017-10-11 21:40:29'),
(6754, 2, 1, 'default_payza_default_payza', 'default_payza_callback', 'Alert URL:<br /><span class=\"help\">This has to be set in the Payza control panel. You will also need to check the \"IPN Status\" to enabled.</span>', '2017-10-11 21:40:29', '2017-10-11 21:40:29'),
(6755, 2, 1, 'default_payza_default_payza', 'default_payza_order_status_id', 'Order Status:', '2017-10-11 21:40:29', '2017-10-11 21:40:29'),
(6756, 2, 1, 'default_payza_default_payza', 'default_payza_location_id_0', 'All Locations', '2017-10-11 21:40:29', '2017-10-11 21:40:29'),
(6757, 2, 1, 'default_payza_default_payza', 'default_payza_location_id', 'Location:', '2017-10-11 21:40:29', '2017-10-11 21:40:29'),
(6758, 2, 1, 'default_payza_default_payza', 'error_permission', 'Warning: You do not have permission to modify payment Payza!', '2017-10-11 21:40:29', '2017-10-11 21:40:29'),
(6759, 2, 1, 'default_payza_default_payza', 'error_merchant', 'Merchant ID Required!', '2017-10-11 21:40:29', '2017-10-11 21:40:29'),
(6760, 2, 1, 'default_payza_default_payza', 'error_security', 'Security Code Required!', '2017-10-11 21:40:29', '2017-10-11 21:40:29'),
(6761, 2, 1, 'default_fedex_default_fedex', 'default_fedex_name', 'FEDEX', '2017-10-11 21:41:22', '2017-10-11 21:41:22'),
(6762, 2, 1, 'default_fedex_default_fedex', 'text_shipping', 'Shipping', '2017-10-11 21:41:22', '2017-10-11 21:41:22'),
(6763, 2, 1, 'default_fedex_default_fedex', 'text_success', 'Success: You have modified shipping FEDEX!', '2017-10-11 21:41:22', '2017-10-11 21:41:22'),
(6764, 2, 1, 'default_fedex_default_fedex', 'default_fedex_key', 'Fedex Production Key:<br /><span class=\"help\">Enter the Fedex Production Key Assigned to You, Required. </span>', '2017-10-11 21:41:22', '2017-10-11 21:41:22'),
(6765, 2, 1, 'default_fedex_default_fedex', 'default_fedex_password', 'Fedex Production Password:<br /><span class=\"help\"></span>', '2017-10-11 21:41:22', '2017-10-11 21:41:22'),
(6766, 2, 1, 'default_fedex_default_fedex', 'default_fedex_account', 'Account Number:<br /><span class=\"help\">Enter the fedex Account Number assigned to you, required.</span>', '2017-10-11 21:41:22', '2017-10-11 21:41:22'),
(6767, 2, 1, 'default_fedex_default_fedex', 'default_fedex_meter', 'Fedex Meter Number:<br /><span class=\"help\">Enter FedEx Meter Number.</span>', '2017-10-11 21:41:22', '2017-10-11 21:41:22'),
(6768, 2, 1, 'default_fedex_default_fedex', 'default_fedex_address', 'Address:<br /><span class=\"help\">Shipping from street address.</span>', '2017-10-11 21:41:22', '2017-10-11 21:41:22'),
(6769, 2, 1, 'default_fedex_default_fedex', 'default_fedex_city', 'City:<br /><span class=\"help\">Shipping from city.</span>', '2017-10-11 21:41:22', '2017-10-11 21:41:22'),
(6770, 2, 1, 'default_fedex_default_fedex', 'default_fedex_state', 'State:<br /><span class=\"help\">Shipping from state (two letters).</span>', '2017-10-11 21:41:22', '2017-10-11 21:41:22'),
(6771, 2, 1, 'default_fedex_default_fedex', 'default_fedex_zip', 'Zip/postal code:<br /><span class=\"help\">Shipping from Zip-code.</span>', '2017-10-11 21:41:22', '2017-10-11 21:41:22'),
(6772, 2, 1, 'default_fedex_default_fedex', 'default_fedex_country', 'Country:<br /><span class=\"help\">Shipping from country(two letters).</span>', '2017-10-11 21:41:22', '2017-10-11 21:41:22'),
(6773, 2, 1, 'default_fedex_default_fedex', 'default_fedex_quote_type', 'Quote Type:<br /><span class=\"help\">Quote for Residential or Commercial Delivery.</span>', '2017-10-11 21:41:22', '2017-10-11 21:41:22'),
(6774, 2, 1, 'default_fedex_default_fedex', 'default_fedex_quote_type_residential', 'Residential', '2017-10-11 21:41:22', '2017-10-11 21:41:22'),
(6775, 2, 1, 'default_fedex_default_fedex', 'default_fedex_quote_type_commercial', 'Commercial', '2017-10-11 21:41:22', '2017-10-11 21:41:22'),
(6776, 2, 1, 'default_fedex_default_fedex', 'default_fedex_add_chrg', 'Additional Charges:<br /><span class=\"help\">Additional charge applied to fedex quote.</span>', '2017-10-11 21:41:22', '2017-10-11 21:41:22'),
(6777, 2, 1, 'default_fedex_default_fedex', 'default_fedex_default_fedex_us_01', ' FEDEX First Overnight ', '2017-10-11 21:41:22', '2017-10-11 21:41:22'),
(6778, 2, 1, 'default_fedex_default_fedex', 'default_fedex_default_fedex_us_02', ' FEDEX Priority Overnight  ', '2017-10-11 21:41:22', '2017-10-11 21:41:22'),
(6779, 2, 1, 'default_fedex_default_fedex', 'default_fedex_default_fedex_us_03', ' FEDEX Standard Overnight  ', '2017-10-11 21:41:22', '2017-10-11 21:41:22'),
(6780, 2, 1, 'default_fedex_default_fedex', 'default_fedex_default_fedex_us_04', ' FEDEX 2nd Day ', '2017-10-11 21:41:22', '2017-10-11 21:41:22'),
(6781, 2, 1, 'default_fedex_default_fedex', 'default_fedex_default_fedex_us_05', ' FEDEX Express Saver  ', '2017-10-11 21:41:22', '2017-10-11 21:41:22'),
(6782, 2, 1, 'default_fedex_default_fedex', 'default_fedex_default_fedex_us_06', ' FEDEX Ground  ', '2017-10-11 21:41:22', '2017-10-11 21:41:22'),
(6783, 2, 1, 'default_fedex_default_fedex', 'error_permission', 'Warning: You do not have permission to modify shipping FEDEX!', '2017-10-11 21:41:22', '2017-10-11 21:41:22'),
(6784, 2, 1, 'default_fedex_default_fedex', 'error_account', 'Account ID Required!', '2017-10-11 21:41:22', '2017-10-11 21:41:22'),
(6785, 2, 1, 'default_fedex_default_fedex', 'error_meter', 'Fedex Meter ID Required!', '2017-10-11 21:41:22', '2017-10-11 21:41:22'),
(6786, 2, 1, 'default_fedex_default_fedex', 'default_fedex_note', 'To obtain your Meter Number and Authorization Key, you will need to follow these steps:</br>\n            Go to <a href=\"http://fedex.com/us/developer\" target=\"_blank\">http://fedex.com/us/developer</a><br>\n            Login in with FedEx username and password or click Register Now if they don\'t have one.<br>\n            Click \"Technical Resources\" (left side).<br>\n            Under that click \"FedEx web services for shipping.<br>\n            Click on \"Move To Production\" (right side).<br>\n            Scroll down to button and click \"Obtain Production Key\".<br>\n            On form choose \"No\" on question 1.<br>\n            Check the first box on question 2.<br>\n            Choose \"Corporate Developer\" on question 3.<br>\n            Accept agreement.<br>\n            Fill out the form (do not use dashes in the account number).<br>\n            Receive meter number and key instantly.  Your Production Password will be emailed to you once you complete the above steps.', '2017-10-11 21:41:22', '2017-10-11 21:41:22'),
(6787, 2, 1, 'default_fedex_default_fedex', 'default_fedex_test', 'Test Mode:<br /><span class=\"help\">Use the live or testing gateway server?</span>', '2017-10-11 21:41:22', '2017-10-11 21:41:22'),
(6788, 2, 1, 'default_fedex_default_fedex', 'default_fedex_test_1', ' Yes ', '2017-10-11 21:41:22', '2017-10-11 21:41:22'),
(6789, 2, 1, 'default_fedex_default_fedex', 'default_fedex_test_0', ' No ', '2017-10-11 21:41:22', '2017-10-11 21:41:22'),
(6790, 2, 1, 'default_fedex_default_fedex', 'text_test_connection', 'Test Your Connection:<span class=\"help\">You can test if API credentials that you\'ve entered are correct.</span>', '2017-10-11 21:41:22', '2017-10-11 21:41:22'),
(6791, 2, 1, 'default_fedex_default_fedex', 'text_test', 'Test', '2017-10-11 21:41:22', '2017-10-11 21:41:22'),
(6792, 2, 1, 'default_fedex_default_fedex', 'text_connection_success', 'Connection is successful and API Credentials are configured correctly.', '2017-10-11 21:41:22', '2017-10-11 21:41:22'),
(6793, 2, 1, 'default_fedex_default_fedex', 'error_turn_extension_on', 'Error! Please check if extension is turned ON.', '2017-10-11 21:41:22', '2017-10-11 21:41:22'),
(6794, 2, 1, 'design_menu', 'heading_title', 'Menu', '2017-10-11 21:42:05', '2017-10-11 21:42:05'),
(6795, 2, 1, 'design_menu', 'text_success', 'Success: You have modified menu!', '2017-10-11 21:42:05', '2017-10-11 21:42:05'),
(6796, 2, 1, 'design_menu', 'entry_item_id', 'Unique ID', '2017-10-11 21:42:05', '2017-10-11 21:42:05'),
(6797, 2, 1, 'design_menu', 'entry_item_icon', 'Icon', '2017-10-11 21:42:05', '2017-10-11 21:42:05'),
(6798, 2, 1, 'design_menu', 'entry_item_text', 'Text', '2017-10-11 21:42:05', '2017-10-11 21:42:05'),
(6799, 2, 1, 'design_menu', 'entry_item_url', 'Link<br /><span class=\"help\">For external links add http:// or https:// in the beginning. You can also use relative URL such as ../subfolder/index.php</span>', '2017-10-11 21:42:05', '2017-10-11 21:42:05'),
(6800, 2, 1, 'design_menu', 'entry_parent_id', 'Parent', '2017-10-11 21:42:05', '2017-10-11 21:42:05'),
(6801, 2, 1, 'design_menu', 'entry_sort_order', 'Sort Order', '2017-10-11 21:42:05', '2017-10-11 21:42:05'),
(6802, 2, 1, 'design_menu', 'entry_link_type', 'Link Type', '2017-10-11 21:42:05', '2017-10-11 21:42:05'),
(6803, 2, 1, 'design_menu', 'text_select_parent_id', '- Root Menu -', '2017-10-11 21:42:05', '2017-10-11 21:42:05'),
(6804, 2, 1, 'design_menu', 'error_empty', 'Field cannot be Empty!', '2017-10-11 21:42:05', '2017-10-11 21:42:05'),
(6805, 2, 1, 'design_menu', 'error_non_unique', 'Item ID not unique!', '2017-10-11 21:42:05', '2017-10-11 21:42:05'),
(6806, 2, 1, 'design_menu', 'error_non_ascii', 'Only alphanumeric characters allowed for menu ID field!', '2017-10-11 21:42:05', '2017-10-11 21:42:05'),
(6807, 2, 1, 'design_menu', 'text_category_link_type', 'Category Page', '2017-10-11 21:42:05', '2017-10-11 21:42:05'),
(6808, 2, 1, 'design_menu', 'text_content_link_type', 'Content Page', '2017-10-11 21:42:05', '2017-10-11 21:42:05'),
(6809, 2, 1, 'design_menu', 'text_custom_link_type', 'Custom Link or URL', '2017-10-11 21:42:05', '2017-10-11 21:42:05'),
(6810, 2, 1, 'design_content', 'heading_title', 'Content Manager', '2017-10-11 21:43:04', '2017-10-11 21:43:04'),
(6811, 2, 1, 'design_content', 'insert_title', 'Add New Content', '2017-10-11 21:43:04', '2017-10-11 21:43:04'),
(6812, 2, 1, 'design_content', 'update_title', 'Update Content', '2017-10-11 21:43:04', '2017-10-11 21:43:04'),
(6813, 2, 1, 'design_content', 'text_success', 'Success: You have modified content!', '2017-10-11 21:43:04', '2017-10-11 21:43:04'),
(6814, 2, 1, 'design_content', 'text_success_layout', 'Success: You have modified content page layout.', '2017-10-11 21:43:04', '2017-10-11 21:43:04'),
(6815, 2, 1, 'design_content', 'text_hidden', 'Hidden', '2017-10-11 21:43:04', '2017-10-11 21:43:04'),
(6816, 2, 1, 'design_content', 'text_default', 'Default', '2017-10-11 21:43:04', '2017-10-11 21:43:04'),
(6817, 2, 1, 'design_content', 'column_title', 'Content Title', '2017-10-11 21:43:04', '2017-10-11 21:43:04'),
(6818, 2, 1, 'design_content', 'column_parent', 'Parent Content', '2017-10-11 21:43:04', '2017-10-11 21:43:04'),
(6819, 2, 1, 'design_content', 'entry_parent', 'Parent Content Page', '2017-10-11 21:43:04', '2017-10-11 21:43:04'),
(6820, 2, 1, 'design_content', 'column_sort_order', 'Sort Order', '2017-10-11 21:43:04', '2017-10-11 21:43:04'),
(6821, 2, 1, 'design_content', 'column_status', 'Status', '2017-10-11 21:43:04', '2017-10-11 21:43:04'),
(6822, 2, 1, 'design_content', 'column_action', 'Action', '2017-10-11 21:43:04', '2017-10-11 21:43:04'),
(6823, 2, 1, 'design_content', 'entry_name', 'Content Name:', '2017-10-11 21:43:04', '2017-10-11 21:43:04'),
(6824, 2, 1, 'design_content', 'entry_title', 'Content Title:', '2017-10-11 21:43:04', '2017-10-11 21:43:04'),
(6825, 2, 1, 'design_content', 'entry_description', 'Description:', '2017-10-11 21:43:04', '2017-10-11 21:43:04'),
(6826, 2, 1, 'design_content', 'entry_content', 'Content:', '2017-10-11 21:43:04', '2017-10-11 21:43:04'),
(6827, 2, 1, 'design_content', 'entry_store', 'Stores:', '2017-10-11 21:43:04', '2017-10-11 21:43:04'),
(6828, 2, 1, 'design_content', 'entry_status', 'Status:', '2017-10-11 21:43:04', '2017-10-11 21:43:04'),
(6829, 2, 1, 'design_content', 'entry_keyword', 'SEO Keyword:', '2017-10-11 21:43:04', '2017-10-11 21:43:04'),
(6830, 2, 1, 'design_content', 'entry_sort_order', 'Sort Order:', '2017-10-11 21:43:04', '2017-10-11 21:43:04'),
(6831, 2, 1, 'design_content', 'error_permission', 'Warning: You do not have permission to modify content!', '2017-10-11 21:43:04', '2017-10-11 21:43:04'),
(6832, 2, 1, 'design_content', 'error_title', 'Content Title must be between 2 and 64 characters!', '2017-10-11 21:43:04', '2017-10-11 21:43:04'),
(6833, 2, 1, 'design_content', 'error_name', 'Content Name must be between 2 and 64 characters!', '2017-10-11 21:43:04', '2017-10-11 21:43:04'),
(6834, 2, 1, 'design_content', 'error_description', 'Description must be more than 1 characters!', '2017-10-11 21:43:04', '2017-10-11 21:43:04'),
(6835, 2, 1, 'design_content', 'error_content', 'Content must be more than 1 characters!', '2017-10-11 21:43:04', '2017-10-11 21:43:04'),
(6836, 2, 1, 'design_content', 'error_seo_url', 'SEO URL must be more than 1 characters!', '2017-10-11 21:43:04', '2017-10-11 21:43:04'),
(6837, 2, 1, 'design_content', 'error_account', 'Warning: This content cannot be deleted as it is currently assigned as the default store account terms!', '2017-10-11 21:43:04', '2017-10-11 21:43:04'),
(6838, 2, 1, 'design_content', 'error_checkout', 'Warning: This content cannot be deleted as it is currently assigned as the default store checkout terms!', '2017-10-11 21:43:04', '2017-10-11 21:43:04'),
(6839, 2, 1, 'design_content', 'error_required_data', 'Required Data has not been entered. Check for field errors!', '2017-10-11 21:43:04', '2017-10-11 21:43:04'),
(6840, 2, 1, 'design_content', 'text_top_level', 'Top Level', '2017-10-11 21:43:04', '2017-10-11 21:43:04'),
(6841, 2, 1, 'design_content', 'text_any', 'any', '2017-10-11 21:43:04', '2017-10-11 21:43:04'),
(6842, 2, 1, 'design_content', 'tab_form', ' Edit ', '2017-10-11 21:43:04', '2017-10-11 21:43:04'),
(6843, 2, 1, 'design_content', 'tab_layout', ' Layout ', '2017-10-11 21:43:04', '2017-10-11 21:43:04'),
(6844, 2, 1, 'error_login', 'heading_title', 'Login Error!', '2017-10-11 22:57:37', '2017-10-11 22:57:37'),
(6845, 2, 1, 'error_login', 'text_login', 'You are not logged in. You will be redirected to login page', '2017-10-11 22:57:37', '2017-10-11 22:57:37'),
(6846, 2, 1, 'common_login', 'heading_title', 'Administration', '2017-10-11 22:57:37', '2017-10-11 22:57:37'),
(6847, 2, 1, 'common_login', 'text_heading', 'Administration', '2017-10-11 22:57:37', '2017-10-11 22:57:37'),
(6848, 2, 1, 'common_login', 'text_login', 'Please enter your login details.', '2017-10-11 22:57:37', '2017-10-11 22:57:37'),
(6849, 2, 1, 'common_login', 'entry_username', 'Username:', '2017-10-11 22:57:37', '2017-10-11 22:57:37'),
(6850, 2, 1, 'common_login', 'entry_password', 'পাসওয়ার্ড:', '2017-10-11 22:57:37', '2017-11-06 22:11:32'),
(6851, 2, 1, 'common_login', 'entry_forgot_password', 'Forgot Password?', '2017-10-11 22:57:37', '2017-10-11 22:57:37'),
(6852, 2, 1, 'common_login', 'button_login', 'Login', '2017-10-11 22:57:37', '2017-10-11 22:57:37'),
(6853, 2, 1, 'common_login', 'error_login', 'No match for Username and/or Password.', '2017-10-11 22:57:37', '2017-10-11 22:57:37'),
(6854, 2, 1, 'common_login', 'error_token', 'Invalid token session. Please login again.', '2017-10-11 22:57:37', '2017-10-11 22:57:37'),
(6855, 2, 1, 'common_login', 'error_login_message', 'Failed login to admin attempt from IP:', '2017-10-11 22:57:37', '2017-10-11 22:57:37'),
(6856, 2, 1, 'common_login', 'error_login_message_text', 'Given user login: ', '2017-10-11 22:57:37', '2017-10-11 22:57:37'),
(6857, 2, 1, 'common_action_commands', 'text_possible_commands', 'Bellow are possible Commands. You can speak more details after command keyword. Example, \"open page messages\" or \"insert product\"', '2017-10-11 23:32:50', '2017-10-11 23:32:50'),
(6858, 2, 1, 'common_action_commands', 'text_multiple_result_found', 'Multiple action result found:', '2017-10-11 23:32:50', '2017-10-11 23:32:50'),
(6859, 2, 1, 'common_action_commands', 'text_action_confirm', 'Please confirm your request:', '2017-10-11 23:32:50', '2017-10-11 23:32:50'),
(6860, 2, 1, 'common_action_commands', 'command_open', 'open, open page, open menu', '2017-10-11 23:32:50', '2017-10-11 23:32:50'),
(6861, 2, 1, 'common_action_commands', 'command_find', 'locate, find, search, search for, search 4', '2017-10-11 23:32:50', '2017-10-11 23:32:50'),
(6862, 2, 1, 'common_action_commands', 'command_clear_cache', 'clear cache, cache clear, clear all cache', '2017-10-11 23:32:50', '2017-10-11 23:32:50'),
(6863, 2, 1, 'common_action_commands', 'command_view_log', 'view log, log view, inspect log, see log, view error log, view errors', '2017-10-11 23:32:50', '2017-10-11 23:32:50'),
(6864, 2, 1, 'common_action_commands', 'command_clear_log', 'clear log, log clear, delete log, log delete', '2017-10-11 23:32:50', '2017-10-11 23:32:50'),
(6865, 2, 1, 'common_action_commands', 'command_view_order', 'view order, order number, open order, show order, open order number, view order number, show order number, order #', '2017-10-11 23:32:50', '2017-10-11 23:32:50'),
(6866, 2, 1, 'common_action_commands', 'command_view_product', 'view product, product number, open product, show product, open product number, view product number, show product number, product #', '2017-10-11 23:32:50', '2017-10-11 23:32:50'),
(6867, 2, 1, 'common_action_commands', 'command_create_new', 'insert, create, add, new, insert new, create new, add new', '2017-10-11 23:32:50', '2017-10-11 23:32:50'),
(6868, 2, 1, 'common_action_commands', 'category', 'category', '2017-10-11 23:32:50', '2017-10-11 23:32:50'),
(6869, 2, 1, 'common_action_commands', 'product', 'product', '2017-10-11 23:32:50', '2017-10-11 23:32:50'),
(6870, 2, 1, 'common_action_commands', 'brand', 'brand', '2017-10-11 23:32:50', '2017-10-11 23:32:50'),
(6871, 2, 1, 'common_action_commands', 'manufacturer', 'manufacturer', '2017-10-11 23:32:50', '2017-10-11 23:32:50'),
(6872, 2, 1, 'common_action_commands', 'review', 'review', '2017-10-11 23:32:50', '2017-10-11 23:32:50'),
(6873, 2, 1, 'common_action_commands', 'download', 'download', '2017-10-11 23:32:50', '2017-10-11 23:32:50'),
(6874, 2, 1, 'common_action_commands', 'attribute', 'attribute', '2017-10-11 23:32:50', '2017-10-11 23:32:50'),
(6875, 2, 1, 'common_action_commands', 'customer', 'customer', '2017-10-11 23:32:50', '2017-10-11 23:32:50'),
(6876, 2, 1, 'common_action_commands', 'coupon', 'coupon', '2017-10-11 23:32:50', '2017-10-11 23:32:50'),
(6877, 2, 1, 'common_action_commands', 'discount', 'discount', '2017-10-11 23:32:50', '2017-10-11 23:32:50'),
(6878, 2, 1, 'common_action_commands', 'block', 'block', '2017-10-11 23:32:50', '2017-10-11 23:32:50'),
(6879, 2, 1, 'common_action_commands', 'menu', 'menu', '2017-10-11 23:32:50', '2017-10-11 23:32:50'),
(6880, 2, 1, 'common_action_commands', 'content', 'content', '2017-10-11 23:32:50', '2017-10-11 23:32:50'),
(6881, 2, 1, 'common_action_commands', 'banner', 'banner', '2017-10-11 23:32:50', '2017-10-11 23:32:50'),
(6882, 2, 1, 'common_action_commands', 'page', 'page', '2017-10-11 23:32:50', '2017-10-11 23:32:50'),
(6883, 2, 1, 'common_action_commands', 'store', 'store', '2017-10-11 23:32:50', '2017-10-11 23:32:50'),
(6884, 2, 1, 'common_action_commands', 'language', 'language', '2017-10-11 23:32:50', '2017-10-11 23:32:50'),
(6885, 2, 1, 'common_action_commands', 'currency', 'currency', '2017-10-11 23:32:50', '2017-10-11 23:32:50'),
(6886, 2, 1, 'common_action_commands', 'location', 'location', '2017-10-11 23:32:50', '2017-10-11 23:32:50'),
(6887, 2, 1, 'common_action_commands', 'tax', 'tax', '2017-10-11 23:32:50', '2017-10-11 23:32:50'),
(6888, 2, 1, 'tool_global_search', 'heading_title', 'Global Search Results', '2017-10-11 23:32:50', '2017-10-11 23:32:50'),
(6889, 2, 1, 'tool_global_search', 'no_results_message', 'Sorry, but we have no results.', '2017-10-11 23:32:50', '2017-10-11 23:32:50'),
(6890, 2, 1, 'tool_global_search', 'error_permission', 'Warning: You do not have permission to search!', '2017-10-11 23:32:50', '2017-10-11 23:32:50'),
(6891, 2, 1, 'tool_global_search', 'text_orders', 'Orders', '2017-10-11 23:32:50', '2017-10-11 23:32:50'),
(6892, 2, 1, 'tool_global_search', 'text_customers', 'Customers', '2017-10-11 23:32:50', '2017-10-11 23:32:50'),
(6893, 2, 1, 'tool_global_search', 'text_downloads', 'Downloads', '2017-10-11 23:32:50', '2017-10-11 23:32:50'),
(6894, 2, 1, 'tool_global_search', 'text_product_categories', 'Product Categories', '2017-10-11 23:32:50', '2017-10-11 23:32:50'),
(6895, 2, 1, 'tool_global_search', 'text_products', 'Products', '2017-10-11 23:32:50', '2017-10-11 23:32:50'),
(6896, 2, 1, 'tool_global_search', 'text_reviews', 'Reviews', '2017-10-11 23:32:50', '2017-10-11 23:32:50'),
(6897, 2, 1, 'tool_global_search', 'text_manufacturers', 'Brands', '2017-10-11 23:32:50', '2017-10-11 23:32:50'),
(6898, 2, 1, 'tool_global_search', 'text_languages', 'Languages', '2017-10-11 23:32:50', '2017-10-11 23:32:50'),
(6899, 2, 1, 'tool_global_search', 'text_pages', 'Pages', '2017-10-11 23:32:50', '2017-10-11 23:32:50'),
(6900, 2, 1, 'tool_global_search', 'text_settings', 'Settings', '2017-10-11 23:32:50', '2017-10-11 23:32:50'),
(6901, 2, 1, 'tool_global_search', 'text_messages', 'Messages', '2017-10-11 23:32:50', '2017-10-11 23:32:50'),
(6902, 2, 1, 'tool_global_search', 'text_extensions', 'Extensions', '2017-10-11 23:32:50', '2017-10-11 23:32:50'),
(6903, 2, 1, 'tool_global_search', 'text_commands', 'Quick Commands', '2017-10-11 23:32:50', '2017-10-11 23:32:50'),
(6904, 2, 1, 'tool_global_search', 'text_contents', 'Content Pages', '2017-10-11 23:32:50', '2017-10-11 23:32:50'),
(6905, 2, 1, 'sale_order', 'heading_title', 'Orders', '2017-10-11 23:54:26', '2017-10-11 23:54:26'),
(6906, 2, 1, 'sale_order', 'edit_title_details', 'Edit Order Details', '2017-10-11 23:54:26', '2017-10-11 23:54:26'),
(6907, 2, 1, 'sale_order', 'edit_title_shipping', 'Edit Shipping Address', '2017-10-11 23:54:26', '2017-10-11 23:54:26'),
(6908, 2, 1, 'sale_order', 'edit_title_payment', 'Edit Payment Address', '2017-10-11 23:54:26', '2017-10-11 23:54:26'),
(6909, 2, 1, 'sale_order', 'title_payment_details', 'Payment Details', '2017-10-11 23:54:26', '2017-10-11 23:54:26'),
(6910, 2, 1, 'sale_order', 'text_success', 'Success: Order details have been updated!', '2017-10-11 23:54:26', '2017-10-11 23:54:26'),
(6911, 2, 1, 'sale_order', 'text_invoice', 'Invoice', '2017-10-11 23:54:26', '2017-10-11 23:54:26'),
(6912, 2, 1, 'sale_order', 'text_order_id', 'Order ID:', '2017-10-11 23:54:26', '2017-10-11 23:54:26'),
(6913, 2, 1, 'sale_order', 'text_invoice_id', 'Invoice No.:', '2017-10-11 23:54:26', '2017-10-11 23:54:26'),
(6914, 2, 1, 'sale_order', 'text_date_added', 'Invoice Date:', '2017-10-11 23:54:26', '2017-10-11 23:54:26'),
(6915, 2, 1, 'sale_order', 'text_telephone', 'Telephone', '2017-10-11 23:54:26', '2017-10-11 23:54:26'),
(6916, 2, 1, 'sale_order', 'text_fax', 'Fax', '2017-10-11 23:54:26', '2017-10-11 23:54:26'),
(6917, 2, 1, 'sale_order', 'text_select_country', '- Select Country -', '2017-10-11 23:54:26', '2017-10-11 23:54:26'),
(6918, 2, 1, 'sale_order', 'text_to', 'To', '2017-10-11 23:54:26', '2017-10-11 23:54:26'),
(6919, 2, 1, 'sale_order', 'text_ship_to', 'Ship To (if different address)', '2017-10-11 23:54:26', '2017-10-11 23:54:26'),
(6920, 2, 1, 'sale_order', 'text_missing_orders', 'Missing Orders', '2017-10-11 23:54:26', '2017-10-11 23:54:26'),
(6921, 2, 1, 'sale_order', 'text_wait', 'Please Wait!', '2017-10-11 23:54:26', '2017-10-11 23:54:26'),
(6922, 2, 1, 'sale_order', 'column_order', 'Order ID', '2017-10-11 23:54:26', '2017-10-11 23:54:26'),
(6923, 2, 1, 'sale_order', 'column_name', 'Customer Name', '2017-10-11 23:54:26', '2017-10-11 23:54:26'),
(6924, 2, 1, 'sale_order', 'column_status', 'Status', '2017-10-11 23:54:26', '2017-10-11 23:54:26'),
(6925, 2, 1, 'sale_order', 'column_date_added', 'Date Added', '2017-10-11 23:54:26', '2017-10-11 23:54:26'),
(6926, 2, 1, 'sale_order', 'column_total', 'Total', '2017-10-11 23:54:26', '2017-10-11 23:54:26'),
(6927, 2, 1, 'sale_order', 'column_product', 'Product', '2017-10-11 23:54:26', '2017-10-11 23:54:26'),
(6928, 2, 1, 'sale_order', 'column_model', 'Model', '2017-10-11 23:54:26', '2017-10-11 23:54:26'),
(6929, 2, 1, 'sale_order', 'column_quantity', 'Quantity', '2017-10-11 23:54:26', '2017-10-11 23:54:26'),
(6930, 2, 1, 'sale_order', 'column_price', 'Unit Price', '2017-10-11 23:54:26', '2017-10-11 23:54:26'),
(6931, 2, 1, 'sale_order', 'column_download', 'Download Name', '2017-10-11 23:54:26', '2017-10-11 23:54:26'),
(6932, 2, 1, 'sale_order', 'column_file', 'File', '2017-10-11 23:54:26', '2017-10-11 23:54:26'),
(6933, 2, 1, 'sale_order', 'column_remaining', 'Remaining', '2017-10-11 23:54:26', '2017-10-11 23:54:26'),
(6934, 2, 1, 'sale_order', 'column_expire_date', 'Expire Date', '2017-10-11 23:54:26', '2017-10-11 23:54:26'),
(6935, 2, 1, 'sale_order', 'column_mask', 'Mask', '2017-10-11 23:54:26', '2017-10-11 23:54:26'),
(6936, 2, 1, 'sale_order', 'column_notify', 'Customer Notified', '2017-10-11 23:54:26', '2017-10-11 23:54:26'),
(6937, 2, 1, 'sale_order', 'column_comment', 'Customer\'s order comment', '2017-10-11 23:54:26', '2017-10-11 23:54:26'),
(6938, 2, 1, 'sale_order', 'column_action', 'Action', '2017-10-11 23:54:26', '2017-10-11 23:54:26'),
(6939, 2, 1, 'sale_order', 'entry_order_id', 'Order ID:', '2017-10-11 23:54:26', '2017-10-11 23:54:26'),
(6940, 2, 1, 'sale_order', 'entry_invoice_id', 'Invoice ID:', '2017-10-11 23:54:26', '2017-10-11 23:54:26'),
(6941, 2, 1, 'sale_order', 'entry_customer', 'Customer:', '2017-10-11 23:54:26', '2017-10-11 23:54:26'),
(6942, 2, 1, 'sale_order', 'entry_firstname', 'First Name:', '2017-10-11 23:54:26', '2017-10-11 23:54:26'),
(6943, 2, 1, 'sale_order', 'entry_lastname', 'Last Name:', '2017-10-11 23:54:26', '2017-10-11 23:54:26'),
(6944, 2, 1, 'sale_order', 'entry_customer_group', 'Customer Group:', '2017-10-11 23:54:26', '2017-10-11 23:54:26'),
(6945, 2, 1, 'sale_order', 'entry_email', 'E-Mail:', '2017-10-11 23:54:26', '2017-10-11 23:54:26'),
(6946, 2, 1, 'sale_order', 'entry_ip', 'IP Address:', '2017-10-11 23:54:26', '2017-10-11 23:54:26'),
(6947, 2, 1, 'sale_order', 'entry_telephone', 'Telephone:', '2017-10-11 23:54:26', '2017-10-11 23:54:26'),
(6948, 2, 1, 'sale_order', 'entry_fax', 'Fax:', '2017-10-11 23:54:26', '2017-10-11 23:54:26'),
(6949, 2, 1, 'sale_order', 'entry_store_name', 'Store Name:', '2017-10-11 23:54:26', '2017-10-11 23:54:26'),
(6950, 2, 1, 'sale_order', 'entry_store_url', 'Store Url:', '2017-10-11 23:54:26', '2017-10-11 23:54:26'),
(6951, 2, 1, 'sale_order', 'entry_date_added', 'Date Added:', '2017-10-11 23:54:26', '2017-10-11 23:54:26'),
(6952, 2, 1, 'sale_order', 'entry_shipping_method', 'Shipping Method:', '2017-10-11 23:54:26', '2017-10-11 23:54:26'),
(6953, 2, 1, 'sale_order', 'entry_payment_method', 'Payment Method:', '2017-10-11 23:54:26', '2017-10-11 23:54:26'),
(6954, 2, 1, 'sale_order', 'entry_total', 'Original Order Total:', '2017-10-11 23:54:26', '2017-10-11 23:54:26'),
(6955, 2, 1, 'sale_order', 'entry_order_status', 'Order Status:', '2017-10-11 23:54:26', '2017-10-11 23:54:26'),
(6956, 2, 1, 'sale_order', 'entry_comment', 'Comment:', '2017-10-11 23:54:26', '2017-10-11 23:54:26'),
(6957, 2, 1, 'sale_order', 'entry_company', 'Company:', '2017-10-11 23:54:26', '2017-10-11 23:54:26'),
(6958, 2, 1, 'sale_order', 'entry_address_1', 'Address 1:', '2017-10-11 23:54:26', '2017-10-11 23:54:26'),
(6959, 2, 1, 'sale_order', 'entry_address_2', 'Address 2:', '2017-10-11 23:54:26', '2017-10-11 23:54:26'),
(6960, 2, 1, 'sale_order', 'entry_postcode', 'ZIP/Post Code:', '2017-10-11 23:54:26', '2017-10-11 23:54:26'),
(6961, 2, 1, 'sale_order', 'entry_city', 'District towns:', '2017-10-11 23:54:26', '2018-04-25 19:53:53'),
(6962, 2, 1, 'sale_order', 'entry_zone', 'বিভাগ / রাজ্য:', '2017-10-11 23:54:26', '2017-11-06 21:58:55'),
(6963, 2, 1, 'sale_order', 'entry_zone_code', 'Region / State Code:', '2017-10-11 23:54:26', '2017-10-11 23:54:26'),
(6964, 2, 1, 'sale_order', 'entry_country', 'দেশ:', '2017-10-11 23:54:26', '2018-04-25 19:58:19'),
(6965, 2, 1, 'sale_order', 'entry_status', 'Order Status:', '2017-10-11 23:54:26', '2017-10-11 23:54:26'),
(6966, 2, 1, 'sale_order', 'entry_notify', 'Notify Customer:', '2017-10-11 23:54:26', '2017-10-11 23:54:26'),
(6967, 2, 1, 'sale_order', 'entry_append', 'Append Comments:', '2017-10-11 23:54:26', '2017-10-11 23:54:26'),
(6968, 2, 1, 'sale_order', 'entry_add_product', 'Add Available Product:', '2017-10-11 23:54:26', '2017-10-11 23:54:26'),
(6969, 2, 1, 'sale_order', 'error_permission', 'Warning: You do not have permission to modify orders!', '2017-10-11 23:54:26', '2017-10-11 23:54:26'),
(6970, 2, 1, 'sale_order', 'error_order_load', 'Warning: No order with such ID!', '2017-10-11 23:54:26', '2017-10-11 23:54:26'),
(6971, 2, 1, 'sale_order', 'text_order_summary', 'Order Summary', '2017-10-11 23:54:26', '2017-10-11 23:54:26'),
(6972, 2, 1, 'sale_order', 'tab_order_details', 'Order Details', '2017-10-11 23:54:26', '2017-10-11 23:54:26'),
(6973, 2, 1, 'sale_order', 'tab_shipping', 'Shipping Address', '2017-10-11 23:54:26', '2017-10-11 23:54:26'),
(6974, 2, 1, 'sale_order', 'tab_payment', 'Payment Address', '2017-10-11 23:54:26', '2017-10-11 23:54:26'),
(6975, 2, 1, 'sale_order', 'tab_history', 'Status & Comments', '2017-10-11 23:54:26', '2017-10-11 23:54:26'),
(6976, 2, 1, 'sale_order', 'tab_files', 'Order Files', '2017-10-11 23:54:26', '2017-10-11 23:54:26'),
(6977, 2, 1, 'sale_order', 'tab_payment_details', 'Payment Details', '2017-10-11 23:54:26', '2017-10-11 23:54:26'),
(6978, 2, 1, 'sale_order', 'edit_title_files', 'Edit Order Files', '2017-10-11 23:54:26', '2017-10-11 23:54:26'),
(6979, 2, 1, 'sale_order', 'text_missing_file', 'Missing File', '2017-10-11 23:54:26', '2017-10-11 23:54:26'),
(6980, 2, 1, 'sale_order', 'order_download_history', 'Download History', '2017-10-11 23:54:26', '2017-10-11 23:54:26'),
(6981, 2, 1, 'sale_order', 'text_time', 'Time', '2017-10-11 23:54:26', '2017-10-11 23:54:26'),
(6982, 2, 1, 'sale_order', 'text_filename', 'Filename', '2017-10-11 23:54:26', '2017-10-11 23:54:26'),
(6983, 2, 1, 'sale_order', 'text_mask', 'Mask', '2017-10-11 23:54:26', '2017-10-11 23:54:26'),
(6984, 2, 1, 'sale_order', 'text_download_percent', 'Download Percents', '2017-10-11 23:54:26', '2017-10-11 23:54:26'),
(6985, 2, 1, 'sale_order', 'text_download_expired', 'Date Expired', '2017-10-11 23:54:26', '2017-10-11 23:54:26'),
(6986, 2, 1, 'sale_order', 'text_download_remaining_count', 'Remaining Count', '2017-10-11 23:54:26', '2017-10-11 23:54:26'),
(6987, 2, 1, 'sale_order', 'text_order_status_required', 'Order Status \"%s\" Required', '2017-10-11 23:54:26', '2017-10-11 23:54:26'),
(6988, 2, 1, 'sale_order', 'text_select_product', '- Select Product -', '2017-10-11 23:54:26', '2017-10-11 23:54:26'),
(6989, 2, 1, 'sale_order', 'text_push_download', '- Push Download -', '2017-10-11 23:54:26', '2017-10-11 23:54:26'),
(6990, 2, 1, 'sale_order', 'text_add_product_to_order', 'Add Product to Order #%s', '2017-10-11 23:54:26', '2017-10-11 23:54:26'),
(6991, 2, 1, 'sale_order', 'text_edit_order_product', 'Edit Product', '2017-10-11 23:54:26', '2017-10-11 23:54:26'),
(6992, 2, 1, 'sale_order', 'attention_check_total', 'Note: Order product details has changed. Total was recalculated automatically. Review is required.', '2017-10-11 23:54:26', '2017-10-11 23:54:26'),
(6993, 2, 1, 'sale_order', 'text_order_total_add', 'Add new amount to total calculation', '2017-10-11 23:54:26', '2017-10-11 23:54:26'),
(6994, 2, 1, 'sale_order', 'text_order_total_title', 'Title to show', '2017-10-11 23:54:26', '2017-10-11 23:54:26'),
(6995, 2, 1, 'sale_order', 'text_order_total_amount', 'Amount', '2017-10-11 23:54:26', '2017-10-11 23:54:26'),
(6996, 2, 1, 'sale_order', 'text_recalc', 'Recalculate using settings', '2017-10-11 23:54:26', '2017-10-11 23:54:26'),
(6997, 2, 1, 'sale_order', 'entry_im', 'IM:', '2017-10-11 23:54:26', '2017-10-11 23:54:26'),
(6998, 2, 1, 'sale_contact', 'text_send_email', 'Send Mail', '2017-10-11 23:56:34', '2017-10-11 23:56:34'),
(6999, 2, 1, 'sale_contact', 'text_send_sms', 'Send SMS', '2017-10-11 23:56:34', '2017-10-11 23:56:34'),
(7000, 2, 1, 'sale_contact', 'text_success', 'Your message has been successfully sent!', '2017-10-11 23:56:34', '2017-10-11 23:56:34'),
(7001, 2, 1, 'sale_contact', 'text_default', 'Default', '2017-10-11 23:56:34', '2017-10-11 23:56:34'),
(7002, 2, 1, 'sale_contact', 'text_custom_send', 'Manualy selected customers', '2017-10-11 23:56:34', '2017-10-11 23:56:34'),
(7003, 2, 1, 'sale_contact', 'text_all_subscribers', 'All Subscribers', '2017-10-11 23:56:34', '2017-10-11 23:56:34'),
(7004, 2, 1, 'sale_contact', 'text_subscribers_only', 'Newsletter Subscribers Only (non-customers)', '2017-10-11 23:56:34', '2017-10-11 23:56:34'),
(7005, 2, 1, 'sale_contact', 'text_customers_only', 'All Customers', '2017-10-11 23:56:34', '2017-10-11 23:56:34'),
(7006, 2, 1, 'sale_contact', 'entry_store', 'From store:<span class=\"help\">Store email address to send email from. Value is set in store settings</span>', '2017-10-11 23:56:34', '2017-10-11 23:56:34'),
(7007, 2, 1, 'sale_contact', 'text_customers_who_ordered', 'To customers who ordered selected products', '2017-10-11 23:56:34', '2017-10-11 23:56:34'),
(7008, 2, 1, 'sale_contact', 'entry_to', 'To:<span class=\"help\">List of customers to receive this message. NOTE: Large customer lists will require long time to be processed and might require alternative methods. Refer to your web and email server configurations</span>', '2017-10-11 23:56:34', '2017-10-11 23:56:34'),
(7009, 2, 1, 'sale_contact', 'text_customers_from_lookup', 'Start typing customer name to look up and select', '2017-10-11 23:56:34', '2017-10-11 23:56:34'),
(7010, 2, 1, 'sale_contact', 'text_products_from_lookup', 'Start typing product name to look up and select', '2017-10-11 23:56:34', '2017-10-11 23:56:34'),
(7011, 2, 1, 'sale_contact', 'entry_subject', 'Subject:', '2017-10-11 23:56:34', '2017-10-11 23:56:34'),
(7012, 2, 1, 'sale_contact', 'entry_message', 'Message body:', '2017-10-11 23:56:34', '2017-10-11 23:56:34'),
(7013, 2, 1, 'sale_contact', 'error_permission', 'Warning: You do not have permission to send emails!', '2017-10-11 23:56:34', '2017-10-11 23:56:34'),
(7014, 2, 1, 'sale_contact', 'error_subject', 'Email subject is required!', '2017-10-11 23:56:34', '2017-10-11 23:56:34'),
(7015, 2, 1, 'sale_contact', 'error_message_email', 'Email message body is required!', '2017-10-11 23:56:34', '2017-10-11 23:56:34'),
(7016, 2, 1, 'sale_contact', 'error_message_sms', 'SMS message body is required!', '2017-10-11 23:56:34', '2017-10-11 23:56:34'),
(7017, 2, 1, 'sale_contact', 'error_recipients', 'Recipients list, subscribers or products ordered are required!', '2017-10-11 23:56:34', '2017-10-11 23:56:34'),
(7018, 2, 1, 'sale_contact', 'error_not_sent', '\'Error: No emails were sent! Please see error log for details.\'', '2017-10-11 23:56:34', '2017-10-11 23:56:34'),
(7019, 2, 1, 'sale_contact', 'text_unsubscribe', 'This email was sent to %s, because your email preferences are set to receive newsletters. Click <a href=\"%s\">here to Unsubscribe</a>. ', '2017-10-11 23:56:34', '2017-10-11 23:56:34'),
(7020, 2, 1, 'sale_contact', 'text_total_to_be_sent', '(Total to be sent to: %s )', '2017-10-11 23:56:34', '2017-10-11 23:56:34'),
(7021, 2, 1, 'sale_contact', 'text_select_products', '- Select Products -', '2017-10-11 23:56:34', '2017-10-11 23:56:34'),
(7022, 2, 1, 'sale_contact', 'text_select_customers', '- Select Customers -', '2017-10-11 23:56:34', '2017-10-11 23:56:34'),
(7023, 2, 1, 'sale_contact', 'text_email', 'Email', '2017-10-11 23:56:34', '2017-10-11 23:56:34'),
(7024, 2, 1, 'sale_contact', 'text_sms', 'SMS', '2017-10-11 23:56:34', '2017-10-11 23:56:34'),
(7025, 2, 1, 'sale_contact', 'text_incomplete_tasks', 'Incomplete Tasks', '2017-10-11 23:56:34', '2017-10-11 23:56:34'),
(7026, 2, 1, 'sale_contact', 'text_task_id', 'Task ID:', '2017-10-11 23:56:34', '2017-10-11 23:56:34'),
(7027, 2, 1, 'sale_contact', 'text_last_time_run', 'Last Time Run:', '2017-10-11 23:56:34', '2017-10-11 23:56:34'),
(7028, 2, 1, 'sale_contact', 'text_date_added', 'Created:', '2017-10-11 23:56:34', '2017-10-11 23:56:34'),
(7029, 2, 1, 'sale_contact', 'text_subject', 'Subject:', '2017-10-11 23:56:34', '2017-10-11 23:56:34'),
(7030, 2, 1, 'sale_contact', 'text_message', 'Message:', '2017-10-11 23:56:34', '2017-10-11 23:56:34'),
(7031, 2, 1, 'sale_contact', 'text_starter_name', 'Created by:', '2017-10-11 23:56:34', '2017-10-11 23:56:34'),
(7032, 2, 1, 'sale_contact', 'text_restart', 'Restart', '2017-10-11 23:56:34', '2017-10-11 23:56:34'),
(7033, 2, 1, 'sale_contact', 'text_remove', 'Remove', '2017-10-11 23:56:34', '2017-10-11 23:56:34'),
(7034, 2, 1, 'sale_contact', 'error_email_no_recipients', 'Attention! Message will not be sent.', '2017-10-11 23:56:34', '2017-10-11 23:56:34'),
(7035, 2, 1, 'sale_contact', 'error_sms_no_recipients', 'Attention! No customers with mobile phone numbers. ', '2017-10-11 23:56:34', '2017-10-11 23:56:34'),
(7036, 2, 1, 'sale_contact', 'text_attention_recipients_count', 'Attention! The message will be sent to %s customers.', '2017-10-11 23:56:34', '2017-10-11 23:56:34'),
(7037, 2, 1, 'sale_contact', 'text_success_abort', 'Task interrupted successfully.', '2017-10-11 23:56:34', '2017-10-11 23:56:34'),
(7038, 2, 1, 'sale_contact', 'text_success_sent', '%s messages have been sent.', '2017-10-11 23:56:34', '2017-10-11 23:56:34'),
(7039, 2, 1, 'sale_contact', 'text_task_failed', 'Some errors occured during task process. Please see log for details or restart this task.', '2017-10-11 23:56:34', '2017-10-11 23:56:34'),
(7040, 2, 1, 'sale_contact', 'text_sent', ' %s of %s messages are sent', '2017-10-11 23:56:34', '2017-10-11 23:56:34'),
(7041, 2, 1, 'sale_coupon', 'heading_title', 'Coupons', '2017-10-11 23:56:57', '2017-10-11 23:56:57'),
(7042, 2, 1, 'sale_coupon', 'text_coupon', 'Coupon', '2017-10-11 23:56:57', '2017-10-11 23:56:57'),
(7043, 2, 1, 'sale_coupon', 'text_success', 'Success: You have modified coupons!', '2017-10-11 23:56:57', '2017-10-11 23:56:57'),
(7044, 2, 1, 'sale_coupon', 'text_percent', 'Percentage', '2017-10-11 23:56:57', '2017-10-11 23:56:57'),
(7045, 2, 1, 'sale_coupon', 'text_amount', 'Fixed Amount', '2017-10-11 23:56:57', '2017-10-11 23:56:57'),
(7046, 2, 1, 'sale_coupon', 'column_name', 'Coupon Name', '2017-10-11 23:56:57', '2017-10-11 23:56:57'),
(7047, 2, 1, 'sale_coupon', 'column_code', 'Code', '2017-10-11 23:56:57', '2017-10-11 23:56:57'),
(7048, 2, 1, 'sale_coupon', 'column_discount', 'Discount', '2017-10-11 23:56:57', '2017-10-11 23:56:57'),
(7049, 2, 1, 'sale_coupon', 'column_date_start', 'Date Start', '2017-10-11 23:56:57', '2017-10-11 23:56:57'),
(7050, 2, 1, 'sale_coupon', 'column_date_end', 'Date End', '2017-10-11 23:56:57', '2017-10-11 23:56:57'),
(7051, 2, 1, 'sale_coupon', 'column_status', 'Status', '2017-10-11 23:56:57', '2017-10-11 23:56:57'),
(7052, 2, 1, 'sale_coupon', 'column_action', 'Action', '2017-10-11 23:56:57', '2017-10-11 23:56:57');



INSERT INTO `ab1l_language_definitions` (`language_definition_id`, `language_id`, `section`, `block`, `language_key`, `language_value`, `date_added`, `date_modified`) VALUES
(8165, 1, 1, 'template2_template2', 'template2_note', '<b>PLEASE NOTE:</b> you can manage this template only if template extension <b>ENABLED</b>\n		<br/>\n		<br/>To enable this template in the storefront please go to System -> Settings -> <a href=\"#admin#rt=setting/setting&active=appearance\" target=\"_template\">Appearance</a>. Choose store you want to edit and update template option\n		<br/> Or Press \"Select Template\" button - it will redirect you to settings section\n		<br/>\n		<br/><b>Banners</b>: to edit banners please go to Design -> <a href=\"#admin#rt=design/blocks\" target=\"_banners\">Blocks</a>.<br/>\n		 There are two blocks - \"Template2 Banner 1\" and \"Template2 Banner 2\"', '2019-03-01 14:28:39', '2019-03-01 14:28:39'),
(8166, 1, 1, 'design_content', 'entry_meta_description', ' Meta Tag Description: ', '2019-05-11 11:50:47', '2019-05-11 11:50:47'),
(8167, 1, 1, 'design_content', 'entry_meta_keywords', 'Meta Tag Keywords:', '2019-05-11 11:50:47', '2019-05-11 11:50:47'),
(8168, 1, 1, 'sale_customer', 'text_register_date', 'Register Date:', '2019-05-11 11:50:47', '2019-05-11 11:50:47'),
(8169, 1, 1, 'english', 'text_all_stores', 'All Stores', '2019-05-19 10:39:58', '2019-05-19 10:39:58'),
(8170, 1, 1, 'catalog_files', 'entry_also_mapped_to', 'Shared With', '2019-05-19 10:39:58', '2019-05-19 10:39:58'),
(8171, 1, 1, 'common_header', 'text_taxes', 'Taxes', '2019-05-19 10:39:58', '2019-05-19 10:39:58'),
(8172, 1, 1, 'common_login', 'error_login_secure', 'You are trying to login in non-secure unsafe mode! Please switch to secure <a href=\"%s\">HTTPS</a> to proceed ', '2019-05-19 10:39:58', '2019-05-19 10:39:58'),
(8173, 1, 1, 'sale_customer', 'column_id', 'ID', '2019-05-19 10:39:58', '2019-05-19 10:39:58'),
(8174, 1, 1, 'sale_customer', 'error_incorrect_debit_credit', 'Error: debit or credit value cannot be greater than 99999999999.9999', '2019-05-19 10:39:58', '2019-05-19 10:39:58'),
(8178, 2, 0, 'bangla', 'button_download', 'ছবি ডাউনলোড করুন', '0000-00-00 00:00:00', '2019-05-19 14:04:55'),
(8177, 1, 0, 'english', 'button_download', 'Photo Download', '0000-00-00 00:00:00', '2019-05-19 14:04:55'),
(8179, 1, 1, 'revechat_revechat', 'revechat_name', 'REVE Chat', '2021-05-11 21:23:16', '2021-05-11 21:23:16'),
(8180, 1, 1, 'revechat_revechat', 'revechat_note', '', '2021-05-11 21:23:16', '2021-05-11 21:23:16'),
(8181, 1, 1, 'revechat_revechat', 'revechat_connect', 'REVE Chat Connect', '2021-05-11 21:23:16', '2021-05-11 21:23:16'),
(8182, 1, 1, 'revechat_revechat', 'button_connect', 'Connect', '2021-05-11 21:23:16', '2021-05-11 21:23:16'),
(8183, 1, 0, 'blocks_product_slider', 'text_buy_now', 'buy now', '2021-05-11 21:56:20', '2021-05-11 21:56:20'),
(8184, 1, 0, 'blocks_product_slider', 'text_bestsellers', 'Bestsellers', '2021-05-11 21:56:20', '2021-05-11 21:56:20'),
(8185, 1, 0, 'blocks_product_slider', 'text_latest', 'Latest', '2021-05-11 21:56:20', '2021-05-11 21:56:20'),
(8186, 1, 0, 'blocks_product_slider', 'text_specials', 'Specials', '2021-05-11 21:56:20', '2021-05-11 21:56:20'),
(8187, 1, 0, 'blocks_product_slider', 'text_featured', 'Featured', '2021-05-11 21:56:20', '2021-05-11 21:56:20');

-- --------------------------------------------------------

--
-- Table structure for table `ab1l_layouts`
--

CREATE TABLE `ab1l_layouts` (
  `layout_id` int(10) NOT NULL,
  `template_id` varchar(100) NOT NULL,
  `layout_name` varchar(255) NOT NULL DEFAULT '',
  `layout_type` smallint(1) NOT NULL DEFAULT 0,
  `date_added` timestamp NOT NULL DEFAULT '0000-00-00 00:00:00',
  `date_modified` timestamp NOT NULL DEFAULT current_timestamp() ON UPDATE current_timestamp()
) ENGINE=MyISAM DEFAULT CHARSET=utf8;

--
-- Dumping data for table `ab1l_layouts`
--

INSERT INTO `ab1l_layouts` (`layout_id`, `template_id`, `layout_name`, `layout_type`, `date_added`, `date_modified`) VALUES
(11, 'default', 'Default Page Layout', 0, '2017-10-11 10:30:00', '2017-10-11 10:30:00'),
(12, 'default', 'Home Page', 1, '2017-10-11 10:30:00', '2017-10-11 10:30:00'),
(13, 'default', 'Login Page', 1, '2017-10-11 10:30:00', '2017-10-11 10:30:00'),
(14, 'default', 'Default Product Page', 1, '2017-10-11 10:30:00', '2017-10-11 10:30:00'),
(15, 'default', 'Checkout Pages', 1, '2017-10-11 10:30:00', '2017-10-11 10:30:00'),
(16, 'default', 'Product Listing Page', 1, '2017-10-11 10:30:00', '2017-10-11 10:30:00'),
(17, 'default', 'Maintenance Page', 1, '2017-10-11 10:30:00', '2017-10-11 10:30:00'),
(18, 'default', 'Customer Account Pages', 1, '2017-10-11 10:30:00', '2017-10-11 10:30:00'),
(19, 'default', 'Cart Page', 1, '2017-10-11 10:30:00', '2017-10-11 10:30:00'),
(21, 'template2', 'Default Page Layout', 0, '2017-11-04 19:58:11', '2017-11-04 19:58:11'),
(22, 'template2', 'Home Layout', 1, '2017-11-04 19:58:11', '2017-11-04 19:58:11'),
(23, 'template2', 'Product Listing Page Layout', 1, '2017-11-04 19:58:11', '2017-11-04 19:58:11'),
(24, 'template2', 'Login Page Layout', 1, '2017-11-04 19:58:11', '2017-11-04 19:58:11'),
(25, 'template2', 'Default Product Page Layout', 1, '2017-11-04 19:58:11', '2017-11-04 19:58:11'),
(26, 'template2', 'Checkout Pages Layout', 1, '2017-11-04 19:58:11', '2017-11-04 19:58:11'),
(29, 'default', 'Category: power plants', 1, '2018-04-24 21:47:56', '2018-04-24 21:47:56');

-- --------------------------------------------------------

--
-- Table structure for table `ab1l_length_classes`
--

CREATE TABLE `ab1l_length_classes` (
  `length_class_id` int(11) NOT NULL,
  `value` decimal(15,8) NOT NULL,
  `iso_code` varchar(5) NOT NULL,
  `date_added` timestamp NOT NULL DEFAULT '0000-00-00 00:00:00',
  `date_modified` timestamp NOT NULL DEFAULT current_timestamp() ON UPDATE current_timestamp()
) ENGINE=MyISAM DEFAULT CHARSET=utf8;

--
-- Dumping data for table `ab1l_length_classes`
--

INSERT INTO `ab1l_length_classes` (`length_class_id`, `value`, `iso_code`, `date_added`, `date_modified`) VALUES
(1, 1.00000000, 'CMET', '0000-00-00 00:00:00', '2017-10-11 10:30:00'),
(2, 10.00000000, 'MMET', '0000-00-00 00:00:00', '2017-10-11 10:30:00'),
(3, 0.39370000, 'INCH', '0000-00-00 00:00:00', '2017-10-11 10:30:00');

-- --------------------------------------------------------

--
-- Table structure for table `ab1l_length_class_descriptions`
--

CREATE TABLE `ab1l_length_class_descriptions` (
  `length_class_id` int(11) NOT NULL,
  `language_id` int(11) NOT NULL,
  `title` varchar(32) NOT NULL COMMENT 'translatable',
  `unit` varchar(4) NOT NULL COMMENT 'translatable'
) ENGINE=MyISAM DEFAULT CHARSET=utf8;

--
-- Dumping data for table `ab1l_length_class_descriptions`
--

INSERT INTO `ab1l_length_class_descriptions` (`length_class_id`, `language_id`, `title`, `unit`) VALUES
(1, 1, 'Centimeter', 'cm'),
(2, 1, 'Millimeter', 'mm'),
(3, 1, 'Inch', 'in'),
(1, 2, 'Centimeter', 'cm'),
(2, 2, 'Millimeter', 'mm'),
(3, 2, 'Inch', 'in');

-- --------------------------------------------------------

--
-- Table structure for table `ab1l_locations`
--

CREATE TABLE `ab1l_locations` (
  `location_id` int(11) NOT NULL,
  `name` varchar(32) NOT NULL DEFAULT '',
  `description` varchar(255) NOT NULL DEFAULT '',
  `date_added` timestamp NOT NULL DEFAULT '0000-00-00 00:00:00',
  `date_modified` timestamp NOT NULL DEFAULT current_timestamp() ON UPDATE current_timestamp()
) ENGINE=MyISAM DEFAULT CHARSET=utf8;

--
-- Dumping data for table `ab1l_locations`
--

INSERT INTO `ab1l_locations` (`location_id`, `name`, `description`, `date_added`, `date_modified`) VALUES
(1, 'USA', 'All States', '2017-10-11 10:30:00', '2017-10-11 20:45:17'),
(2, 'Bangladesh', 'All District', '2017-10-11 20:46:45', '2017-10-11 20:46:45');

-- --------------------------------------------------------

--
-- Table structure for table `ab1l_manufacturers`
--

CREATE TABLE `ab1l_manufacturers` (
  `manufacturer_id` int(11) NOT NULL,
  `name` varchar(64) NOT NULL DEFAULT '',
  `sort_order` int(3) NOT NULL
) ENGINE=MyISAM DEFAULT CHARSET=utf8;

--
-- Dumping data for table `ab1l_manufacturers`
--

INSERT INTO `ab1l_manufacturers` (`manufacturer_id`, `name`, `sort_order`) VALUES
(25, 'Panasonic', 0),
(24, 'Zkteco', 0),
(23, 'E1brand', 0),
(26, 'SINGER', 0),
(21, 'Dahua', 0),
(22, 'Made In China', 0),
(27, 'Made In US', 0),
(28, 'Made In Malaysia', 0),
(29, 'Made In India', 0),
(30, 'Made In japan', 0),
(31, 'Made In Bangladesh', 0),
(32, 'HP ', 0),
(33, 'DELL', 0),
(34, 'Canon', 0),
(35, 'EPSON', 0),
(36, 'Samsung', 0),
(37, 'Made In Taiwan', 0),
(38, 'Made In Koriya', 0),
(39, 'Made In France', 0),
(40, 'Made In Italy', 0),
(41, 'Made In Germany', 0),
(42, 'NOKIA', 0),
(43, 'Apple', 0),
(44, 'ASUS', 0),
(45, 'MikroTik', 0),
(46, 'HikVision', 0),
(47, 'C-Tec', 0),
(48, 'CAT', 0),
(49, 'Carrier', 0),
(50, 'General', 0),
(51, 'Hitachi', 0);

-- --------------------------------------------------------

--
-- Table structure for table `ab1l_manufacturers_to_stores`
--

CREATE TABLE `ab1l_manufacturers_to_stores` (
  `manufacturer_id` int(11) NOT NULL,
  `store_id` int(11) NOT NULL
) ENGINE=MyISAM DEFAULT CHARSET=utf8;

--
-- Dumping data for table `ab1l_manufacturers_to_stores`
--

INSERT INTO `ab1l_manufacturers_to_stores` (`manufacturer_id`, `store_id`) VALUES
(21, 0),
(22, 0),
(23, 0),
(24, 0),
(25, 0),
(26, 0),
(27, 0),
(28, 0),
(29, 0),
(30, 0),
(31, 0),
(32, 0),
(33, 0),
(34, 0),
(35, 0),
(36, 0),
(37, 0),
(38, 0),
(39, 0),
(40, 0),
(41, 0),
(42, 0),
(43, 0),
(44, 0),
(45, 0),
(46, 0),
(47, 0),
(48, 0),
(49, 0),
(50, 0),
(51, 0);

-- --------------------------------------------------------

--
-- Table structure for table `ab1l_messages`
--

CREATE TABLE `ab1l_messages` (
  `msg_id` int(11) NOT NULL,
  `title` varchar(128) NOT NULL DEFAULT '',
  `message` text NOT NULL,
  `status` char(1) NOT NULL DEFAULT '',
  `viewed` int(11) NOT NULL DEFAULT 0,
  `repeated` int(11) NOT NULL DEFAULT 0,
  `date_added` timestamp NOT NULL DEFAULT '0000-00-00 00:00:00',
  `date_modified` timestamp NOT NULL DEFAULT current_timestamp() ON UPDATE current_timestamp()
) ENGINE=MyISAM DEFAULT CHARSET=utf8;

--
-- Dumping data for table `ab1l_messages`
--

INSERT INTO `ab1l_messages` (`msg_id`, `title`, `message`, `status`, `viewed`, `repeated`, `date_added`, `date_modified`) VALUES
(45, 'AbanteCart core upgrade to v1.2.12 is now available', 'Upgrade for your AbanteCart to new version 1.2.12 is now available.\r\n\r\nPlease click --> #admin#rt=tool/package_installer&extension_key=abantecart_upgrade_1212 to start the upgrade.\r\n\r\nAbout this release:\r\nNew AbanteCart v1.2.12 contains minor improvements and bug fixes. \r\n\r\nIMPORTANT NOTES: \r\n1. Backup your code and Mysql database before you upgrade \r\n2. Do not run upgrades directly on live sites. Try upgrades on test or clone site first. ', 'N', 2, 74, '2018-11-22 13:08:00', '2019-05-11 11:31:01'),
(44, 'Language definition \"mobile_app_name_push\" is missing for \"English\"', 'AbanteCart engine cannot find value of language definition with key \"mobile_app_name_push\" in /home/e1brand/public_html/admin/controller/common/menu.php line 135 (rt=setting/setting/details).  Please add it in #admin#rt=localisation/language_definitions or run language translate process in #admin#rt=localisation/language', 'W', 2, 645, '2018-11-22 12:17:57', '2019-03-31 20:36:14'),
(46, 'Failed login to admin attempt from IP:103.248.236.9', 'Given user login: admin', 'N', 0, 11, '2018-12-05 19:03:15', '2019-06-11 11:41:50'),
(47, 'Language definition \"mobile_app_name_push\" is missing for \"বাংলা\"', 'AbanteCart engine cannot find value of language definition with key \"mobile_app_name_push\" in /home/e1brand/public_html/admin/controller/common/menu.php line 135 (rt=extension/extensions/extensions).  Please add it in #admin#rt=localisation/language_definitions or run language translate process in #admin#rt=localisation/language', 'W', 2, 77, '2018-12-07 12:54:56', '2019-03-14 12:30:19'),
(48, 'Thank you for installation of AbanteCart!', 'You made a right choice in eCommerce application selection. AbanteCart rapidly becoming one of the best eCommerce open source solutions with continuously growing community and large number of extensions. ', 'N', 0, 2, '2018-12-09 16:01:17', '2021-05-24 20:46:21'),
(49, 'Language definition \"heading_title\" is missing for \"English\"', 'AbanteCart engine cannot find value of language definition with key \"heading_title\" in /home/e1brand/public_html/admin/controller/responses/design/blocks_manager.php line 174 (rt=design/blocks_manager/block_info).  Please add it in #admin#rt=localisation/language_definitions or run language translate process in #admin#rt=localisation/language', 'W', 2, 1, '2019-03-01 17:39:35', '2019-03-01 17:39:49'),
(51, 'AbanteCart core upgrade to v1.2.14 is now available', 'Upgrade for your AbanteCart to new version 1.2.14 is now available.\r\n\r\nPlease click --> #admin#rt=tool/package_installer&extension_key=abantecart_upgrade_1214 to start the upgrade.\r\n\r\nAbout this release:\r\nNew AbanteCart v1.2.14 contains improvements, bug fixes, and payment extensions updates.\r\n\r\nIMPORTANT NOTES: \r\n1. Backup your code and Mysql database before you upgrade \r\n2. Do not run upgrades directly on live sites. Try upgrades on the test or clone site first. ', 'N', 0, 21, '2019-06-11 11:42:04', '2021-05-24 20:46:21'),
(50, 'AbanteCart core upgrade to v1.2.13 is now available', 'Upgrade for your AbanteCart to new version 1.2.13 is now available.\r\n\r\nPlease click --> #admin#rt=tool/package_installer&extension_key=abantecart_upgrade_1213 to start the upgrade.\r\n\r\nAbout this release:\r\nNew AbanteCart v1.2.13 contains improvements, bug fixes, and default extension updates.\r\n\r\nIMPORTANT NOTES: \r\n1. Backup your code and Mysql database before you upgrade \r\n2. Do not run upgrades directly on live sites. Try upgrades on test or clone site first. ', 'N', 2, 10, '2019-05-11 12:23:15', '2019-05-19 10:38:43'),
(52, 'Failed login to admin attempt from IP:103.200.38.240', 'Given user login: admin', 'N', 0, 0, '2019-09-08 14:27:21', '2019-09-08 14:27:21'),
(53, 'New Enquiry From Tatjana / Downtown Lounge (pardavimai@downtown.lt)', 'Enquiry:\r\nLaba diena, \r\n \r\n \r\n \r\nSiūlome nuomotis bene geriausią erdvę įvairiems renginiams ar šventei Vilniuje – DownTown Lounge (downtown.lt/lounge/apie-lounge/). \r\n \r\n \r\n \r\nLankstus erdvės išplanavimas, scena, garso aparatūra – viskas ko reikia Jūsų šventei. Dėl detalesnės informacijos prašome skambinti arba rašyti. \r\n \r\n \r\n \r\npardavimai@downtown.lt \r\n \r\nTatjana / Downtown Lounge \r\n \r\nTel.   +370 671 91914\r\n\r\nFirst name:	Tatjana / Downtown Lounge\r\nEmail:	pardavimai@downtown.lt', 'N', 0, 0, '2019-10-08 17:25:54', '2019-10-08 17:25:54'),
(54, 'New Enquiry From CharlestieskVR (raphaeguppyFed@gmail.com)', 'Enquiry:\r\nHi!  e1brand.com \r\n \r\nHave you ever heard that you can send a message through the feedback form? \r\nThese forms are located on many sites. We sent you our message in the same way, and the fact that you received and read it shows the effectiveness of this method of sending messages. \r\nSince people in any case will read the message received through the contact form. \r\nOur database includes more than 35 million websites from all over the world. \r\nThe cost of sending one million messages 49 USD. \r\nThere is a discount program for large orders. \r\n \r\nFree proof mailing of 50,000 messages to any country of your choice. \r\n \r\nThis message is created automatically. Please use the contact details below to contact us. \r\n \r\nContact us. \r\nTelegram - @FeedbackFormEU \r\nSkype  FeedbackForm2019 \r\nEmail - feedbackform@make-success.com\r\n\r\nFirst name:	CharlestieskVR\r\nEmail:	raphaeguppyFed@gmail.com', 'N', 0, 0, '2019-10-26 12:13:15', '2019-10-26 12:13:15'),
(55, 'New customer registration approval is pending', 'Customer OYASHI UDDIN has registered with new account. Action of approval is required! Click to view #admin#rt=sale/customer/update&customer_id=20', 'N', 0, 0, '2020-02-02 14:59:44', '2020-02-02 14:59:44'),
(56, 'Session save path is not writable! ', 'Your server is unable to create a session necessary for AbanteCart functionality. Check logs for exact error details and contact your hosting support administrator to resolve this error.', 'E', 0, 12, '2020-02-10 09:06:01', '2020-02-10 15:25:40'),
(57, 'Failed login to admin attempt from IP:103.141.65.217', 'Given user login: golap', 'N', 0, 14, '2020-02-10 14:13:40', '2020-02-11 16:14:19'),
(58, 'Failed login to admin attempt from IP:103.126.217.233', 'Given user login: admin', 'N', 0, 0, '2020-02-13 11:39:47', '2020-02-13 11:39:47'),
(59, 'Failed login to admin attempt from IP:103.200.95.217', 'Given user login: golap', 'N', 0, 3, '2020-02-26 15:38:29', '2020-02-26 15:41:04'),
(60, 'New Enquiry From JerryskatsTW (no-replyguppyFed@gmail.com)', 'Enquiry:\r\nHеllо!  e1brand.com \r\n \r\nDid yоu knоw thаt it is pоssiblе tо sеnd mеssаgе аbsоlutеly lеgit? \r\nWе оffеring а nеw mеthоd оf sеnding businеss prоpоsаl thrоugh fееdbасk fоrms. Suсh fоrms аrе lосаtеd оn mаny sitеs. \r\nWhеn suсh lеttеrs аrе sеnt, nо pеrsоnаl dаtа is usеd, аnd mеssаgеs аrе sеnt tо fоrms spесifiсаlly dеsignеd tо rесеivе mеssаgеs аnd аppеаls. \r\nаlsо, mеssаgеs sеnt thrоugh fееdbасk Fоrms dо nоt gеt intо spаm bесаusе suсh mеssаgеs аrе соnsidеrеd impоrtаnt. \r\nWе оffеr yоu tо tеst оur sеrviсе fоr frее. Wе will sеnd up tо 50,000 mеssаgеs fоr yоu. \r\nThе соst оf sеnding оnе milliоn mеssаgеs is 49 USD. \r\n \r\nThis mеssаgе is сrеаtеd аutоmаtiсаlly. Plеаsе usе thе соntасt dеtаils bеlоw tо соntасt us. \r\n \r\nContact us. \r\nTelegram - @FeedbackFormEU \r\nSkype  FeedbackForm2019 \r\nWhatsApp - +375259112693\r\n\r\nFirst name:	JerryskatsTW\r\nEmail:	no-replyguppyFed@gmail.com', 'N', 0, 0, '2020-05-06 17:54:16', '2020-05-06 17:54:16'),
(61, 'New Enquiry From ClaudeJoxAV (alex_zenno_bots@mail.ru)', 'Enquiry:\r\nПоследние новости, интерактивная карта онлайн, подробная статистика по странам в таблице. \r\nhttps://covid-monitor.com \r\n \r\n \r\nкоронавирус сегодня\r\n\r\nFirst name:	ClaudeJoxAV\r\nEmail:	alex_zenno_bots@mail.ru', 'N', 0, 0, '2020-05-18 18:29:04', '2020-05-18 18:29:04'),
(62, 'New Enquiry From Danil (southlife_00@bk.ru)', 'Enquiry:\r\n \r\nприрода кубань\r\n\r\nFirst name:	Danil\r\nEmail:	southlife_00@bk.ru', 'N', 0, 0, '2020-08-29 17:27:24', '2020-08-29 17:27:24'),
(63, 'New Enquiry From RamAninYRE (pineda@cbd-8.com)', 'Enquiry:\r\ntablets http://cialis4walmart.com - norlucate classe aldactone umgesetzt\r\n\r\nFirst name:	RamAninYRE\r\nEmail:	pineda@cbd-8.com', 'N', 0, 0, '2020-09-28 04:12:37', '2020-09-28 04:12:37'),
(64, 'New Enquiry From NeksexistMZ (mkupoamidayseentyinsise@gmail.com)', 'Enquiry:\r\ncasino online slots  http://onlinecasinouse.com/#  online casino gambling  play slots  online casino real money  \r\n\r\nFirst name:	NeksexistMZ\r\nEmail:	mkupoamidayseentyinsise@gmail.com', 'N', 0, 0, '2020-09-28 22:02:08', '2020-09-28 22:02:08'),
(65, 'Failed login to admin attempt from IP:103.126.14.151', 'Given user login: admin', 'N', 0, 2, '2021-05-11 20:22:16', '2021-05-11 20:44:04');

-- --------------------------------------------------------

--
-- Table structure for table `ab1l_online_customers`
--

CREATE TABLE `ab1l_online_customers` (
  `customer_id` int(11) NOT NULL,
  `ip` varchar(50) NOT NULL,
  `url` text NOT NULL,
  `referer` text NOT NULL,
  `date_added` timestamp NOT NULL DEFAULT '0000-00-00 00:00:00'
) ENGINE=MyISAM DEFAULT CHARSET=utf8;

--
-- Dumping data for table `ab1l_online_customers`
--

INSERT INTO `ab1l_online_customers` (`customer_id`, `ip`, `url`, `referer`, `date_added`) VALUES
(0, '103.126.14.151', 'http://stylerevivebd.com/index.php?rt=r/extension/banner_manager&amp;type=1&amp;banner_id=21&amp;_=1622122181143', 'https://stylerevivebd.com/', '2021-05-27 13:30:42'),
(0, '124.71.180.89', 'http://www.stylerevivebd.com/', '', '2021-05-27 12:45:57');

-- --------------------------------------------------------

--
-- Table structure for table `ab1l_orders`
--

CREATE TABLE `ab1l_orders` (
  `order_id` int(11) NOT NULL,
  `invoice_id` int(11) NOT NULL DEFAULT 0,
  `invoice_prefix` varchar(10) NOT NULL,
  `store_id` int(11) NOT NULL DEFAULT 0,
  `store_name` varchar(64) NOT NULL,
  `store_url` varchar(255) NOT NULL,
  `customer_id` int(11) NOT NULL DEFAULT 0,
  `customer_group_id` int(11) NOT NULL DEFAULT 0,
  `firstname` varchar(32) NOT NULL DEFAULT '',
  `lastname` varchar(32) NOT NULL,
  `telephone` varchar(32) NOT NULL DEFAULT '',
  `fax` varchar(32) NOT NULL DEFAULT '',
  `email` varchar(96) NOT NULL DEFAULT '',
  `shipping_firstname` varchar(32) NOT NULL,
  `shipping_lastname` varchar(32) NOT NULL DEFAULT '',
  `shipping_company` varchar(32) NOT NULL,
  `shipping_address_1` varchar(128) NOT NULL,
  `shipping_address_2` varchar(128) NOT NULL,
  `shipping_city` varchar(128) NOT NULL,
  `shipping_postcode` varchar(10) NOT NULL DEFAULT '',
  `shipping_zone` varchar(128) NOT NULL,
  `shipping_zone_id` int(11) NOT NULL,
  `shipping_country` varchar(128) NOT NULL,
  `shipping_country_id` int(11) NOT NULL,
  `shipping_address_format` text NOT NULL,
  `shipping_method` varchar(128) NOT NULL DEFAULT '',
  `shipping_method_key` varchar(128) NOT NULL DEFAULT '',
  `payment_firstname` varchar(32) NOT NULL DEFAULT '',
  `payment_lastname` varchar(32) NOT NULL DEFAULT '',
  `payment_company` varchar(32) NOT NULL,
  `payment_address_1` varchar(128) NOT NULL,
  `payment_address_2` varchar(128) NOT NULL,
  `payment_city` varchar(128) NOT NULL,
  `payment_postcode` varchar(10) NOT NULL DEFAULT '',
  `payment_zone` varchar(128) NOT NULL,
  `payment_zone_id` int(11) NOT NULL,
  `payment_country` varchar(128) NOT NULL,
  `payment_country_id` int(11) NOT NULL,
  `payment_address_format` text NOT NULL,
  `payment_method` varchar(128) NOT NULL DEFAULT '',
  `payment_method_key` varchar(128) NOT NULL DEFAULT '',
  `comment` text NOT NULL,
  `total` decimal(15,4) NOT NULL DEFAULT 0.0000,
  `order_status_id` int(11) NOT NULL DEFAULT 0,
  `language_id` int(11) NOT NULL,
  `currency_id` int(11) NOT NULL,
  `currency` varchar(3) NOT NULL,
  `value` decimal(15,8) NOT NULL,
  `coupon_id` int(11) NOT NULL,
  `date_added` timestamp NOT NULL DEFAULT '0000-00-00 00:00:00',
  `date_modified` timestamp NOT NULL DEFAULT current_timestamp() ON UPDATE current_timestamp(),
  `ip` varchar(50) NOT NULL DEFAULT '',
  `payment_method_data` text NOT NULL
) ENGINE=MyISAM DEFAULT CHARSET=utf8;

--
-- Dumping data for table `ab1l_orders`
--

INSERT INTO `ab1l_orders` (`order_id`, `invoice_id`, `invoice_prefix`, `store_id`, `store_name`, `store_url`, `customer_id`, `customer_group_id`, `firstname`, `lastname`, `telephone`, `fax`, `email`, `shipping_firstname`, `shipping_lastname`, `shipping_company`, `shipping_address_1`, `shipping_address_2`, `shipping_city`, `shipping_postcode`, `shipping_zone`, `shipping_zone_id`, `shipping_country`, `shipping_country_id`, `shipping_address_format`, `shipping_method`, `shipping_method_key`, `payment_firstname`, `payment_lastname`, `payment_company`, `payment_address_1`, `payment_address_2`, `payment_city`, `payment_postcode`, `payment_zone`, `payment_zone_id`, `payment_country`, `payment_country_id`, `payment_address_format`, `payment_method`, `payment_method_key`, `comment`, `total`, `order_status_id`, `language_id`, `currency_id`, `currency`, `value`, `coupon_id`, `date_added`, `date_modified`, `ip`, `payment_method_data`) VALUES
(123456, 123456, 'IN#', 0, 'E1brand', 'http://www.e1brand.com/', 14, 1, 'Tellbd', '.com', '', '', 'tellbd@gmail.com', 'Tellbd', '.com', 'Tellbd', 'Dhaka', '', 'Dhaka', '1000', 'Dhaka', 322, 'Bangladesh', 18, '', 'Flat Shipping Rate', 'default_flat_rate_shipping.default_flat_rate_shipping', 'Tellbd', '.com', 'Tellbd', 'Dhaka', '', 'Dhaka', '1000', 'Dhaka', 322, 'Bangladesh', 18, '', 'Cash On Delivery', 'default_cod', '', 30.3500, 3, 2, 4, 'BDT', 1.00000000, 0, '2017-10-13 01:57:57', '2017-10-13 04:06:06', '103.248.236.9', ''),
(123457, 0, '', 0, 'E1brand', 'http://www.e1brand.com/', 14, 1, 'Tellbd', '.com', '', '', 'tellbd@gmail.com', 'Tellbd', '.com', 'Tellbd', 'Dhaka', '', 'Dhaka', '1000', 'Dhaka', 322, 'Bangladesh', 18, '', 'Pickup From Store', 'default_store_pickup.default_store_pickup', 'Tellbd', '.com', 'Tellbd', 'Dhaka', '', 'Dhaka', '1000', 'Dhaka', 322, 'Bangladesh', 18, '', 'No Payment Required', 'no_payment_required', '', 0.0000, 1, 2, 4, 'BDT', 1.00000000, 0, '2017-10-30 20:05:20', '2017-10-30 20:07:15', '103.248.236.9', ''),
(123458, 123457, 'IN#', 0, 'E1brand', 'http://www.e1brand.com/', 14, 1, 'Tellbd', '.com', '', '', 'tellbd@gmail.com', 'Tellbd', '.com', 'Tellbd', 'Dhaka', '', 'Dhaka', '1000', 'Dhaka', 322, 'Bangladesh', 18, '', 'Pickup From Store', 'default_store_pickup.default_store_pickup', 'Tellbd', '.com', 'Tellbd', 'Dhaka', '', 'Dhaka', '1000', 'Dhaka', 322, 'Bangladesh', 18, '', 'No Payment Required', 'no_payment_required', '', 230.0000, 1, 2, 4, 'BDT', 1.00000000, 0, '2017-11-06 14:03:48', '2017-11-06 18:04:00', '103.73.104.239', ''),
(123459, 0, '', 0, 'E1brand', 'http://www.e1brand.com/', 16, 5, 'Md. salauddin', 'Sahin', '01701665700', '', 'alshifa.dhaka@gmail.com', '', '', '', '', '', '', '', '', 0, '', 0, '', '', '', 'Md. salauddin', 'Sahin', 'Al-Shifa Medical Services LTD', '22 East Madartek', 'Sobujbag', 'Dhaka', '1214', 'Dhaka', 322, 'Bangladesh', 18, '', 'Cash On Delivery', 'default_cod', '', 48501.0000, 1, 1, 4, 'BDT', 1.00000000, 0, '2018-04-25 16:44:51', '2018-05-12 13:28:17', '103.58.74.202', ''),
(123460, 0, '', 0, 'E1brand', 'http://www.e1brand.com/', 17, 1, 'ikbal', 'hossain', '', '', 'ikbal1bd@gmail.com', '', '', '', '', '', '', '', '', 0, '', 0, '', '', '', 'ikbal', 'hossain', '', 'basabo', '', 'dhaka', '1200', 'Dhaka', 322, 'Bangladesh', 18, '', 'Cash On Delivery', 'default_cod', '', 95000.0000, 0, 1, 4, 'BDT', 1.00000000, 0, '2018-05-25 19:17:29', '2018-05-25 19:17:29', '103.248.236.9', ''),
(123461, 0, '', 0, 'E1brand', 'http://www.e1brand.com/', 17, 1, 'ikbal', 'hossain', '', '', 'ikbal1bd@gmail.com', '', '', '', '', '', '', '', '', 0, '', 0, '', '', '', 'ikbal', 'hossain', '', 'basabo', '', 'dhaka', '1200', 'Dhaka', 322, 'Bangladesh', 18, '', 'Cash On Delivery', 'default_cod', '', 90100.0000, 1, 1, 4, 'BDT', 1.00000000, 0, '2018-05-25 19:19:41', '2018-05-25 19:21:43', '103.248.236.9', ''),
(123462, 123458, 'IN#', 0, 'E1brand', 'http://www.e1brand.com/', 17, 1, 'ikbal', 'hossain', '', '', 'ikbal1bd@gmail.com', '', '', '', '', '', '', '', '', 0, '', 0, '', '', '', 'ikbal', 'hossain', '', 'basabo', '', 'dhaka', '1200', 'Dhaka', 322, 'Bangladesh', 18, '', 'Cash On Delivery', 'default_cod', '', 190000.0000, 5, 1, 4, 'BDT', 1.00000000, 0, '2018-05-25 19:26:29', '2018-05-25 19:31:06', '103.248.236.9', ''),
(123463, 0, '', 0, 'E1brand', 'http://www.e1brand.com/', 17, 1, 'ikbal', 'hossain', '', '', 'ikbal1bd@gmail.com', '', '', '', '', '', '', '', '', 0, '', 0, '', '', '', 'ikbal', 'hossain', '', 'basabo', '', 'dhaka', '1200', 'Dhaka', 322, 'Bangladesh', 18, '', 'No Payment Required', 'no_payment_required', '', 0.0000, 0, 1, 4, 'BDT', 1.00000000, 0, '2018-05-25 19:39:25', '2018-05-25 19:39:25', '103.248.236.9', ''),
(123464, 0, '', 0, 'E1brand', 'http://www.e1brand.com/', 14, 1, 'Tellbd', '.com', '', '', 'tellbd@gmail.com', '', '', '', '', '', '', '', '', 0, '', 0, '', '', '', 'Tellbd', '.com', 'Tellbd', 'Dhaka', '', 'Dhaka', '1000', 'ঢাকা', 322, 'Bangladesh', 18, '', 'No Payment Required', 'no_payment_required', '', 0.0000, 1, 2, 4, 'BDT', 1.00000000, 0, '2018-06-03 14:44:21', '2018-06-03 14:44:28', '103.58.74.202', ''),
(123465, 0, '', 0, 'E1brand', 'http://www.e1brand.com/', 14, 1, 'Tellbd', '.com', '', '', 'tellbd@gmail.com', '', '', '', '', '', '', '', '', 0, '', 0, '', '', '', 'Tellbd', '.com', 'Tellbd', 'Dhaka', '', 'Dhaka', '1000', 'Dhaka', 322, 'Bangladesh', 18, '', 'Cash On Delivery', 'default_cod', '', 95000.0000, 1, 1, 4, 'BDT', 1.00000000, 0, '2018-06-03 22:05:27', '2018-06-03 22:05:38', '103.248.236.9', ''),
(123466, 0, '', 0, 'E1brand', 'http://www.e1brand.com/', 14, 1, 'Tellbd', '.com', '', '', 'tellbd@gmail.com', '', '', '', '', '', '', '', '', 0, '', 0, '', '', '', 'Tellbd', '.com', 'Tellbd', 'Dhaka', '', 'Dhaka', '1000', 'Dhaka', 322, 'Bangladesh', 18, '', 'No Payment Required', 'no_payment_required', '', 110.0000, 1, 1, 4, 'BDT', 1.00000000, 0, '2018-06-11 19:45:10', '2018-11-29 18:01:26', '103.248.236.9', ''),
(14, 0, '', 0, 'E1brand', 'http://www.e1brand.com/', 14, 1, 'Tellbd', '.com', '', '', 'tellbd@gmail.com', 'Tellbd', '.com', 'Tellbd', 'Dhaka', '', 'Dhaka', '1000', 'Dhaka', 322, 'Bangladesh', 18, '', 'Flat Shipping Rate', 'default_flat_rate_shipping.default_flat_rate_shipping', 'Tellbd', '.com', 'Tellbd', 'Dhaka', '', 'Dhaka', '1000', 'Dhaka', 322, 'Bangladesh', 18, '', 'Cash On Delivery', 'default_cod', '', 95.4500, 5, 2, 1, 'USD', 1.00000000, 0, '2017-10-11 21:08:39', '2017-10-12 09:46:34', '103.248.237.1', '');

-- --------------------------------------------------------

--
-- Table structure for table `ab1l_orders_enc`
--

CREATE TABLE `ab1l_orders_enc` (
  `order_id` int(11) NOT NULL,
  `invoice_id` int(11) NOT NULL DEFAULT 0,
  `invoice_prefix` varchar(10) COLLATE utf8_bin NOT NULL,
  `store_id` int(11) NOT NULL DEFAULT 0,
  `store_name` varchar(64) COLLATE utf8_bin NOT NULL,
  `store_url` varchar(255) COLLATE utf8_bin NOT NULL,
  `customer_id` int(11) NOT NULL DEFAULT 0,
  `customer_group_id` int(11) NOT NULL DEFAULT 0,
  `firstname` varchar(32) COLLATE utf8_bin NOT NULL DEFAULT '',
  `lastname` varchar(32) COLLATE utf8_bin NOT NULL,
  `telephone` text COLLATE utf8_bin NOT NULL,
  `fax` text COLLATE utf8_bin NOT NULL,
  `email` text COLLATE utf8_bin NOT NULL,
  `shipping_firstname` varchar(32) COLLATE utf8_bin NOT NULL,
  `shipping_lastname` varchar(32) COLLATE utf8_bin NOT NULL DEFAULT '',
  `shipping_company` text COLLATE utf8_bin NOT NULL,
  `shipping_address_1` text COLLATE utf8_bin NOT NULL,
  `shipping_address_2` text COLLATE utf8_bin NOT NULL,
  `shipping_city` text COLLATE utf8_bin NOT NULL,
  `shipping_postcode` text COLLATE utf8_bin NOT NULL,
  `shipping_zone` varchar(128) COLLATE utf8_bin NOT NULL,
  `shipping_zone_id` int(11) NOT NULL,
  `shipping_country` text COLLATE utf8_bin NOT NULL,
  `shipping_country_id` int(11) NOT NULL,
  `shipping_address_format` text COLLATE utf8_bin NOT NULL,
  `shipping_method` varchar(128) COLLATE utf8_bin NOT NULL DEFAULT '',
  `shipping_method_key` varchar(128) COLLATE utf8_bin NOT NULL DEFAULT '',
  `payment_firstname` varchar(32) COLLATE utf8_bin NOT NULL DEFAULT '',
  `payment_lastname` varchar(32) COLLATE utf8_bin NOT NULL DEFAULT '',
  `payment_company` text COLLATE utf8_bin NOT NULL,
  `payment_address_1` text COLLATE utf8_bin NOT NULL,
  `payment_address_2` text COLLATE utf8_bin NOT NULL,
  `payment_city` text COLLATE utf8_bin NOT NULL,
  `payment_postcode` text COLLATE utf8_bin NOT NULL,
  `payment_zone` varchar(128) COLLATE utf8_bin NOT NULL,
  `payment_zone_id` int(11) NOT NULL,
  `payment_country` text COLLATE utf8_bin NOT NULL,
  `payment_country_id` int(11) NOT NULL,
  `payment_address_format` text COLLATE utf8_bin NOT NULL,
  `payment_method` varchar(128) COLLATE utf8_bin NOT NULL DEFAULT '',
  `payment_method_key` varchar(128) COLLATE utf8_bin NOT NULL DEFAULT '',
  `comment` text COLLATE utf8_bin NOT NULL,
  `total` decimal(15,4) NOT NULL DEFAULT 0.0000,
  `order_status_id` int(11) NOT NULL DEFAULT 0,
  `language_id` int(11) NOT NULL,
  `currency_id` int(11) NOT NULL,
  `currency` varchar(3) COLLATE utf8_bin NOT NULL,
  `value` decimal(15,8) NOT NULL,
  `coupon_id` int(11) NOT NULL,
  `date_modified` datetime NOT NULL DEFAULT '0000-00-00 00:00:00',
  `date_added` datetime NOT NULL DEFAULT '0000-00-00 00:00:00',
  `ip` varchar(15) COLLATE utf8_bin NOT NULL DEFAULT '',
  `payment_method_data` text CHARACTER SET utf8 NOT NULL,
  `key_id` int(3) NOT NULL DEFAULT 0
) ENGINE=MyISAM DEFAULT CHARSET=utf8 COLLATE=utf8_bin;

-- --------------------------------------------------------

--
-- Table structure for table `ab1l_order_data`
--

CREATE TABLE `ab1l_order_data` (
  `order_id` int(11) NOT NULL,
  `type_id` int(11) NOT NULL,
  `data` text DEFAULT NULL,
  `date_added` timestamp NOT NULL DEFAULT '0000-00-00 00:00:00',
  `date_modified` timestamp NOT NULL DEFAULT current_timestamp() ON UPDATE current_timestamp()
) ENGINE=MyISAM DEFAULT CHARSET=utf8;

--
-- Dumping data for table `ab1l_order_data`
--

INSERT INTO `ab1l_order_data` (`order_id`, `type_id`, `data`, `date_added`, `date_modified`) VALUES
(14, 1, 'a:2:{s:3:\"uri\";s:16:\"tellbd@gmail.com\";s:6:\"status\";s:1:\"1\";}', '2017-10-11 21:08:39', '2017-10-11 21:08:39'),
(14, 3, 'a:2:{s:3:\"uri\";s:16:\"tellbd@gmail.com\";s:6:\"status\";s:1:\"1\";}', '2017-10-11 21:08:39', '2017-10-11 21:08:39'),
(123458, 1, 'a:2:{s:3:\"uri\";s:16:\"tellbd@gmail.com\";s:6:\"status\";s:1:\"1\";}', '2017-11-06 14:03:48', '2017-11-06 14:03:48'),
(123458, 2, 'a:2:{s:3:\"uri\";s:14:\"+8801842460000\";s:6:\"status\";s:1:\"1\";}', '2017-11-06 14:03:48', '2017-11-06 14:03:48'),
(123458, 3, 'a:2:{s:3:\"uri\";s:16:\"tellbd@gmail.com\";s:6:\"status\";s:1:\"1\";}', '2017-11-06 14:03:48', '2017-11-06 14:03:48'),
(123458, 4, 'a:2:{s:3:\"uri\";s:14:\"+8801842460000\";s:6:\"status\";s:1:\"1\";}', '2017-11-06 14:03:48', '2017-11-06 14:03:48'),
(123459, 1, 'a:2:{s:3:\"uri\";s:23:\"alshifa.dhaka@gmail.com\";s:6:\"status\";s:1:\"1\";}', '2018-04-25 16:44:51', '2018-04-25 16:44:51'),
(123459, 2, 'a:2:{s:3:\"uri\";s:14:\"+8801701665700\";s:6:\"status\";s:1:\"1\";}', '2018-04-25 16:44:51', '2018-04-25 16:44:51'),
(123459, 3, 'a:2:{s:3:\"uri\";s:23:\"alshifa.dhaka@gmail.com\";s:6:\"status\";s:1:\"1\";}', '2018-04-25 16:44:51', '2018-04-25 16:44:51'),
(123459, 4, 'a:2:{s:3:\"uri\";s:14:\"+8801701665700\";s:6:\"status\";s:1:\"1\";}', '2018-04-25 16:44:51', '2018-04-25 16:44:51'),
(123460, 1, 'a:2:{s:3:\"uri\";s:18:\"ikbal1bd@gmail.com\";s:6:\"status\";s:1:\"1\";}', '2018-05-25 19:17:29', '2018-05-25 19:17:29'),
(123460, 3, 'a:2:{s:3:\"uri\";s:18:\"ikbal1bd@gmail.com\";s:6:\"status\";s:1:\"1\";}', '2018-05-25 19:17:29', '2018-05-25 19:17:29'),
(123461, 1, 'a:2:{s:3:\"uri\";s:18:\"ikbal1bd@gmail.com\";s:6:\"status\";s:1:\"1\";}', '2018-05-25 19:19:41', '2018-05-25 19:19:41'),
(123461, 3, 'a:2:{s:3:\"uri\";s:18:\"ikbal1bd@gmail.com\";s:6:\"status\";s:1:\"1\";}', '2018-05-25 19:19:41', '2018-05-25 19:19:41'),
(123462, 1, 'a:2:{s:3:\"uri\";s:18:\"ikbal1bd@gmail.com\";s:6:\"status\";s:1:\"1\";}', '2018-05-25 19:26:29', '2018-05-25 19:26:29'),
(123462, 3, 'a:2:{s:3:\"uri\";s:18:\"ikbal1bd@gmail.com\";s:6:\"status\";s:1:\"1\";}', '2018-05-25 19:26:29', '2018-05-25 19:26:29'),
(123463, 1, 'a:2:{s:3:\"uri\";s:18:\"ikbal1bd@gmail.com\";s:6:\"status\";s:1:\"1\";}', '2018-05-25 19:39:25', '2018-05-25 19:39:25'),
(123463, 3, 'a:2:{s:3:\"uri\";s:18:\"ikbal1bd@gmail.com\";s:6:\"status\";s:1:\"1\";}', '2018-05-25 19:39:25', '2018-05-25 19:39:25'),
(123464, 1, 'a:2:{s:3:\"uri\";s:16:\"tellbd@gmail.com\";s:6:\"status\";s:1:\"1\";}', '2018-06-03 14:44:21', '2018-06-03 14:44:21'),
(123464, 2, 'a:2:{s:3:\"uri\";s:14:\"+8801842460000\";s:6:\"status\";s:1:\"1\";}', '2018-06-03 14:44:21', '2018-06-03 14:44:21'),
(123464, 3, 'a:2:{s:3:\"uri\";s:16:\"tellbd@gmail.com\";s:6:\"status\";s:1:\"1\";}', '2018-06-03 14:44:21', '2018-06-03 14:44:21'),
(123464, 4, 'a:2:{s:3:\"uri\";s:14:\"+8801842460000\";s:6:\"status\";s:1:\"1\";}', '2018-06-03 14:44:21', '2018-06-03 14:44:21'),
(123465, 1, 'a:2:{s:3:\"uri\";s:16:\"tellbd@gmail.com\";s:6:\"status\";s:1:\"1\";}', '2018-06-03 22:05:27', '2018-06-03 22:05:27'),
(123465, 2, 'a:2:{s:3:\"uri\";s:14:\"+8801842460000\";s:6:\"status\";s:1:\"1\";}', '2018-06-03 22:05:27', '2018-06-03 22:05:27'),
(123465, 3, 'a:2:{s:3:\"uri\";s:16:\"tellbd@gmail.com\";s:6:\"status\";s:1:\"1\";}', '2018-06-03 22:05:27', '2018-06-03 22:05:27'),
(123465, 4, 'a:2:{s:3:\"uri\";s:14:\"+8801842460000\";s:6:\"status\";s:1:\"1\";}', '2018-06-03 22:05:27', '2018-06-03 22:05:27'),
(123466, 1, 'a:2:{s:3:\"uri\";s:16:\"tellbd@gmail.com\";s:6:\"status\";s:1:\"1\";}', '2018-06-11 19:45:10', '2018-06-11 19:45:10'),
(123466, 2, 'a:2:{s:3:\"uri\";s:14:\"+8801842460000\";s:6:\"status\";s:1:\"1\";}', '2018-06-11 19:45:10', '2018-06-11 19:45:10'),
(123466, 3, 'a:2:{s:3:\"uri\";s:16:\"tellbd@gmail.com\";s:6:\"status\";s:1:\"1\";}', '2018-06-11 19:45:10', '2018-06-11 19:45:10'),
(123466, 4, 'a:2:{s:3:\"uri\";s:14:\"+8801842460000\";s:6:\"status\";s:1:\"1\";}', '2018-06-11 19:45:10', '2018-06-11 19:45:10');

-- --------------------------------------------------------

--
-- Table structure for table `ab1l_order_data_types`
--

CREATE TABLE `ab1l_order_data_types` (
  `type_id` int(11) NOT NULL,
  `language_id` int(11) NOT NULL,
  `name` varchar(64) NOT NULL DEFAULT '' COMMENT 'translatable',
  `date_added` timestamp NOT NULL DEFAULT '0000-00-00 00:00:00',
  `date_modified` timestamp NOT NULL DEFAULT current_timestamp() ON UPDATE current_timestamp()
) ENGINE=MyISAM DEFAULT CHARSET=utf8;

--
-- Dumping data for table `ab1l_order_data_types`
--

INSERT INTO `ab1l_order_data_types` (`type_id`, `language_id`, `name`, `date_added`, `date_modified`) VALUES
(1, 1, 'email', '2017-10-11 10:30:00', '2017-10-11 10:30:00'),
(2, 1, 'sms', '2017-10-11 10:30:00', '2017-10-11 10:30:00'),
(3, 2, 'email', '2017-10-11 10:30:00', '2017-10-11 10:30:00'),
(4, 2, 'sms', '2017-10-11 10:30:00', '2017-10-11 10:30:00');

-- --------------------------------------------------------

--
-- Table structure for table `ab1l_order_downloads`
--

CREATE TABLE `ab1l_order_downloads` (
  `order_download_id` int(11) NOT NULL,
  `order_id` int(11) NOT NULL,
  `order_product_id` int(11) NOT NULL,
  `name` varchar(64) NOT NULL DEFAULT '',
  `filename` varchar(128) NOT NULL DEFAULT '',
  `mask` varchar(128) NOT NULL DEFAULT '',
  `download_id` int(11) NOT NULL,
  `status` int(1) NOT NULL DEFAULT 0,
  `remaining_count` int(11) DEFAULT NULL,
  `percentage` int(11) DEFAULT 0,
  `expire_date` datetime DEFAULT NULL,
  `sort_order` int(11) NOT NULL,
  `activate` varchar(64) NOT NULL,
  `activate_order_status_id` int(11) NOT NULL DEFAULT 0,
  `attributes_data` longtext DEFAULT NULL,
  `date_added` timestamp NOT NULL DEFAULT '0000-00-00 00:00:00',
  `date_modified` timestamp NOT NULL DEFAULT current_timestamp() ON UPDATE current_timestamp()
) ENGINE=MyISAM DEFAULT CHARSET=utf8;

--
-- Dumping data for table `ab1l_order_downloads`
--

INSERT INTO `ab1l_order_downloads` (`order_download_id`, `order_id`, `order_product_id`, `name`, `filename`, `mask`, `download_id`, `status`, `remaining_count`, `percentage`, `expire_date`, `sort_order`, `activate`, `activate_order_status_id`, `attributes_data`, `date_added`, `date_modified`) VALUES
(1, 123465, 66, 'zxp-series-3-product-spec-sheet-en-gb', 'download/18/85/5.pdf', 'zxp-series-3-product-spec-sheet-en-gb.pdf', 3, 0, NULL, 0, NULL, 0, '', 0, 'a:0:{}', '2018-06-03 22:05:27', '2018-06-03 22:05:27');

-- --------------------------------------------------------

--
-- Table structure for table `ab1l_order_downloads_history`
--

CREATE TABLE `ab1l_order_downloads_history` (
  `order_download_history_id` int(11) NOT NULL,
  `order_download_id` int(11) NOT NULL,
  `order_id` int(11) NOT NULL,
  `order_product_id` int(11) NOT NULL,
  `filename` varchar(128) NOT NULL DEFAULT '',
  `mask` varchar(128) NOT NULL DEFAULT '',
  `download_id` int(11) NOT NULL,
  `download_percent` int(11) DEFAULT 0,
  `time` timestamp NOT NULL DEFAULT current_timestamp() ON UPDATE current_timestamp()
) ENGINE=MyISAM DEFAULT CHARSET=utf8;

--
-- Dumping data for table `ab1l_order_downloads_history`
--

INSERT INTO `ab1l_order_downloads_history` (`order_download_history_id`, `order_download_id`, `order_id`, `order_product_id`, `filename`, `mask`, `download_id`, `download_percent`, `time`) VALUES
(1, 0, 0, 0, 'download/18/76/5.mp3', 'sample.mp3', 2, 100, '2015-07-08 10:36:06'),
(2, 0, 0, 0, 'download/18/76/5.mp3', 'sample.mp3', 2, 99, '2018-01-17 19:46:45'),
(3, 0, 0, 0, 'download/18/76/5.mp3', 'sample.mp3', 2, 62, '2018-02-16 06:44:54'),
(4, 0, 0, 0, 'download/18/85/5.pdf', 'zxp-series-3-product-spec-sheet-en-gb.pdf', 3, 100, '2018-06-03 22:07:28'),
(5, 0, 0, 0, 'download/18/85/5.pdf', 'zxp-series-3-product-spec-sheet-en-gb.pdf', 3, 100, '2018-06-04 22:06:18'),
(6, 0, 0, 0, 'download/18/85/5.pdf', 'zxp-series-3-product-spec-sheet-en-gb.pdf', 3, 100, '2018-06-06 00:29:06'),
(7, 0, 0, 0, 'download/18/85/5.pdf', 'zxp-series-3-product-spec-sheet-en-gb.pdf', 3, 100, '2018-06-15 03:12:59'),
(8, 0, 0, 0, 'download/18/85/5.pdf', 'zxp-series-3-product-spec-sheet-en-gb.pdf', 3, 100, '2018-06-15 13:40:52'),
(9, 0, 0, 0, 'download/18/85/5.pdf', 'zxp-series-3-product-spec-sheet-en-gb.pdf', 3, 100, '2018-07-13 19:44:59'),
(10, 0, 0, 0, 'download/18/85/5.pdf', 'zxp-series-3-product-spec-sheet-en-gb.pdf', 3, 100, '2018-07-13 19:45:01'),
(11, 0, 0, 0, 'download/18/85/5.pdf', 'zxp-series-3-product-spec-sheet-en-gb.pdf', 3, 100, '2018-07-13 19:45:02'),
(12, 0, 0, 0, 'download/18/85/5.pdf', 'zxp-series-3-product-spec-sheet-en-gb.pdf', 3, 100, '2018-07-13 19:45:02'),
(13, 0, 0, 0, 'download/18/85/5.pdf', 'zxp-series-3-product-spec-sheet-en-gb.pdf', 3, 100, '2018-07-13 19:45:02'),
(14, 0, 0, 0, 'download/18/85/5.pdf', 'zxp-series-3-product-spec-sheet-en-gb.pdf', 3, 100, '2018-07-13 19:45:02'),
(15, 0, 0, 0, 'download/18/85/5.pdf', 'zxp-series-3-product-spec-sheet-en-gb.pdf', 3, 100, '2018-07-13 19:45:03'),
(16, 0, 0, 0, 'download/18/85/5.pdf', 'zxp-series-3-product-spec-sheet-en-gb.pdf', 3, 100, '2018-07-13 19:45:03'),
(17, 0, 0, 0, 'download/18/85/5.pdf', 'zxp-series-3-product-spec-sheet-en-gb.pdf', 3, 100, '2018-07-13 19:45:03'),
(18, 0, 0, 0, 'download/18/85/5.pdf', 'zxp-series-3-product-spec-sheet-en-gb.pdf', 3, 100, '2018-07-13 19:45:03'),
(19, 0, 0, 0, 'download/18/85/5.pdf', 'zxp-series-3-product-spec-sheet-en-gb.pdf', 3, 100, '2018-07-13 19:45:06'),
(20, 0, 0, 0, 'download/18/85/5.pdf', 'zxp-series-3-product-spec-sheet-en-gb.pdf', 3, 100, '2018-07-13 19:45:06'),
(21, 0, 0, 0, 'download/18/85/5.pdf', 'zxp-series-3-product-spec-sheet-en-gb.pdf', 3, 100, '2018-07-13 19:45:06'),
(22, 0, 0, 0, 'download/18/85/5.pdf', 'zxp-series-3-product-spec-sheet-en-gb.pdf', 3, 100, '2018-07-18 14:05:04'),
(23, 0, 0, 0, 'download/18/85/5.pdf', 'zxp-series-3-product-spec-sheet-en-gb.pdf', 3, 100, '2018-07-18 14:05:10'),
(24, 0, 0, 0, 'download/18/85/5.pdf', 'zxp-series-3-product-spec-sheet-en-gb.pdf', 3, 100, '2018-07-18 14:05:14'),
(25, 0, 0, 0, 'download/18/85/5.pdf', 'zxp-series-3-product-spec-sheet-en-gb.pdf', 3, 100, '2018-07-18 14:05:15'),
(26, 0, 0, 0, 'download/18/85/5.pdf', 'zxp-series-3-product-spec-sheet-en-gb.pdf', 3, 100, '2018-07-18 14:05:15'),
(27, 0, 0, 0, 'download/18/85/5.pdf', 'zxp-series-3-product-spec-sheet-en-gb.pdf', 3, 100, '2018-07-18 14:05:15'),
(28, 0, 0, 0, 'download/18/85/5.pdf', 'zxp-series-3-product-spec-sheet-en-gb.pdf', 3, 100, '2018-07-18 14:05:15'),
(29, 0, 0, 0, 'download/18/85/5.pdf', 'zxp-series-3-product-spec-sheet-en-gb.pdf', 3, 100, '2018-07-18 14:05:15'),
(30, 0, 0, 0, 'download/18/85/5.pdf', 'zxp-series-3-product-spec-sheet-en-gb.pdf', 3, 100, '2018-07-18 14:05:16'),
(31, 0, 0, 0, 'download/18/85/5.pdf', 'zxp-series-3-product-spec-sheet-en-gb.pdf', 3, 100, '2018-07-18 14:05:16'),
(32, 0, 0, 0, 'download/18/85/5.pdf', 'zxp-series-3-product-spec-sheet-en-gb.pdf', 3, 100, '2018-07-18 14:05:18'),
(33, 0, 0, 0, 'download/18/85/5.pdf', 'zxp-series-3-product-spec-sheet-en-gb.pdf', 3, 100, '2018-07-18 14:05:18'),
(34, 0, 0, 0, 'download/18/85/5.pdf', 'zxp-series-3-product-spec-sheet-en-gb.pdf', 3, 100, '2018-07-18 14:05:18'),
(35, 0, 0, 0, 'download/18/85/5.pdf', 'zxp-series-3-product-spec-sheet-en-gb.pdf', 3, 51, '2018-10-02 20:23:28'),
(36, 0, 0, 0, 'download/18/85/5.pdf', 'zxp-series-3-product-spec-sheet-en-gb.pdf', 3, 85, '2018-10-02 20:23:29'),
(37, 0, 0, 0, 'download/18/85/5.pdf', 'zxp-series-3-product-spec-sheet-en-gb.pdf', 3, 100, '2018-10-02 20:23:30'),
(38, 0, 0, 0, 'download/18/85/5.pdf', 'zxp-series-3-product-spec-sheet-en-gb.pdf', 3, 100, '2018-10-30 08:08:06'),
(39, 0, 0, 0, 'download/18/85/5.pdf', 'zxp-series-3-product-spec-sheet-en-gb.pdf', 3, 100, '2018-11-08 15:46:02'),
(40, 0, 0, 0, 'download/18/85/5.pdf', 'zxp-series-3-product-spec-sheet-en-gb.pdf', 3, 100, '2018-11-13 14:08:03'),
(41, 0, 0, 0, 'download/18/85/5.pdf', 'zxp-series-3-product-spec-sheet-en-gb.pdf', 3, 36, '2018-11-14 23:18:40'),
(42, 0, 0, 0, 'download/18/85/5.pdf', 'zxp-series-3-product-spec-sheet-en-gb.pdf', 3, 100, '2018-11-16 23:33:42'),
(43, 0, 0, 0, 'download/18/85/5.pdf', 'zxp-series-3-product-spec-sheet-en-gb.pdf', 3, 38, '2018-11-30 02:38:41'),
(44, 0, 0, 0, 'download/18/85/5.pdf', 'zxp-series-3-product-spec-sheet-en-gb.pdf', 3, 100, '2018-12-03 22:09:45'),
(45, 0, 0, 0, 'download/18/85/5.pdf', 'zxp-series-3-product-spec-sheet-en-gb.pdf', 3, 100, '2018-12-05 17:59:41'),
(46, 0, 0, 0, 'download/18/85/5.pdf', 'zxp-series-3-product-spec-sheet-en-gb.pdf', 3, 100, '2018-12-06 11:19:20'),
(47, 0, 0, 0, 'download/18/85/5.pdf', 'zxp-series-3-product-spec-sheet-en-gb.pdf', 3, 100, '2018-12-19 16:55:12'),
(48, 0, 0, 0, 'download/18/85/5.pdf', 'zxp-series-3-product-spec-sheet-en-gb.pdf', 3, 94, '2019-01-18 09:33:42'),
(49, 0, 0, 0, 'download/18/85/5.pdf', 'zxp-series-3-product-spec-sheet-en-gb.pdf', 3, 100, '2019-02-07 04:04:45'),
(50, 0, 0, 0, 'download/18/85/5.pdf', 'zxp-series-3-product-spec-sheet-en-gb.pdf', 3, 100, '2019-02-16 18:29:48'),
(51, 0, 0, 0, 'download/18/85/5.pdf', 'zxp-series-3-product-spec-sheet-en-gb.pdf', 3, 100, '2019-02-21 06:06:19'),
(52, 0, 0, 0, 'download/18/85/5.pdf', 'zxp-series-3-product-spec-sheet-en-gb.pdf', 3, 100, '2019-02-21 06:06:19'),
(53, 0, 0, 0, 'download/18/85/5.pdf', 'zxp-series-3-product-spec-sheet-en-gb.pdf', 3, 100, '2019-02-21 06:06:19'),
(54, 0, 0, 0, 'download/18/85/5.pdf', 'zxp-series-3-product-spec-sheet-en-gb.pdf', 3, 11, '2019-04-10 06:34:49'),
(55, 0, 0, 0, 'download/18/85/5.pdf', 'zxp-series-3-product-spec-sheet-en-gb.pdf', 3, 11, '2019-04-13 18:28:12'),
(56, 0, 0, 0, 'download/18/85/5.pdf', 'zxp-series-3-product-spec-sheet-en-gb.pdf', 3, 9, '2019-05-01 03:07:40'),
(57, 0, 0, 0, 'download/18/85/5.pdf', 'zxp-series-3-product-spec-sheet-en-gb.pdf', 3, 36, '2019-05-02 15:33:44'),
(58, 0, 0, 0, 'download/18/85/5.pdf', 'zxp-series-3-product-spec-sheet-en-gb.pdf', 3, 11, '2019-05-08 23:10:59'),
(59, 0, 0, 0, 'download/18/85/5.pdf', 'zxp-series-3-product-spec-sheet-en-gb.pdf', 3, 34, '2019-05-17 08:01:15'),
(60, 0, 0, 0, 'download/18/85/5.pdf', 'zxp-series-3-product-spec-sheet-en-gb.pdf', 3, 100, '2019-05-19 02:14:00'),
(61, 0, 0, 0, 'download/18/85/5.pdf', 'zxp-series-3-product-spec-sheet-en-gb.pdf', 3, 100, '2019-06-01 08:05:46'),
(62, 0, 0, 0, 'download/18/85/5.pdf', 'zxp-series-3-product-spec-sheet-en-gb.pdf', 3, 100, '2019-06-01 16:16:07'),
(63, 0, 0, 0, 'download/18/85/5.pdf', 'zxp-series-3-product-spec-sheet-en-gb.pdf', 3, 19, '2019-06-13 20:54:46'),
(64, 0, 0, 0, 'download/18/85/5.pdf', 'zxp-series-3-product-spec-sheet-en-gb.pdf', 3, 100, '2019-06-13 20:55:10'),
(65, 0, 0, 0, 'download/18/85/5.pdf', 'zxp-series-3-product-spec-sheet-en-gb.pdf', 3, 100, '2019-06-13 20:55:11'),
(66, 0, 0, 0, 'download/18/85/5.pdf', 'zxp-series-3-product-spec-sheet-en-gb.pdf', 3, 100, '2019-07-11 21:24:07'),
(67, 0, 0, 0, 'download/18/85/5.pdf', 'zxp-series-3-product-spec-sheet-en-gb.pdf', 3, 25, '2019-07-15 00:37:06'),
(68, 0, 0, 0, 'download/18/85/5.pdf', 'zxp-series-3-product-spec-sheet-en-gb.pdf', 3, 100, '2019-07-22 12:42:05'),
(69, 0, 0, 0, 'download/18/85/5.pdf', 'zxp-series-3-product-spec-sheet-en-gb.pdf', 3, 32, '2019-07-30 05:47:44'),
(70, 0, 0, 0, 'download/18/85/5.pdf', 'zxp-series-3-product-spec-sheet-en-gb.pdf', 3, 25, '2019-08-24 07:55:21'),
(71, 0, 0, 0, 'download/18/85/5.pdf', 'zxp-series-3-product-spec-sheet-en-gb.pdf', 3, 100, '2019-08-25 03:55:43'),
(72, 0, 0, 0, 'download/18/85/5.pdf', 'zxp-series-3-product-spec-sheet-en-gb.pdf', 3, 100, '2019-08-29 16:06:40'),
(73, 0, 0, 0, 'download/18/85/5.pdf', 'zxp-series-3-product-spec-sheet-en-gb.pdf', 3, 25, '2019-09-01 21:25:49'),
(74, 0, 0, 0, 'download/18/85/5.pdf', 'zxp-series-3-product-spec-sheet-en-gb.pdf', 3, 100, '2019-09-11 12:39:49'),
(75, 0, 0, 0, 'download/18/85/5.pdf', 'zxp-series-3-product-spec-sheet-en-gb.pdf', 3, 100, '2019-09-14 08:25:42'),
(76, 0, 0, 0, 'download/18/85/5.pdf', 'zxp-series-3-product-spec-sheet-en-gb.pdf', 3, 100, '2019-09-16 18:57:52'),
(77, 0, 0, 0, 'download/18/85/5.pdf', 'zxp-series-3-product-spec-sheet-en-gb.pdf', 3, 4, '2019-10-07 13:54:14'),
(78, 0, 0, 0, 'download/18/85/5.pdf', 'zxp-series-3-product-spec-sheet-en-gb.pdf', 3, 47, '2019-10-12 08:42:52'),
(79, 0, 0, 0, 'download/18/85/5.pdf', 'zxp-series-3-product-spec-sheet-en-gb.pdf', 3, 47, '2019-10-16 22:26:44'),
(80, 0, 0, 0, 'download/18/85/5.pdf', 'zxp-series-3-product-spec-sheet-en-gb.pdf', 3, 43, '2019-10-19 03:08:18'),
(81, 0, 0, 0, 'download/18/85/5.pdf', 'zxp-series-3-product-spec-sheet-en-gb.pdf', 3, 42, '2019-10-23 00:06:12'),
(82, 0, 0, 0, 'download/18/85/5.pdf', 'zxp-series-3-product-spec-sheet-en-gb.pdf', 3, 4, '2019-10-25 20:32:30'),
(83, 0, 0, 0, 'download/18/85/5.pdf', 'zxp-series-3-product-spec-sheet-en-gb.pdf', 3, 100, '2019-10-26 04:54:48'),
(84, 0, 0, 0, 'download/18/85/5.pdf', 'zxp-series-3-product-spec-sheet-en-gb.pdf', 3, 100, '2019-10-26 20:53:08'),
(85, 0, 0, 0, 'download/18/85/5.pdf', 'zxp-series-3-product-spec-sheet-en-gb.pdf', 3, 42, '2019-10-28 20:33:53'),
(86, 0, 0, 0, 'download/18/85/5.pdf', 'zxp-series-3-product-spec-sheet-en-gb.pdf', 3, 100, '2019-11-21 05:44:22'),
(87, 0, 0, 0, 'download/18/85/5.pdf', 'zxp-series-3-product-spec-sheet-en-gb.pdf', 3, 42, '2019-12-04 00:55:17'),
(88, 0, 0, 0, 'download/18/85/5.pdf', 'zxp-series-3-product-spec-sheet-en-gb.pdf', 3, 100, '2019-12-08 05:16:20'),
(89, 0, 0, 0, 'download/18/85/5.pdf', 'zxp-series-3-product-spec-sheet-en-gb.pdf', 3, 42, '2019-12-19 02:25:32'),
(90, 0, 0, 0, 'download/18/85/5.pdf', 'zxp-series-3-product-spec-sheet-en-gb.pdf', 3, 49, '2019-12-21 06:19:14'),
(91, 0, 0, 0, 'download/18/85/5.pdf', 'zxp-series-3-product-spec-sheet-en-gb.pdf', 3, 47, '2019-12-23 07:34:37'),
(92, 0, 0, 0, 'download/18/85/5.pdf', 'zxp-series-3-product-spec-sheet-en-gb.pdf', 3, 26, '2020-01-14 22:04:07'),
(93, 0, 0, 0, 'download/18/85/5.pdf', 'zxp-series-3-product-spec-sheet-en-gb.pdf', 3, 100, '2020-01-18 00:39:34'),
(94, 0, 0, 0, 'download/18/85/5.pdf', 'zxp-series-3-product-spec-sheet-en-gb.pdf', 3, 100, '2020-01-19 02:32:02'),
(95, 0, 0, 0, 'download/18/85/5.pdf', 'zxp-series-3-product-spec-sheet-en-gb.pdf', 3, 100, '2020-01-21 18:04:11'),
(96, 0, 0, 0, 'download/18/85/5.pdf', 'zxp-series-3-product-spec-sheet-en-gb.pdf', 3, 100, '2020-01-27 18:05:47'),
(97, 0, 0, 0, 'download/18/85/5.pdf', 'zxp-series-3-product-spec-sheet-en-gb.pdf', 3, 100, '2020-01-30 18:19:29'),
(98, 0, 0, 0, 'download/18/85/5.pdf', 'zxp-series-3-product-spec-sheet-en-gb.pdf', 3, 13, '2020-03-10 23:58:34'),
(99, 0, 0, 0, 'download/18/85/5.pdf', 'zxp-series-3-product-spec-sheet-en-gb.pdf', 3, 100, '2020-03-11 19:01:49'),
(100, 0, 0, 0, 'download/18/85/5.pdf', 'zxp-series-3-product-spec-sheet-en-gb.pdf', 3, 13, '2020-03-16 15:45:27'),
(101, 0, 0, 0, 'download/18/85/5.pdf', 'zxp-series-3-product-spec-sheet-en-gb.pdf', 3, 100, '2020-03-30 09:27:56'),
(102, 0, 0, 0, 'download/18/85/5.pdf', 'zxp-series-3-product-spec-sheet-en-gb.pdf', 3, 87, '2020-04-07 17:03:20'),
(103, 0, 0, 0, 'download/18/85/5.pdf', 'zxp-series-3-product-spec-sheet-en-gb.pdf', 3, 100, '2020-04-25 11:36:17'),
(104, 0, 0, 0, 'download/18/85/5.pdf', 'zxp-series-3-product-spec-sheet-en-gb.pdf', 3, 100, '2020-04-27 19:45:37'),
(105, 0, 0, 0, 'download/18/85/5.pdf', 'zxp-series-3-product-spec-sheet-en-gb.pdf', 3, 100, '2020-04-30 14:52:45'),
(106, 0, 0, 0, 'download/18/85/5.pdf', 'zxp-series-3-product-spec-sheet-en-gb.pdf', 3, 100, '2020-05-04 01:45:21'),
(107, 0, 0, 0, 'download/18/85/5.pdf', 'zxp-series-3-product-spec-sheet-en-gb.pdf', 3, 26, '2020-05-09 09:30:43'),
(108, 0, 0, 0, 'download/18/85/5.pdf', 'zxp-series-3-product-spec-sheet-en-gb.pdf', 3, 100, '2020-05-23 09:29:26'),
(109, 0, 0, 0, 'download/18/85/5.pdf', 'zxp-series-3-product-spec-sheet-en-gb.pdf', 3, 11, '2020-05-29 12:52:08'),
(110, 0, 0, 0, 'download/18/85/5.pdf', 'zxp-series-3-product-spec-sheet-en-gb.pdf', 3, 11, '2020-06-13 20:57:28'),
(111, 0, 0, 0, 'download/18/85/5.pdf', 'zxp-series-3-product-spec-sheet-en-gb.pdf', 3, 100, '2020-06-21 02:45:20'),
(112, 0, 0, 0, 'download/18/85/5.pdf', 'zxp-series-3-product-spec-sheet-en-gb.pdf', 3, 11, '2020-06-26 15:33:57'),
(113, 0, 0, 0, 'download/18/85/5.pdf', 'zxp-series-3-product-spec-sheet-en-gb.pdf', 3, 100, '2020-07-21 22:05:18'),
(114, 0, 0, 0, 'download/18/85/5.pdf', 'zxp-series-3-product-spec-sheet-en-gb.pdf', 3, 100, '2020-07-29 18:38:46'),
(115, 0, 0, 0, 'download/18/85/5.pdf', 'zxp-series-3-product-spec-sheet-en-gb.pdf', 3, 11, '2020-07-30 16:41:18'),
(116, 0, 0, 0, 'download/18/85/5.pdf', 'zxp-series-3-product-spec-sheet-en-gb.pdf', 3, 100, '2020-07-31 02:48:05'),
(117, 0, 0, 0, 'download/18/85/5.pdf', 'zxp-series-3-product-spec-sheet-en-gb.pdf', 3, 87, '2020-08-02 23:18:27'),
(118, 0, 0, 0, 'download/18/85/5.pdf', 'zxp-series-3-product-spec-sheet-en-gb.pdf', 3, 100, '2020-08-04 01:00:11'),
(119, 0, 0, 0, 'download/18/85/5.pdf', 'zxp-series-3-product-spec-sheet-en-gb.pdf', 3, 87, '2020-08-06 04:46:06'),
(120, 0, 0, 0, 'download/18/85/5.pdf', 'zxp-series-3-product-spec-sheet-en-gb.pdf', 3, 100, '2020-08-18 17:06:01'),
(121, 0, 0, 0, 'download/18/85/5.pdf', 'zxp-series-3-product-spec-sheet-en-gb.pdf', 3, 11, '2020-08-29 23:14:09'),
(122, 0, 0, 0, 'download/18/85/5.pdf', 'zxp-series-3-product-spec-sheet-en-gb.pdf', 3, 28, '2020-09-24 04:42:22'),
(123, 0, 0, 0, 'download/18/85/5.pdf', 'zxp-series-3-product-spec-sheet-en-gb.pdf', 3, 100, '2020-09-24 20:38:58'),
(124, 0, 0, 0, 'download/18/85/5.pdf', 'zxp-series-3-product-spec-sheet-en-gb.pdf', 3, 100, '2020-09-27 13:03:26'),
(125, 0, 0, 0, 'download/18/85/5.pdf', 'zxp-series-3-product-spec-sheet-en-gb.pdf', 3, 100, '2020-10-02 05:46:13'),
(126, 0, 0, 0, 'download/18/85/5.pdf', 'zxp-series-3-product-spec-sheet-en-gb.pdf', 3, 59, '2020-10-06 01:40:43'),
(127, 0, 0, 0, 'download/18/85/5.pdf', 'zxp-series-3-product-spec-sheet-en-gb.pdf', 3, 100, '2020-10-06 01:45:58'),
(128, 0, 0, 0, 'download/18/85/5.pdf', 'zxp-series-3-product-spec-sheet-en-gb.pdf', 3, 53, '2020-10-09 02:22:08'),
(129, 0, 0, 0, 'download/18/85/5.pdf', 'zxp-series-3-product-spec-sheet-en-gb.pdf', 3, 100, '2020-10-11 06:57:25'),
(130, 0, 0, 0, 'download/18/85/5.pdf', 'zxp-series-3-product-spec-sheet-en-gb.pdf', 3, 100, '2020-10-18 12:01:55'),
(131, 0, 0, 0, 'download/18/85/5.pdf', 'zxp-series-3-product-spec-sheet-en-gb.pdf', 3, 100, '2020-10-19 14:03:08'),
(132, 0, 0, 0, 'download/18/85/5.pdf', 'zxp-series-3-product-spec-sheet-en-gb.pdf', 3, 100, '2020-11-02 15:59:30'),
(133, 0, 0, 0, 'download/18/85/5.pdf', 'zxp-series-3-product-spec-sheet-en-gb.pdf', 3, 100, '2020-11-02 23:31:50');

-- --------------------------------------------------------

--
-- Table structure for table `ab1l_order_history`
--

CREATE TABLE `ab1l_order_history` (
  `order_history_id` int(11) NOT NULL,
  `order_id` int(11) NOT NULL,
  `order_status_id` int(5) NOT NULL,
  `notify` int(1) NOT NULL DEFAULT 0,
  `comment` text NOT NULL,
  `date_added` timestamp NOT NULL DEFAULT '0000-00-00 00:00:00',
  `date_modified` timestamp NOT NULL DEFAULT current_timestamp() ON UPDATE current_timestamp()
) ENGINE=MyISAM DEFAULT CHARSET=utf8;

--
-- Dumping data for table `ab1l_order_history`
--

INSERT INTO `ab1l_order_history` (`order_history_id`, `order_id`, `order_status_id`, `notify`, `comment`, `date_added`, `date_modified`) VALUES
(15, 14, 5, 1, '', '2017-10-12 09:46:34', '2017-10-12 09:46:34'),
(16, 123456, 1, 1, '', '2017-10-13 01:58:09', '2017-10-13 01:58:09'),
(17, 123456, 3, 1, '', '2017-10-13 04:05:15', '2017-10-13 04:05:15'),
(18, 123457, 1, 1, '', '2017-10-30 20:07:15', '2017-10-30 20:07:15'),
(19, 123458, 1, 1, '', '2017-11-06 14:04:08', '2017-11-06 14:04:08'),
(20, 123459, 1, 1, '', '2018-04-25 16:44:55', '2018-04-25 16:44:55'),
(21, 123461, 1, 1, '', '2018-05-25 19:19:44', '2018-05-25 19:19:44'),
(22, 123462, 1, 1, '', '2018-05-25 19:26:40', '2018-05-25 19:26:40'),
(14, 14, 1, 1, '', '2017-10-11 21:08:49', '2017-10-11 21:08:49'),
(23, 123462, 5, 1, '', '2018-05-25 19:30:30', '2018-05-25 19:30:30'),
(24, 123462, 5, 1, '', '2018-05-25 19:30:40', '2018-05-25 19:30:40'),
(25, 123464, 1, 1, '', '2018-06-03 14:44:28', '2018-06-03 14:44:28'),
(26, 123465, 1, 1, '', '2018-06-03 22:05:38', '2018-06-03 22:05:38'),
(27, 123466, 1, 1, '', '2018-06-11 19:45:15', '2018-06-11 19:45:15');

-- --------------------------------------------------------

--
-- Table structure for table `ab1l_order_options`
--

CREATE TABLE `ab1l_order_options` (
  `order_option_id` int(11) NOT NULL,
  `order_id` int(11) NOT NULL,
  `order_product_id` int(11) NOT NULL,
  `product_option_value_id` int(11) NOT NULL DEFAULT 0,
  `name` varchar(255) NOT NULL,
  `sku` varchar(64) NOT NULL DEFAULT '',
  `value` text NOT NULL,
  `price` decimal(15,4) NOT NULL DEFAULT 0.0000,
  `prefix` char(1) NOT NULL DEFAULT '',
  `settings` longtext DEFAULT NULL
) ENGINE=MyISAM DEFAULT CHARSET=utf8;

--
-- Dumping data for table `ab1l_order_options`
--

INSERT INTO `ab1l_order_options` (`order_option_id`, `order_id`, `order_product_id`, `product_option_value_id`, `name`, `sku`, `value`, `price`, `prefix`, `settings`) VALUES
(27, 123456, 52, 618, 'Color', '', 'La Base', 27.0000, '$', ''),
(30, 123457, 55, 778, 'Size EU', '', 'EU XS (Asia M)', 21.0000, '$', '');

-- --------------------------------------------------------

--
-- Table structure for table `ab1l_order_products`
--

CREATE TABLE `ab1l_order_products` (
  `order_product_id` int(11) NOT NULL,
  `order_id` int(11) NOT NULL,
  `product_id` int(11) NOT NULL,
  `name` varchar(255) NOT NULL DEFAULT '',
  `model` varchar(24) NOT NULL DEFAULT '',
  `sku` varchar(64) NOT NULL DEFAULT '',
  `price` decimal(15,4) NOT NULL DEFAULT 0.0000,
  `total` decimal(15,4) NOT NULL DEFAULT 0.0000,
  `tax` decimal(15,4) NOT NULL DEFAULT 0.0000,
  `quantity` int(4) NOT NULL DEFAULT 0,
  `subtract` int(1) NOT NULL DEFAULT 0
) ENGINE=MyISAM DEFAULT CHARSET=utf8;

--
-- Dumping data for table `ab1l_order_products`
--

INSERT INTO `ab1l_order_products` (`order_product_id`, `order_id`, `product_id`, `name`, `model`, `sku`, `price`, `total`, `tax`, `quantity`, `subtract`) VALUES
(52, 123456, 55, 'LE ROUGE ABSOLU Reshaping &amp; Replenishing LipColour SPF 15', 'tw152236', '', 27.0000, 27.0000, 1.3500, 1, 1),
(55, 123457, 122, 'Mens Fine Cotton Giraffe Polo Shirts', 'JDSK36', '', 21.0000, 21.0000, 1.0500, 1, 1),
(56, 123458, 125, 'Semi-Automatic Biochemistry Analyzer - Touch Screen', 'SA-20 Touch Screen', '', 110.0000, 220.0000, 0.0000, 2, 1),
(57, 123458, 123, 'Semi-Automatic Biochemistry Analyzer', 'SA-20', '', 10.0000, 10.0000, 0.0000, 1, 0),
(58, 123459, 140, 'Desktop PC Intel Core i3 8GB RAM 1TB HDD', 'E1-DESK-i3r8h1', '', 35000.0000, 35000.0000, 0.0000, 1, 1),
(59, 123459, 154, 'Toten WM.6609.9001 9U Wall Mount Server Rack Cabinet', 'Toten-9U', '', 13500.0000, 13500.0000, 0.0000, 1, 0),
(60, 123460, 158, 'Board Cutting ceiling', 'E1-int-ce1-boa-111', '', 0.0000, 0.0000, 0.0000, 1, 1),
(61, 123460, 132, 'iron safe security locker', 'E1-loc-60in', '', 95000.0000, 95000.0000, 0.0000, 1, 1),
(62, 123461, 132, 'iron safe security locker', 'E1-loc-60in', '', 90000.0000, 90000.0000, 0.0000, 1, 1),
(63, 123462, 132, 'iron safe security locker', 'E1-loc-60in', '', 95000.0000, 190000.0000, 0.0000, 2, 1),
(64, 123463, 151, '900 KW Cummins Diesel Generator – 900DHFC', '900DHFC', '', 0.0000, 0.0000, 0.0000, 1, 1),
(65, 123464, 150, 'MT-2101 Meeting Table', 'E1-Fur-MT-2101', '', 0.0000, 0.0000, 0.0000, 1, 1),
(66, 123465, 171, 'Zebra ZXP Series 3 Dual Sided ID Card Printer', 'Zebra ZXP Series 3 Dual ', '', 95000.0000, 95000.0000, 0.0000, 1, 1),
(67, 123466, 152, '40kVA Cummins Diesel Generator Set(27.5kVA-1675kVA)', ' BCX40', '', 100.0000, 100.0000, 0.0000, 1, 1),
(50, 14, 65, 'Absolue Eye Precious Cells', '427847', '', 89.0000, 89.0000, 4.4500, 1, 1);

-- --------------------------------------------------------

--
-- Table structure for table `ab1l_order_statuses`
--

CREATE TABLE `ab1l_order_statuses` (
  `order_status_id` int(11) NOT NULL,
  `language_id` int(11) NOT NULL,
  `name` varchar(32) NOT NULL COMMENT 'translatable'
) ENGINE=MyISAM DEFAULT CHARSET=utf8;

--
-- Dumping data for table `ab1l_order_statuses`
--

INSERT INTO `ab1l_order_statuses` (`order_status_id`, `language_id`, `name`) VALUES
(0, 1, 'Incomplete'),
(1, 1, 'Pending'),
(2, 1, 'Processing'),
(3, 1, 'Shipped'),
(7, 1, 'Canceled'),
(5, 1, 'Completed'),
(8, 1, 'Denied'),
(9, 1, 'Canceled Reversal'),
(10, 1, 'Failed'),
(11, 1, 'Refunded'),
(12, 1, 'Reversed'),
(13, 1, 'Chargeback'),
(14, 1, 'Canceled by Customer'),
(0, 2, 'Incomplete'),
(1, 2, 'Pending'),
(2, 2, 'Processing'),
(3, 2, 'Shipped'),
(5, 2, 'Completed'),
(7, 2, 'Canceled'),
(8, 2, 'Denied'),
(9, 2, 'Canceled Reversal'),
(10, 2, 'Failed'),
(11, 2, 'Refunded'),
(12, 2, 'Reversed'),
(13, 2, 'Chargeback'),
(14, 2, 'Canceled by Customer');

-- --------------------------------------------------------

--
-- Table structure for table `ab1l_order_status_ids`
--

CREATE TABLE `ab1l_order_status_ids` (
  `order_status_id` int(11) NOT NULL,
  `status_text_id` varchar(64) NOT NULL
) ENGINE=MyISAM DEFAULT CHARSET=utf8;

--
-- Dumping data for table `ab1l_order_status_ids`
--

INSERT INTO `ab1l_order_status_ids` (`order_status_id`, `status_text_id`) VALUES
(0, 'incomplete'),
(1, 'pending'),
(2, 'processing'),
(3, 'shipped'),
(5, 'completed'),
(7, 'canceled'),
(8, 'denied'),
(9, 'canceled_reversal'),
(10, 'failed'),
(11, 'refunded'),
(12, 'reversed'),
(13, 'chargeback'),
(14, 'canceled_by_customer');

-- --------------------------------------------------------

--
-- Table structure for table `ab1l_pages`
--

CREATE TABLE `ab1l_pages` (
  `page_id` int(10) NOT NULL,
  `parent_page_id` int(10) NOT NULL DEFAULT 0,
  `controller` varchar(100) NOT NULL,
  `key_param` varchar(40) NOT NULL DEFAULT '',
  `key_value` varchar(40) NOT NULL DEFAULT '',
  `date_added` timestamp NOT NULL DEFAULT '0000-00-00 00:00:00',
  `date_modified` timestamp NOT NULL DEFAULT current_timestamp() ON UPDATE current_timestamp()
) ENGINE=MyISAM DEFAULT CHARSET=utf8;

--
-- Dumping data for table `ab1l_pages`
--

INSERT INTO `ab1l_pages` (`page_id`, `parent_page_id`, `controller`, `key_param`, `key_value`, `date_added`, `date_modified`) VALUES
(1, 0, 'generic', '', '', '2017-10-11 10:30:00', '2017-10-11 10:30:00'),
(2, 0, 'pages/index/home', '', '', '2017-10-11 10:30:00', '2017-10-11 10:30:00'),
(3, 0, 'pages/checkout', '', '', '2017-10-11 10:30:00', '2017-10-11 10:30:00'),
(4, 0, 'pages/account/login', '', '', '2017-10-11 10:30:00', '2017-10-11 10:30:00'),
(5, 0, 'pages/product/product', '', '', '2017-10-11 10:30:00', '2017-10-11 10:30:00'),
(10, 0, 'pages/index/maintenance', '', '', '2017-10-11 10:30:00', '2017-10-11 10:30:00'),
(11, 0, 'pages/account', '', '', '2017-10-11 10:30:00', '2017-10-11 10:30:00'),
(12, 0, 'pages/checkout/cart', '', '', '2017-10-11 10:30:00', '2017-10-11 10:30:00'),
(14, 0, 'pages/product', '', '', '2017-11-04 19:58:11', '2017-11-04 19:58:11'),
(17, 0, 'pages/product/category', 'path', '118', '2018-04-24 21:47:56', '2018-04-24 21:47:56');

-- --------------------------------------------------------

--
-- Table structure for table `ab1l_pages_forms`
--

CREATE TABLE `ab1l_pages_forms` (
  `page_id` int(10) NOT NULL,
  `form_id` int(10) NOT NULL
) ENGINE=MyISAM DEFAULT CHARSET=utf8;

-- --------------------------------------------------------

--
-- Table structure for table `ab1l_pages_layouts`
--

CREATE TABLE `ab1l_pages_layouts` (
  `layout_id` int(10) NOT NULL,
  `page_id` int(10) NOT NULL
) ENGINE=MyISAM DEFAULT CHARSET=utf8;

--
-- Dumping data for table `ab1l_pages_layouts`
--

INSERT INTO `ab1l_pages_layouts` (`layout_id`, `page_id`) VALUES
(11, 1),
(12, 2),
(13, 4),
(14, 5),
(15, 3),
(17, 10),
(18, 11),
(19, 12),
(21, 1),
(22, 2),
(23, 14),
(24, 4),
(25, 5),
(26, 3),
(29, 17);

-- --------------------------------------------------------

--
-- Table structure for table `ab1l_page_descriptions`
--

CREATE TABLE `ab1l_page_descriptions` (
  `page_id` int(10) NOT NULL DEFAULT 0,
  `language_id` int(11) NOT NULL,
  `name` varchar(255) NOT NULL COMMENT 'translatable',
  `title` varchar(255) NOT NULL COMMENT 'translatable',
  `seo_url` varchar(100) NOT NULL DEFAULT '',
  `keywords` varchar(255) NOT NULL DEFAULT '' COMMENT 'translatable',
  `description` varchar(255) NOT NULL DEFAULT '' COMMENT 'translatable',
  `content` text DEFAULT NULL COMMENT 'translatable',
  `date_added` timestamp NOT NULL DEFAULT '0000-00-00 00:00:00',
  `date_modified` timestamp NOT NULL DEFAULT current_timestamp() ON UPDATE current_timestamp()
) ENGINE=MyISAM DEFAULT CHARSET=utf8;

--
-- Dumping data for table `ab1l_page_descriptions`
--

INSERT INTO `ab1l_page_descriptions` (`page_id`, `language_id`, `name`, `title`, `seo_url`, `keywords`, `description`, `content`, `date_added`, `date_modified`) VALUES
(1, 1, 'All Other Pages', '', '', '', '', '', '2017-10-11 10:30:00', '2017-10-11 10:30:00'),
(2, 1, 'Home Page', '', '', '', '', '', '2017-10-11 10:30:00', '2017-10-11 10:30:00'),
(3, 1, 'Checkout Page', '', '', '', '', '', '2017-10-11 10:30:00', '2017-11-04 19:58:11'),
(4, 1, 'Login Page', '', '', '', '', '', '2017-10-11 10:30:00', '2017-10-11 10:30:00'),
(5, 1, 'Default Product Page', '', '', '', '', '', '2017-10-11 10:30:00', '2017-10-11 10:30:00'),
(10, 1, 'Maintenance Page', '', '', '', '', '', '2017-10-11 10:30:00', '2017-10-11 10:30:00'),
(11, 1, 'Customer Account Pages', '', '', '', '', '', '2017-10-11 10:30:00', '2017-10-11 10:30:00'),
(12, 1, 'Cart Page', '', '', '', '', '', '2017-10-11 10:30:00', '2017-10-11 10:30:00'),
(1, 2, 'All Other Pages', '', '', '', '', '', '2017-10-11 10:30:00', '2017-10-11 10:30:00'),
(2, 2, 'Home Page', '', '', '', '', '', '2017-10-11 10:30:00', '2017-10-11 10:30:00'),
(3, 2, 'Checkout Page', '', '', '', '', '', '2017-10-11 10:30:00', '2017-11-04 19:58:11'),
(4, 2, 'Login Page', '', '', '', '', '', '2017-10-11 10:30:00', '2017-10-11 10:30:00'),
(5, 2, 'Default Product Page', '', '', '', '', '', '2017-10-11 10:30:00', '2017-10-11 10:30:00'),
(10, 2, 'Maintenance Page', '', '', '', '', '', '2017-10-11 10:30:00', '2017-10-11 10:30:00'),
(11, 2, 'Customer Account Pages', '', '', '', '', '', '2017-10-11 10:30:00', '2017-10-11 10:30:00'),
(12, 2, 'Cart Page', '', '', '', '', '', '2017-10-11 10:30:00', '2017-10-11 10:30:00'),
(14, 1, 'Product Listing Page', '', '', '', '', '', '0000-00-00 00:00:00', '2017-11-04 19:58:11'),
(14, 2, 'Product Listing Page', '', '', '', '', NULL, '0000-00-00 00:00:00', '2017-11-04 19:58:11'),
(17, 2, 'power plants', '', '', '', '', '', '0000-00-00 00:00:00', '2018-04-24 21:47:56'),
(17, 1, 'power plants', '', '', '', '', '', '0000-00-00 00:00:00', '2018-04-24 21:47:56');

-- --------------------------------------------------------

--
-- Table structure for table `ab1l_products`
--

CREATE TABLE `ab1l_products` (
  `product_id` int(11) NOT NULL,
  `model` varchar(64) NOT NULL,
  `sku` varchar(64) NOT NULL,
  `location` varchar(128) NOT NULL,
  `quantity` int(4) NOT NULL DEFAULT 0,
  `stock_checkout` char(1) DEFAULT '',
  `stock_status_id` int(11) NOT NULL,
  `manufacturer_id` int(11) NOT NULL,
  `shipping` int(1) NOT NULL DEFAULT 1,
  `ship_individually` int(1) NOT NULL DEFAULT 0,
  `free_shipping` int(1) NOT NULL DEFAULT 0,
  `shipping_price` decimal(15,4) NOT NULL DEFAULT 0.0000,
  `price` decimal(15,4) NOT NULL DEFAULT 0.0000,
  `tax_class_id` int(11) NOT NULL,
  `date_available` date NOT NULL,
  `weight` decimal(5,2) NOT NULL DEFAULT 0.00,
  `weight_class_id` int(11) NOT NULL DEFAULT 0,
  `length` decimal(5,2) NOT NULL DEFAULT 0.00,
  `width` decimal(5,2) NOT NULL DEFAULT 0.00,
  `height` decimal(5,2) NOT NULL DEFAULT 0.00,
  `length_class_id` int(11) NOT NULL DEFAULT 0,
  `status` int(1) NOT NULL DEFAULT 0,
  `viewed` int(5) NOT NULL DEFAULT 0,
  `sort_order` int(11) NOT NULL DEFAULT 0,
  `subtract` int(1) NOT NULL DEFAULT 1,
  `minimum` int(11) NOT NULL DEFAULT 1,
  `maximum` int(11) NOT NULL DEFAULT 0,
  `cost` decimal(15,4) NOT NULL DEFAULT 0.0000,
  `call_to_order` smallint(6) NOT NULL DEFAULT 0,
  `settings` longtext DEFAULT NULL,
  `date_added` timestamp NOT NULL DEFAULT '0000-00-00 00:00:00',
  `date_modified` timestamp NOT NULL DEFAULT current_timestamp() ON UPDATE current_timestamp(),
  `manufacturer_price` decimal(15,4) DEFAULT NULL,
  `wholesale_price` decimal(15,4) DEFAULT NULL,
  `resell_price` decimal(15,4) DEFAULT NULL,
  `manufacturer` decimal(15,4) DEFAULT NULL,
  `made_in` varchar(200) DEFAULT NULL,
  `warranty` varchar(200) DEFAULT NULL,
  `lot` varchar(200) DEFAULT NULL
) ENGINE=MyISAM DEFAULT CHARSET=utf8;

--
-- Dumping data for table `ab1l_products`
--

INSERT INTO `ab1l_products` (`product_id`, `model`, `sku`, `location`, `quantity`, `stock_checkout`, `stock_status_id`, `manufacturer_id`, `shipping`, `ship_individually`, `free_shipping`, `shipping_price`, `price`, `tax_class_id`, `date_available`, `weight`, `weight_class_id`, `length`, `width`, `height`, `length_class_id`, `status`, `viewed`, `sort_order`, `subtract`, `minimum`, `maximum`, `cost`, `call_to_order`, `settings`, `date_added`, `date_modified`, `manufacturer_price`, `wholesale_price`, `resell_price`, `manufacturer`, `made_in`, `warranty`, `lot`) VALUES
(177, 'Fanvil X4 PoE 30 DSS', '', '', 1, '', 0, 0, 0, 1, 0, 0.0000, 6500.0000, 0, '2018-06-10', 0.00, 1, 0.00, 0.00, 0.00, 3, 1, 43, 1, 1, 1, 0, 5000.0000, 0, NULL, '2018-06-11 08:04:06', '2018-06-11 08:04:06', NULL, NULL, NULL, NULL, NULL, NULL, NULL),
(178, 'Yealink SIP-T19P E2', '', '', 1, '', 0, 22, 0, 1, 0, 0.0000, 4500.0000, 0, '2018-06-10', 0.00, 1, 0.00, 0.00, 0.00, 3, 1, 48, 1, 1, 1, 0, 4000.0000, 0, NULL, '2018-06-11 08:08:28', '2018-06-11 08:08:28', NULL, NULL, NULL, NULL, NULL, NULL, NULL),
(179, 'Grandstream GXV3240', '', '', 1, '', 0, 0, 0, 1, 0, 0.0000, 22800.0000, 0, '2018-06-10', 0.00, 1, 0.00, 0.00, 0.00, 3, 1, 59, 1, 1, 1, 0, 21500.0000, 0, NULL, '2018-06-11 08:15:42', '2018-06-11 08:15:42', NULL, NULL, NULL, NULL, NULL, NULL, NULL),
(180, 'Kaspersky 1', '', '', 1, '', 0, 0, 0, 1, 0, 0.0000, 800.0000, 0, '2018-06-10', 0.00, 1, 0.00, 0.00, 0.00, 3, 1, 70, 1, 1, 1, 0, 550.0000, 0, NULL, '2018-06-11 08:45:40', '2018-09-27 19:00:28', NULL, NULL, NULL, NULL, NULL, NULL, NULL),
(181, 'Kaspersky 3', '', '', 1, '', 0, 0, 0, 1, 0, 0.0000, 1950.0000, 0, '2018-06-10', 0.00, 1, 0.00, 0.00, 0.00, 3, 1, 59, 1, 1, 1, 0, 1250.0000, 0, NULL, '2018-06-11 08:51:24', '2018-06-11 08:51:24', NULL, NULL, NULL, NULL, NULL, NULL, NULL),
(182, 'RB750r2', '', '', 1, '', 0, 45, 0, 1, 0, 0.0000, 5200.0000, 0, '2018-07-05', 0.00, 1, 0.00, 0.00, 0.00, 3, 1, 46, 1, 1, 1, 0, 3800.0000, 0, NULL, '2018-07-06 11:03:17', '2018-07-06 14:28:32', NULL, NULL, NULL, NULL, NULL, NULL, NULL),
(183, 'RB951Ui 2HnD', '', '', 1, '', 0, 45, 0, 1, 0, 0.0000, 6500.0000, 0, '2018-07-05', 0.00, 1, 0.00, 0.00, 0.00, 3, 1, 35, 1, 1, 1, 0, 5000.0000, 0, NULL, '2018-07-06 11:29:57', '2018-07-06 14:28:00', NULL, NULL, NULL, NULL, NULL, NULL, NULL),
(184, 'RB450G', '', '', 1, '', 0, 45, 0, 1, 0, 0.0000, 10500.0000, 0, '2018-07-05', 0.00, 1, 0.00, 0.00, 0.00, 3, 1, 36, 1, 1, 1, 0, 9800.0000, 0, NULL, '2018-07-06 12:56:57', '2018-07-06 14:27:16', NULL, NULL, NULL, NULL, NULL, NULL, NULL),
(185, 'CCR1009-7G-1C-1S+', '', '', 1, '', 0, 45, 0, 1, 0, 0.0000, 0.0000, 0, '2018-07-05', 0.00, 1, 0.00, 0.00, 0.00, 3, 1, 71, 1, 1, 1, 0, 39000.0000, 0, NULL, '2018-07-06 13:07:59', '2018-07-06 14:26:16', NULL, NULL, NULL, NULL, NULL, NULL, NULL),
(186, 'P3310C', '', '', 1, '', 0, 22, 0, 1, 0, 0.0000, 0.0000, 0, '2018-07-05', 0.00, 1, 0.00, 0.00, 0.00, 3, 1, 55, 1, 1, 1, 0, 50000.0000, 0, NULL, '2018-07-06 14:41:12', '2018-07-06 14:41:12', NULL, NULL, NULL, NULL, NULL, NULL, NULL),
(187, 'e1-xv-vt-11', '', '', 1, '', 0, 22, 0, 1, 0, 0.0000, 0.0000, 0, '2018-07-06', 0.00, 1, 0.00, 0.00, 0.00, 3, 1, 46, 1, 1, 1, 0, 5000.0000, 0, NULL, '2018-07-07 16:29:40', '2018-07-07 16:30:26', NULL, NULL, NULL, NULL, NULL, NULL, NULL),
(189, '', '', '', 1, '', 0, 23, 0, 1, 0, 0.0000, 0.0000, 0, '2018-09-08', 0.00, 1, 0.00, 0.00, 0.00, 3, 1, 21, 1, 1, 1, 0, 0.0000, 0, NULL, '2018-09-09 12:45:09', '2018-09-09 12:45:09', NULL, NULL, NULL, NULL, NULL, NULL, NULL),
(176, 'Grandstream GXP1610', '', '', 1, '', 0, 0, 0, 1, 0, 0.0000, 4600.0000, 0, '2018-06-10', 0.00, 1, 0.00, 0.00, 0.00, 3, 1, 35, 1, 1, 1, 0, 4700.0000, 0, NULL, '2018-06-11 07:57:27', '2018-06-11 07:57:27', NULL, NULL, NULL, NULL, NULL, NULL, NULL),
(175, 'Mikrotik RB2011UiAS-2HnD-IN', '', '', 1, '', 0, 45, 0, 1, 0, 0.0000, 12500.0000, 0, '2018-06-08', 0.00, 1, 0.00, 0.00, 0.00, 3, 1, 66, 1, 1, 1, 0, 12000.0000, 0, NULL, '2018-06-09 16:30:15', '2018-07-06 14:34:57', NULL, NULL, NULL, NULL, NULL, NULL, NULL),
(174, 'MikroTik hAP lite', '', '', 0, '', 0, 27, 0, 1, 0, 0.0000, 2850.0000, 0, '2018-06-08', 0.00, 1, 0.00, 0.00, 0.00, 3, 1, 48, 1, 1, 1, 0, 2400.0000, 0, NULL, '2018-06-09 16:21:30', '2018-07-06 10:48:00', NULL, NULL, NULL, NULL, NULL, NULL, NULL),
(173, 'fargo-hdp5000', '', '', 1, '', 0, 27, 0, 1, 0, 0.0000, 345000.0000, 0, '2018-06-02', 0.00, 1, 0.00, 0.00, 0.00, 3, 1, 59, 1, 1, 1, 0, 325000.0000, 0, NULL, '2018-06-03 21:48:43', '2018-06-04 13:15:42', NULL, NULL, NULL, NULL, NULL, NULL, NULL),
(167, 'E1-Fur-MT-1140', '', '', 1, '', 0, 23, 0, 1, 0, 0.0000, 0.0000, 0, '2018-05-30', 0.00, 1, 0.00, 0.00, 0.00, 3, 1, 91, 1, 1, 1, 0, 0.0000, 0, NULL, '2018-05-31 10:24:27', '2018-05-31 10:24:27', NULL, NULL, NULL, NULL, NULL, NULL, NULL),
(168, 'E1-Fur-MT-1210', '', '', 1, '', 0, 31, 0, 1, 0, 0.0000, 0.0000, 0, '2018-05-30', 0.00, 1, 0.00, 0.00, 0.00, 3, 1, 110, 1, 1, 1, 0, 0.0000, 0, NULL, '2018-05-31 21:38:38', '2018-06-02 14:34:58', NULL, NULL, NULL, NULL, NULL, NULL, NULL),
(169, 'E1-Fur-MT-1180', '', '', 1, '', 0, 23, 0, 1, 0, 0.0000, 0.0000, 0, '2018-05-31', 0.00, 1, 0.00, 0.00, 0.00, 3, 1, 118, 1, 1, 1, 0, 0.0000, 0, NULL, '2018-06-01 14:42:01', '2018-06-02 14:21:48', NULL, NULL, NULL, NULL, NULL, NULL, NULL),
(171, 'Zebra ZXP Series 3 Dual Sided ID Card Printer', '', '', 1, '', 0, 27, 0, 1, 0, 0.0000, 95000.0000, 0, '2018-06-02', 0.00, 1, 0.00, 0.00, 0.00, 3, 1, 89, 1, 0, 1, 0, 88000.0000, 0, NULL, '2018-06-03 20:55:32', '2018-06-04 09:03:19', NULL, NULL, NULL, NULL, NULL, NULL, NULL),
(172, 'ZXP Series 7 Card Printers', '', '', 1, '', 0, 27, 0, 1, 0, 0.0000, 282000.0000, 0, '2018-06-02', 0.00, 1, 0.00, 0.00, 0.00, 3, 1, 45, 1, 1, 1, 0, 265000.0000, 0, NULL, '2018-06-03 21:39:46', '2018-06-03 21:39:46', NULL, NULL, NULL, NULL, NULL, NULL, NULL),
(166, 'E1-Fur-MT-1180', '', '', 1, '', 0, 23, 1, 1, 0, 0.0000, 0.0000, 0, '2018-05-30', 0.00, 1, 0.00, 0.00, 0.00, 3, 1, 78, 1, 1, 1, 0, 0.0000, 0, NULL, '2018-05-31 10:20:58', '2018-05-31 10:20:58', NULL, NULL, NULL, NULL, NULL, NULL, NULL),
(165, 'E1-Fur-MT-1120', '', '', 1, '', 0, 23, 0, 1, 0, 0.0000, 0.0000, 0, '2018-05-30', 0.00, 1, 0.00, 0.00, 0.00, 3, 1, 63, 1, 1, 1, 0, 0.0000, 0, NULL, '2018-05-31 10:17:43', '2018-05-31 10:17:43', NULL, NULL, NULL, NULL, NULL, NULL, NULL),
(164, 'HP-E243i', '', '', 1, '', 0, 32, 0, 1, 0, 0.0000, 26800.0000, 0, '2018-05-27', 0.00, 1, 0.00, 0.00, 0.00, 3, 1, 99, 1, 1, 1, 0, 22000.0000, 0, NULL, '2018-05-28 10:31:10', '2018-05-28 10:31:10', NULL, NULL, NULL, NULL, NULL, NULL, NULL),
(163, 'E1-far-dt-2100', '', '', 1, '', 0, 23, 0, 1, 0, 0.0000, 0.0000, 0, '1970-01-01', 0.00, 1, 0.00, 0.00, 0.00, 3, 1, 153, 1, 1, 1, 0, 55000.0000, 0, NULL, '2018-05-25 19:51:59', '2018-05-25 19:51:59', NULL, NULL, NULL, NULL, NULL, NULL, NULL),
(162, 'E1-Fur-DT-1100', '', '', 1, '', 0, 23, 0, 1, 0, 0.0000, 0.0000, 0, '2018-05-23', 0.00, 1, 0.00, 0.00, 0.00, 3, 1, 124, 1, 1, 1, 0, 65.0000, 0, NULL, '2018-05-23 18:25:01', '2018-05-23 19:23:58', NULL, NULL, NULL, NULL, NULL, NULL, NULL),
(161, 'E1-Fur-WT-1100', '', '', 1, '', 0, 23, 0, 1, 0, 0.0000, 0.0000, 0, '2018-05-22', 0.00, 1, 0.00, 0.00, 0.00, 3, 1, 95, 1, 1, 1, 0, 0.0000, 0, NULL, '2018-05-23 17:46:35', '2018-05-23 17:46:35', NULL, NULL, NULL, NULL, NULL, NULL, NULL),
(160, 'E1-int-ce1-boa-112', '', '', 1, '', 0, 23, 0, 1, 0, 0.0000, 0.0000, 0, '2018-05-18', 0.00, 1, 0.00, 0.00, 0.00, 3, 1, 44, 1, 1, 1, 0, 0.0000, 0, NULL, '2018-05-19 21:05:18', '2018-05-19 21:18:49', NULL, NULL, NULL, NULL, NULL, NULL, NULL),
(159, 'Sen-sl-gd-11', '', '', 1, '', 0, 41, 0, 1, 0, 0.0000, 0.0000, 0, '2018-05-14', 0.00, 1, 0.00, 0.00, 0.00, 3, 1, 106, 1, 1, 1, 0, 110000.0000, 0, NULL, '2018-05-15 12:33:31', '2018-05-15 13:15:15', NULL, NULL, NULL, NULL, NULL, NULL, NULL),
(158, 'E1-int-ce1-boa-111', '', '', 1, '', 0, 23, 0, 1, 0, 0.0000, 0.0000, 0, '2018-05-13', 0.00, 1, 0.00, 0.00, 0.00, 3, 1, 102, 1, 1, 1, 0, 0.0000, 0, NULL, '2018-05-14 20:14:22', '2018-09-27 19:44:06', NULL, NULL, NULL, NULL, NULL, NULL, NULL),
(154, 'Toten-9U', '', '', 10, '', 1, 22, 0, 0, 0, 0.0000, 13500.0000, 0, '2018-04-24', 0.00, 1, 0.00, 0.00, 0.00, 3, 1, 54, 1, 0, 1, 0, 7000.0000, 0, NULL, '2018-04-25 18:46:05', '2018-05-04 20:45:16', NULL, NULL, NULL, NULL, NULL, NULL, NULL),
(155, ' Toten-6U', '', '', 10, '', 1, 22, 0, 0, 0, 0.0000, 8500.0000, 0, '2018-04-24', 0.00, 1, 0.00, 0.00, 0.00, 3, 1, 49, 1, 1, 1, 0, 4500.0000, 0, NULL, '2018-04-25 19:08:44', '2018-05-04 20:45:19', NULL, NULL, NULL, NULL, NULL, NULL, NULL),
(153, 'HP-24ES', '', '', 10, '', 1, 32, 0, 0, 0, 0.0000, 18000.0000, 0, '2018-04-24', 0.00, 1, 0.00, 0.00, 0.00, 3, 1, 22, 1, 1, 1, 0, 15200.0000, 0, NULL, '2018-04-25 18:36:18', '2018-05-04 20:45:21', NULL, NULL, NULL, NULL, NULL, NULL, NULL),
(152, ' BCX40', '', '', 9, '', 1, 22, 0, 1, 1, 0.0000, 0.0000, 0, '2018-04-23', 0.00, 1, 0.00, 0.00, 0.00, 3, 1, 43, 1, 1, 1, 0, 0.0000, 0, NULL, '2018-04-24 22:47:00', '2018-06-11 19:45:15', NULL, NULL, NULL, NULL, NULL, NULL, NULL),
(151, '900DHFC', '', '', 10, '', 1, 27, 0, 1, 1, 0.0000, 0.0000, 0, '2018-04-23', 0.00, 1, 0.00, 0.00, 0.00, 3, 1, 95, 1, 1, 1, 0, 0.0000, 0, NULL, '2018-04-24 22:03:09', '2018-05-04 20:45:24', NULL, NULL, NULL, NULL, NULL, NULL, NULL),
(150, 'E1-Fur-MT-2101', '', '', 9, '', 0, 23, 0, 0, 0, 0.0000, 0.0000, 0, '2018-04-21', 0.00, 1, 0.00, 0.00, 0.00, 3, 1, 142, 1, 1, 1, 0, 0.0000, 0, NULL, '2018-04-14 13:51:50', '2018-06-03 18:35:37', NULL, NULL, NULL, NULL, NULL, NULL, NULL),
(147, 'Asus GT51CH', '', '', 1, '', 1, 44, 0, 0, 0, 0.0000, 224000.0000, 0, '2018-03-22', 0.00, 1, 0.00, 0.00, 0.00, 3, 1, 94, 1, 1, 1, 0, 220000.0000, 0, NULL, '2018-03-23 17:38:40', '2018-05-04 20:40:39', NULL, NULL, NULL, NULL, NULL, NULL, NULL),
(148, 'Asus BM1AD', '', '', 1, '', 1, 44, 0, 0, 0, 0.0000, 56200.0000, 0, '2018-03-22', 0.00, 1, 0.00, 0.00, 0.00, 3, 1, 79, 1, 1, 1, 0, 52500.0000, 0, NULL, '2018-03-23 18:28:57', '2018-05-04 20:42:08', NULL, NULL, NULL, NULL, NULL, NULL, NULL),
(149, 'E1-Fur-MT-2100', '', '', 10, '', 1, 23, 0, 0, 0, 0.0000, 0.0000, 0, '2018-04-13', 0.00, 1, 0.00, 0.00, 0.00, 3, 1, 210, 1, 1, 1, 0, 0.0000, 0, NULL, '2018-04-14 13:44:01', '2018-05-04 20:45:29', NULL, NULL, NULL, NULL, NULL, NULL, NULL),
(146, 'E1-GPC-AMD-r4g4h1', '', '', 10, '', 1, 23, 0, 0, 0, 0.0000, 65800.0000, 0, '2018-03-22', 0.00, 1, 0.00, 0.00, 0.00, 3, 1, 87, 1, 1, 1, 0, 57000.0000, 0, NULL, '2018-03-23 17:17:13', '2018-05-04 20:45:33', NULL, NULL, NULL, NULL, NULL, NULL, NULL),
(144, 'Dell OptiPlex 7040MT', '', '', 10, '', 1, 33, 0, 0, 0, 0.0000, 65600.0000, 0, '2018-03-22', 0.00, 1, 0.00, 0.00, 0.00, 3, 1, 39, 1, 1, 1, 0, 58700.0000, 0, NULL, '2018-03-23 16:36:18', '2018-05-04 20:45:40', NULL, NULL, NULL, NULL, NULL, NULL, NULL),
(143, 'Dell Optiplex 3040MT', '', '', 10, '', 1, 33, 0, 0, 0, 0.0000, 55800.0000, 0, '2018-03-22', 0.00, 1, 0.00, 0.00, 0.00, 3, 1, 26, 1, 1, 1, 0, 52500.0000, 0, NULL, '2018-03-23 16:24:22', '2018-05-04 20:45:42', NULL, NULL, NULL, NULL, NULL, NULL, NULL),
(141, 'HP ProDesk 400', '', '', 10, '', 1, 32, 0, 0, 0, 0.0000, 45000.0000, 0, '2018-03-22', 0.00, 1, 0.00, 0.00, 0.00, 3, 1, 42, 1, 1, 1, 0, 40000.0000, 0, NULL, '2018-03-23 14:05:55', '2018-05-04 20:45:35', NULL, NULL, NULL, NULL, NULL, NULL, NULL),
(142, 'Dell OptiPlex 3046MT', '', '', 10, '', 1, 33, 0, 0, 0, 0.0000, 45000.0000, 0, '2018-03-22', 0.00, 1, 0.00, 0.00, 0.00, 3, 1, 24, 1, 1, 1, 0, 33500.0000, 0, NULL, '2018-03-23 14:36:19', '2018-05-04 20:45:36', NULL, NULL, NULL, NULL, NULL, NULL, NULL),
(156, 'E1-Ad-LSB1', '', '', 1, '', 2, 23, 0, 1, 0, 0.0000, 0.0000, 0, '2018-05-01', 0.00, 1, 0.00, 0.00, 0.00, 3, 1, 106, 1, 1, 0, 0, 1500.0000, 0, NULL, '2018-05-02 13:14:41', '2018-05-02 13:38:36', NULL, NULL, NULL, NULL, NULL, NULL, NULL),
(140, 'E1-DESK-i3r8h1', '', '', 10, '', 1, 23, 0, 0, 0, 0.0000, 35000.0000, 0, '2018-03-22', 0.00, 1, 0.00, 0.00, 0.00, 3, 1, 47, 1, 1, 1, 0, 32000.0000, 0, NULL, '2018-03-23 13:35:01', '2018-05-04 20:43:48', NULL, NULL, NULL, NULL, NULL, NULL, NULL),
(128, 'Dahua HAC-HFW1000R', '', '', 1, '', 1, 21, 0, 0, 0, 0.0000, 2150.0000, 0, '2018-03-18', 0.00, 1, 0.00, 0.00, 0.00, 3, 1, 45, 1, 1, 1, 0, 1950.0000, 0, NULL, '2018-03-19 21:33:25', '2018-12-05 12:43:13', NULL, NULL, NULL, NULL, NULL, NULL, NULL),
(129, 'Dahua HAC-HDW1000R', '', '', 1, '', 1, 21, 0, 0, 0, 0.0000, 2300.0000, 0, '2018-03-18', 0.00, 1, 0.00, 0.00, 0.00, 3, 1, 53, 1, 1, 1, 0, 1950.0000, 0, NULL, '2018-03-19 21:57:41', '2018-12-05 12:43:25', NULL, NULL, NULL, NULL, NULL, NULL, NULL),
(130, 'Dahua DH-HAC-HFW1020B', '', '', 1, '', 1, 21, 0, 0, 0, 0.0000, 2650.0000, 0, '2018-03-20', 0.00, 1, 0.00, 0.00, 0.00, 3, 1, 52, 1, 1, 1, 0, 2100.0000, 0, NULL, '2018-03-19 22:25:55', '2018-12-05 12:43:50', NULL, NULL, NULL, NULL, NULL, NULL, NULL),
(131, 'Dahua HAC-HFW-1200RP', '', '', 1, '', 1, 21, 0, 0, 0, 0.0000, 3450.0000, 0, '2018-03-19', 0.00, 1, 0.00, 0.00, 0.00, 3, 1, 52, 1, 1, 1, 0, 2600.0000, 0, NULL, '2018-03-20 08:08:55', '2018-12-05 12:45:03', NULL, NULL, NULL, NULL, NULL, NULL, NULL),
(132, 'E1-loc-60in', '', '', 1, '', 1, 23, 0, 1, 0, 0.0000, 95000.0000, 0, '2018-03-19', 450.00, 1, 26.00, 40.00, 60.00, 3, 1, 252, 1, 0, 1, 0, 35000.0000, 0, NULL, '2018-03-20 14:54:53', '2018-03-20 22:16:08', NULL, NULL, NULL, NULL, NULL, NULL, NULL),
(133, 'F22', '', '', 1, '', 1, 24, 0, 0, 0, 0.0000, 18200.0000, 0, '2018-03-21', 0.00, 1, 0.00, 0.00, 0.00, 3, 1, 76, 1, 1, 1, 0, 12500.0000, 0, NULL, '2018-03-22 20:19:49', '2018-11-19 19:11:07', NULL, NULL, NULL, NULL, NULL, NULL, NULL),
(134, 'F18', '', '', 1, '', 1, 24, 0, 1, 0, 0.0000, 12800.0000, 0, '2018-03-21', 0.00, 1, 0.00, 0.00, 0.00, 3, 1, 54, 1, 1, 1, 0, 9290.0000, 0, NULL, '2018-03-22 20:33:31', '2018-11-22 11:19:47', NULL, NULL, NULL, NULL, NULL, NULL, NULL),
(135, 'FR1200', '', '', 10, '', 1, 24, 0, 0, 0, 0.0000, 12400.0000, 0, '2018-03-21', 0.00, 1, 0.00, 0.00, 0.00, 3, 1, 41, 1, 1, 1, 0, 7000.0000, 0, NULL, '2018-03-22 20:42:06', '2018-05-04 20:45:48', NULL, NULL, NULL, NULL, NULL, NULL, NULL),
(136, 'iClock680', '', '', 1, '', 1, 24, 0, 0, 0, 0.0000, 32200.0000, 0, '2018-03-21', 0.00, 1, 0.00, 0.00, 0.00, 3, 1, 21, 1, 1, 1, 0, 23450.0000, 0, NULL, '2018-03-22 20:49:33', '2018-03-22 21:05:04', NULL, NULL, NULL, NULL, NULL, NULL, NULL),
(137, 'iClock3000', '', '', 1, '', 1, 24, 0, 0, 0, 0.0000, 28600.0000, 0, '2018-03-21', 0.00, 1, 0.00, 0.00, 0.00, 3, 1, 56, 1, 1, 1, 0, 23000.0000, 0, NULL, '2018-03-22 21:01:26', '2018-03-22 21:03:58', NULL, NULL, NULL, NULL, NULL, NULL, NULL),
(138, 'SLK20R', '', '', 1, '', 1, 24, 0, 0, 0, 0.0000, 8200.0000, 0, '2018-03-21', 0.00, 1, 0.00, 0.00, 0.00, 3, 1, 42, 1, 1, 1, 0, 5000.0000, 0, NULL, '2018-03-22 21:11:56', '2018-03-22 21:12:42', NULL, NULL, NULL, NULL, NULL, NULL, NULL),
(139, 'iClock 880', '', '', 10, '', 1, 24, 0, 0, 0, 0.0000, 42800.0000, 0, '2018-03-21', 0.00, 1, 0.00, 0.00, 0.00, 3, 1, 67, 1, 1, 1, 0, 25000.0000, 0, NULL, '2018-03-22 21:20:02', '2018-05-04 20:45:45', NULL, NULL, NULL, NULL, NULL, NULL, NULL),
(124, 'SA-20 Touch Screen', '', '', 1, '', 0, 0, 1, 0, 0, 0.0000, 0.0000, 0, '2017-11-05', 8.50, 1, 0.00, 0.00, 0.00, 3, 1, 35, 1, 1, 1, 0, 0.0000, 0, NULL, '2017-11-06 13:36:20', '2017-11-06 13:48:33', NULL, NULL, NULL, NULL, NULL, NULL, NULL),
(157, 'E1-Ad-LV1', '', '', 1, '', 1, 22, 0, 1, 0, 0.0000, 0.0000, 0, '2018-05-01', 0.00, 1, 0.00, 0.00, 0.00, 3, 1, 97, 1, 1, 1, 0, 2200.0000, 0, NULL, '2018-05-02 13:41:51', '2018-05-02 15:09:57', NULL, NULL, NULL, NULL, NULL, NULL, NULL),
(190, 'FWT 8848G', '', '', 1, '', 0, 28, 0, 1, 0, 0.0000, 7500.0000, 0, '2018-09-26', 0.00, 1, 0.00, 0.00, 0.00, 3, 1, 34, 1, 1, 1, 0, 6800.0000, 0, NULL, '2018-09-27 16:43:42', '2018-09-27 16:45:05', NULL, NULL, NULL, NULL, NULL, NULL, NULL),
(191, 'KX-TDA100D', '', '', 1, '', 0, 25, 0, 1, 0, 0.0000, 38000.0000, 0, '2018-09-26', 0.00, 1, 0.00, 0.00, 0.00, 3, 1, 26, 1, 1, 1, 0, 35000.0000, 0, NULL, '2018-09-27 17:16:21', '2018-09-27 17:19:50', NULL, NULL, NULL, NULL, NULL, NULL, NULL),
(192, ' KX-NS300 6 CO ', '', '', 1, '', 0, 25, 0, 1, 0, 0.0000, 29850.0000, 0, '2018-09-26', 0.00, 1, 0.00, 0.00, 0.00, 3, 1, 54, 1, 1, 1, 0, 28000.0000, 0, NULL, '2018-09-27 17:31:33', '2018-09-27 18:10:12', NULL, NULL, NULL, NULL, NULL, NULL, NULL),
(193, 'TC200-40 IKE 48 Line ', '', '', 1, '', 0, 0, 0, 1, 0, 0.0000, 475000.0000, 0, '2018-09-26', 0.00, 1, 0.00, 0.00, 0.00, 3, 1, 22, 1, 1, 1, 0, 470000.0000, 0, NULL, '2018-09-27 18:26:37', '2018-09-27 18:35:31', NULL, NULL, NULL, NULL, NULL, NULL, NULL),
(194, 'Excelltel MS208 8-Line ', '', '', 1, '', 0, 0, 1, 0, 0, 0.0000, 7680.0000, 0, '2018-09-26', 0.00, 1, 0.00, 0.00, 0.00, 3, 1, 50, 1, 1, 1, 0, 6500.0000, 0, NULL, '2018-09-27 18:52:52', '2018-09-27 19:40:28', NULL, NULL, NULL, NULL, NULL, NULL, NULL),
(195, 'OptiPlex 7050 MT', '', '', 1, '', 0, 33, 0, 1, 0, 0.0000, 69000.0000, 0, '2018-10-05', 0.00, 1, 0.00, 0.00, 0.00, 3, 1, 19, 1, 1, 1, 0, 67000.0000, 0, NULL, '2018-10-06 10:39:52', '2018-10-06 10:44:03', NULL, NULL, NULL, NULL, NULL, NULL, NULL),
(196, 'OptiPlex 5050 MT', '', '', 1, '', 0, 33, 0, 1, 0, 0.0000, 52250.0000, 0, '2018-10-05', 0.00, 1, 0.00, 0.00, 0.00, 3, 1, 20, 1, 1, 1, 0, 50800.0000, 0, NULL, '2018-10-06 10:53:46', '2018-10-06 10:56:21', NULL, NULL, NULL, NULL, NULL, NULL, NULL),
(197, 'Dell poweredge r740', '', '', 1, '', 0, 33, 0, 1, 0, 0.0000, 7850.0000, 0, '2018-10-05', 0.00, 1, 0.00, 0.00, 0.00, 3, 1, 21, 1, 1, 1, 0, 6799.0000, 0, NULL, '2018-10-06 11:18:05', '2018-10-06 11:20:57', NULL, NULL, NULL, NULL, NULL, NULL, NULL),
(198, 'PowerEdge T330 ', '', '', 1, '', 0, 33, 0, 1, 0, 0.0000, 147050.0000, 0, '2018-10-05', 0.00, 1, 0.00, 0.00, 0.00, 3, 1, 17, 1, 1, 1, 0, 1619.0000, 0, NULL, '2018-10-06 12:10:12', '2018-10-06 12:13:44', NULL, NULL, NULL, NULL, NULL, NULL, NULL),
(199, 'Dell PowerEdge T130 II ', '', '', 1, '', 0, 33, 0, 1, 0, 0.0000, 123800.0000, 0, '2018-10-05', 0.00, 1, 0.00, 0.00, 0.00, 3, 1, 18, 1, 1, 1, 0, 120000.0000, 0, NULL, '2018-10-06 12:22:07', '2018-10-06 12:34:31', NULL, NULL, NULL, NULL, NULL, NULL, NULL),
(200, 'Dell PowerEdge R330 ', '', '', 1, '', 0, 33, 0, 1, 0, 0.0000, 180500.0000, 0, '2018-10-05', 0.00, 1, 0.00, 0.00, 0.00, 3, 1, 17, 1, 1, 1, 0, 175000.0000, 0, NULL, '2018-10-06 12:48:42', '2018-10-06 12:56:34', NULL, NULL, NULL, NULL, NULL, NULL, NULL),
(201, 'dell emc scv3000 series storage arrays ', '', '', 1, '', 0, 33, 0, 1, 0, 0.0000, 7463.9500, 0, '2018-10-05', 0.00, 1, 0.00, 0.00, 0.00, 3, 1, 35, 1, 1, 1, 0, 6287.8800, 0, NULL, '2018-10-06 13:33:12', '2018-10-06 13:59:09', NULL, NULL, NULL, NULL, NULL, NULL, NULL),
(202, 'Latitude E7270 Laptop', '', '', 1, '', 0, 33, 0, 1, 0, 0.0000, 120500.0000, 0, '2018-10-05', 0.00, 1, 0.00, 0.00, 0.00, 3, 1, 25, 1, 1, 1, 0, 115400.0000, 0, NULL, '2018-10-06 14:29:03', '2018-10-06 14:46:41', NULL, NULL, NULL, NULL, NULL, NULL, NULL),
(203, 'DELL LATITUDE 5290 (BLK)', '', '', 1, '', 0, 33, 0, 1, 0, 0.0000, 110200.0000, 0, '2018-10-05', 0.00, 1, 0.00, 0.00, 0.00, 3, 1, 25, 1, 1, 1, 0, 108500.0000, 0, NULL, '2018-10-06 14:57:45', '2018-10-06 15:02:29', NULL, NULL, NULL, NULL, NULL, NULL, NULL),
(204, 'Dell Vostro 3668 MT ', '', '', 1, '', 0, 33, 0, 1, 0, 0.0000, 38500.0000, 0, '2018-10-05', 0.00, 1, 0.00, 0.00, 0.00, 3, 1, 24, 1, 1, 1, 0, 37300.0000, 0, NULL, '2018-10-06 15:24:18', '2018-10-06 15:26:21', NULL, NULL, NULL, NULL, NULL, NULL, NULL),
(205, 'ASHG07LMCA Wall Mounted - 3/4HP , Cooling / Heating', '', '', 1, '', 0, 0, 0, 1, 0, 0.0000, 65000.0000, 0, '2018-11-05', 0.00, 1, 0.00, 0.00, 0.00, 3, 1, 19, 1, 1, 1, 0, 5000.0000, 0, NULL, '2018-11-06 13:29:34', '2018-11-06 13:30:31', NULL, NULL, NULL, NULL, NULL, NULL, NULL),
(206, 'k40', '', '', 1, '', 0, 24, 0, 1, 0, 0.0000, 12500.0000, 0, '2018-11-18', 0.00, 1, 0.00, 0.00, 0.00, 3, 1, 27, 1, 1, 1, 0, 5800.0000, 0, NULL, '2018-11-19 17:22:36', '2018-11-19 17:41:33', NULL, NULL, NULL, NULL, NULL, NULL, NULL),
(207, 'k50', 'ZKTeco K50 Fingerprint Time Attendance &amp; Access Control Term', 'ZKTeco K50 Fingerprint Time Attendance &amp; Access Control Terminal with Adapter ', 1, '', 0, 24, 0, 1, 0, 0.0000, 12200.0000, 0, '2018-11-18', 0.00, 1, 0.00, 0.00, 0.00, 3, 1, 48, 1, 1, 1, 0, 7200.0000, 0, NULL, '2018-11-19 18:02:26', '2018-11-19 18:05:18', NULL, NULL, NULL, NULL, NULL, NULL, NULL),
(208, 'SF300', 'ZKTeco SF300 Fingerprint Access Control and Time Attendance', 'ZKTeco SF300 Fingerprint Access Control and Time Attendance', 1, '', 0, 24, 0, 1, 0, 0.0000, 13200.0000, 0, '2018-11-18', 0.00, 1, 0.00, 0.00, 0.00, 3, 1, 23, 1, 1, 1, 0, 7200.0000, 0, NULL, '2018-11-19 18:10:25', '2018-11-19 19:12:51', NULL, NULL, NULL, NULL, NULL, NULL, NULL),
(209, 'DS-7116HQHI-K1', 'Hikvision DS-7116HQHI-K1 16 Channel HD 1080p Turbo HD DVR', 'Hikvision DS-7116HQHI-K1 16 Channel HD 1080p Turbo HD DVR', 1, '', 0, 46, 0, 1, 0, 0.0000, 11500.0000, 0, '2018-12-04', 0.00, 1, 0.00, 0.00, 0.00, 3, 1, 31, 1, 1, 1, 0, 10500.0000, 0, NULL, '2018-12-05 12:50:53', '2018-12-05 12:51:13', NULL, NULL, NULL, NULL, NULL, NULL, NULL),
(210, 'HCVR-5432L-S2', 'DAHUA DH-HCVR-5432L-S2 32 Channel Tribrid HD CVI DVR (1080P)', 'DAHUA DH-HCVR-5432L-S2 32 Channel Tribrid HD CVI DVR (1080P)', 1, '', 0, 46, 0, 1, 0, 0.0000, 68700.0000, 0, '2018-12-04', 0.00, 1, 0.00, 0.00, 0.00, 3, 1, 26, 1, 1, 1, 0, 21200.0000, 0, NULL, '2018-12-05 12:54:55', '2018-12-05 12:59:36', NULL, NULL, NULL, NULL, NULL, NULL, NULL),
(211, 'DS-7332HQHI-K4', 'Hikvision DS-7332HQHI-K4 32 Channel HD 1080P DVR ', 'Hikvision DS-7332HQHI-K4 32 Channel HD 1080P DVR ', 1, '', 0, 46, 0, 1, 0, 0.0000, 38000.0000, 0, '2018-12-04', 0.00, 1, 0.00, 0.00, 0.00, 3, 1, 21, 1, 1, 1, 0, 34000.0000, 0, NULL, '2018-12-05 13:05:00', '2018-12-05 13:05:00', NULL, NULL, NULL, NULL, NULL, NULL, NULL),
(212, 'PwDs-bx-2x1', '', '', 1, '', 0, 23, 0, 1, 0, 0.0000, 3200.0000, 0, '2018-12-04', 0.00, 1, 0.00, 0.00, 0.00, 3, 1, 19, 1, 1, 1, 0, 2200.0000, 0, NULL, '2018-12-05 13:19:44', '2018-12-05 13:21:14', NULL, NULL, NULL, NULL, NULL, NULL, NULL),
(213, 'PwDs-bx-5x4', 'Distribution box - 5 Fit X 4 Fit', 'Distribution box - 5 Fit X 4 Fit', 1, '', 0, 23, 0, 1, 0, 0.0000, 12400.0000, 0, '2018-12-04', 0.00, 1, 0.00, 0.00, 0.00, 3, 1, 36, 1, 1, 1, 0, 9500.0000, 0, NULL, '2018-12-05 13:23:40', '2018-12-05 13:23:40', NULL, NULL, NULL, NULL, NULL, NULL, NULL),
(214, 'ABB S4HD-3P-250A', 'Molded Case Circuit Breakers ABB S4HD-3P-250A-NA', 'Molded Case Circuit Breakers ABB S4HD-3P-250A-NA', 1, '', 0, 41, 0, 1, 0, 0.0000, 28700.0000, 0, '2018-12-04', 0.00, 1, 0.00, 0.00, 0.00, 3, 1, 27, 1, 1, 1, 0, 24500.0000, 0, NULL, '2018-12-05 13:35:39', '2018-12-05 13:37:11', NULL, NULL, NULL, NULL, NULL, NULL, NULL),
(215, 'Pw-cir-br-3p-250a-ch', 'Circuit Breakers CH 3P 250A', 'Circuit Breakers CH 3P 250A', 1, '', 0, 22, 0, 1, 0, 0.0000, 12400.0000, 0, '2018-12-04', 0.00, 1, 0.00, 0.00, 0.00, 3, 1, 21, 1, 1, 1, 0, 3500.0000, 0, NULL, '2018-12-05 13:40:44', '2018-12-05 13:40:44', NULL, NULL, NULL, NULL, NULL, NULL, NULL),
(216, 'Pw-cir-br-3p-125a-abb', 'Circuit breaker ABB A1B 125A TMF 125-1250 3p F F', 'Circuit breaker ABB A1B 125A TMF 125-1250 3p F F', 1, '', 0, 41, 0, 1, 0, 0.0000, 11400.0000, 0, '2018-12-04', 0.00, 1, 0.00, 0.00, 0.00, 3, 1, 23, 1, 1, 1, 0, 9600.0000, 0, NULL, '2018-12-05 13:46:38', '2018-12-05 13:49:58', NULL, NULL, NULL, NULL, NULL, NULL, NULL),
(217, 'Pw-cir-br-3p-125a-ch', 'Circuit Breaker China 6-125A Miniature', 'Circuit Breaker China 6-125A Miniature', 1, '', 0, 22, 0, 1, 0, 0.0000, 4800.0000, 0, '2018-12-04', 0.00, 1, 0.00, 0.00, 0.00, 3, 1, 17, 1, 1, 1, 0, 2200.0000, 0, NULL, '2018-12-05 14:18:11', '2018-12-05 14:19:04', NULL, NULL, NULL, NULL, NULL, NULL, NULL),
(218, 'BB S403M-C63', 'Circuit breaker ABB S403M-C63 Miniature 230/400 VAC, 63 A, 10 kA', 'Circuit breaker ABB S403M-C63 Miniature 230/400 VAC, 63 A, 10 kA Interrupt', 1, '', 0, 41, 0, 1, 0, 0.0000, 10400.0000, 0, '2018-12-04', 0.00, 1, 0.00, 0.00, 0.00, 3, 1, 26, 1, 1, 1, 0, 8200.0000, 0, NULL, '2018-12-05 14:28:17', '2018-12-05 14:29:29', NULL, NULL, NULL, NULL, NULL, NULL, NULL),
(219, 'Pw-cir-br-3p-63a-ch', 'Circuit Breaker China 63A', 'Circuit Breaker China 63A', 1, '', 0, 22, 0, 1, 0, 0.0000, 3200.0000, 0, '2018-12-04', 0.00, 1, 0.00, 0.00, 0.00, 3, 1, 16, 1, 1, 1, 0, 1500.0000, 0, NULL, '2018-12-05 14:35:05', '2018-12-05 14:35:43', NULL, NULL, NULL, NULL, NULL, NULL, NULL),
(220, 'Pw-cir-br-3p-32a-abb', 'Circuit breaker ABB B 32A', 'Circuit breaker ABB B 32A', 1, '', 0, 41, 0, 1, 0, 0.0000, 4800.0000, 0, '2018-12-04', 0.00, 1, 0.00, 0.00, 0.00, 3, 1, 23, 1, 1, 1, 0, 2400.0000, 0, NULL, '2018-12-05 14:52:09', '2018-12-05 14:52:09', NULL, NULL, NULL, NULL, NULL, NULL, NULL),
(221, 'Pw-cir-br-3p-32a-ch', 'Circuit breaker China 32A', 'Circuit breaker China 32A', 1, '', 0, 22, 0, 1, 0, 0.0000, 2850.0000, 0, '2018-12-04', 0.00, 1, 0.00, 0.00, 0.00, 3, 1, 14, 1, 1, 1, 0, 550.0000, 0, NULL, '2018-12-05 14:56:15', '2018-12-05 14:58:33', NULL, NULL, NULL, NULL, NULL, NULL, NULL),
(222, 'Pw-cir-br-3p-6-10a-abb', '', '', 1, '', 0, 41, 1, 0, 0, 0.0000, 2800.0000, 0, '2018-12-04', 0.00, 1, 0.00, 0.00, 0.00, 3, 1, 29, 1, 1, 1, 0, 520.0000, 0, NULL, '2018-12-05 15:14:55', '2018-12-05 15:14:55', NULL, NULL, NULL, NULL, NULL, NULL, NULL),
(223, 'Pw-cir-br-3p-6-10a-ch', '', '', 1, '', 0, 22, 0, 1, 0, 0.0000, 1850.0000, 0, '2018-12-04', 0.00, 1, 0.00, 0.00, 0.00, 3, 1, 18, 1, 1, 1, 0, 150.0000, 0, NULL, '2018-12-05 15:19:13', '2018-12-05 15:20:29', NULL, NULL, NULL, NULL, NULL, NULL, NULL),
(225, 'Pw-ats-250a-abb', 'Automatic Transfer Switch (ATS) ABB 250A', 'Automatic Transfer Switch (ATS) ABB 250A', 1, '', 0, 41, 0, 1, 0, 0.0000, 36800.0000, 0, '2018-12-04', 0.00, 1, 0.00, 0.00, 0.00, 3, 1, 35, 1, 1, 1, 0, 22500.0000, 0, NULL, '2018-12-05 15:32:12', '2018-12-05 15:32:12', NULL, NULL, NULL, NULL, NULL, NULL, NULL),
(226, 'Pw-ats-250a-ch', 'Automatic Transfer Switch (ATS) China 250A', 'Automatic Transfer Switch (ATS) China 250A', 1, '', 0, 22, 0, 1, 0, 0.0000, 22500.0000, 0, '2018-12-04', 0.00, 1, 0.00, 0.00, 0.00, 3, 1, 31, 1, 1, 1, 0, 14500.0000, 0, NULL, '2018-12-05 15:34:21', '2018-12-05 15:34:21', NULL, NULL, NULL, NULL, NULL, NULL, NULL),
(228, 'Pw-nyy-35rm-ger', ' NYY PVC Insulated Heavy Current Cable 35 RM Single and Multicor', ' NYY PVC Insulated Heavy Current Cable 35 RM Single and Multicore', 1, '', 0, 41, 0, 1, 0, 0.0000, 250.0000, 0, '2018-12-04', 0.00, 1, 0.00, 0.00, 12.00, 3, 1, 35, 1, 1, 1, 0, 140.0000, 0, NULL, '2018-12-05 15:47:27', '2018-12-05 16:24:03', NULL, NULL, NULL, NULL, NULL, NULL, NULL),
(229, 'CFP702-4', 'CFP Standard 2 Zone Conventional Fire Alarm Panel', 'CFP Standard 2 Zone Conventional Fire Alarm Panel', 1, '', 0, 47, 0, 1, 0, 0.0000, 0.0000, 0, '2018-12-17', 0.00, 1, 0.00, 0.00, 0.00, 3, 1, 106, 1, 1, 1, 0, 120000.0000, 0, NULL, '2018-12-18 16:29:11', '2019-01-20 16:50:24', NULL, NULL, NULL, NULL, NULL, NULL, NULL),
(230, 'e1-in-de-190112', 'Office Interior Decoration', 'Office Interior Decoration', 1, '', 0, 23, 0, 1, 0, 0.0000, 0.0000, 0, '2019-01-10', 0.00, 1, 0.00, 0.00, 0.00, 3, 1, 35, 1, 1, 1, 0, 0.0000, 0, NULL, '2019-01-11 19:02:40', '2019-01-11 19:02:40', NULL, NULL, NULL, NULL, NULL, NULL, NULL),
(231, 'e1-in-wo-190112', '', '', 1, '', 0, 23, 0, 1, 0, 0.0000, 0.0000, 0, '2019-01-10', 0.00, 1, 0.00, 0.00, 0.00, 3, 1, 58, 1, 1, 1, 0, 0.0000, 0, NULL, '2019-01-11 19:07:32', '2019-01-11 19:12:57', NULL, NULL, NULL, NULL, NULL, NULL, NULL),
(232, 'EX-CAT-340', '', '', 1, '', 0, 48, 0, 1, 0, 0.0000, 0.0000, 0, '2019-01-17', 0.00, 1, 0.00, 0.00, 0.00, 3, 1, 86, 1, 1, 1, 0, 0.0000, 0, NULL, '2019-01-18 08:13:43', '2019-06-11 11:54:35', NULL, NULL, NULL, NULL, NULL, NULL, NULL),
(233, 'fi-ct-so-11', '', '', 1, '', 0, 47, 0, 1, 0, 0.0000, 0.0000, 0, '1970-01-01', 0.00, 1, 0.00, 0.00, 0.00, 3, 1, 23, 1, 1, 1, 0, 2500.0000, 0, NULL, '2019-01-20 16:43:40', '2019-01-20 16:48:52', NULL, NULL, NULL, NULL, NULL, NULL, NULL),
(234, 'fi-ct-smd-11', 'C-Tec ActiV Optical Smoke Detector', 'C-Tec ActiV Optical Smoke Detector', 1, '', 0, 47, 0, 1, 0, 0.0000, 0.0000, 0, '2019-01-19', 0.00, 1, 0.00, 0.00, 0.00, 3, 1, 31, 1, 1, 1, 0, 3200.0000, 0, NULL, '2019-01-20 16:53:47', '2019-01-20 17:07:18', NULL, NULL, NULL, NULL, NULL, NULL, NULL),
(236, 'Gen-dc-19', 'Data Center Backup Generator', 'Data Center Backup Generator', 1, '', 0, 30, 0, 1, 0, 0.0000, 0.0000, 0, '2019-01-19', 0.00, 1, 0.00, 0.00, 0.00, 3, 1, 76, 1, 1, 1, 0, 0.0000, 0, NULL, '2019-01-20 18:54:17', '2019-01-20 18:55:50', NULL, NULL, NULL, NULL, NULL, NULL, NULL),
(19237, '', '', '', 1, '', 0, 0, 0, 1, 0, 0.0000, 0.0000, 0, '2019-01-20', 0.00, 1, 0.00, 0.00, 0.00, 3, 1, 0, 1, 1, 1, 0, 0.0000, 0, NULL, '2019-01-21 14:53:12', '2019-01-21 14:53:12', NULL, NULL, NULL, NULL, NULL, NULL, NULL),
(19238, 'e1-in-de-1234', 'Conference Room Interior Design', 'Conference Room Interior Design', 1, '', 0, 23, 0, 1, 0, 0.0000, 0.0000, 0, '2019-02-03', 0.00, 1, 0.00, 0.00, 0.00, 3, 1, 38, 1, 1, 1, 0, 0.0000, 0, NULL, '2019-02-04 17:32:58', '2019-03-01 18:14:14', NULL, NULL, NULL, NULL, NULL, NULL, NULL),
(19239, 'e1-in-co-1238', 'Office Conference / Meeting Room', 'Office Conference / Meeting Room', 1, '', 0, 23, 0, 1, 0, 0.0000, 0.0000, 0, '2019-02-28', 0.00, 1, 0.00, 0.00, 0.00, 3, 1, 46, 1, 1, 1, 0, 0.0000, 0, NULL, '2019-03-01 18:33:38', '2019-03-01 18:33:38', NULL, NULL, NULL, NULL, NULL, NULL, NULL),
(19240, 'e1-in-ki-1100', 'Kitchen Interior Design', 'Kitchen Interior Design', 1, '', 0, 23, 0, 1, 0, 0.0000, 0.0000, 0, '2019-03-24', 0.00, 1, 0.00, 0.00, 0.00, 3, 1, 56, 1, 1, 1, 0, 0.0000, 0, NULL, '2019-03-25 08:13:15', '2019-03-25 11:08:24', NULL, NULL, NULL, NULL, NULL, NULL, NULL),
(19241, 'e1-in-of-1108', 'Office Room Interior Design', 'Office Room Interior Design', 1, '', 0, 23, 0, 1, 0, 0.0000, 0.0000, 0, '2019-03-24', 0.00, 1, 0.00, 0.00, 0.00, 3, 1, 30, 1, 1, 1, 0, 0.0000, 0, NULL, '2019-03-25 11:09:46', '2019-03-25 11:16:46', NULL, NULL, NULL, NULL, NULL, NULL, NULL),
(19242, 'e1-in-of-1188', 'Meeting room decorative wood glass walls', 'Meeting room decorative wood glass walls', 1, '', 0, 23, 0, 1, 0, 0.0000, 0.0000, 0, '2019-03-24', 0.00, 1, 0.00, 0.00, 0.00, 3, 1, 36, 1, 1, 1, 0, 0.0000, 0, NULL, '2019-03-25 13:56:35', '2019-03-25 14:22:57', NULL, NULL, NULL, NULL, NULL, NULL, NULL),
(19243, 'e1-in-of-1238', 'Modern Executive Office Interior Design', 'Modern Executive Office Interior Design', 1, '', 0, 23, 0, 1, 0, 0.0000, 0.0000, 0, '2019-03-26', 0.00, 1, 0.00, 0.00, 0.00, 3, 1, 38, 1, 1, 1, 0, 0.0000, 0, NULL, '2019-03-27 08:56:39', '2019-03-27 08:56:39', NULL, NULL, NULL, NULL, NULL, NULL, NULL),
(19244, 'e1-in-of-1258', 'Modern Office Interior Design', 'Modern Office Interior Design', 1, '', 0, 23, 0, 1, 0, 0.0000, 0.0000, 0, '2019-03-27', 0.00, 1, 0.00, 0.00, 0.00, 3, 1, 25, 1, 1, 1, 0, 0.0000, 0, NULL, '2019-03-28 07:38:00', '2019-03-28 07:38:00', NULL, NULL, NULL, NULL, NULL, NULL, NULL),
(19245, 'e1-in-of-1268', 'Modern Office Interior Design', 'Modern Office Interior Design', 1, '', 0, 23, 0, 1, 0, 0.0000, 0.0000, 0, '2019-03-27', 0.00, 1, 0.00, 0.00, 0.00, 3, 1, 19, 1, 1, 1, 0, 0.0000, 0, NULL, '2019-03-28 07:45:48', '2019-03-28 07:45:48', NULL, NULL, NULL, NULL, NULL, NULL, NULL),
(19246, 'e1-in-of-1288', 'Modern Office Interior Design', 'Modern Office Interior Design', 1, '', 0, 23, 0, 1, 0, 0.0000, 0.0000, 0, '2019-03-27', 0.00, 1, 0.00, 0.00, 0.00, 3, 1, 18, 1, 1, 1, 0, 0.0000, 0, NULL, '2019-03-28 08:06:33', '2019-03-28 08:06:33', NULL, NULL, NULL, NULL, NULL, NULL, NULL),
(19247, 'e1-in-of-1450', 'Modern Office Room Interior Design', 'Modern Office Room Interior Design', 1, '', 0, 23, 0, 1, 0, 0.0000, 0.0000, 0, '2019-04-06', 0.00, 1, 0.00, 0.00, 0.00, 3, 1, 24, 1, 1, 1, 0, 0.0000, 0, NULL, '2019-04-07 08:52:00', '2019-04-07 08:52:00', NULL, NULL, NULL, NULL, NULL, NULL, NULL),
(19248, '', 'Office Workstation', 'Office Workstation', 1, '', 0, 23, 0, 1, 0, 0.0000, 0.0000, 0, '2019-04-09', 0.00, 1, 0.00, 0.00, 0.00, 3, 1, 38, 1, 1, 1, 0, 0.0000, 0, NULL, '2019-04-10 13:37:02', '2019-04-10 13:37:02', NULL, NULL, NULL, NULL, NULL, NULL, NULL),
(19249, 'e1-fi-co2-gl-c5g', '5kg CO2 Fire Extinguisher - Gloria C5G', '5kg CO2 Fire Extinguisher - Gloria C5G', 1, '', 0, 22, 0, 1, 0, 0.0000, 0.0000, 0, '2019-04-11', 0.00, 1, 0.00, 0.00, 0.00, 3, 1, 16, 1, 1, 1, 0, 3500.0000, 0, NULL, '2019-04-12 13:07:20', '2019-04-12 15:07:09', NULL, NULL, NULL, NULL, NULL, NULL, NULL),
(19250, 'e1-fi-abc-gl-c5g', 'Gloria 5kg ABC Dry Powder Fire Extinguisher', 'Gloria 5kg ABC Dry Powder Fire Extinguisher', 1, '', 0, 0, 0, 1, 0, 0.0000, 0.0000, 0, '2019-04-11', 0.00, 1, 0.00, 0.00, 0.00, 3, 1, 22, 1, 1, 1, 0, 1800.0000, 0, NULL, '2019-04-12 13:11:39', '2019-04-12 15:06:40', NULL, NULL, NULL, NULL, NULL, NULL, NULL),
(19251, 'e1-ac-hi-1t-F13CF', 'Hitachi 1 Ton Split Air Conditioner RAS F13CF', 'Hitachi 1 Ton Split Air Conditioner RAS F13CF', 1, '', 0, 51, 0, 1, 0, 0.0000, 0.0000, 0, '2019-04-15', 0.00, 1, 0.00, 0.00, 0.00, 3, 1, 18, 1, 1, 1, 0, 0.0000, 0, NULL, '2019-04-16 18:53:08', '2019-04-16 18:53:08', NULL, NULL, NULL, NULL, NULL, NULL, NULL),
(19253, 'e1-fi-foa-ak-10l', 'Fire Extinguisher Foam - 10 Litre', 'Fire Extinguisher Foam - 10 Litre', 1, '', 0, 22, 0, 1, 0, 0.0000, 0.0000, 0, '2019-04-16', 0.00, 1, 0.00, 0.00, 0.00, 3, 1, 20, 1, 1, 1, 0, 1700.0000, 0, NULL, '2019-04-17 14:30:26', '2019-04-17 14:36:49', NULL, NULL, NULL, NULL, NULL, NULL, NULL),
(19254, '', '', '', 1, '', 0, 23, 0, 1, 0, 0.0000, 0.0000, 0, '2019-04-23', 0.00, 1, 0.00, 0.00, 0.00, 3, 1, 6, 1, 1, 1, 0, 0.0000, 0, NULL, '2019-04-24 05:27:31', '2019-04-24 05:27:31', NULL, NULL, NULL, NULL, NULL, NULL, NULL),
(19255, '', 'Director Table', 'Director Table', 1, '', 0, 23, 0, 1, 0, 0.0000, 0.0000, 0, '2019-04-23', 0.00, 1, 0.00, 0.00, 0.00, 3, 1, 6, 1, 1, 1, 0, 0.0000, 0, NULL, '2019-04-24 05:33:56', '2019-04-24 05:47:08', NULL, NULL, NULL, NULL, NULL, NULL, NULL),
(19256, '', 'Director Table', 'Director Table', 1, '', 0, 23, 0, 1, 0, 0.0000, 0.0000, 0, '2019-04-23', 0.00, 1, 0.00, 0.00, 0.00, 3, 1, 10, 1, 1, 1, 0, 0.0000, 0, NULL, '2019-04-24 05:39:04', '2019-04-24 05:39:04', NULL, NULL, NULL, NULL, NULL, NULL, NULL),
(19257, '', 'Director Table', 'Director Table', 1, '', 0, 23, 0, 1, 0, 0.0000, 0.0000, 0, '2019-04-23', 0.00, 1, 0.00, 0.00, 0.00, 3, 1, 8, 1, 1, 1, 0, 0.0000, 0, NULL, '2019-04-24 05:43:36', '2019-04-24 05:43:36', NULL, NULL, NULL, NULL, NULL, NULL, NULL),
(19258, '', 'Director Table', 'Director Table', 1, '', 0, 23, 0, 1, 0, 0.0000, 0.0000, 0, '2019-04-23', 0.00, 1, 0.00, 0.00, 0.00, 3, 1, 10, 1, 1, 1, 0, 0.0000, 0, NULL, '2019-04-24 05:47:45', '2019-04-24 05:47:45', NULL, NULL, NULL, NULL, NULL, NULL, NULL),
(19259, '', 'Director Table', 'Director Table', 1, '', 0, 23, 0, 1, 0, 0.0000, 0.0000, 0, '2019-04-23', 0.00, 1, 0.00, 0.00, 0.00, 3, 1, 8, 1, 1, 1, 0, 0.0000, 0, NULL, '2019-04-24 05:50:13', '2019-04-24 05:50:13', NULL, NULL, NULL, NULL, NULL, NULL, NULL),
(19260, '', 'Director Table', 'Director Table', 1, '', 0, 0, 0, 1, 0, 0.0000, 0.0000, 0, '2019-04-23', 0.00, 1, 0.00, 0.00, 0.00, 3, 1, 8, 1, 1, 1, 0, 0.0000, 0, NULL, '2019-04-24 05:54:31', '2019-04-24 05:54:31', NULL, NULL, NULL, NULL, NULL, NULL, NULL),
(19261, 'e1-ac-hi-40t', '4 0 Ton Hitachi Cassette AC', '4 0 Ton Hitachi Cassette AC', 1, '', 0, 51, 0, 1, 0, 0.0000, 0.0000, 0, '2019-04-16', 0.00, 1, 0.00, 0.00, 0.00, 3, 0, 0, 1, 1, 1, 0, 0.0000, 0, NULL, '2019-05-07 17:15:48', '2019-05-07 17:15:48', NULL, NULL, NULL, NULL, NULL, NULL, NULL),
(19262, '', 'Board False Ceiling', 'Board False Ceiling', 1, '', 0, 0, 0, 1, 0, 0.0000, 0.0000, 0, '2019-05-08', 0.00, 1, 0.00, 0.00, 0.00, 3, 1, 8, 1, 1, 1, 0, 0.0000, 0, NULL, '2019-05-09 13:17:28', '2019-05-09 13:17:28', NULL, NULL, NULL, NULL, NULL, NULL, NULL),
(19263, '', 'Board False Ceiling', 'Board False Ceiling', 1, '', 0, 0, 0, 1, 0, 0.0000, 0.0000, 0, '2019-05-08', 0.00, 1, 0.00, 0.00, 0.00, 3, 1, 11, 1, 1, 1, 0, 0.0000, 0, NULL, '2019-05-09 13:20:09', '2019-05-09 13:20:28', NULL, NULL, NULL, NULL, NULL, NULL, NULL),
(19264, '', 'Board False Ceiling', 'Board False Ceiling', 1, '', 0, 0, 0, 1, 0, 0.0000, 0.0000, 0, '2019-05-08', 0.00, 1, 0.00, 0.00, 0.00, 3, 1, 10, 1, 1, 1, 0, 0.0000, 0, NULL, '2019-05-09 13:25:28', '2019-05-09 13:25:37', NULL, NULL, NULL, NULL, NULL, NULL, NULL),
(19265, '', 'Board False Ceiling', 'Board False Ceiling', 1, '', 0, 0, 0, 1, 0, 0.0000, 0.0000, 0, '2019-05-08', 0.00, 1, 0.00, 0.00, 0.00, 3, 1, 19, 1, 1, 1, 0, 0.0000, 0, NULL, '2019-05-09 13:27:18', '2019-05-09 13:27:28', NULL, NULL, NULL, NULL, NULL, NULL, NULL),
(19266, '', 'Board False Ceiling', 'Board False Ceiling', 1, '', 0, 0, 0, 1, 0, 0.0000, 0.0000, 0, '2019-05-08', 0.00, 1, 0.00, 0.00, 0.00, 3, 1, 15, 1, 1, 1, 0, 0.0000, 0, NULL, '2019-05-09 13:30:52', '2019-05-09 13:31:01', NULL, NULL, NULL, NULL, NULL, NULL, NULL),
(19267, '', 'Board False Ceiling', 'Board False Ceiling', 1, '', 0, 0, 0, 1, 0, 0.0000, 0.0000, 0, '2019-05-08', 0.00, 1, 0.00, 0.00, 0.00, 3, 1, 18, 1, 1, 1, 0, 0.0000, 0, NULL, '2019-05-09 13:33:36', '2019-05-09 13:33:46', NULL, NULL, NULL, NULL, NULL, NULL, NULL),
(19268, '', '', '', 1, '', 0, 0, 0, 1, 0, 0.0000, 0.0000, 0, '2019-06-10', 0.00, 1, 0.00, 0.00, 0.00, 3, 1, 27, 1, 1, 1, 0, 0.0000, 0, NULL, '2019-06-11 11:53:28', '2019-06-11 11:53:28', NULL, NULL, NULL, NULL, NULL, NULL, NULL),
(19269, '', '', '', 1, '', 0, 0, 0, 1, 0, 0.0000, 0.0000, 0, '2019-06-10', 0.00, 1, 0.00, 0.00, 0.00, 3, 1, 27, 1, 1, 1, 0, 0.0000, 0, NULL, '2019-06-11 11:57:04', '2019-06-11 11:57:04', NULL, NULL, NULL, NULL, NULL, NULL, NULL),
(19270, '', 'Diesel Forklift 10 Ton - Raxi Malaysia', 'Diesel Forklift 10 Ton - Raxi Malaysia', 1, '', 0, 0, 0, 1, 0, 0.0000, 0.0000, 0, '2019-06-10', 0.00, 1, 0.00, 0.00, 0.00, 3, 1, 20, 1, 1, 1, 0, 0.0000, 0, NULL, '2019-06-11 12:00:27', '2019-06-11 12:00:27', NULL, NULL, NULL, NULL, NULL, NULL, NULL),
(19271, '', 'Walk Behind Double Drum Hand Roller', 'Walk Behind Double Drum Hand Roller', 1, '', 0, 0, 0, 1, 0, 0.0000, 0.0000, 0, '2019-06-10', 0.00, 1, 0.00, 0.00, 0.00, 3, 1, 10, 1, 1, 1, 0, 0.0000, 0, NULL, '2019-06-11 12:04:10', '2019-06-11 12:04:10', NULL, NULL, NULL, NULL, NULL, NULL, NULL),
(19272, '', '15 Cubic Meter Heavy Dump Truck 40 Ton Payload Capacity Three Ax', '15 Cubic Meter Heavy Dump Truck 40 Ton Payload Capacity Three Axles', 1, '', 0, 0, 0, 1, 0, 0.0000, 0.0000, 0, '2019-06-10', 0.00, 1, 0.00, 0.00, 0.00, 3, 1, 22, 1, 1, 1, 0, 0.0000, 0, NULL, '2019-06-11 12:50:55', '2019-06-11 12:50:55', NULL, NULL, NULL, NULL, NULL, NULL, NULL),
(19273, 'Tadano TR 250', 'TADANO TR250 Rough Terrain Crane', 'TADANO TR250 Rough Terrain Crane', 1, '', 0, 30, 0, 1, 0, 0.0000, 0.0000, 0, '2019-06-10', 0.00, 1, 0.00, 0.00, 0.00, 3, 1, 26, 1, 1, 1, 0, 0.0000, 0, NULL, '2019-06-11 13:44:15', '2019-06-11 13:44:15', NULL, NULL, NULL, NULL, NULL, NULL, NULL),
(19274, '', '', '', 1, '', 0, 23, 0, 0, 0, 0.0000, 5000.0000, 0, '2019-07-16', 0.00, 1, 0.00, 0.00, 0.00, 3, 1, 13, 1, 1, 1, 0, 0.0000, 0, NULL, '2019-07-17 13:08:48', '2019-07-17 13:10:32', NULL, NULL, NULL, NULL, NULL, NULL, NULL),
(19275, '', 'E-commerce Website', 'E-commerce Website', 1, '', 0, 23, 0, 0, 0, 0.0000, 0.0000, 0, '2019-07-16', 0.00, 1, 0.00, 0.00, 0.00, 3, 1, 7, 1, 1, 1, 0, 0.0000, 0, NULL, '2019-07-17 13:13:39', '2019-07-17 13:13:39', NULL, NULL, NULL, NULL, NULL, NULL, NULL),
(19276, 'Payment Gateway', 'Payment Gateway', 'Payment Gateway', 1, '', 0, 23, 0, 0, 0, 0.0000, 0.0000, 0, '2019-07-16', 0.00, 1, 0.00, 0.00, 0.00, 3, 1, 21, 1, 1, 1, 0, 0.0000, 0, NULL, '2019-07-17 13:15:04', '2019-07-17 13:16:16', NULL, NULL, NULL, NULL, NULL, NULL, NULL),
(19277, '', 'Call Center / PBX', 'Call Center / PBX', 1, '', 0, 23, 0, 0, 0, 0.0000, 0.0000, 0, '2019-07-16', 0.00, 1, 0.00, 0.00, 0.00, 3, 1, 10, 1, 1, 1, 0, 0.0000, 0, NULL, '2019-07-17 13:20:42', '2019-07-17 13:20:42', NULL, NULL, NULL, NULL, NULL, NULL, NULL),
(19278, '', 'SMS Gateway', 'SMS Gateway', 1, '', 0, 23, 0, 0, 0, 0.0000, 0.0000, 0, '2019-07-16', 0.00, 1, 0.00, 0.00, 0.00, 3, 1, 19, 1, 1, 1, 0, 0.0000, 0, NULL, '2019-07-17 13:23:34', '2019-07-17 13:23:34', NULL, NULL, NULL, NULL, NULL, NULL, NULL),
(19279, '', 'Mobile App Development', 'Mobile App Development', 1, '', 0, 23, 0, 0, 0, 0.0000, 0.0000, 0, '2019-07-16', 0.00, 1, 0.00, 0.00, 0.00, 3, 1, 7, 1, 1, 1, 0, 0.0000, 0, NULL, '2019-07-17 13:31:44', '2019-07-17 13:31:44', NULL, NULL, NULL, NULL, NULL, NULL, NULL),
(19280, '', 'Accounting Software', 'Accounting Software', 1, '', 0, 23, 0, 0, 0, 0.0000, 0.0000, 0, '2019-07-16', 0.00, 1, 0.00, 0.00, 0.00, 3, 1, 17, 1, 1, 1, 0, 0.0000, 0, NULL, '2019-07-17 13:34:28', '2019-07-17 13:34:28', NULL, NULL, NULL, NULL, NULL, NULL, NULL),
(19281, '', 'Domain Registration', 'Domain Registration', 1, '', 0, 0, 0, 0, 0, 0.0000, 0.0000, 0, '2019-07-16', 0.00, 1, 0.00, 0.00, 0.00, 3, 1, 7, 1, 1, 1, 0, 0.0000, 0, NULL, '2019-07-17 13:44:56', '2019-07-17 13:44:56', NULL, NULL, NULL, NULL, NULL, NULL, NULL),
(19282, '', 'Dedicated Server', 'Dedicated Server', 1, '', 0, 0, 0, 0, 0, 0.0000, 0.0000, 0, '2019-07-16', 0.00, 1, 0.00, 0.00, 0.00, 3, 1, 18, 1, 1, 1, 0, 0.0000, 0, NULL, '2019-07-17 13:48:06', '2019-07-17 13:48:06', NULL, NULL, NULL, NULL, NULL, NULL, NULL),
(19283, '', 'VPS Server', 'VPS Server', 1, '', 0, 0, 0, 0, 0, 0.0000, 0.0000, 0, '2019-07-16', 0.00, 1, 0.00, 0.00, 0.00, 3, 1, 43, 1, 1, 1, 0, 0.0000, 0, NULL, '2019-07-17 13:50:14', '2019-07-17 13:50:14', NULL, NULL, NULL, NULL, NULL, NULL, NULL),
(19284, '', 'WHM Hosting', 'WHM Hosting', 1, '', 0, 0, 0, 0, 0, 0.0000, 0.0000, 0, '2019-07-16', 0.00, 1, 0.00, 0.00, 0.00, 3, 1, 48, 1, 1, 1, 0, 0.0000, 0, NULL, '2019-07-17 13:52:17', '2019-07-17 13:52:17', NULL, NULL, NULL, NULL, NULL, NULL, NULL),
(19285, '', 'VPN Server', 'VPN Server', 1, '', 0, 0, 0, 0, 0, 0.0000, 0.0000, 0, '2019-07-16', 0.00, 1, 0.00, 0.00, 0.00, 3, 1, 50, 1, 1, 1, 0, 0.0000, 0, NULL, '2019-07-17 13:58:09', '2019-07-17 13:58:09', NULL, NULL, NULL, NULL, NULL, NULL, NULL),
(19286, '', 'Cisco CP-3905 Unified SIP IP phone', 'Cisco CP-3905 Unified SIP IP phone', 1, '', 0, 0, 0, 0, 0, 0.0000, 0.0000, 0, '2019-09-07', 0.00, 1, 0.00, 0.00, 0.00, 3, 1, 45, 1, 1, 1, 0, 0.0000, 0, NULL, '2019-09-08 14:30:15', '2019-09-08 14:30:15', NULL, NULL, NULL, NULL, NULL, NULL, NULL),
(19287, '', '', '', 1, '', 0, 0, 0, 1, 0, 0.0000, 0.0000, 0, '2020-02-02', 0.00, 1, 30.00, 35.00, 50.00, 1, 1, 3, 1, 1, 1, 0, 0.0000, 0, NULL, '2020-02-03 15:59:54', '2020-02-03 16:02:44', NULL, NULL, NULL, NULL, NULL, NULL, NULL),
(19288, '', 'ZKTeco TL-400B Biometric Bluetooth Smart Door Lock', 'ZKTeco TL-400B Biometric Bluetooth Smart Door Lock', 1, '', 0, 24, 0, 1, 0, 0.0000, 0.0000, 0, '2020-02-13', 0.00, 1, 0.00, 0.00, 0.00, 3, 1, 8, 1, 1, 1, 0, 17500.0000, 0, NULL, '2020-02-14 11:31:46', '2020-02-14 11:31:46', NULL, NULL, NULL, NULL, NULL, NULL, NULL),
(19292, '', 'ZKTeco ZM100 Face Recognition Smart Lock', 'ZKTeco ZM100 Face Recognition Smart Lock', 1, '', 0, 24, 0, 1, 0, 0.0000, 0.0000, 0, '2020-02-13', 0.00, 1, 0.00, 0.00, 0.00, 3, 1, 13, 1, 1, 1, 0, 27000.0000, 0, NULL, '2020-02-14 16:30:43', '2020-02-14 16:40:09', NULL, NULL, NULL, NULL, NULL, NULL, NULL),
(19293, '', 'Galo Electric Door Lock with Full Kit', 'Galo Electric Door Lock with Full Kit', 1, '', 0, 24, 0, 1, 0, 0.0000, 0.0000, 0, '2020-02-13', 0.00, 1, 0.00, 0.00, 0.00, 3, 1, 14, 1, 1, 1, 0, 7500.0000, 0, NULL, '2020-02-14 16:37:12', '2020-02-14 16:37:12', NULL, NULL, NULL, NULL, NULL, NULL, NULL),
(19294, '', 'Godrej FR–1060 Fire Resistant Safe Security Locker', 'Godrej FR–1060 Fire Resistant Safe Security Locker', 1, '', 0, 0, 0, 1, 0, 0.0000, 0.0000, 0, '2020-02-13', 0.00, 1, 0.00, 0.00, 0.00, 3, 1, 11, 1, 1, 1, 0, 179000.0000, 0, NULL, '2020-02-14 16:44:32', '2020-02-14 16:44:32', NULL, NULL, NULL, NULL, NULL, NULL, NULL),
(19295, '', 'ZKTeco LH3000 RFID Hotel Door Lock', 'ZKTeco LH3000 RFID Hotel Door Lock', 1, '', 0, 24, 0, 1, 0, 0.0000, 0.0000, 0, '2020-02-13', 0.00, 1, 0.00, 0.00, 0.00, 3, 1, 6, 1, 1, 1, 0, 11500.0000, 0, NULL, '2020-02-14 16:53:32', '2020-02-14 16:53:32', NULL, NULL, NULL, NULL, NULL, NULL, NULL),
(19296, 'kkmoon', 'KKMoon GSM Gate Opener Relay Switch Control RTU5024', 'KKMoon GSM Gate Opener Relay Switch Control RTU5024', 1, '', 0, 0, 0, 1, 0, 0.0000, 0.0000, 0, '2020-02-13', 0.00, 1, 0.00, 0.00, 0.00, 3, 0, 0, 1, 1, 1, 0, 3200.0000, 0, NULL, '2020-02-14 17:00:36', '2020-02-14 17:00:36', NULL, NULL, NULL, NULL, NULL, NULL, NULL),
(19297, '', 'Archway gate', 'Archway gate', 1, '', 0, 0, 0, 1, 0, 0.0000, 0.0000, 0, '2020-02-25', 0.00, 1, 0.00, 0.00, 0.00, 3, 1, 3, 1, 1, 1, 0, 59990.0000, 0, NULL, '2020-02-26 15:52:53', '2020-02-26 15:52:53', NULL, NULL, NULL, NULL, NULL, NULL, NULL),
(19298, 'Colahome', 'Smart Door Window Security Burglar Alarm Home Safety Sensor Tool', 'Smart Door Window Security Burglar Alarm Home Safety Sensor Tool Window Alarm Kit Home Office Door Sensor', 1, '', 0, 0, 0, 1, 0, 0.0000, 0.0000, 0, '2020-02-25', 0.00, 1, 0.00, 0.00, 0.00, 3, 1, 1, 1, 1, 1, 0, 409.0000, 0, NULL, '2020-02-26 16:00:00', '2020-02-26 16:00:00', NULL, NULL, NULL, NULL, NULL, NULL, NULL),
(19299, 'Rongsdshop', 'Door Exit Release Button Switch Touch Sensor Pannel for cess Con', 'Door Exit Release Button Switch Touch Sensor Pannel for cess Control Systems 12V', 1, '', 0, 0, 0, 1, 0, 0.0000, 0.0000, 0, '2020-02-25', 0.00, 1, 0.00, 0.00, 0.00, 3, 1, 3, 1, 1, 1, 0, 624.0000, 0, NULL, '2020-02-26 16:06:32', '2020-02-26 16:06:32', NULL, NULL, NULL, NULL, NULL, NULL, NULL),
(19300, 'JoyLife', 'Wireless Digital Doorbell with PIR Sensor Infrared Induction Ala', 'Wireless Digital Doorbell with PIR Sensor Infrared Induction Alarm Door Bell', 1, '', 0, 0, 0, 1, 0, 0.0000, 0.0000, 0, '2020-02-25', 0.00, 1, 0.00, 0.00, 0.00, 3, 1, 1, 1, 1, 1, 0, 1047.0000, 0, NULL, '2020-02-26 16:11:11', '2020-02-26 16:11:11', NULL, NULL, NULL, NULL, NULL, NULL, NULL),
(19301, 'Timeless', 'Induction Small Night Light Sensor Lamp LED Intelligent Door Loc', 'Induction Small Night Light Sensor Lamp LED Intelligent Door Lock Cabinet Key', 1, '', 0, 0, 0, 1, 0, 0.0000, 0.0000, 0, '2020-02-25', 0.00, 1, 0.00, 0.00, 0.00, 3, 1, 8, 1, 1, 1, 0, 572.0000, 0, NULL, '2020-02-26 16:21:08', '2020-02-26 16:21:08', NULL, NULL, NULL, NULL, NULL, NULL, NULL),
(19302, 'Vktech', '4LED PIR Infrared Detection Motion Sensor Light Door Lock Induct', '4LED PIR Infrared Detection Motion Sensor Light Door Lock Induction Lamp', 1, '', 0, 0, 0, 1, 0, 0.0000, 0.0000, 0, '2020-02-25', 0.00, 1, 0.00, 0.00, 0.00, 3, 1, 4, 1, 1, 1, 0, 720.0000, 0, NULL, '2020-02-26 16:26:34', '2020-02-26 16:26:34', NULL, NULL, NULL, NULL, NULL, NULL, NULL),
(19303, 'Rongsdshop', 'Smart Electronic Induction Lock Sauna Cabinet Gym Locker Sensor', 'Smart Electronic Induction Lock Sauna Cabinet Gym Locker Sensor', 1, '', 0, 0, 0, 1, 0, 0.0000, 0.0000, 0, '2020-02-25', 0.00, 1, 0.00, 0.00, 0.00, 3, 1, 1, 1, 1, 1, 0, 867.0000, 0, NULL, '2020-02-26 16:31:42', '2020-02-26 16:31:42', NULL, NULL, NULL, NULL, NULL, NULL, NULL),
(19304, 'Colahome', 'Clever Tools· 12V Smart Home WiFi Safe Door Sensor Alarm Window ', 'Clever Tools· 12V Smart Home WiFi Safe Door Sensor Alarm Window Security Magnet Lock Detector White', 1, '', 0, 0, 0, 1, 0, 0.0000, 0.0000, 0, '2020-02-25', 0.00, 1, 0.00, 0.00, 0.00, 3, 1, 1, 1, 1, 1, 0, 481.0000, 0, NULL, '2020-02-26 16:53:01', '2020-02-26 16:53:01', NULL, NULL, NULL, NULL, NULL, NULL, NULL),
(19305, 'Rongsdshop', '180 Degrees Infrared Sensor Switch Waterproof Dust-proof IR Moti', '180 Degrees Infrared Sensor Switch Waterproof Dust-proof IR Motion Inductive For Home interruptor', 1, '', 0, 0, 0, 1, 0, 0.0000, 0.0000, 0, '2020-02-25', 0.00, 1, 0.00, 0.00, 0.00, 3, 1, 2, 1, 1, 1, 0, 898.0000, 0, NULL, '2020-02-26 17:12:00', '2020-02-26 17:12:00', NULL, NULL, NULL, NULL, NULL, NULL, NULL),
(19306, 'Swmrat Electronics', 'Fingerprint Sensor Module for Robotics Intelligence Working Purp', 'Fingerprint Sensor Module for Robotics Intelligence Working Purpose', 1, '', 0, 0, 0, 1, 0, 0.0000, 0.0000, 0, '2020-02-26', 0.00, 1, 0.00, 0.00, 0.00, 3, 1, 10, 1, 1, 1, 0, 1605.0000, 0, NULL, '2020-02-27 10:23:06', '2020-02-27 10:23:06', NULL, NULL, NULL, NULL, NULL, NULL, NULL),
(19307, 'Chengyuanshop', 'Electric Drawer Cabinet Lock Bracelet Card Sauna Gym Sensor Lock', 'Electric Drawer Cabinet Lock Bracelet Card Sauna Gym Sensor Lock Kit Gold Silver', 1, '', 0, 0, 0, 1, 0, 0.0000, 0.0000, 0, '2020-02-26', 0.00, 1, 0.00, 0.00, 0.00, 3, 1, 0, 1, 1, 1, 0, 1049.0000, 0, NULL, '2020-02-27 10:29:43', '2020-02-27 10:31:35', NULL, NULL, NULL, NULL, NULL, NULL, NULL),
(19308, 'Cacao', 'Wireless Motion Sensor Doorbell Automatic Door Bell MP3 Audio Pl', 'Wireless Motion Sensor Doorbell Automatic Door Bell MP3 Audio Player Welcome PIR Detector Alarm for Shop Store Visitor Greeting', 1, '', 0, 0, 0, 1, 0, 0.0000, 0.0000, 0, '2020-02-26', 0.00, 1, 0.00, 0.00, 0.00, 3, 1, 0, 1, 1, 1, 0, 1284.0000, 0, NULL, '2020-02-27 10:41:19', '2020-02-27 10:41:19', NULL, NULL, NULL, NULL, NULL, NULL, NULL),
(19309, 'FeelinGirl', 'Door Window Alarm 2PCS Home Security Wireless Magnetic Sensor Bu', 'Door Window Alarm 2PCS Home Security Wireless Magnetic Sensor Burglar Anti-theft Ultra-thin', 1, '', 0, 0, 0, 1, 0, 0.0000, 0.0000, 0, '2020-02-26', 0.00, 1, 0.00, 0.00, 0.00, 3, 1, 0, 1, 1, 1, 0, 939.0000, 0, NULL, '2020-02-27 10:47:56', '2020-02-27 10:47:56', NULL, NULL, NULL, NULL, NULL, NULL, NULL),
(19311, '', 'Wireless Digital Doorbell with PIR Sensor Infrared Induction Ala', 'Wireless Digital Doorbell with PIR Sensor Infrared Induction Alarm Door Bell', 1, '', 0, 0, 0, 1, 0, 0.0000, 0.0000, 0, '2020-02-26', 0.00, 1, 0.00, 0.00, 0.00, 3, 1, 0, 1, 1, 1, 0, 1058.0000, 0, NULL, '2020-02-27 11:02:48', '2020-02-27 11:02:48', NULL, NULL, NULL, NULL, NULL, NULL, NULL),
(19312, 'Quickmart', 'ALARM PADLOCK for Anti Theft Motion Sensor Alarm Lock', 'ALARALARM PADLOCK for Anti Theft Motion Sensor Alarm Lock', 1, '', 0, 0, 0, 1, 0, 0.0000, 0.0000, 0, '2020-02-26', 0.00, 1, 0.00, 0.00, 0.00, 3, 1, 9, 1, 1, 1, 0, 465.0000, 0, NULL, '2020-02-27 11:05:31', '2020-02-27 11:05:31', NULL, NULL, NULL, NULL, NULL, NULL, NULL),
(19313, '', ' High Gain Tri Band 4G 3G 2G Signal Network Booster GSM 900MHz ,', ' High Gain Tri Band 4G 3G 2G Signal Network Booster GSM 900MHz ,1800MHz and 2100MHz Signal Repeater - White', 1, '', 0, 0, 0, 1, 0, 0.0000, 0.0000, 0, '2020-02-26', 0.00, 1, 0.00, 0.00, 0.00, 3, 1, 1, 1, 1, 1, 0, 13999.0000, 0, NULL, '2020-02-27 12:42:24', '2020-02-27 12:45:57', NULL, NULL, NULL, NULL, NULL, NULL, NULL);
INSERT INTO `ab1l_products` (`product_id`, `model`, `sku`, `location`, `quantity`, `stock_checkout`, `stock_status_id`, `manufacturer_id`, `shipping`, `ship_individually`, `free_shipping`, `shipping_price`, `price`, `tax_class_id`, `date_available`, `weight`, `weight_class_id`, `length`, `width`, `height`, `length_class_id`, `status`, `viewed`, `sort_order`, `subtract`, `minimum`, `maximum`, `cost`, `call_to_order`, `settings`, `date_added`, `date_modified`, `manufacturer_price`, `wholesale_price`, `resell_price`, `manufacturer`, `made_in`, `warranty`, `lot`) VALUES
(19314, '', 'WiFi Amplifier 2 300Mbps Signal Booster USB Port Wireless Repeat', 'WiFi Amplifier 2 300Mbps Signal Booster USB Port Wireless Repeater(White)', 1, '', 0, 0, 0, 1, 0, 0.0000, 0.0000, 0, '2020-02-26', 0.00, 1, 0.00, 0.00, 0.00, 3, 1, 9, 1, 1, 1, 0, 750.0000, 0, NULL, '2020-02-27 12:49:05', '2020-02-27 12:49:05', NULL, NULL, NULL, NULL, NULL, NULL, NULL),
(19315, '', 'Indoor Antenna for Network Booster', 'Indoor Antenna for Network Booster', 1, '', 0, 0, 0, 1, 0, 0.0000, 0.0000, 0, '2020-02-26', 0.00, 1, 0.00, 0.00, 0.00, 3, 1, 16, 1, 1, 1, 0, 2499.0000, 0, NULL, '2020-02-27 12:51:37', '2020-02-27 12:51:37', NULL, NULL, NULL, NULL, NULL, NULL, NULL),
(19316, 'eshop BD', '4G - WiFi Signal Booster Modem Adapter Antenne for Mobile', '4G - WiFi Signal Booster Modem Adapter Antenne for Mobile', 1, '', 0, 0, 0, 1, 0, 0.0000, 0.0000, 0, '2020-02-26', 0.00, 1, 0.00, 0.00, 0.00, 3, 1, 13, 1, 1, 1, 0, 1700.0000, 0, NULL, '2020-02-27 12:55:12', '2020-02-27 12:55:12', NULL, NULL, NULL, NULL, NULL, NULL, NULL),
(19317, '24 Gadget', 'PIX-LINK LV-WR05U 300Mbps Wireless-N Repeater/Router/AP wifi boo', 'PIX-LINK LV-WR05U 300Mbps Wireless-N Repeater/Router/AP wifi booster', 1, '', 0, 0, 0, 1, 0, 0.0000, 0.0000, 0, '2020-02-26', 0.00, 1, 0.00, 0.00, 0.00, 3, 1, 8, 1, 1, 1, 0, 1500.0000, 0, NULL, '2020-02-27 12:57:45', '2020-02-27 12:57:45', NULL, NULL, NULL, NULL, NULL, NULL, NULL),
(19318, '', '', '', 1, '', 0, 22, 0, 0, 0, 0.0000, 0.0000, 0, '2020-10-14', 0.00, 1, 0.00, 0.00, 0.00, 3, 1, 4, 1, 1, 1, 0, 32900.0000, 0, NULL, '2020-10-15 19:17:52', '2020-10-15 19:24:56', NULL, NULL, NULL, NULL, NULL, NULL, NULL),
(19319, '', '', '', 1, '', 0, 31, 0, 0, 0, 0.0000, 0.0000, 0, '2020-10-14', 0.00, 1, 0.00, 0.00, 0.00, 3, 1, 8, 1, 1, 1, 0, 25000.0000, 0, NULL, '2020-10-15 19:39:47', '2020-10-15 19:45:13', NULL, NULL, NULL, NULL, NULL, NULL, NULL),
(19320, '', '', '', 1, '', 0, 31, 0, 0, 0, 0.0000, 0.0000, 0, '2020-10-14', 0.00, 1, 0.00, 0.00, 0.00, 3, 1, 4, 1, 1, 1, 0, 31160.0000, 0, NULL, '2020-10-15 19:59:43', '2020-10-15 19:59:43', NULL, NULL, NULL, NULL, NULL, NULL, NULL),
(19321, '', '', '', 1, '', 0, 22, 0, 0, 0, 0.0000, 0.0000, 0, '2020-10-14', 0.00, 1, 0.00, 0.00, 0.00, 3, 1, 2, 1, 1, 1, 0, 92000.0000, 0, NULL, '2020-10-15 20:09:58', '2020-10-15 20:09:58', NULL, NULL, NULL, NULL, NULL, NULL, NULL),
(19322, '', '', '', 1, '', 0, 0, 0, 0, 0, 0.0000, 0.0000, 0, '2020-10-14', 0.00, 1, 0.00, 0.00, 0.00, 3, 1, 6, 1, 1, 1, 0, 37000.0000, 0, NULL, '2020-10-15 20:15:31', '2020-10-15 20:16:18', NULL, NULL, NULL, NULL, NULL, NULL, NULL),
(19323, '', '', '', 1, '', 0, 0, 0, 0, 0, 0.0000, 0.0000, 0, '2020-10-15', 0.00, 1, 0.00, 0.00, 0.00, 3, 1, 4, 1, 1, 1, 0, 55000.0000, 0, NULL, '2020-10-16 10:59:02', '2020-10-16 10:59:02', NULL, NULL, NULL, NULL, NULL, NULL, NULL),
(19324, '', '', '', 1, '', 0, 21, 0, 0, 0, 0.0000, 0.0000, 0, '2020-10-15', 0.00, 1, 0.00, 0.00, 0.00, 3, 1, 4, 1, 1, 1, 0, 18500.0000, 0, NULL, '2020-10-16 11:12:40', '2020-10-16 11:14:53', NULL, NULL, NULL, NULL, NULL, NULL, NULL),
(19325, '', '', '', 1, '', 0, 23, 0, 0, 0, 0.0000, 0.0000, 0, '2020-10-15', 0.00, 1, 0.00, 0.00, 0.00, 3, 1, 0, 1, 1, 1, 0, 24000.0000, 0, NULL, '2020-10-16 20:58:47', '2020-10-16 20:58:47', NULL, NULL, NULL, NULL, NULL, NULL, NULL),
(19326, '', '', '', 1, '', 0, 23, 0, 0, 0, 0.0000, 0.0000, 0, '2020-10-15', 0.00, 1, 0.00, 0.00, 0.00, 3, 1, 4, 1, 1, 1, 0, 38000.0000, 0, NULL, '2020-10-16 21:02:31', '2020-10-16 21:02:31', NULL, NULL, NULL, NULL, NULL, NULL, NULL),
(19327, '', '', '', 1, '', 0, 23, 0, 0, 0, 0.0000, 0.0000, 0, '2020-10-15', 0.00, 1, 0.00, 0.00, 0.00, 3, 1, 1, 1, 1, 1, 0, 30000.0000, 0, NULL, '2020-10-16 21:05:56', '2020-10-16 21:05:56', NULL, NULL, NULL, NULL, NULL, NULL, NULL),
(19328, '', '', '', 1, '', 0, 23, 0, 0, 0, 0.0000, 0.0000, 0, '2020-10-15', 0.00, 1, 0.00, 0.00, 0.00, 3, 1, 3, 1, 1, 1, 0, 32004.0000, 0, NULL, '2020-10-16 21:28:06', '2020-10-16 21:28:06', NULL, NULL, NULL, NULL, NULL, NULL, NULL),
(19329, '', '', '', 1, '', 0, 44, 0, 0, 0, 0.0000, 0.0000, 0, '2020-10-21', 0.00, 1, 0.00, 0.00, 0.00, 3, 1, 1, 1, 1, 1, 0, 30000.0000, 0, NULL, '2020-10-22 19:29:09', '2020-10-22 19:29:09', NULL, NULL, NULL, NULL, NULL, NULL, NULL),
(19330, '', '', '', 1, '', 0, 22, 0, 0, 0, 0.0000, 0.0000, 0, '2020-10-21', 0.00, 1, 0.00, 0.00, 0.00, 3, 1, 1, 1, 1, 1, 0, 75000.0000, 0, NULL, '2020-10-22 19:33:32', '2020-10-22 19:33:32', NULL, NULL, NULL, NULL, NULL, NULL, NULL),
(19331, '', '', '', 1, '', 0, 22, 0, 0, 0, 0.0000, 0.0000, 0, '2020-10-21', 0.00, 1, 0.00, 0.00, 0.00, 3, 1, 0, 1, 1, 1, 0, 25000.0000, 0, NULL, '2020-10-22 19:36:49', '2020-10-22 19:36:49', NULL, NULL, NULL, NULL, NULL, NULL, NULL),
(19332, '', '', '', 1, '', 0, 22, 0, 0, 0, 0.0000, 0.0000, 0, '2020-10-21', 0.00, 1, 0.00, 0.00, 0.00, 3, 1, 1, 1, 1, 1, 0, 18500.0000, 0, NULL, '2020-10-22 19:41:42', '2020-10-22 19:41:42', NULL, NULL, NULL, NULL, NULL, NULL, NULL),
(19333, '', '', '', 1, '', 0, 0, 0, 0, 0, 0.0000, 0.0000, 0, '2020-10-21', 0.00, 1, 0.00, 0.00, 0.00, 3, 1, 4, 1, 1, 1, 0, 27500.0000, 0, NULL, '2020-10-22 19:45:08', '2020-10-22 19:45:08', NULL, NULL, NULL, NULL, NULL, NULL, NULL),
(19334, '', '', '', 1, '', 0, 0, 0, 0, 0, 0.0000, 0.0000, 0, '2020-10-21', 0.00, 1, 0.00, 0.00, 0.00, 3, 1, 1, 1, 1, 1, 0, 17500.0000, 0, NULL, '2020-10-22 19:50:15', '2020-10-22 19:50:44', NULL, NULL, NULL, NULL, NULL, NULL, NULL),
(19335, '', '', '', 1, '', 0, 23, 0, 0, 0, 0.0000, 0.0000, 0, '2020-10-29', 0.00, 1, 0.00, 0.00, 0.00, 3, 1, 2, 1, 1, 1, 0, 18000.0000, 0, NULL, '2020-10-30 19:35:46', '2020-10-30 19:35:46', NULL, NULL, NULL, NULL, NULL, NULL, NULL),
(19336, '', '', '', 1, '', 0, 23, 0, 0, 0, 0.0000, 0.0000, 0, '2020-10-29', 0.00, 1, 0.00, 0.00, 0.00, 3, 1, 9, 1, 1, 1, 0, 11000.0000, 0, NULL, '2020-10-30 19:49:53', '2020-10-30 19:49:53', NULL, NULL, NULL, NULL, NULL, NULL, NULL);

-- --------------------------------------------------------

--
